01-20 19:07:10.167 1477 3517 D CompatibilityChangeReporter: Compat change id reported: 135772972; UID 10077; state: DISABLED
01-20 19:07:10.167 1477 3517 D CompatibilityChangeReporter: Compat change id reported: 135754954; UID 10077; state: ENABLED
01-20 19:07:10.167 1477 1756 D CompatibilityChangeReporter: Compat change id reported: 143937733; UID 10077; state: ENABLED
01-20 19:07:10.171 1477 1753 D CompatibilityChangeReporter: Compat change id reported: 171306433; UID 1000; state: ENABLED
01-20 19:07:10.171 1477 1753 D CompatibilityChangeReporter: Compat change id reported: 218533173; UID 1000; state: ENABLED
01-20 19:07:10.179 1477 1756 I ActivityManager: Start proc 3627:com.android.providers.calendar/u0a77 for broadcast {com.android.providers.calendar/com.android.providers.calendar.CalendarReceiver}
01-20 19:07:10.224 1477 2728 W ContextImpl: Calling a method in the system process without a qualified user: android.app.ContextImpl.sendBroadcastMultiplePermissions:1222 com.android.server.TelephonyRegistry.broadcastServiceStateChanged:3111 com.android.server.TelephonyRegistry.notifyServiceStateForPhoneId:1616 com.android.internal.telephony.ITelephonyRegistry$Stub.onTransact:492 android.os.Binder.execTransactInternal:1280
01-20 19:07:10.225 1477 2728 W ContextImpl: Calling a method in the system process without a qualified user: android.app.ContextImpl.sendBroadcastMultiplePermissions:1272 android.content.Context.sendBroadcastMultiplePermissions:2272 com.android.server.TelephonyRegistry.broadcastServiceStateChanged:3114 com.android.server.TelephonyRegistry.notifyServiceStateForPhoneId:1616 com.android.internal.telephony.ITelephonyRegistry$Stub.onTransact:492
01-20 19:07:10.226 1477 2728 W ContextImpl: Calling a method in the system process without a qualified user: android.app.ContextImpl.sendBroadcastMultiplePermissions:1272 com.android.server.TelephonyRegistry.broadcastServiceStateChanged:3121 com.android.server.TelephonyRegistry.notifyServiceStateForPhoneId:1616 com.android.internal.telephony.ITelephonyRegistry$Stub.onTransact:492 android.os.Binder.execTransactInternal:1280
01-20 19:07:10.227 1477 2728 W ContextImpl: Calling a method in the system process without a qualified user: android.app.ContextImpl.sendBroadcastMultiplePermissions:1272 com.android.server.TelephonyRegistry.broadcastServiceStateChanged:3126 com.android.server.TelephonyRegistry.notifyServiceStateForPhoneId:1616 com.android.internal.telephony.ITelephonyRegistry$Stub.onTransact:492 android.os.Binder.execTransactInternal:1280
01-20 19:07:10.229 1477 1755 W BroadcastQueue: Appop Denial: receiving Intent { act=android.intent.action.SERVICE_STATE flg=0x1000010 (has extras) } to ProcessRecord{d39a49b 2241:com.android.systemui/u0a135} (pid=2241, uid=10135) excludes appop android:read_phone_state due to sender android (uid 1001)
01-20 19:07:10.240 1477 2728 D CompatibilityChangeReporter: Compat change id reported: 181658987; UID 1000; state: ENABLED
01-20 19:07:10.243 1477 2728 D CompatibilityChangeReporter: Compat change id reported: 168419799; UID 10077; state: DISABLED
01-20 19:07:10.244 1477 2728 D CompatibilityChangeReporter: Compat change id reported: 273564678; UID 10077; state: DISABLED
01-20 19:07:10.279 1477 2728 W ContextImpl: Calling a method in the system process without a qualified user: android.app.ContextImpl.sendBroadcastMultiplePermissions:1272 android.content.Context.sendBroadcastMultiplePermissions:2272 com.android.server.TelephonyRegistry.broadcastDataConnectionStateChanged:3281 com.android.server.TelephonyRegistry.notifyDataConnectionForSubscriber:2036 com.android.internal.telephony.ITelephonyRegistry$Stub.onTransact:571
01-20 19:07:10.280 1477 1755 W BroadcastQueue: Appop Denial: receiving Intent { act=android.intent.action.ANY_DATA_STATE flg=0x10 (has extras) } to ProcessRecord{4bef431 3131:.dataservices/1001} (pid=3131, uid=1001) excludes appop android:read_phone_state due to sender android (uid 1001)
01-20 19:07:10.288 702 702 I vold : Filesystem check completed OK
01-20 19:07:10.296 702 702 D vold : Waiting for sdcardfs to spin up...
01-20 19:07:10.313 3648 3648 W sdcard : Device explicitly enabled sdcardfs
01-20 19:07:10.325 1477 3517 D CompatibilityChangeReporter: Compat change id reported: 161145287; UID 10077; state: DISABLED
01-20 19:07:10.343 1477 3517 D CompatibilityChangeReporter: Compat change id reported: 171306433; UID 10077; state: ENABLED
01-20 19:07:10.343 1477 3517 D CompatibilityChangeReporter: Compat change id reported: 218533173; UID 10077; state: ENABLED
01-20 19:07:10.346 702 702 I vold : Mounting public fuse volume
01-20 19:07:10.351 1477 2612 W ContextImpl: Calling a method in the system process without a qualified user: android.app.ContextImpl.sendBroadcastMultiplePermissions:1272 android.content.Context.sendBroadcastMultiplePermissions:2272 com.android.server.TelephonyRegistry.broadcastDataConnectionStateChanged:3281 com.android.server.TelephonyRegistry.notifyDataConnectionForSubscriber:2036 com.android.internal.telephony.ITelephonyRegistry$Stub.onTransact:571
01-20 19:07:10.352 1477 1755 W BroadcastQueue: Appop Denial: receiving Intent { act=android.intent.action.ANY_DATA_STATE flg=0x10 (has extras) } to ProcessRecord{4bef431 3131:.dataservices/1001} (pid=3131, uid=1001) excludes appop android:read_phone_state due to sender android (uid 1001)
01-20 19:07:10.356 702 702 I vold : Bind mounting /mnt/runtime/full/08CF-3C26 to /mnt/pass_through/0/08CF-3C26
01-20 19:07:10.357 1477 2158 I StorageSessionController: On volume mount VolumeInfo{public:179,1}:
01-20 19:07:10.357 1477 2158 I StorageSessionController: type=PUBLIC diskId=disk:179,0 partGuid= mountFlags=VISIBLE_FOR_WRITE
01-20 19:07:10.357 1477 2158 I StorageSessionController: mountUserId=0 state=CHECKING
01-20 19:07:10.357 1477 2158 I StorageSessionController: fsType=vfat fsUuid=08CF-3C26 fsLabel=
01-20 19:07:10.357 1477 2158 I StorageSessionController: path=/storage/08CF-3C26 internalPath=/mnt/media_rw/08CF-3C26
01-20 19:07:10.357 1477 2158 I StorageSessionController: Creating and starting session with id: public:179,1
01-20 19:07:10.367 1477 2728 D CompatibilityChangeReporter: Compat change id reported: 143231523; UID 10077; state: DISABLED
01-20 19:07:10.382 1477 2728 D CompatibilityChangeReporter: Compat change id reported: 161145287; UID 10162; state: DISABLED
01-20 19:07:10.389 1477 2728 W ContextImpl: Calling a method in the system process without a qualified user: android.app.ContextImpl.sendBroadcastMultiplePermissions:1222 com.android.server.TelephonyRegistry.broadcastServiceStateChanged:3111 com.android.server.TelephonyRegistry.notifyServiceStateForPhoneId:1616 com.android.internal.telephony.ITelephonyRegistry$Stub.onTransact:492 android.os.Binder.execTransactInternal:1280
01-20 19:07:10.391 1477 2728 W ContextImpl: Calling a method in the system process without a qualified user: android.app.ContextImpl.sendBroadcastMultiplePermissions:1272 android.content.Context.sendBroadcastMultiplePermissions:2272 com.android.server.TelephonyRegistry.broadcastServiceStateChanged:3114 com.android.server.TelephonyRegistry.notifyServiceStateForPhoneId:1616 com.android.internal.telephony.ITelephonyRegistry$Stub.onTransact:492
01-20 19:07:10.391 1477 2728 W ContextImpl: Calling a method in the system process without a qualified user: android.app.ContextImpl.sendBroadcastMultiplePermissions:1272 com.android.server.TelephonyRegistry.broadcastServiceStateChanged:3121 com.android.server.TelephonyRegistry.notifyServiceStateForPhoneId:1616 com.android.internal.telephony.ITelephonyRegistry$Stub.onTransact:492 android.os.Binder.execTransactInternal:1280
01-20 19:07:10.392 1477 2728 W ContextImpl: Calling a method in the system process without a qualified user: android.app.ContextImpl.sendBroadcastMultiplePermissions:1272 com.android.server.TelephonyRegistry.broadcastServiceStateChanged:3126 com.android.server.TelephonyRegistry.notifyServiceStateForPhoneId:1616 com.android.internal.telephony.ITelephonyRegistry$Stub.onTransact:492 android.os.Binder.execTransactInternal:1280
01-20 19:07:10.394 1477 1755 W BroadcastQueue: Appop Denial: receiving Intent { act=android.intent.action.SERVICE_STATE flg=0x1000010 (has extras) } to ProcessRecord{d39a49b 2241:com.android.systemui/u0a135} (pid=2241, uid=10135) excludes appop android:read_phone_state due to sender android (uid 1001)
01-20 19:07:10.403 1477 2728 D CompatibilityChangeReporter: Compat change id reported: 194532703; UID 10162; state: DISABLED
01-20 19:07:10.410 1477 2728 I ActivityManager: com.android.shell is exempt from freezer
01-20 19:07:10.410 1477 2728 D CompatibilityChangeReporter: Compat change id reported: 135634846; UID 2000; state: DISABLED
01-20 19:07:10.410 1477 2728 D CompatibilityChangeReporter: Compat change id reported: 177438394; UID 2000; state: DISABLED
01-20 19:07:10.410 1477 2728 D CompatibilityChangeReporter: Compat change id reported: 135772972; UID 2000; state: DISABLED
01-20 19:07:10.411 1477 2728 D CompatibilityChangeReporter: Compat change id reported: 135754954; UID 2000; state: ENABLED
01-20 19:07:10.420 1477 1521 D CompatibilityChangeReporter: Compat change id reported: 168419799; UID 10162; state: DISABLED
01-20 19:07:10.420 1477 1521 D CompatibilityChangeReporter: Compat change id reported: 273564678; UID 10162; state: DISABLED
01-20 19:07:10.429 1477 1756 I ActivityManager: Start proc 3671:com.android.shell/2000 for broadcast {com.android.shell/com.android.shell.HeapDumpReceiver}
01-20 19:07:10.430 1477 2728 W BroadcastQueue: Permission Denial: receiving Intent { act=android.intent.action.SERVICE_STATE flg=0x1000010 (has extras) } to com.android.cellbroadcastreceiver.module/com.android.cellbroadcastreceiver.CellBroadcastReceiver requires android.permission.READ_PHONE_STATE due to sender android (uid 1001)
01-20 19:07:10.434 1477 2728 W BroadcastQueue: Permission Denial: receiving Intent { act=android.intent.action.SERVICE_STATE flg=0x1000010 (has extras) } to com.android.cellbroadcastreceiver.module/com.android.cellbroadcastreceiver.CellBroadcastReceiver requires android.permission.READ_PHONE_STATE due to sender android (uid 1001)
01-20 19:07:10.461 1477 2728 D CompatibilityChangeReporter: Compat change id reported: 149924527; UID 10162; state: ENABLED
01-20 19:07:10.462 1477 2728 D CompatibilityChangeReporter: Compat change id reported: 132649864; UID 10162; state: DISABLED
01-20 19:07:10.467 1477 2728 D CompatibilityChangeReporter: Compat change id reported: 168419799; UID 2000; state: DISABLED
01-20 19:07:10.467 1477 2728 D CompatibilityChangeReporter: Compat change id reported: 273564678; UID 2000; state: DISABLED
01-20 19:07:10.519 1477 1521 D CompatibilityChangeReporter: Compat change id reported: 135634846; UID 10076; state: DISABLED
01-20 19:07:10.519 1477 1521 D CompatibilityChangeReporter: Compat change id reported: 177438394; UID 10076; state: DISABLED
01-20 19:07:10.519 1477 1521 D CompatibilityChangeReporter: Compat change id reported: 135772972; UID 10076; state: DISABLED
01-20 19:07:10.519 1477 1521 D CompatibilityChangeReporter: Compat change id reported: 135754954; UID 10076; state: DISABLED
01-20 19:07:10.520 1477 1756 D CompatibilityChangeReporter: Compat change id reported: 143937733; UID 10076; state: DISABLED
01-20 19:07:10.529 1477 1756 I ActivityManager: Start proc 3694:com.android.statementservice/u0a76 for broadcast {com.android.statementservice/com.android.statementservice.domain.BootCompletedReceiver}
01-20 19:07:10.569 1477 1521 D CompatibilityChangeReporter: Compat change id reported: 168419799; UID 10076; state: DISABLED
01-20 19:07:10.569 1477 1521 D CompatibilityChangeReporter: Compat change id reported: 273564678; UID 10076; state: DISABLED
01-20 19:07:10.693 1477 2728 D CompatibilityChangeReporter: Compat change id reported: 194532703; UID 10076; state: DISABLED
01-20 19:07:10.709 1477 1704 D ColorDisplayService: NightDisplayTintController Animation cancelled: false to matrix:
01-20 19:07:10.709 1477 1704 D ColorDisplayService: 1.000000 0.000000 0.000000 0.000000 0.000000 1.000000 0.000000 0.000000 0.000000 0.000000 1.000000 0.000000 0.000000 0.000000 0.000000 1.000000 min matrix coefficients:
01-20 19:07:10.709 1477 1704 D ColorDisplayService: 1.000000 0.000000 0.000000 0.000000 0.000000 1.000000 0.000000 0.000000 0.000000 0.000000 1.000000 0.000000 0.000000 0.000000 0.000000 1.000000 max matrix coefficients:
01-20 19:07:10.709 1477 1704 D ColorDisplayService: 1.000000 0.000000 0.000000 0.000000 0.000000 1.000000 0.000000 0.000000 0.000000 0.000000 1.000000 0.000000 0.000000 0.000000 0.000000 1.000000
01-20 19:07:10.723 1477 1521 D CompatibilityChangeReporter: Compat change id reported: 135634846; UID 10118; state: DISABLED
01-20 19:07:10.723 1477 1521 D CompatibilityChangeReporter: Compat change id reported: 177438394; UID 10118; state: DISABLED
01-20 19:07:10.723 1477 1521 D CompatibilityChangeReporter: Compat change id reported: 135772972; UID 10118; state: DISABLED
01-20 19:07:10.724 1477 1521 D CompatibilityChangeReporter: Compat change id reported: 135754954; UID 10118; state: ENABLED
01-20 19:07:10.725 1477 1756 D CompatibilityChangeReporter: Compat change id reported: 143937733; UID 10118; state: ENABLED
01-20 19:07:10.739 1477 1756 I ActivityManager: Start proc 3716:org.calyxos.backup.contacts/u0a118 for broadcast {org.calyxos.backup.contacts/org.calyxos.backup.contacts.StartBroadcastReceiver}
01-20 19:07:10.772 1477 1521 D CompatibilityChangeReporter: Compat change id reported: 168419799; UID 10118; state: DISABLED
01-20 19:07:10.772 1477 1521 D CompatibilityChangeReporter: Compat change id reported: 273564678; UID 10118; state: DISABLED
01-20 19:07:10.815 1477 2728 D CompatibilityChangeReporter: Compat change id reported: 168419799; UID 10139; state: DISABLED
01-20 19:07:10.815 1477 2728 D CompatibilityChangeReporter: Compat change id reported: 273564678; UID 10139; state: DISABLED
01-20 19:07:10.854 1477 2728 D CompatibilityChangeReporter: Compat change id reported: 135634846; UID 10144; state: DISABLED
01-20 19:07:10.855 1477 2728 D CompatibilityChangeReporter: Compat change id reported: 177438394; UID 10144; state: DISABLED
01-20 19:07:10.855 1477 2728 D CompatibilityChangeReporter: Compat change id reported: 135772972; UID 10144; state: DISABLED
01-20 19:07:10.855 1477 2728 D CompatibilityChangeReporter: Compat change id reported: 135754954; UID 10144; state: ENABLED
01-20 19:07:10.856 1477 1756 D CompatibilityChangeReporter: Compat change id reported: 143937733; UID 10144; state: ENABLED
01-20 19:07:10.873 1477 1756 I ActivityManager: Start proc 3737:org.lineageos.updater/u0a144 for broadcast {org.lineageos.updater/org.lineageos.updater.UpdaterReceiver}
01-20 19:07:10.937 1477 1521 D CompatibilityChangeReporter: Compat change id reported: 168419799; UID 10144; state: DISABLED
01-20 19:07:10.937 1477 1521 D CompatibilityChangeReporter: Compat change id reported: 273564678; UID 10144; state: DISABLED
01-20 19:07:10.955 1477 1521 W ContextImpl: Calling a method in the system process without a qualified user: android.app.ContextImpl.sendBroadcastMultiplePermissions:1222 com.android.server.TelephonyRegistry.broadcastServiceStateChanged:3111 com.android.server.TelephonyRegistry.notifyServiceStateForPhoneId:1616 com.android.internal.telephony.ITelephonyRegistry$Stub.onTransact:492 android.os.Binder.execTransactInternal:1280
01-20 19:07:10.957 1477 1521 W ContextImpl: Calling a method in the system process without a qualified user: android.app.ContextImpl.sendBroadcastMultiplePermissions:1272 android.content.Context.sendBroadcastMultiplePermissions:2272 com.android.server.TelephonyRegistry.broadcastServiceStateChanged:3114 com.android.server.TelephonyRegistry.notifyServiceStateForPhoneId:1616 com.android.internal.telephony.ITelephonyRegistry$Stub.onTransact:492
01-20 19:07:10.959 1477 1521 W ContextImpl: Calling a method in the system process without a qualified user: android.app.ContextImpl.sendBroadcastMultiplePermissions:1272 com.android.server.TelephonyRegistry.broadcastServiceStateChanged:3121 com.android.server.TelephonyRegistry.notifyServiceStateForPhoneId:1616 com.android.internal.telephony.ITelephonyRegistry$Stub.onTransact:492 android.os.Binder.execTransactInternal:1280
01-20 19:07:10.959 1477 1521 W ContextImpl: Calling a method in the system process without a qualified user: android.app.ContextImpl.sendBroadcastMultiplePermissions:1272 com.android.server.TelephonyRegistry.broadcastServiceStateChanged:3126 com.android.server.TelephonyRegistry.notifyServiceStateForPhoneId:1616 com.android.internal.telephony.ITelephonyRegistry$Stub.onTransact:492 android.os.Binder.execTransactInternal:1280
01-20 19:07:10.961 1477 1755 W BroadcastQueue: Permission Denial: receiving Intent { act=android.intent.action.SERVICE_STATE flg=0x1000010 (has extras) } to com.android.cellbroadcastreceiver.module/com.android.cellbroadcastreceiver.CellBroadcastReceiver requires android.permission.READ_PHONE_STATE due to sender android (uid 1001)
01-20 19:07:10.964 1477 1755 W BroadcastQueue: Appop Denial: receiving Intent { act=android.intent.action.SERVICE_STATE flg=0x1000010 (has extras) } to ProcessRecord{d39a49b 2241:com.android.systemui/u0a135} (pid=2241, uid=10135) excludes appop android:read_phone_state due to sender android (uid 1001)
01-20 19:07:11.010 1477 1521 W ContextImpl: Calling a method in the system process without a qualified user: android.app.ContextImpl.sendBroadcastMultiplePermissions:1272 android.content.Context.sendBroadcastMultiplePermissions:2272 com.android.server.TelephonyRegistry.broadcastDataConnectionStateChanged:3281 com.android.server.TelephonyRegistry.notifyDataConnectionForSubscriber:2036 com.android.internal.telephony.ITelephonyRegistry$Stub.onTransact:571
01-20 19:07:11.011 1477 1755 W BroadcastQueue: Appop Denial: receiving Intent { act=android.intent.action.ANY_DATA_STATE flg=0x10 (has extras) } to ProcessRecord{4bef431 3131:.dataservices/1001} (pid=3131, uid=1001) excludes appop android:read_phone_state due to sender android (uid 1001)
01-20 19:07:11.077 1477 1521 W ContextImpl: Calling a method in the system process without a qualified user: android.app.ContextImpl.sendBroadcastMultiplePermissions:1272 android.content.Context.sendBroadcastMultiplePermissions:2272 com.android.server.TelephonyRegistry.broadcastDataConnectionStateChanged:3281 com.android.server.TelephonyRegistry.notifyDataConnectionForSubscriber:2036 com.android.internal.telephony.ITelephonyRegistry$Stub.onTransact:571
01-20 19:07:11.078 1477 1755 W BroadcastQueue: Appop Denial: receiving Intent { act=android.intent.action.ANY_DATA_STATE flg=0x10 (has extras) } to ProcessRecord{4bef431 3131:.dataservices/1001} (pid=3131, uid=1001) excludes appop android:read_phone_state due to sender android (uid 1001)
01-20 19:07:11.105 1477 3517 W ContextImpl: Calling a method in the system process without a qualified user: android.app.ContextImpl.sendBroadcastMultiplePermissions:1222 com.android.server.TelephonyRegistry.broadcastServiceStateChanged:3111 com.android.server.TelephonyRegistry.notifyServiceStateForPhoneId:1616 com.android.internal.telephony.ITelephonyRegistry$Stub.onTransact:492 android.os.Binder.execTransactInternal:1280
01-20 19:07:11.106 1477 3517 W ContextImpl: Calling a method in the system process without a qualified user: android.app.ContextImpl.sendBroadcastMultiplePermissions:1272 android.content.Context.sendBroadcastMultiplePermissions:2272 com.android.server.TelephonyRegistry.broadcastServiceStateChanged:3114 com.android.server.TelephonyRegistry.notifyServiceStateForPhoneId:1616 com.android.internal.telephony.ITelephonyRegistry$Stub.onTransact:492
01-20 19:07:11.107 1477 3517 W ContextImpl: Calling a method in the system process without a qualified user: android.app.ContextImpl.sendBroadcastMultiplePermissions:1272 com.android.server.TelephonyRegistry.broadcastServiceStateChanged:3121 com.android.server.TelephonyRegistry.notifyServiceStateForPhoneId:1616 com.android.internal.telephony.ITelephonyRegistry$Stub.onTransact:492 android.os.Binder.execTransactInternal:1280
01-20 19:07:11.109 1477 1755 W BroadcastQueue: Permission Denial: receiving Intent { act=android.intent.action.SERVICE_STATE flg=0x1000010 (has extras) } to com.android.cellbroadcastreceiver.module/com.android.cellbroadcastreceiver.CellBroadcastReceiver requires android.permission.READ_PHONE_STATE due to sender android (uid 1001)
01-20 19:07:11.109 1477 3517 W ContextImpl: Calling a method in the system process without a qualified user: android.app.ContextImpl.sendBroadcastMultiplePermissions:1272 com.android.server.TelephonyRegistry.broadcastServiceStateChanged:3126 com.android.server.TelephonyRegistry.notifyServiceStateForPhoneId:1616 com.android.internal.telephony.ITelephonyRegistry$Stub.onTransact:492 android.os.Binder.execTransactInternal:1280
01-20 19:07:11.111 1477 1755 W BroadcastQueue: Appop Denial: receiving Intent { act=android.intent.action.SERVICE_STATE flg=0x1000010 (has extras) } to ProcessRecord{d39a49b 2241:com.android.systemui/u0a135} (pid=2241, uid=10135) excludes appop android:read_phone_state due to sender android (uid 1001)
01-20 19:07:11.119 1477 2728 D CompatibilityChangeReporter: Compat change id reported: 135634846; UID 10164; state: DISABLED
01-20 19:07:11.119 1477 2728 D CompatibilityChangeReporter: Compat change id reported: 177438394; UID 10164; state: DISABLED
01-20 19:07:11.119 1477 2728 D CompatibilityChangeReporter: Compat change id reported: 135772972; UID 10164; state: DISABLED
01-20 19:07:11.119 1477 2728 D CompatibilityChangeReporter: Compat change id reported: 135754954; UID 10164; state: ENABLED
01-20 19:07:11.124 1477 1756 D CompatibilityChangeReporter: Compat change id reported: 143937733; UID 10164; state: ENABLED
01-20 19:07:11.139 1477 1756 I ActivityManager: Start proc 3769:com.aurora.store/u0a164 for broadcast {com.aurora.store/androidx.work.impl.background.systemalarm.RescheduleReceiver}
01-20 19:07:11.183 1477 2728 D CompatibilityChangeReporter: Compat change id reported: 168419799; UID 10164; state: DISABLED
01-20 19:07:11.183 1477 2728 D CompatibilityChangeReporter: Compat change id reported: 273564678; UID 10164; state: DISABLED
01-20 19:07:11.193 1477 3104 D CompatibilityChangeReporter: Compat change id reported: 135634846; UID 1000; state: DISABLED
01-20 19:07:11.193 1477 3104 D CompatibilityChangeReporter: Compat change id reported: 177438394; UID 1000; state: DISABLED
01-20 19:07:11.193 1477 3104 D CompatibilityChangeReporter: Compat change id reported: 135772972; UID 1000; state: DISABLED
01-20 19:07:11.193 1477 3104 D CompatibilityChangeReporter: Compat change id reported: 135754954; UID 1000; state: ENABLED
01-20 19:07:11.206 1477 1756 I ActivityManager: Start proc 3793:com.android.localtransport/1000 for service {com.android.localtransport/com.android.localtransport.LocalTransportService}
01-20 19:07:11.304 1477 1477 I TransportConnection: LocalTransportService#0: Notifying [TransportManager.registerTransport()] transport = BackupTransportClient
01-20 19:07:11.310 1477 3104 D BackupTransportManager: Transport com.android.localtransport/.LocalTransportService registered
01-20 19:07:11.310 1477 3104 D BackupManagerService: [UserID:0] Transport com.android.localtransport/.LocalTransport registered 3133ms after first request (delay = 3000ms)
01-20 19:07:11.320 1477 3104 I ActivityManager: com.stevesoltys.seedvault is exempt from freezer
01-20 19:07:11.320 1477 3104 D CompatibilityChangeReporter: Compat change id reported: 135634846; UID 10133; state: DISABLED
01-20 19:07:11.321 1477 3104 D CompatibilityChangeReporter: Compat change id reported: 177438394; UID 10133; state: DISABLED
01-20 19:07:11.321 1477 3104 D CompatibilityChangeReporter: Compat change id reported: 135772972; UID 10133; state: DISABLED
01-20 19:07:11.321 1477 3104 D CompatibilityChangeReporter: Compat change id reported: 135754954; UID 10133; state: ENABLED
01-20 19:07:11.321 1477 1756 D CompatibilityChangeReporter: Compat change id reported: 143937733; UID 10133; state: ENABLED
01-20 19:07:11.335 1477 2612 D CompatibilityChangeReporter: Compat change id reported: 161145287; UID 10164; state: DISABLED
01-20 19:07:11.339 1477 1756 I ActivityManager: Start proc 3819:com.stevesoltys.seedvault/u0a133 for service {com.stevesoltys.seedvault/com.stevesoltys.seedvault.transport.ConfigurableBackupTransportService}
01-20 19:07:11.352 1477 3517 D CompatibilityChangeReporter: Compat change id reported: 194532703; UID 10164; state: ENABLED
01-20 19:07:11.367 702 702 I vold : Configuring read_ahead of /mnt/user/0/08CF-3C26 fuse filesystem to 256kb
01-20 19:07:11.367 702 702 I vold : Writing 256 to /sys/class/bdi/0:143/read_ahead_kb
01-20 19:07:11.368 702 702 I vold : Configuring max_ratio of /mnt/user/0/08CF-3C26 fuse filesystem to 40
01-20 19:07:11.368 702 702 I vold : Writing 40 to /sys/class/bdi/0:143/max_ratio
01-20 19:07:11.369 1477 2158 I StorageManagerService: Mounted volume VolumeInfo{public:179,1}:
01-20 19:07:11.369 1477 2158 I StorageManagerService: type=PUBLIC diskId=disk:179,0 partGuid= mountFlags=VISIBLE_FOR_WRITE
01-20 19:07:11.369 1477 2158 I StorageManagerService: mountUserId=0 state=MOUNTED
01-20 19:07:11.369 1477 2158 I StorageManagerService: fsType=vfat fsUuid=08CF-3C26 fsLabel=
01-20 19:07:11.369 1477 2158 I StorageManagerService: path=/storage/08CF-3C26 internalPath=/mnt/media_rw/08CF-3C26
01-20 19:07:11.369 1477 2158 I StorageSessionController: Notifying volume state changed for session with id: public:179,1
01-20 19:07:11.374 1477 2158 D StorageManagerService: Volume emulated;0 broadcasting mounted to UserHandle{0}
01-20 19:07:11.376 1477 1755 D CompatibilityChangeReporter: Compat change id reported: 168419799; UID 10083; state: DISABLED
01-20 19:07:11.376 1477 1755 D CompatibilityChangeReporter: Compat change id reported: 273564678; UID 10083; state: DISABLED
01-20 19:07:11.380 1477 2158 I StorageSessionController: Notifying volume state changed for session with id: public:179,1
01-20 19:07:11.382 1477 3517 I ActivityManager: Finished processing BOOT_COMPLETED for u0
01-20 19:07:11.382 1477 3517 I BroadcastQueue: BOOT_COMPLETED_BROADCAST_COMPLETION_LATENCY_REPORTED action:android.intent.action.BOOT_COMPLETED dispatchLatency:12 completeLatency:3227 dispatchRealLatency:12 completeRealLatency:3227 receiversSize:53 userId:0 userType:android.os.usertype.full.SYSTEM
01-20 19:07:11.394 1477 2612 D CompatibilityChangeReporter: Compat change id reported: 168419799; UID 10133; state: DISABLED
01-20 19:07:11.394 1477 2612 D CompatibilityChangeReporter: Compat change id reported: 273564678; UID 10133; state: DISABLED
01-20 19:07:11.400 1477 2158 I StorageSessionController: Notifying volume state changed for session with id: public:179,1
01-20 19:07:11.421 1477 2158 D StorageManagerService: Volume public:179,1 broadcasting checking to UserHandle{0}
01-20 19:07:11.423 1477 2158 D StorageManagerService: Volume public:179,1 broadcasting mounted to UserHandle{0}
01-20 19:07:11.587 1477 1477 I TransportConnection: ConfigurableBackupTransportService#1: Notifying [TransportManager.registerTransport()] transport = BackupTransportClient
01-20 19:07:11.598 1477 3104 D BackupTransportManager: Transport com.stevesoltys.seedvault/.transport.ConfigurableBackupTransportService registered
01-20 19:07:11.598 1477 3104 D BackupManagerService: [UserID:0] Transport com.stevesoltys.seedvault.transport.ConfigurableBackupTransport registered 3422ms after first request (delay = 3000ms)
01-20 19:07:11.602 1477 1477 I NotificationService: Cannot find enqueued record for key: 0|com.android.systemui|1397773634|public:179,1|10135
01-20 19:07:11.609 1477 3104 I BackupManagerService: [UserID:0] Found 7 stale backup journal(s), scheduling.
01-20 19:07:11.622 1477 3104 I BackupManagerService: [UserID:0] Stale backup journals: Scheduled 13 package(s) total
01-20 19:07:11.824 1477 2728 W OverlayManager: service 'idmap' died
01-20 19:07:11.892 2241 3841 D PowerUI : can't show warning due to - plugged: true status unknown: false
01-20 19:07:13.171 1477 1755 I ActivityManager: reportOnUserCompletedEvent(0): stored=10, eligible=111
01-20 19:07:13.173 1477 1755 D SystemServerTimingAsync: ssm.CompletedEventUser-0
01-20 19:07:13.173 1477 1755 I SystemServiceManager: Calling onCompletedEventUser 0
01-20 19:07:13.177 1477 3844 D SystemServerTimingAsync: ssm.onCompletedEventUser-0_{|Unlocked|}_com.android.server.os.DeviceIdentifiersPolicyService
01-20 19:07:13.177 1477 3844 V SystemServerTimingAsync: ssm.onCompletedEventUser-0_{|Unlocked|}_com.android.server.os.DeviceIdentifiersPolicyService took to complete: 0ms
01-20 19:07:13.177 1477 3844 D SystemServerTimingAsync: ssm.onCompletedEventUser-0_{|Unlocked|}_com.android.server.uri.UriGrantsManagerService$Lifecycle
01-20 19:07:13.177 1477 3844 V SystemServerTimingAsync: ssm.onCompletedEventUser-0_{|Unlocked|}_com.android.server.uri.UriGrantsManagerService$Lifecycle took to complete: 0ms
01-20 19:07:13.178 1477 3844 D SystemServerTimingAsync: ssm.onCompletedEventUser-0_{|Unlocked|}_com.android.server.powerstats.PowerStatsService
01-20 19:07:13.178 1477 3844 V SystemServerTimingAsync: ssm.onCompletedEventUser-0_{|Unlocked|}_com.android.server.powerstats.PowerStatsService took to complete: 0ms
01-20 19:07:13.178 1477 3844 D SystemServerTimingAsync: ssm.onCompletedEventUser-0_{|Unlocked|}_com.android.server.wm.ActivityTaskManagerService$Lifecycle
01-20 19:07:13.178 1477 3844 V SystemServerTimingAsync: ssm.onCompletedEventUser-0_{|Unlocked|}_com.android.server.wm.ActivityTaskManagerService$Lifecycle took to complete: 0ms
01-20 19:07:13.178 1477 3844 D SystemServerTimingAsync: ssm.onCompletedEventUser-0_{|Unlocked|}_com.android.server.am.ActivityManagerService$Lifecycle
01-20 19:07:13.178 1477 3844 V SystemServerTimingAsync: ssm.onCompletedEventUser-0_{|Unlocked|}_com.android.server.am.ActivityManagerService$Lifecycle took to complete: 0ms
01-20 19:07:13.178 1477 3844 D SystemServerTimingAsync: ssm.onCompletedEventUser-0_{|Unlocked|}_com.android.server.pm.DataLoaderManagerService
01-20 19:07:13.178 1477 3844 V SystemServerTimingAsync: ssm.onCompletedEventUser-0_{|Unlocked|}_com.android.server.pm.DataLoaderManagerService took to complete: 0ms
01-20 19:07:13.178 1477 3844 D SystemServerTimingAsync: ssm.onCompletedEventUser-0_{|Unlocked|}_com.android.server.power.PowerManagerService
01-20 19:07:13.179 1477 3842 D SystemServerTimingAsync: ssm.onCompletedEventUser-0_{|Unlocked|}_com.android.server.security.FileIntegrityService
01-20 19:07:13.179 1477 3842 V SystemServerTimingAsync: ssm.onCompletedEventUser-0_{|Unlocked|}_com.android.server.security.FileIntegrityService took to complete: 0ms
01-20 19:07:13.179 1477 3842 D SystemServerTimingAsync: ssm.onCompletedEventUser-0_{|Unlocked|}_com.android.server.power.ThermalManagerService
01-20 19:07:13.179 1477 3842 V SystemServerTimingAsync: ssm.onCompletedEventUser-0_{|Unlocked|}_com.android.server.power.ThermalManagerService took to complete: 0ms
01-20 19:07:13.179 1477 3844 V SystemServerTimingAsync: ssm.onCompletedEventUser-0_{|Unlocked|}_com.android.server.power.PowerManagerService took to complete: 0ms
01-20 19:07:13.180 1477 3844 D SystemServerTimingAsync: ssm.onCompletedEventUser-0_{|Unlocked|}_com.android.server.recoverysystem.RecoverySystemService$Lifecycle
01-20 19:07:13.180 1477 3844 V SystemServerTimingAsync: ssm.onCompletedEventUser-0_{|Unlocked|}_com.android.server.recoverysystem.RecoverySystemService$Lifecycle took to complete: 0ms
01-20 19:07:13.180 1477 3844 D SystemServerTimingAsync: ssm.onCompletedEventUser-0_{|Unlocked|}_com.android.server.lights.LightsService
01-20 19:07:13.180 1477 3844 V SystemServerTimingAsync: ssm.onCompletedEventUser-0_{|Unlocked|}_com.android.server.lights.LightsService took to complete: 0ms
01-20 19:07:13.180 1477 3843 D SystemServerTimingAsync: ssm.onCompletedEventUser-0_{|Unlocked|}_com.android.server.pm.Installer
01-20 19:07:13.180 1477 3844 D SystemServerTimingAsync: ssm.onCompletedEventUser-0_{|Unlocked|}_com.android.server.display.DisplayManagerService
01-20 19:07:13.180 1477 3842 D SystemServerTimingAsync: ssm.onCompletedEventUser-0_{|Unlocked|}_com.android.server.power.hint.HintManagerService
01-20 19:07:13.180 1477 3844 V SystemServerTimingAsync: ssm.onCompletedEventUser-0_{|Unlocked|}_com.android.server.display.DisplayManagerService took to complete: 0ms
01-20 19:07:13.180 1477 3843 V SystemServerTimingAsync: ssm.onCompletedEventUser-0_{|Unlocked|}_com.android.server.pm.Installer took to complete: 0ms
01-20 19:07:13.180 1477 3844 D SystemServerTimingAsync: ssm.onCompletedEventUser-0_{|Unlocked|}_com.android.server.pm.verify.domain.DomainVerificationService
01-20 19:07:13.180 1477 3842 V SystemServerTimingAsync: ssm.onCompletedEventUser-0_{|Unlocked|}_com.android.server.power.hint.HintManagerService took to complete: 0ms
01-20 19:07:13.180 1477 3844 V SystemServerTimingAsync: ssm.onCompletedEventUser-0_{|Unlocked|}_com.android.server.pm.verify.domain.DomainVerificationService took to complete: 0ms
01-20 19:07:13.180 1477 3842 D SystemServerTimingAsync: ssm.onCompletedEventUser-0_{|Unlocked|}_com.android.server.pm.UserManagerService$LifeCycle
01-20 19:07:13.180 1477 3844 D SystemServerTimingAsync: ssm.onCompletedEventUser-0_{|Unlocked|}_com.android.server.om.OverlayManagerService
01-20 19:07:13.180 1477 3842 V SystemServerTimingAsync: ssm.onCompletedEventUser-0_{|Unlocked|}_com.android.server.pm.UserManagerService$LifeCycle took to complete: 0ms
01-20 19:07:13.181 1477 3842 D SystemServerTimingAsync: ssm.onCompletedEventUser-0_{|Unlocked|}_com.android.server.resources.ResourcesManagerService
01-20 19:07:13.181 1477 3842 V SystemServerTimingAsync: ssm.onCompletedEventUser-0_{|Unlocked|}_com.android.server.resources.ResourcesManagerService took to complete: 0ms
01-20 19:07:13.181 1477 3842 D SystemServerTimingAsync: ssm.onCompletedEventUser-0_{|Unlocked|}_com.android.server.sensorprivacy.SensorPrivacyService
01-20 19:07:13.181 1477 3842 V SystemServerTimingAsync: ssm.onCompletedEventUser-0_{|Unlocked|}_com.android.server.sensorprivacy.SensorPrivacyService took to complete: 0ms
01-20 19:07:13.181 1477 3842 D SystemServerTimingAsync: ssm.onCompletedEventUser-0_{|Unlocked|}_com.android.server.sensors.SensorService
01-20 19:07:13.181 1477 3842 V SystemServerTimingAsync: ssm.onCompletedEventUser-0_{|Unlocked|}_com.android.server.sensors.SensorService took to complete: 0ms
01-20 19:07:13.181 1477 3842 D SystemServerTimingAsync: ssm.onCompletedEventUser-0_{|Unlocked|}_com.android.server.SystemConfigService
01-20 19:07:13.181 1477 3842 V SystemServerTimingAsync: ssm.onCompletedEventUser-0_{|Unlocked|}_com.android.server.SystemConfigService took to complete: 0ms
01-20 19:07:13.181 1477 3842 D SystemServerTimingAsync: ssm.onCompletedEventUser-0_{|Unlocked|}_com.android.server.BatteryService
01-20 19:07:13.181 1477 3842 V SystemServerTimingAsync: ssm.onCompletedEventUser-0_{|Unlocked|}_com.android.server.BatteryService took to complete: 0ms
01-20 19:07:13.181 1477 3842 D SystemServerTimingAsync: ssm.onCompletedEventUser-0_{|Unlocked|}_com.android.server.usage.UsageStatsService
01-20 19:07:13.181 1477 3842 V SystemServerTimingAsync: ssm.onCompletedEventUser-0_{|Unlocked|}_com.android.server.usage.UsageStatsService took to complete: 0ms
01-20 19:07:13.181 1477 3842 D SystemServerTimingAsync: ssm.onCompletedEventUser-0_{|Unlocked|}_com.android.server.webkit.WebViewUpdateService
01-20 19:07:13.181 1477 3842 V SystemServerTimingAsync: ssm.onCompletedEventUser-0_{|Unlocked|}_com.android.server.webkit.WebViewUpdateService took to complete: 0ms
01-20 19:07:13.181 1477 3842 D SystemServerTimingAsync: ssm.onCompletedEventUser-0_{|Unlocked|}_com.android.server.CachedDeviceStateService
01-20 19:07:13.181 1477 3842 V SystemServerTimingAsync: ssm.onCompletedEventUser-0_{|Unlocked|}_com.android.server.CachedDeviceStateService took to complete: 0ms
01-20 19:07:13.182 1477 3842 D SystemServerTimingAsync: ssm.onCompletedEventUser-0_{|Unlocked|}_com.android.server.BinderCallsStatsService$LifeCycle
01-20 19:07:13.182 1477 3842 V SystemServerTimingAsync: ssm.onCompletedEventUser-0_{|Unlocked|}_com.android.server.BinderCallsStatsService$LifeCycle took to complete: 0ms
01-20 19:07:13.182 1477 3842 D SystemServerTimingAsync: ssm.onCompletedEventUser-0_{|Unlocked|}_com.android.server.LooperStatsService$Lifecycle
01-20 19:07:13.182 1477 3842 V SystemServerTimingAsync: ssm.onCompletedEventUser-0_{|Unlocked|}_com.android.server.LooperStatsService$Lifecycle took to complete: 0ms
01-20 19:07:13.182 1477 3842 D SystemServerTimingAsync: ssm.onCompletedEventUser-0_{|Unlocked|}_com.android.server.rollback.RollbackManagerService
01-20 19:07:13.182 1477 3842 V SystemServerTimingAsync: ssm.onCompletedEventUser-0_{|Unlocked|}_com.android.server.rollback.RollbackManagerService took to complete: 0ms
01-20 19:07:13.182 1477 3842 D SystemServerTimingAsync: ssm.onCompletedEventUser-0_{|Unlocked|}_com.android.server.os.NativeTombstoneManagerService
01-20 19:07:13.182 1477 3842 V SystemServerTimingAsync: ssm.onCompletedEventUser-0_{|Unlocked|}_com.android.server.os.NativeTombstoneManagerService took to complete: 0ms
01-20 19:07:13.182 1477 3842 D SystemServerTimingAsync: ssm.onCompletedEventUser-0_{|Unlocked|}_com.android.server.os.BugreportManagerService
01-20 19:07:13.182 1477 3842 V SystemServerTimingAsync: ssm.onCompletedEventUser-0_{|Unlocked|}_com.android.server.os.BugreportManagerService took to complete: 0ms
01-20 19:07:13.182 1477 3842 D SystemServerTimingAsync: ssm.onCompletedEventUser-0_{|Unlocked|}_com.android.server.gpu.GpuService
01-20 19:07:13.182 1477 3842 V SystemServerTimingAsync: ssm.onCompletedEventUser-0_{|Unlocked|}_com.android.server.gpu.GpuService took to complete: 0ms
01-20 19:07:13.182 1477 3842 D SystemServerTimingAsync: ssm.onCompletedEventUser-0_{|Unlocked|}_com.android.server.security.KeyChainSystemService
01-20 19:07:13.182 1477 3842 V SystemServerTimingAsync: ssm.onCompletedEventUser-0_{|Unlocked|}_com.android.server.security.KeyChainSystemService took to complete: 0ms
01-20 19:07:13.182 1477 3842 D SystemServerTimingAsync: ssm.onCompletedEventUser-0_{|Unlocked|}_com.android.server.BinaryTransparencyService
01-20 19:07:13.182 1477 3842 V SystemServerTimingAsync: ssm.onCompletedEventUser-0_{|Unlocked|}_com.android.server.BinaryTransparencyService took to complete: 0ms
01-20 19:07:13.182 1477 3842 D SystemServerTimingAsync: ssm.onCompletedEventUser-0_{|Unlocked|}_com.android.server.telecom.TelecomLoaderService
01-20 19:07:13.182 1477 3842 V SystemServerTimingAsync: ssm.onCompletedEventUser-0_{|Unlocked|}_com.android.server.telecom.TelecomLoaderService took to complete: 0ms
01-20 19:07:13.183 1477 3842 D SystemServerTimingAsync: ssm.onCompletedEventUser-0_{|Unlocked|}_com.android.server.accounts.AccountManagerService$Lifecycle
01-20 19:07:13.183 1477 3842 V SystemServerTimingAsync: ssm.onCompletedEventUser-0_{|Unlocked|}_com.android.server.accounts.AccountManagerService$Lifecycle took to complete: 0ms
01-20 19:07:13.183 1477 3842 D SystemServerTimingAsync: ssm.onCompletedEventUser-0_{|Unlocked|}_com.android.server.content.ContentService$Lifecycle
01-20 19:07:13.183 1477 3842 V SystemServerTimingAsync: ssm.onCompletedEventUser-0_{|Unlocked|}_com.android.server.content.ContentService$Lifecycle took to complete: 0ms
01-20 19:07:13.183 1477 3842 D SystemServerTimingAsync: ssm.onCompletedEventUser-0_{|Unlocked|}_com.android.server.DropBoxManagerService
01-20 19:07:13.183 1477 3842 V SystemServerTimingAsync: ssm.onCompletedEventUser-0_{|Unlocked|}_com.android.server.DropBoxManagerService took to complete: 0ms
01-20 19:07:13.183 1477 3842 D SystemServerTimingAsync: ssm.onCompletedEventUser-0_{|Unlocked|}_com.android.role.RoleService
01-20 19:07:13.183 1477 3842 V SystemServerTimingAsync: ssm.onCompletedEventUser-0_{|Unlocked|}_com.android.role.RoleService took to complete: 0ms
01-20 19:07:13.183 1477 3842 D SystemServerTimingAsync: ssm.onCompletedEventUser-0_{|Unlocked|}_com.android.server.vibrator.VibratorManagerService$Lifecycle
01-20 19:07:13.184 1477 3843 D SystemServerTimingAsync: ssm.onCompletedEventUser-0_{|Unlocked|}_com.android.server.pm.PackageInstallerService$Lifecycle
01-20 19:07:13.184 1477 3844 V SystemServerTimingAsync: ssm.onCompletedEventUser-0_{|Unlocked|}_com.android.server.om.OverlayManagerService took to complete: 0ms
01-20 19:07:13.184 1477 3843 V SystemServerTimingAsync: ssm.onCompletedEventUser-0_{|Unlocked|}_com.android.server.pm.PackageInstallerService$Lifecycle took to complete: 0ms
01-20 19:07:13.184 1477 3843 D SystemServerTimingAsync: ssm.onCompletedEventUser-0_{|Unlocked|}_com.android.server.alarm.AlarmManagerService
01-20 19:07:13.184 1477 3842 V SystemServerTimingAsync: ssm.onCompletedEventUser-0_{|Unlocked|}_com.android.server.vibrator.VibratorManagerService$Lifecycle took to complete: 0ms
01-20 19:07:13.184 1477 3843 V SystemServerTimingAsync: ssm.onCompletedEventUser-0_{|Unlocked|}_com.android.server.alarm.AlarmManagerService took to complete: 0ms
01-20 19:07:13.184 1477 3842 D SystemServerTimingAsync: ssm.onCompletedEventUser-0_{|Unlocked|}_com.android.server.devicestate.DeviceStateManagerService
01-20 19:07:13.184 1477 3843 D SystemServerTimingAsync: ssm.onCompletedEventUser-0_{|Unlocked|}_com.android.server.camera.CameraServiceProxy
01-20 19:07:13.184 1477 3844 D SystemServerTimingAsync: ssm.onCompletedEventUser-0_{|Unlocked|}_com.android.server.tare.InternalResourceService
01-20 19:07:13.184 1477 3843 V SystemServerTimingAsync: ssm.onCompletedEventUser-0_{|Unlocked|}_com.android.server.camera.CameraServiceProxy took to complete: 0ms
01-20 19:07:13.184 1477 3842 V SystemServerTimingAsync: ssm.onCompletedEventUser-0_{|Unlocked|}_com.android.server.devicestate.DeviceStateManagerService took to complete: 0ms
01-20 19:07:13.185 1477 3843 D SystemServerTimingAsync: ssm.onCompletedEventUser-0_{|Unlocked|}_com.android.server.vr.VrManagerService
01-20 19:07:13.185 1477 3844 V SystemServerTimingAsync: ssm.onCompletedEventUser-0_{|Unlocked|}_com.android.server.tare.InternalResourceService took to complete: 0ms
01-20 19:07:13.185 1477 3843 V SystemServerTimingAsync: ssm.onCompletedEventUser-0_{|Unlocked|}_com.android.server.vr.VrManagerService took to complete: 0ms
01-20 19:07:13.185 1477 3844 D SystemServerTimingAsync: ssm.onCompletedEventUser-0_{|Unlocked|}_com.android.server.connectivity.IpConnectivityMetrics
01-20 19:07:13.185 1477 3843 D SystemServerTimingAsync: ssm.onCompletedEventUser-0_{|Unlocked|}_com.android.server.net.watchlist.NetworkWatchlistService$Lifecycle
01-20 19:07:13.185 1477 3842 D SystemServerTimingAsync: ssm.onCompletedEventUser-0_{|Unlocked|}_com.android.server.bluetooth.BluetoothService
01-20 19:07:13.185 1477 3843 V SystemServerTimingAsync: ssm.onCompletedEventUser-0_{|Unlocked|}_com.android.server.net.watchlist.NetworkWatchlistService$Lifecycle took to complete: 0ms
01-20 19:07:13.185 1477 3844 V SystemServerTimingAsync: ssm.onCompletedEventUser-0_{|Unlocked|}_com.android.server.connectivity.IpConnectivityMetrics took to complete: 0ms
01-20 19:07:13.185 1477 3843 D SystemServerTimingAsync: ssm.onCompletedEventUser-0_{|Unlocked|}_com.android.server.PinnerService
01-20 19:07:13.185 1477 3842 V SystemServerTimingAsync: ssm.onCompletedEventUser-0_{|Unlocked|}_com.android.server.bluetooth.BluetoothService took to complete: 0ms
01-20 19:07:13.185 1477 3843 V SystemServerTimingAsync: ssm.onCompletedEventUser-0_{|Unlocked|}_com.android.server.PinnerService took to complete: 0ms
01-20 19:07:13.185 1477 3842 D SystemServerTimingAsync: ssm.onCompletedEventUser-0_{|Unlocked|}_com.android.server.logcat.LogcatManagerService
01-20 19:07:13.185 1477 3843 D SystemServerTimingAsync: ssm.onCompletedEventUser-0_{|Unlocked|}_com.android.server.inputmethod.InputMethodManagerService$Lifecycle
01-20 19:07:13.185 1477 3843 V SystemServerTimingAsync: ssm.onCompletedEventUser-0_{|Unlocked|}_com.android.server.inputmethod.InputMethodManagerService$Lifecycle took to complete: 0ms
01-20 19:07:13.185 1477 3843 D SystemServerTimingAsync: ssm.onCompletedEventUser-0_{|Unlocked|}_com.android.server.accessibility.AccessibilityManagerService$Lifecycle
01-20 19:07:13.185 1477 3843 V SystemServerTimingAsync: ssm.onCompletedEventUser-0_{|Unlocked|}_com.android.server.accessibility.AccessibilityManagerService$Lifecycle took to complete: 0ms
01-20 19:07:13.185 1477 3843 D SystemServerTimingAsync: ssm.onCompletedEventUser-0_{|Unlocked|}_com.android.server.StorageManagerService$Lifecycle
01-20 19:07:13.185 1477 3843 V SystemServerTimingAsync: ssm.onCompletedEventUser-0_{|Unlocked|}_com.android.server.StorageManagerService$Lifecycle took to complete: 0ms
01-20 19:07:13.185 1477 3843 D SystemServerTimingAsync: ssm.onCompletedEventUser-0_{|Unlocked|}_com.android.server.usage.StorageStatsService$Lifecycle
01-20 19:07:13.185 1477 3843 V SystemServerTimingAsync: ssm.onCompletedEventUser-0_{|Unlocked|}_com.android.server.usage.StorageStatsService$Lifecycle took to complete: 0ms
01-20 19:07:13.185 1477 3842 V SystemServerTimingAsync: ssm.onCompletedEventUser-0_{|Unlocked|}_com.android.server.logcat.LogcatManagerService took to complete: 0ms
01-20 19:07:13.185 1477 3842 D SystemServerTimingAsync: ssm.onCompletedEventUser-0_{|Unlocked|}_com.android.server.locales.LocaleManagerService
01-20 19:07:13.185 1477 3842 V SystemServerTimingAsync: ssm.onCompletedEventUser-0_{|Unlocked|}_com.android.server.locales.LocaleManagerService took to complete: 0ms
01-20 19:07:13.185 1477 3842 D SystemServerTimingAsync: ssm.onCompletedEventUser-0_{|Unlocked|}_com.android.server.locksettings.LockSettingsService$Lifecycle
01-20 19:07:13.185 1477 3842 V SystemServerTimingAsync: ssm.onCompletedEventUser-0_{|Unlocked|}_com.android.server.locksettings.LockSettingsService$Lifecycle took to complete: 0ms
01-20 19:07:13.185 1477 3842 D SystemServerTimingAsync: ssm.onCompletedEventUser-0_{|Unlocked|}_com.android.server.PersistentDataBlockService
01-20 19:07:13.185 1477 3842 V SystemServerTimingAsync: ssm.onCompletedEventUser-0_{|Unlocked|}_com.android.server.PersistentDataBlockService took to complete: 0ms
01-20 19:07:13.185 1477 3842 D SystemServerTimingAsync: ssm.onCompletedEventUser-0_{|Unlocked|}_com.android.server.testharness.TestHarnessModeService
01-20 19:07:13.185 1477 3842 V SystemServerTimingAsync: ssm.onCompletedEventUser-0_{|Unlocked|}_com.android.server.testharness.TestHarnessModeService took to complete: 0ms
01-20 19:07:13.185 1477 3842 D SystemServerTimingAsync: ssm.onCompletedEventUser-0_{|Unlocked|}_com.android.server.oemlock.OemLockService
01-20 19:07:13.185 1477 3842 V SystemServerTimingAsync: ssm.onCompletedEventUser-0_{|Unlocked|}_com.android.server.oemlock.OemLockService took to complete: 0ms
01-20 19:07:13.185 1477 3842 D SystemServerTimingAsync: ssm.onCompletedEventUser-0_{|Unlocked|}_com.android.server.DeviceIdleController
01-20 19:07:13.185 1477 3842 V SystemServerTimingAsync: ssm.onCompletedEventUser-0_{|Unlocked|}_com.android.server.DeviceIdleController took to complete: 0ms
01-20 19:07:13.185 1477 3842 D SystemServerTimingAsync: ssm.onCompletedEventUser-0_{|Unlocked|}_com.android.server.devicepolicy.DevicePolicyManagerService$Lifecycle
01-20 19:07:13.185 1477 3842 V SystemServerTimingAsync: ssm.onCompletedEventUser-0_{|Unlocked|}_com.android.server.devicepolicy.DevicePolicyManagerService$Lifecycle took to complete: 0ms
01-20 19:07:13.185 1477 3842 D SystemServerTimingAsync: ssm.onCompletedEventUser-0_{|Unlocked|}_com.android.server.texttospeech.TextToSpeechManagerService
01-20 19:07:13.185 1477 3842 V SystemServerTimingAsync: ssm.onCompletedEventUser-0_{|Unlocked|}_com.android.server.texttospeech.TextToSpeechManagerService took to complete: 0ms
01-20 19:07:13.185 1477 3842 D SystemServerTimingAsync: ssm.onCompletedEventUser-0_{|Unlocked|}_com.android.server.ambientcontext.AmbientContextManagerService
01-20 19:07:13.185 1477 3842 V SystemServerTimingAsync: ssm.onCompletedEventUser-0_{|Unlocked|}_com.android.server.ambientcontext.AmbientContextManagerService took to complete: 0ms
01-20 19:07:13.186 1477 3842 D SystemServerTimingAsync: ssm.onCompletedEventUser-0_{|Unlocked|}_com.android.server.speech.SpeechRecognitionManagerService
01-20 19:07:13.186 1477 3842 V SystemServerTimingAsync: ssm.onCompletedEventUser-0_{|Unlocked|}_com.android.server.speech.SpeechRecognitionManagerService took to complete: 0ms
01-20 19:07:13.186 1477 3842 D SystemServerTimingAsync: ssm.onCompletedEventUser-0_{|Unlocked|}_com.android.server.searchui.SearchUiManagerService
01-20 19:07:13.186 1477 3842 V SystemServerTimingAsync: ssm.onCompletedEventUser-0_{|Unlocked|}_com.android.server.searchui.SearchUiManagerService took to complete: 0ms
01-20 19:07:13.186 1477 3842 D SystemServerTimingAsync: ssm.onCompletedEventUser-0_{|Unlocked|}_com.android.server.smartspace.SmartspaceManagerService
01-20 19:07:13.186 1477 3842 V SystemServerTimingAsync: ssm.onCompletedEventUser-0_{|Unlocked|}_com.android.server.smartspace.SmartspaceManagerService took to complete: 0ms
01-20 19:07:13.186 1477 3842 D SystemServerTimingAsync: ssm.onCompletedEventUser-0_{|Unlocked|}_com.android.server.graphics.fonts.FontManagerService$Lifecycle
01-20 19:07:13.186 1477 3843 D SystemServerTimingAsync: ssm.onCompletedEventUser-0_{|Unlocked|}_com.android.server.UiModeManagerService
01-20 19:07:13.186 1477 3844 D SystemServerTimingAsync: ssm.onCompletedEventUser-0_{|Unlocked|}_com.android.server.integrity.AppIntegrityManagerService
01-20 19:07:13.186 1477 3843 V SystemServerTimingAsync: ssm.onCompletedEventUser-0_{|Unlocked|}_com.android.server.UiModeManagerService took to complete: 0ms
01-20 19:07:13.186 1477 3842 V SystemServerTimingAsync: ssm.onCompletedEventUser-0_{|Unlocked|}_com.android.server.graphics.fonts.FontManagerService$Lifecycle took to complete: 0ms
