--------- beginning of system
01-20 19:07:01.207 1477 1477 V SystemServerTiming: WaitForDisplay took to complete: 23ms
01-20 19:07:01.207 1477 1477 D SystemServerTiming: StartDomainVerificationService
01-20 19:07:01.210 1477 1477 V SystemServerTiming: StartDomainVerificationService took to complete: 3ms
01-20 19:07:01.210 1477 1477 D SystemServerTiming: StartPackageManagerService
01-20 19:07:01.210 1477 1477 I Watchdog: Pausing HandlerChecker: main thread for reason: packagemanagermain. Pause count: 1
01-20 19:07:01.213 1477 1477 D PackageManagerTiming: create package manager
01-20 19:07:01.219 1477 1859 W ProcessCpuTracker: Failed to stat(/proc/1852): android.system.ErrnoException: stat failed: ENOENT (No such file or directory)
01-20 19:07:01.219 1477 1859 W ProcessCpuTracker: Skipping unknown process pid 1852
01-20 19:07:01.219 1477 1477 D PackageManagerTiming: createSubComponents
01-20 19:07:01.249 1477 1477 V PackageManagerTiming: createSubComponents took to complete: 30ms
01-20 19:07:01.249 1477 1477 D PackageManagerTiming: addSharedUsers
01-20 19:07:01.249 1477 1477 V PackageManagerTiming: addSharedUsers took to complete: 0ms
01-20 19:07:01.252 1477 1477 W BackgroundDexOptService: SysProp pm.dexopt.downgrade_after_inactive_days not set
01-20 19:07:01.253 1477 1477 D PackageManagerTiming: get system config
01-20 19:07:01.253 1477 1477 V PackageManagerTiming: get system config took to complete: 0ms
01-20 19:07:01.260 1477 1477 D SELinuxMMAC: Using policy file /system/etc/selinux/plat_mac_permissions.xml
01-20 19:07:01.262 1477 1477 D SELinuxMMAC: Using policy file /system_ext/etc/selinux/system_ext_mac_permissions.xml
01-20 19:07:01.263 1477 1477 D SELinuxMMAC: Using policy file /product/etc/selinux/product_mac_permissions.xml
01-20 19:07:01.264 1477 1477 D SELinuxMMAC: Using policy file /vendor/etc/selinux/vendor_mac_permissions.xml
01-20 19:07:01.265 1477 1477 D PackageManagerTiming: loadFallbacks
01-20 19:07:01.267 1477 1477 V PackageManagerTiming: loadFallbacks took to complete: 1ms
01-20 19:07:01.267 1477 1477 D PackageManagerTiming: read user settings
01-20 19:07:01.350 1477 1477 E PackageManager: Package com.android.providers.telephony was user id 0 but is now user SharedUserSetting{16ff75e android.uid.phone/1001} with id 1001; I am not changing its files so it will probably fail!
01-20 19:07:01.353 1477 1477 E PackageManager: Package com.android.dynsystem was user id 0 but is now user SharedUserSetting{dbd1555 android.uid.system/1000} with id 1000; I am not changing its files so it will probably fail!
01-20 19:07:01.353 1477 1477 E PackageManager: Package com.android.providers.calendar was user id 0 but is now user SharedUserSetting{3dfa8f8 android.uid.calendar/10077} with id 10077; I am not changing its files so it will probably fail!
01-20 19:07:01.354 1477 1477 E PackageManager: Package com.android.providers.media was user id 0 but is now user SharedUserSetting{554bf37 android.media/10075} with id 10075; I am not changing its files so it will probably fail!
01-20 19:07:01.355 1477 1477 E PackageManager: Package org.lineageos.pocketmode was user id 0 but is now user SharedUserSetting{dbd1555 android.uid.system/1000} with id 1000; I am not changing its files so it will probably fail!
01-20 19:07:01.356 1477 1477 E PackageManager: Package org.lineageos.settings.device.dac was user id 0 but is now user SharedUserSetting{dbd1555 android.uid.system/1000} with id 1000; I am not changing its files so it will probably fail!
01-20 19:07:01.357 1477 1477 E PackageManager: Package com.android.mms.service was user id 0 but is now user SharedUserSetting{16ff75e android.uid.phone/1001} with id 1001; I am not changing its files so it will probably fail!
01-20 19:07:01.358 1477 1477 E PackageManager: Package com.android.providers.downloads was user id 0 but is now user SharedUserSetting{554bf37 android.media/10075} with id 10075; I am not changing its files so it will probably fail!
01-20 19:07:01.359 1477 1477 E PackageManager: Package com.qualcomm.qti.telephonyservice was user id 0 but is now user SharedUserSetting{16ff75e android.uid.phone/1001} with id 1001; I am not changing its files so it will probably fail!
01-20 19:07:01.360 1477 1477 E PackageManager: Package com.android.providers.downloads.ui was user id 0 but is now user SharedUserSetting{554bf37 android.media/10075} with id 10075; I am not changing its files so it will probably fail!
01-20 19:07:01.360 1477 1477 E PackageManager: Package com.android.networkstack was user id 0 but is now user SharedUserSetting{b6176e6 android.uid.networkstack/1073} with id 1073; I am not changing its files so it will probably fail!
01-20 19:07:01.361 1477 1477 E PackageManager: Package android was user id 0 but is now user SharedUserSetting{dbd1555 android.uid.system/1000} with id 1000; I am not changing its files so it will probably fail!
01-20 19:07:01.361 1477 1477 E PackageManager: Package com.android.mtp was user id 0 but is now user SharedUserSetting{554bf37 android.media/10075} with id 10075; I am not changing its files so it will probably fail!
01-20 19:07:01.362 1477 1477 E PackageManager: Package com.android.nfc was user id 0 but is now user SharedUserSetting{bf4779 android.uid.nfc/1027} with id 1027; I am not changing its files so it will probably fail!
01-20 19:07:01.362 1477 1477 E PackageManager: Package com.android.ons was user id 0 but is now user SharedUserSetting{16ff75e android.uid.phone/1001} with id 1001; I am not changing its files so it will probably fail!
01-20 19:07:01.362 1477 1477 E PackageManager: Package com.android.stk was user id 0 but is now user SharedUserSetting{16ff75e android.uid.phone/1001} with id 1001; I am not changing its files so it will probably fail!
01-20 19:07:01.363 1477 1477 E PackageManager: Package org.lineageos.setupwizard was user id 0 but is now user SharedUserSetting{dbd1555 android.uid.system/1000} with id 1000; I am not changing its files so it will probably fail!
01-20 19:07:01.363 1477 1477 E PackageManager: Package com.sony.timekeep was user id 0 but is now user SharedUserSetting{dbd1555 android.uid.system/1000} with id 1000; I am not changing its files so it will probably fail!
01-20 19:07:01.364 1477 1477 E PackageManager: Package com.qualcomm.qcrilmsgtunnel was user id 0 but is now user SharedUserSetting{16ff75e android.uid.phone/1001} with id 1001; I am not changing its files so it will probably fail!
01-20 19:07:01.364 1477 1477 E PackageManager: Package com.android.providers.settings was user id 0 but is now user SharedUserSetting{dbd1555 android.uid.system/1000} with id 1000; I am not changing its files so it will probably fail!
01-20 19:07:01.365 1477 1477 E PackageManager: Package com.android.se was user id 0 but is now user SharedUserSetting{202e570 android.uid.se/1068} with id 1068; I am not changing its files so it will probably fail!
01-20 19:07:01.366 1477 1477 E PackageManager: Package com.android.inputdevices was user id 0 but is now user SharedUserSetting{dbd1555 android.uid.system/1000} with id 1000; I am not changing its files so it will probably fail!
01-20 19:07:01.366 1477 1477 E PackageManager: Package com.qti.dpmserviceapp was user id 0 but is now user SharedUserSetting{16ff75e android.uid.phone/1001} with id 1001; I am not changing its files so it will probably fail!
01-20 19:07:01.367 1477 1477 E PackageManager: Package com.android.server.telecom was user id 0 but is now user SharedUserSetting{dbd1555 android.uid.system/1000} with id 1000; I am not changing its files so it will probably fail!
01-20 19:07:01.367 1477 1477 E PackageManager: Package com.android.cellbroadcastservice was user id 0 but is now user SharedUserSetting{b6176e6 android.uid.networkstack/1073} with id 1073; I am not changing its files so it will probably fail!
01-20 19:07:01.368 1477 1477 E PackageManager: Package com.android.keychain was user id 0 but is now user SharedUserSetting{dbd1555 android.uid.system/1000} with id 1000; I am not changing its files so it will probably fail!
01-20 19:07:01.369 1477 1477 E PackageManager: Package com.android.service.ims was user id 0 but is now user SharedUserSetting{16ff75e android.uid.phone/1001} with id 1001; I am not changing its files so it will probably fail!
01-20 19:07:01.370 1477 1477 E PackageManager: Package com.android.calllogbackup was user id 0 but is now user SharedUserSetting{9a937a3 android.uid.shared/10081} with id 10081; I am not changing its files so it will probably fail!
01-20 19:07:01.371 1477 1477 E PackageManager: Package com.android.localtransport was user id 0 but is now user SharedUserSetting{dbd1555 android.uid.system/1000} with id 1000; I am not changing its files so it will probably fail!
01-20 19:07:01.371 1477 1477 E PackageManager: Package com.android.networkstack.tethering was user id 0 but is now user SharedUserSetting{b6176e6 android.uid.networkstack/1073} with id 1073; I am not changing its files so it will probably fail!
01-20 19:07:01.372 1477 1477 E PackageManager: Package com.android.soundpicker was user id 0 but is now user SharedUserSetting{554bf37 android.media/10075} with id 10075; I am not changing its files so it will probably fail!
01-20 19:07:01.373 1477 1477 E PackageManager: Package com.android.service.ims.presence was user id 0 but is now user SharedUserSetting{16ff75e android.uid.phone/1001} with id 1001; I am not changing its files so it will probably fail!
01-20 19:07:01.374 1477 1477 E PackageManager: Package com.android.settings was user id 0 but is now user SharedUserSetting{dbd1555 android.uid.system/1000} with id 1000; I am not changing its files so it will probably fail!
01-20 19:07:01.375 1477 1477 E PackageManager: Package com.qualcomm.qti.cne was user id 0 but is now user SharedUserSetting{c174d64 com.qualcomm.qti.qtidataservices/10109} with id 10109; I am not changing its files so it will probably fail!
01-20 19:07:01.376 1477 1477 E PackageManager: Package com.android.cts.ctsshim was user id 0 but is now user SharedUserSetting{a274f93 com.android.cts.ctsshim/10105} with id 10105; I am not changing its files so it will probably fail!
01-20 19:07:01.376 1477 1477 E PackageManager: Package org.lineageos.lineageparts was user id 0 but is now user SharedUserSetting{dbd1555 android.uid.system/1000} with id 1000; I am not changing its files so it will probably fail!
01-20 19:07:01.377 1477 1477 E PackageManager: Package org.lineageos.lineagesettings was user id 0 but is now user SharedUserSetting{dbd1555 android.uid.system/1000} with id 1000; I am not changing its files so it will probably fail!
01-20 19:07:01.377 1477 1477 E PackageManager: Package lineageos.platform was user id 0 but is now user SharedUserSetting{dbd1555 android.uid.system/1000} with id 1000; I am not changing its files so it will probably fail!
01-20 19:07:01.378 1477 1477 E PackageManager: Package com.android.phone was user id 0 but is now user SharedUserSetting{16ff75e android.uid.phone/1001} with id 1001; I am not changing its files so it will probably fail!
01-20 19:07:01.378 1477 1477 E PackageManager: Package com.android.shell was user id 0 but is now user SharedUserSetting{25b79a6 android.uid.shell/2000} with id 2000; I am not changing its files so it will probably fail!
01-20 19:07:01.379 1477 1477 E PackageManager: Package com.android.wallpaperbackup was user id 0 but is now user SharedUserSetting{dbd1555 android.uid.system/1000} with id 1000; I am not changing its files so it will probably fail!
01-20 19:07:01.379 1477 1477 E PackageManager: Package com.android.providers.blockednumber was user id 0 but is now user SharedUserSetting{9a937a3 android.uid.shared/10081} with id 10081; I am not changing its files so it will probably fail!
01-20 19:07:01.380 1477 1477 E PackageManager: Package com.android.providers.userdictionary was user id 0 but is now user SharedUserSetting{9a937a3 android.uid.shared/10081} with id 10081; I am not changing its files so it will probably fail!
01-20 19:07:01.381 1477 1477 E PackageManager: Package com.android.emergency was user id 0 but is now user SharedUserSetting{3c94df com.android.emergency.uid/10137} with id 10137; I am not changing its files so it will probably fail!
01-20 19:07:01.381 1477 1477 E PackageManager: Package com.android.location.fused was user id 0 but is now user SharedUserSetting{dbd1555 android.uid.system/1000} with id 1000; I am not changing its files so it will probably fail!
01-20 19:07:01.382 1477 1477 E PackageManager: Package com.android.systemui was user id 0 but is now user SharedUserSetting{b37c818 android.uid.systemui/10135} with id 10135; I am not changing its files so it will probably fail!
01-20 19:07:01.382 1477 1477 E PackageManager: Package com.android.bluetooth was user id 0 but is now user SharedUserSetting{1e40d7 android.uid.bluetooth/1002} with id 1002; I am not changing its files so it will probably fail!
01-20 19:07:01.383 1477 1477 E PackageManager: Package com.android.providers.contacts was user id 0 but is now user SharedUserSetting{9a937a3 android.uid.shared/10081} with id 10081; I am not changing its files so it will probably fail!
01-20 19:07:01.455 1477 1477 V SLog : static_init took to complete: 0ms
01-20 19:07:01.455 1477 1477 W PackageSettings: Missing permission state for package com.android.uwb.resources on user 0
01-20 19:07:01.455 1477 1477 W PackageSettings: Missing permission state for package com.android.internal.display.cutout.emulation.corner on user 0
01-20 19:07:01.455 1477 1477 W PackageSettings: Missing permission state for package org.lineageos.overlay.customization.blacktheme on user 0
01-20 19:07:01.455 1477 1477 W PackageSettings: Missing permission state for package com.android.internal.display.cutout.emulation.double on user 0
01-20 19:07:01.455 1477 1477 W PackageSettings: Missing permission state for package com.android.theme.icon.pebble on user 0
01-20 19:07:01.455 1477 1477 W PackageSettings: Missing permission state for package com.android.theme.icon.square on user 0
01-20 19:07:01.455 1477 1477 W PackageSettings: Missing permission state for package com.android.internal.systemui.navbar.gestural_wide_back on user 0
01-20 19:07:01.455 1477 1477 W PackageSettings: Missing permission state for package com.android.managedprovisioning.auto_generated_rro_product__ on user 0
01-20 19:07:01.455 1477 1477 W PackageSettings: Missing permission state for package com.android.theme.icon.vessel on user 0
01-20 19:07:01.455 1477 1477 W PackageSettings: Missing permission state for package com.android.carrierconfig.auto_generated_rro_vendor__ on user 0
01-20 19:07:01.455 1477 1477 W PackageSettings: Missing permission state for package com.android.theme.icon_pack.victor.settings on user 0
01-20 19:07:01.455 1477 1477 W PackageSettings: Missing permission state for package com.android.theme.icon_pack.rounded.systemui on user 0
01-20 19:07:01.455 1477 1477 W PackageSettings: Missing permission state for package com.android.theme.icon.taperedrect on user 0
01-20 19:07:01.455 1477 1477 W PackageSettings: Missing permission state for package com.android.htmlviewer on user 0
01-20 19:07:01.455 1477 1477 W PackageSettings: Missing permission state for package org.lineageos.lineageparts.auto_generated_rro_product__ on user 0
01-20 19:07:01.455 1477 1477 W PackageSettings: Missing permission state for package com.android.systemui.auto_generated_rro_product__ on user 0
01-20 19:07:01.455 1477 1477 W PackageSettings: Missing permission state for package com.android.theme.icon_pack.rounded.android on user 0
01-20 19:07:01.455 1477 1477 W PackageSettings: Missing permission state for package org.lineageos.lineagesettings.auto_generated_rro_product__ on user 0
01-20 19:07:01.456 1477 1477 W PackageSettings: Missing permission state for package org.protonaosp.deviceconfig.auto_generated_rro_vendor__ on user 0
01-20 19:07:01.456 1477 1477 W PackageSettings: Missing permission state for package com.android.theme.icon_pack.victor.systemui on user 0
01-20 19:07:01.456 1477 1477 W PackageSettings: Missing permission state for package org.protonaosp.deviceconfig.auto_generated_rro_product__ on user 0
01-20 19:07:01.456 1477 1477 W PackageSettings: Missing permission state for package com.android.connectivity.resources on user 0
01-20 19:07:01.456 1477 1477 W PackageSettings: Missing permission state for package com.android.internal.display.cutout.emulation.hole on user 0
01-20 19:07:01.456 1477 1477 W PackageSettings: Missing permission state for package com.android.internal.display.cutout.emulation.tall on user 0
01-20 19:07:01.456 1477 1477 W PackageSettings: Missing permission state for package com.android.networkstack.overlay on user 0
01-20 19:07:01.456 1477 1477 W PackageSettings: Missing permission state for package com.android.internal.systemui.navbar.threebutton on user 0
01-20 19:07:01.456 1477 1477 W PackageSettings: Missing permission state for package com.android.theme.icon_pack.rounded.launcher on user 0
01-20 19:07:01.456 1477 1477 W PackageSettings: Missing permission state for package com.android.theme.icon_pack.kai.settings on user 0
01-20 19:07:01.456 1477 1477 W PackageSettings: Missing permission state for package com.android.settings.auto_generated_rro_vendor__ on user 0
01-20 19:07:01.456 1477 1477 W PackageSettings: Missing permission state for package com.android.systemui.auto_generated_rro_vendor__ on user 0
01-20 19:07:01.456 1477 1477 W PackageSettings: Missing permission state for package com.android.internal.systemui.navbar.twobutton on user 0
01-20 19:07:01.456 1477 1477 W PackageSettings: Missing permission state for package com.android.theme.icon_pack.sam.settings on user 0
01-20 19:07:01.456 1477 1477 W PackageSettings: Missing permission state for package com.android.internal.systemui.navbar.gestural_extra_wide_back on user 0
01-20 19:07:01.456 1477 1477 W PackageSettings: Missing permission state for package org.lineageos.setupwizard.auto_generated_rro_product__ on user 0
01-20 19:07:01.456 1477 1477 W PackageSettings: Missing permission state for package com.android.theme.icon_pack.victor.launcher on user 0
01-20 19:07:01.456 1477 1477 W PackageSettings: Missing permission state for package com.android.emergency.auto_generated_rro_product__ on user 0
01-20 19:07:01.456 1477 1477 W PackageSettings: Missing permission state for package com.android.theme.icon_pack.filled.settings on user 0
01-20 19:07:01.456 1477 1477 W PackageSettings: Missing permission state for package com.android.dreams.basic on user 0
01-20 19:07:01.456 1477 1477 W PackageSettings: Missing permission state for package com.android.providers.settings.auto_generated_rro_product__ on user 0
01-20 19:07:01.456 1477 1477 W PackageSettings: Missing permission state for package com.android.theme.icon_pack.kai.systemui on user 0
01-20 19:07:01.456 1477 1477 W PackageSettings: Missing permission state for package com.android.launcher3.overlay on user 0
01-20 19:07:01.456 1477 1477 W PackageSettings: Missing permission state for package com.android.theme.icon_pack.circular.settings on user 0
01-20 19:07:01.457 1477 1477 W PackageSettings: Missing permission state for package org.lineageos.aperture.auto_generated_rro_vendor__ on user 0
01-20 19:07:01.457 1477 1477 W PackageSettings: Missing permission state for package com.android.theme.icon_pack.sam.systemui on user 0
01-20 19:07:01.457 1477 1477 W PackageSettings: Missing permission state for package org.lineageos.overlay.font.rubik on user 0
01-20 19:07:01.457 1477 1477 W PackageSettings: Missing permission state for package com.android.providers.settings.auto_generated_rro_vendor__ on user 0
01-20 19:07:01.457 1477 1477 W PackageSettings: Missing permission state for package com.android.theme.icon.teardrop on user 0
01-20 19:07:01.457 1477 1477 W PackageSettings: Missing permission state for package android.ext.shared on user 0
01-20 19:07:01.457 1477 1477 W PackageSettings: Missing permission state for package com.android.theme.icon_pack.filled.systemui on user 0
01-20 19:07:01.457 1477 1477 W PackageSettings: Missing permission state for package com.android.wifi.resources on user 0
01-20 19:07:01.457 1477 1477 W PackageSettings: Missing permission state for package com.android.cameraextensions on user 0
01-20 19:07:01.457 1477 1477 W PackageSettings: Missing permission state for package com.android.theme.icon_pack.sam.android on user 0
01-20 19:07:01.457 1477 1477 W PackageSettings: Missing permission state for package com.android.theme.font.notoserifsource on user 0
01-20 19:07:01.457 1477 1477 W PackageSettings: Missing permission state for package com.android.theme.icon_pack.filled.android on user 0
01-20 19:07:01.457 1477 1477 W PackageSettings: Missing permission state for package com.android.launcher3.auto_generated_rro_product__ on user 0
01-20 19:07:01.457 1477 1477 W PackageSettings: Missing permission state for package com.android.internal.display.cutout.emulation.waterfall on user 0
01-20 19:07:01.457 1477 1477 W PackageSettings: Missing permission state for package com.android.theme.icon_pack.circular.systemui on user 0
01-20 19:07:01.457 1477 1477 W PackageSettings: Missing permission state for package com.android.theme.icon_pack.kai.android on user 0
01-20 19:07:01.457 1477 1477 W PackageSettings: Missing permission state for package org.lineageos.overlay.customization.navbar.nohint on user 0
01-20 19:07:01.457 1477 1477 W PackageSettings: Missing permission state for package com.android.theme.icon_pack.kai.launcher on user 0
01-20 19:07:01.457 1477 1477 W PackageSettings: Missing permission state for package org.lineageos.overlay.font.lato on user 0
01-20 19:07:01.457 1477 1477 W PackageSettings: Missing permission state for package com.android.server.telecom.auto_generated_rro_vendor__ on user 0
01-20 19:07:01.457 1477 1477 W PackageSettings: Missing permission state for package com.android.inputmethod.latin.auto_generated_rro_product__ on user 0
01-20 19:07:01.458 1477 1477 W PackageSettings: Missing permission state for package com.android.theme.icon_pack.sam.launcher on user 0
01-20 19:07:01.458 1477 1477 W PackageSettings: Missing permission state for package com.android.theme.icon.squircle on user 0
01-20 19:07:01.458 1477 1477 W PackageSettings: Missing permission state for package com.android.theme.icon_pack.victor.android on user 0
01-20 19:07:01.458 1477 1477 W PackageSettings: Missing permission state for package com.android.bookmarkprovider on user 0
01-20 19:07:01.458 1477 1477 W PackageSettings: Missing permission state for package com.android.theme.icon_pack.filled.launcher on user 0
01-20 19:07:01.458 1477 1477 W PackageSettings: Missing permission state for package com.google.android.apps.googlecamera.fishfood on user 0
01-20 19:07:01.458 1477 1477 W PackageSettings: Missing permission state for package org.lineageos.updater.auto_generated_rro_product__ on user 0
01-20 19:07:01.458 1477 1477 W PackageSettings: Missing permission state for package com.android.theme.icon_pack.circular.launcher on user 0
01-20 19:07:01.458 1477 1477 W PackageSettings: Missing permission state for package lineageos.platform.auto_generated_rro_product__ on user 0
01-20 19:07:01.458 1477 1477 W PackageSettings: Missing permission state for package com.android.settings.auto_generated_rro_product__ on user 0
01-20 19:07:01.458 1477 1477 W PackageSettings: Missing permission state for package com.android.internal.systemui.navbar.gestural on user 0
01-20 19:07:01.458 1477 1477 W PackageSettings: Missing permission state for package org.lineageos.backgrounds on user 0
01-20 19:07:01.458 1477 1477 W PackageSettings: Missing permission state for package com.android.storagemanager.auto_generated_rro_product__ on user 0
01-20 19:07:01.458 1477 1477 W PackageSettings: Missing permission state for package com.android.imsserviceentitlement.auto_generated_rro_product__ on user 0
01-20 19:07:01.458 1477 1477 W PackageSettings: Missing permission state for package android.auto_generated_rro_product__ on user 0
01-20 19:07:01.458 1477 1477 W PackageSettings: Missing permission state for package com.android.documentsui.overlay on user 0
01-20 19:07:01.458 1477 1477 W PackageSettings: Missing permission state for package com.android.theme.icon.roundedrect on user 0
01-20 19:07:01.458 1477 1477 W PackageSettings: Missing permission state for package com.android.internal.systemui.navbar.gestural_narrow_back on user 0
01-20 19:07:01.458 1477 1477 W PackageSettings: Missing permission state for package com.android.theme.icon_pack.rounded.settings on user 0
01-20 19:07:01.458 1477 1477 W PackageSettings: Missing permission state for package com.android.wifi.resources.joan_msm8998 on user 0
01-20 19:07:01.458 1477 1477 W PackageSettings: Missing permission state for package android.auto_generated_rro_vendor__ on user 0
01-20 19:07:01.458 1477 1477 W PackageSettings: Missing permission state for package com.android.theme.icon_pack.circular.android on user 0
01-20 19:07:01.459 1477 1477 W PackageSettings: Missing permission state for shared user: android.uid.log
01-20 19:07:01.459 1477 1477 W PackageSettings: Missing permission state for shared user: android.uid.uwb
01-20 19:07:01.477 1477 1477 V PackageManagerTiming: read user settings took to complete: 211ms
01-20 19:07:01.489 1477 1477 D PackageManager: Directories scanned as system partitions: [/system:0, /system/vendor:524288, /odm:4194304, /oem:262144, /system/product:1048576, /system/system_ext:2097152, /apex/com.android.wifi:8388608, /apex/com.android.vndk.v33:8388608, /apex/com.android.uwb:8388608, /apex/com.android.tzdata:8388608, /apex/com.android.tethering:8388608, /apex/com.android.sdkext:8388608, /apex/com.android.scheduling:8388608, /apex/com.android.runtime:8388608, /apex/com.android.resolv:8388608, /apex/com.android.permission:8388608, /apex/com.android.os.statsd:8388608, /apex/com.android.ondevicepersonalization:8388608, /apex/com.android.neuralnetworks:8388608, /apex/com.android.mediaprovider:8388608, /apex/com.android.media.swcodec:8388608, /apex/com.android.media:8388608, /apex/com.android.ipsec:8388608, /apex/com.android.i18n:8388608, /apex/com.android.extservices:8388608, /apex/com.android.conscrypt:8388608, /apex/com.android.cellbroadcast:8388608, /apex/com.android.btservices:8388608, /apex/com.android.art:8388608, /apex/com.android.appsearch:8388608, /apex/com.android.adservices:8388608, /apex/com.android.adbd:8388608]
01-20 19:07:01.491 1477 1477 D PackageManager: Keeping known cache 27a73bc9bc
01-20 19:07:01.502 1477 1477 D CompatibilityChangeReporter: Compat change id reported: 143539591; UID -1; state: DISABLED
01-20 19:07:01.502 1477 1477 D CompatibilityChangeReporter: Compat change id reported: 168782947; UID -1; state: ENABLED
01-20 19:07:01.547 1477 1477 W PackageManager: Failed to parse /system/framework/arm: Missing base APK in /system/framework/arm
01-20 19:07:01.547 1477 1477 W PackageManager: Failed to parse /system/framework/arm64: Missing base APK in /system/framework/arm64
01-20 19:07:01.547 1477 1477 W PackageManager: Failed to parse /system/framework/oat: Missing base APK in /system/framework/oat
01-20 19:07:01.569 1477 1477 D CompatibilityChangeReporter: Compat change id reported: 168782947; UID -1; state: DISABLED
01-20 19:07:01.600 1477 1477 I PackageManager: /system/priv-app/NetworkStack changed; collecting certs
01-20 19:07:01.610 1477 1477 W PackageManager: Failed to scan /system/priv-app/NetworkStack: Application package com.android.networkstack already installed. Skipping duplicate.
01-20 19:07:01.655 1477 1477 W PackageManager: Failed to parse /system/vendor/app/ims: Missing base APK in /system/vendor/app/ims/lib/arm64
01-20 19:07:01.733 1477 2039 W PackageCacher: Failed to find APEX file backing /apex/com.android.wifi/priv-app/ServiceWifiResources@TQ3A.230901.001
01-20 19:07:01.736 1477 2035 W PackageCacher: Failed to find APEX file backing /apex/com.android.wifi/app/OsuLogin@TQ3A.230901.001
01-20 19:07:01.737 1477 2036 W PackageCacher: Failed to find APEX file backing /apex/com.android.wifi/app/WifiDialog@TQ3A.230901.001
01-20 19:07:01.741 1477 2037 W PackageCacher: Failed to find APEX file backing /apex/com.android.uwb/priv-app/ServiceUwbResources@TQ3A.230901.001
01-20 19:07:01.745 1477 2035 W PackageCacher: Failed to find APEX file backing /apex/com.android.tethering/priv-app/TetheringNext@TQ3A.230901.001
01-20 19:07:01.745 1477 2039 W PackageCacher: Failed to find APEX file backing /apex/com.android.tethering/priv-app/ServiceConnectivityResources@TQ3A.230901.001
01-20 19:07:01.749 1477 2036 W PackageCacher: Failed to find APEX file backing /apex/com.android.tethering/app/HalfSheetUX@TQ3A.230901.001
01-20 19:07:01.753 1477 2037 W PackageCacher: Failed to find APEX file backing /apex/com.android.permission/priv-app/PermissionController@TQ3A.230901.001
01-20 19:07:01.753 1477 2039 W PackageCacher: Failed to find APEX file backing /apex/com.android.permission/priv-app/SafetyCenterResources@TQ3A.230901.001
01-20 19:07:01.759 1477 2035 W PackageCacher: Failed to find APEX file backing /apex/com.android.ondevicepersonalization/app/OnDevicePersonalization@TQ3A.230901.001
01-20 19:07:01.762 1477 2036 W PackageCacher: Failed to find APEX file backing /apex/com.android.mediaprovider/priv-app/MediaProvider@TQ3A.230901.001
01-20 19:07:01.766 1477 2039 W PackageCacher: Failed to find APEX file backing /apex/com.android.extservices/priv-app/ExtServices@TQ3A.230901.001
01-20 19:07:01.770 1477 2037 W PackageCacher: Failed to find APEX file backing /apex/com.android.cellbroadcast/priv-app/CellBroadcastServiceModule@TQ3A.230901.001
01-20 19:07:01.770 1477 2035 W PackageCacher: Failed to find APEX file backing /apex/com.android.cellbroadcast/priv-app/CellBroadcastApp@TQ3A.230901.001
01-20 19:07:01.774 1477 2036 W PackageCacher: Failed to find APEX file backing /apex/com.android.btservices/app/Bluetooth@TQ3A.230901.001
01-20 19:07:01.780 1477 2039 W PackageCacher: Failed to find APEX file backing /apex/com.android.adservices/priv-app/AdServicesApk@TQ3A.230901.001
01-20 19:07:01.782 1477 2037 W PackageCacher: Failed to find APEX file backing /apex/com.android.adservices/app/SdkSandbox@TQ3A.230901.001
01-20 19:07:01.796 1477 1477 I PackageManager: Finished scanning system apps. Time: 309 ms, packageCount: 203 , timePerPackage: 1 , cached: 204
01-20 19:07:01.800 1477 1477 D CompatibilityChangeReporter: Compat change id reported: 133396946; UID -1; state: ENABLED
01-20 19:07:01.807 1477 1477 D CompatibilityChangeReporter: Compat change id reported: 133396946; UID -1; state: DISABLED
01-20 19:07:01.808 1477 2036 D CompatibilityChangeReporter: Compat change id reported: 150232615; UID -1; state: DISABLED
01-20 19:07:01.826 1477 1477 I PackageManager: Finished scanning non-system apps. Time: 29 ms, packageCount: 8 , timePerPackage: 3 , cached: 6
01-20 19:07:01.827 1477 1477 E PackageManager: There should probably be exactly one setup wizard; found 0: matches=[]
01-20 19:07:01.832 1477 1477 I PackageManager: Time to scan packages: 0.345 seconds
01-20 19:07:01.832 1477 1477 I PackageManager: Permission ownership changed. Updating all permissions.
01-20 19:07:01.858 1477 1477 V PackageManager: reconcileAppsData for null u0 0x3 migrateAppData=true
01-20 19:07:02.017 1477 1477 V PackageManager: reconcileAppsData finished 32 packages
01-20 19:07:02.017 1477 1477 V PackageManager: Changing enabled state of com.android.vending/com.google.android.finsky.systemupdate.SystemUpdateSettingsContentProvider to false
01-20 19:07:02.017 1477 1477 W PackageManager: Unable to change enabled state of com.android.vending/com.google.android.finsky.systemupdate.SystemUpdateSettingsContentProvider to false
01-20 19:07:02.017 1477 2111 D SystemServerTimingAsync: InitThreadPoolExec:prepareAppData
01-20 19:07:02.018 1477 2111 D SystemServerInitThreadPool: Started executing prepareAppData
01-20 19:07:02.018 1477 1477 V PackageManager: Changing enabled state of com.android.vending/com.google.android.finsky.systemupdateactivity.SettingsSecurityEntryPoint to false
01-20 19:07:02.018 1477 1477 W PackageManager: Unable to change enabled state of com.android.vending/com.google.android.finsky.systemupdateactivity.SettingsSecurityEntryPoint to false
01-20 19:07:02.018 1477 1477 V PackageManager: Changing enabled state of com.android.vending/com.google.android.finsky.systemupdateactivity.SystemUpdateActivity to false
01-20 19:07:02.018 1477 1477 W PackageManager: Unable to change enabled state of com.android.vending/com.google.android.finsky.systemupdateactivity.SystemUpdateActivity to false
01-20 19:07:02.018 1477 1477 V PackageManager: Changing enabled state of com.google.android.gms/com.google.android.gms.update.phone.PopupDialog to false
01-20 19:07:02.018 1477 1477 W PackageManager: Unable to change enabled state of com.google.android.gms/com.google.android.gms.update.phone.PopupDialog to false
01-20 19:07:02.018 1477 1477 V PackageManager: Changing enabled state of com.google.android.gms/com.google.android.gms.update.OtaSuggestionSummaryProvider to false
01-20 19:07:02.018 1477 1477 W PackageManager: Unable to change enabled state of com.google.android.gms/com.google.android.gms.update.OtaSuggestionSummaryProvider to false
01-20 19:07:02.018 1477 1477 V PackageManager: Changing enabled state of com.google.android.gms/com.google.android.gms.update.SystemUpdateActivity to false
01-20 19:07:02.018 1477 1477 W PackageManager: Unable to change enabled state of com.google.android.gms/com.google.android.gms.update.SystemUpdateActivity to false
01-20 19:07:02.018 1477 1477 V PackageManager: Changing enabled state of com.google.android.gms/com.google.android.gms.update.SystemUpdateGcmTaskService to false
01-20 19:07:02.018 1477 1477 W PackageManager: Unable to change enabled state of com.google.android.gms/com.google.android.gms.update.SystemUpdateGcmTaskService to false
01-20 19:07:02.018 1477 1477 V PackageManager: Changing enabled state of com.google.android.gms/com.google.android.gms.update.SystemUpdateService to false
01-20 19:07:02.018 1477 1477 W PackageManager: Unable to change enabled state of com.google.android.gms/com.google.android.gms.update.SystemUpdateService to false
01-20 19:07:02.018 1477 1477 D PackageManagerTiming: write settings
01-20 19:07:02.062 1477 1477 V PackageManagerTiming: write settings took to complete: 44ms
01-20 19:07:02.063 1477 1477 W PackageManager: Domain verification agent not found
01-20 19:07:02.064 1477 1477 D PackageManager: Ephemeral resolver NOT found; no matching intent filters
01-20 19:07:02.064 1477 1477 D PackageManager: Instant App installer not found with android.intent.action.INSTALL_INSTANT_APP_PACKAGE
01-20 19:07:02.064 1477 1477 D PackageManager: Clear ephemeral installer activity
01-20 19:07:02.069 1477 1477 D PackageManagerTiming: GC
01-20 19:07:02.069 1477 1477 V PackageManagerTiming: GC took to complete: 0ms
01-20 19:07:02.069 1477 1477 I PackageManager: Fix for b/169414761 is applied
01-20 19:07:02.069 1477 1477 V PackageManagerTiming: create package manager took to complete: 855ms
01-20 19:07:02.069 1477 1477 V UserSystemPackageInstaller: Checking that all system packages are whitelisted.
01-20 19:07:02.072 1477 1477 W UserSystemPackageInstaller: checkWhitelistedSystemPackages(mode=ENFORCE|IMPLICIT_WHITELIST|IMPLICIT_WHITELIST_SYSTEM) has 21 warnings:
01-20 19:07:02.072 1477 1477 W UserSystemPackageInstaller: com.android.theme.color.amethyst is allowlisted but not present.
01-20 19:07:02.072 1477 1477 W UserSystemPackageInstaller: com.android.theme.color.sand is allowlisted but not present.
01-20 19:07:02.072 1477 1477 W UserSystemPackageInstaller: com.android.wallpapercropper is allowlisted but not present.
01-20 19:07:02.072 1477 1477 W UserSystemPackageInstaller: com.android.theme.color.cinnamon is allowlisted but not present.
01-20 19:07:02.072 1477 1477 W UserSystemPackageInstaller: com.android.internal.systemui.onehanded.gestural is allowlisted but not present.
01-20 19:07:02.072 1477 1477 W UserSystemPackageInstaller: com.android.theme.icon_pack.circular.themepicker is allowlisted but not present.
01-20 19:07:02.072 1477 1477 W UserSystemPackageInstaller: com.android.theme.color.tangerine is allowlisted but not present.
01-20 19:07:02.072 1477 1477 W UserSystemPackageInstaller: com.android.theme.color.aquamarine is allowlisted but not present.
01-20 19:07:02.072 1477 1477 W UserSystemPackageInstaller: com.android.theme.color.black is allowlisted but not present.
01-20 19:07:02.072 1477 1477 W UserSystemPackageInstaller: com.android.theme.color.green is allowlisted but not present.
01-20 19:07:02.072 1477 1477 W UserSystemPackageInstaller: com.android.theme.color.ocean is allowlisted but not present.
01-20 19:07:02.072 1477 1477 W UserSystemPackageInstaller: com.android.theme.color.space is allowlisted but not present.
01-20 19:07:02.072 1477 1477 W UserSystemPackageInstaller: com.android.theme.icon_pack.kai.themepicker is allowlisted but not present.
01-20 19:07:02.072 1477 1477 W UserSystemPackageInstaller: com.android.theme.icon_pack.rounded.themepicker is allowlisted but not present.
01-20 19:07:02.072 1477 1477 W UserSystemPackageInstaller: com.android.theme.color.palette is allowlisted but not present.
01-20 19:07:02.072 1477 1477 W UserSystemPackageInstaller: com.android.theme.color.carbon is allowlisted but not present.
01-20 19:07:02.072 1477 1477 W UserSystemPackageInstaller: com.android.theme.icon_pack.filled.themepicker is allowlisted but not present.
01-20 19:07:02.072 1477 1477 W UserSystemPackageInstaller: com.android.theme.icon_pack.victor.themepicker is allowlisted but not present.
01-20 19:07:02.072 1477 1477 W UserSystemPackageInstaller: com.android.theme.color.orchid is allowlisted but not present.
01-20 19:07:02.072 1477 1477 W UserSystemPackageInstaller: com.android.theme.color.purple is allowlisted but not present.
01-20 19:07:02.072 1477 1477 W UserSystemPackageInstaller: com.android.theme.icon_pack.sam.themepicker is allowlisted but not present.
01-20 19:07:02.073 1477 1477 I Watchdog: Resuming HandlerChecker: main thread for reason: packagemanagermain. Pause count: 0
01-20 19:07:02.074 1477 1477 I SystemServerDexLoadReporter: Configuring system server dex reporter
01-20 19:07:02.076 1477 1477 V SystemServerTiming: StartPackageManagerService took to complete: 866ms
01-20 19:07:02.076 1477 1477 D SystemServerTiming: StartOtaDexOptService
01-20 19:07:02.076 1477 1477 I Watchdog: Pausing HandlerChecker: main thread for reason: moveab. Pause count: 1
01-20 19:07:02.077 1477 1477 D OTADexopt: No upgrade, skipping A/B artifacts check.
01-20 19:07:02.077 1477 1477 I Watchdog: Resuming HandlerChecker: main thread for reason: moveab. Pause count: 0
01-20 19:07:02.077 1477 1477 V SystemServerTiming: StartOtaDexOptService took to complete: 1ms
01-20 19:07:02.077 1477 1477 D SystemServerTiming: StartUserManagerService
01-20 19:07:02.077 1477 1477 I SystemServiceManager: Starting com.android.server.pm.UserManagerService$LifeCycle
01-20 19:07:02.078 1477 1477 V SystemServerTiming: StartUserManagerService took to complete: 0ms
01-20 19:07:02.078 1477 1477 D SystemServerTiming: InitAttributerCache
01-20 19:07:02.078 1477 1477 V SystemServerTiming: InitAttributerCache took to complete: 1ms
01-20 19:07:02.078 1477 1477 D SystemServerTiming: SetSystemProcess
01-20 19:07:02.087 1477 1760 I ActivityManager: Connection with lmkd established
01-20 19:07:02.088 1477 1521 V HistoricalRegistry: Interaction before persistence initialized
01-20 19:07:02.089 1477 1477 V SystemServerTiming: SetSystemProcess took to complete: 11ms
01-20 19:07:02.090 1477 1477 D CompatibilityChangeReporter: Compat change id reported: 161145287; UID 1000; state: DISABLED
01-20 19:07:02.090 1477 1477 D SystemServerTiming: InitWatchdog
01-20 19:07:02.090 1477 1477 V SystemServerTiming: InitWatchdog took to complete: 0ms
01-20 19:07:02.091 1477 1477 D SystemServerTiming: StartOverlayManagerService
01-20 19:07:02.097 1477 1521 V HistoricalRegistry: Interaction before persistence initialized
01-20 19:07:02.148 1098 2119 I storaged: storaged: Start
01-20 19:07:02.184 1477 2111 V SystemServerTimingAsync: AppDataFixup took to complete: 166ms
01-20 19:07:02.185 1477 2111 W PackageManager: Skipping preparing app data for com.android.sdksandbox
01-20 19:07:02.186 1477 2111 W PackageManager: Failed to migrate com.android.sdksandbox: android.os.ServiceSpecificException: Failed to mark default storage /data/data/com.android.sdksandbox (code 2)
01-20 19:07:02.186 1477 2111 W PackageManager: Skipping preparing app data for com.android.sdksandbox
01-20 19:07:02.282 1477 1477 V SystemServerTiming: StartOverlayManagerService took to complete: 191ms
01-20 19:07:02.282 1477 1477 D SystemServerTiming: StartResourcesManagerService
01-20 19:07:02.283 1477 1477 V SystemServerTiming: StartResourcesManagerService took to complete: 1ms
01-20 19:07:02.283 1477 1477 D SystemServerTiming: StartSensorPrivacyService
01-20 19:07:02.283 1477 1701 W ActivityTaskManager: Skip updateConfiguration because mWindowManager isn't set
01-20 19:07:02.287 1477 1477 V SystemServerTiming: StartSensorPrivacyService took to complete: 4ms
01-20 19:07:02.287 1477 1477 D SystemServerTiming: StartSensorService
01-20 19:07:02.287 1477 1477 I SystemServiceManager: Starting com.android.server.sensors.SensorService
01-20 19:07:02.288 1477 1477 V SystemServerTiming: StartSensorService took to complete: 0ms
01-20 19:07:02.288 1477 1477 V SystemServerTiming: startBootstrapServices took to complete: 1444ms
01-20 19:07:02.288 1477 1477 D SystemServerTiming: startCoreServices
01-20 19:07:02.288 1477 1477 D SystemServerTiming: StartSystemConfigService
01-20 19:07:02.288 1477 1477 I SystemServiceManager: Starting com.android.server.SystemConfigService
01-20 19:07:02.288 1477 1477 V SystemServerTiming: StartSystemConfigService took to complete: 1ms
01-20 19:07:02.288 1477 1477 D SystemServerTiming: StartBatteryService
01-20 19:07:02.288 1477 1477 I SystemServiceManager: Starting com.android.server.BatteryService
01-20 19:07:02.290 1477 2123 D SystemServerTimingAsync: InitThreadPoolExec:StartNativeSensorService
01-20 19:07:02.290 1477 2123 D SystemServerInitThreadPool: Started executing StartNativeSensorService
01-20 19:07:02.290 1477 2123 D SystemServerTimingAsync: StartNativeSensorService
01-20 19:07:02.293 1477 1477 E BatteryService: mothealth: cannot get service. (no supported health HAL service)
01-20 19:07:02.305 1477 1781 E KernelCpuUidActiveTimeReader: Malformed uid_concurrent_active_time line: L8
01-20 19:07:02.305 1477 1781 E KernelCpuProcStringReader: Error reading /proc/uid_concurrent_policy_time
01-20 19:07:02.305 1477 1781 E KernelCpuProcStringReader: java.nio.charset.MalformedInputException: Input length = 1
01-20 19:07:02.305 1477 1781 E KernelCpuProcStringReader: at java.nio.charset.CoderResult.throwException(CoderResult.java:281)
01-20 19:07:02.305 1477 1781 E KernelCpuProcStringReader: at sun.nio.cs.StreamDecoder.implRead(StreamDecoder.java:372)
01-20 19:07:02.305 1477 1781 E KernelCpuProcStringReader: at sun.nio.cs.StreamDecoder.read(StreamDecoder.java:181)
01-20 19:07:02.305 1477 1781 E KernelCpuProcStringReader: at java.io.InputStreamReader.read(InputStreamReader.java:180)
01-20 19:07:02.305 1477 1781 E KernelCpuProcStringReader: at java.io.BufferedReader.fill(BufferedReader.java:172)
01-20 19:07:02.305 1477 1781 E KernelCpuProcStringReader: at java.io.BufferedReader.read1(BufferedReader.java:223)
01-20 19:07:02.305 1477 1781 E KernelCpuProcStringReader: at java.io.BufferedReader.read(BufferedReader.java:298)
01-20 19:07:02.305 1477 1781 E KernelCpuProcStringReader: at com.android.internal.os.KernelCpuProcStringReader.open(KernelCpuProcStringReader.java:163)
01-20 19:07:02.305 1477 1781 E KernelCpuProcStringReader: at com.android.internal.os.KernelCpuUidTimeReader$KernelCpuUidClusterTimeReader.readDeltaImpl(KernelCpuUidTimeReader.java:881)
01-20 19:07:02.305 1477 1781 E KernelCpuProcStringReader: at com.android.internal.os.KernelCpuUidTimeReader.readDelta(KernelCpuUidTimeReader.java:119)
01-20 19:07:02.305 1477 1781 E KernelCpuProcStringReader: at com.android.internal.os.BatteryStatsImpl.updateCpuTimeLocked(BatteryStatsImpl.java:14965)
01-20 19:07:02.305 1477 1781 E KernelCpuProcStringReader: at com.android.server.am.BatteryExternalStatsWorker.updateExternalStatsLocked(BatteryExternalStatsWorker.java:684)
01-20 19:07:02.305 1477 1781 E KernelCpuProcStringReader: at com.android.server.am.BatteryExternalStatsWorker.-$$Nest$mupdateExternalStatsLocked(Unknown Source:0)
01-20 19:07:02.305 1477 1781 E KernelCpuProcStringReader: at com.android.server.am.BatteryExternalStatsWorker$1.run(BatteryExternalStatsWorker.java:470)
01-20 19:07:02.305 1477 1781 E KernelCpuProcStringReader: at java.util.concurrent.Executors$RunnableAdapter.call(Executors.java:463)
01-20 19:07:02.305 1477 1781 E KernelCpuProcStringReader: at java.util.concurrent.FutureTask.run(FutureTask.java:264)
01-20 19:07:02.305 1477 1781 E KernelCpuProcStringReader: at java.util.concurrent.ScheduledThreadPoolExecutor$ScheduledFutureTask.run(ScheduledThreadPoolExecutor.java:307)
01-20 19:07:02.305 1477 1781 E KernelCpuProcStringReader: at java.util.concurrent.ThreadPoolExecutor.runWorker(ThreadPoolExecutor.java:1137)
01-20 19:07:02.305 1477 1781 E KernelCpuProcStringReader: at java.util.concurrent.ThreadPoolExecutor$Worker.run(ThreadPoolExecutor.java:637)
01-20 19:07:02.305 1477 1781 E KernelCpuProcStringReader: at com.android.server.am.BatteryExternalStatsWorker.lambda$new$0(BatteryExternalStatsWorker.java:91)
01-20 19:07:02.305 1477 1781 E KernelCpuProcStringReader: at com.android.server.am.BatteryExternalStatsWorker$$ExternalSyntheticLambda0.run(Unknown Source:2)
01-20 19:07:02.305 1477 1781 E KernelCpuProcStringReader: at java.lang.Thread.run(Thread.java:1012)
01-20 19:07:02.307 1477 1477 I HealthServiceWrapperHidl: health: HealthServiceWrapper listening to instance default
01-20 19:07:02.307 1477 1477 I BatteryService: health: Waited 0ms and received the update.
01-20 19:07:02.308 1477 1477 V SystemServerTiming: StartBatteryService took to complete: 20ms
01-20 19:07:02.308 1477 1477 D SystemServerTiming: StartUsageService
01-20 19:07:02.308 1477 1477 I SystemServiceManager: Starting com.android.server.usage.UsageStatsService
01-20 19:07:02.310 1477 2123 V HistoricalRegistry: Interaction before persistence initialized
01-20 19:07:02.312 1477 2123 V SystemServerTimingAsync: StartNativeSensorService took to complete: 23ms
01-20 19:07:02.312 1477 2123 D SystemServerInitThreadPool: Finished executing StartNativeSensorService
01-20 19:07:02.312 1477 2123 V SystemServerTimingAsync: InitThreadPoolExec:StartNativeSensorService took to complete: 23ms
01-20 19:07:02.313 1477 1477 V SystemServerTiming: StartUsageService took to complete: 5ms
01-20 19:07:02.313 1477 1477 D SystemServerTiming: StartWebViewUpdateService
01-20 19:07:02.313 1477 1477 I SystemServiceManager: Starting com.android.server.webkit.WebViewUpdateService
01-20 19:07:02.316 1477 1477 V SystemServerTiming: StartWebViewUpdateService took to complete: 3ms
01-20 19:07:02.316 1477 1477 D SystemServerTiming: StartCachedDeviceStateService
01-20 19:07:02.316 1477 1477 I SystemServiceManager: Starting com.android.server.CachedDeviceStateService
01-20 19:07:02.316 1477 1477 V SystemServerTiming: StartCachedDeviceStateService took to complete: 0ms
01-20 19:07:02.316 1477 1477 D SystemServerTiming: StartBinderCallsStatsService
01-20 19:07:02.316 1477 1477 I SystemServiceManager: Starting com.android.server.BinderCallsStatsService$LifeCycle
01-20 19:07:02.318 1477 1477 V SystemServerTiming: StartBinderCallsStatsService took to complete: 2ms
01-20 19:07:02.318 1477 1477 D SystemServerTiming: StartLooperStatsService
01-20 19:07:02.318 1477 1477 I SystemServiceManager: Starting com.android.server.LooperStatsService$Lifecycle
01-20 19:07:02.319 1477 1477 V SystemServerTiming: StartLooperStatsService took to complete: 1ms
01-20 19:07:02.319 1477 1477 D SystemServerTiming: StartRollbackManagerService
01-20 19:07:02.319 1477 1477 I SystemServiceManager: Starting com.android.server.rollback.RollbackManagerService
01-20 19:07:02.322 1477 1477 I PackageWatchdog: Syncing state, reason: added new observer
01-20 19:07:02.322 1477 1477 I PackageWatchdog: Not pruning observers, elapsed time: 0ms
01-20 19:07:02.322 1477 1477 I PackageWatchdog: Cancelling state sync, nothing to sync
01-20 19:07:02.332 1477 1477 V SystemServerTiming: StartRollbackManagerService took to complete: 13ms
01-20 19:07:02.332 1477 1477 D SystemServerTiming: StartNativeTombstoneManagerService
01-20 19:07:02.332 1477 1477 I SystemServiceManager: Starting com.android.server.os.NativeTombstoneManagerService
01-20 19:07:02.332 1477 1753 I PackageWatchdog: Saving observer state to file
01-20 19:07:02.333 1477 1477 V SystemServerTiming: StartNativeTombstoneManagerService took to complete: 1ms
01-20 19:07:02.333 1477 1477 D SystemServerTiming: StartBugreportManagerService
01-20 19:07:02.333 1477 1477 I SystemServiceManager: Starting com.android.server.os.BugreportManagerService
01-20 19:07:02.334 1477 1477 V SystemServerTiming: StartBugreportManagerService took to complete: 1ms
01-20 19:07:02.334 1477 1477 D SystemServerTiming: GpuService
01-20 19:07:02.334 1477 1477 I SystemServiceManager: Starting com.android.server.gpu.GpuService
01-20 19:07:02.334 1477 1477 V SystemServerTiming: GpuService took to complete: 0ms
01-20 19:07:02.334 1477 1477 V SystemServerTiming: startCoreServices took to complete: 47ms
01-20 19:07:02.334 1477 1477 D SystemServerTiming: startOtherServices
01-20 19:07:02.334 1477 1477 D SystemServerTiming: StartKeyAttestationApplicationIdProviderService
01-20 19:07:02.335 1477 2132 D SystemServerTimingAsync: InitThreadPoolExec:SecondaryZygotePreload
