01-20 19:07:07.588 1477 1704 D ActivityManagerTiming: OnBootPhase_1000_com.android.server.os.DeviceIdentifiersPolicyService
01-20 19:07:07.588 1477 1704 V ActivityManagerTiming: OnBootPhase_1000_com.android.server.os.DeviceIdentifiersPolicyService took to complete: 0ms
01-20 19:07:07.588 1477 1704 D ActivityManagerTiming: OnBootPhase_1000_com.android.server.uri.UriGrantsManagerService$Lifecycle
01-20 19:07:07.588 1477 1704 V ActivityManagerTiming: OnBootPhase_1000_com.android.server.uri.UriGrantsManagerService$Lifecycle took to complete: 0ms
01-20 19:07:07.588 1477 1704 D ActivityManagerTiming: OnBootPhase_1000_com.android.server.powerstats.PowerStatsService
01-20 19:07:07.588 1477 1704 E PowerStatsService: Failed to start PowerStatsService loggers
01-20 19:07:07.588 1477 1704 V ActivityManagerTiming: OnBootPhase_1000_com.android.server.powerstats.PowerStatsService took to complete: 0ms
01-20 19:07:07.588 1477 1704 D ActivityManagerTiming: OnBootPhase_1000_com.android.server.wm.ActivityTaskManagerService$Lifecycle
01-20 19:07:07.588 1477 1704 V ActivityManagerTiming: OnBootPhase_1000_com.android.server.wm.ActivityTaskManagerService$Lifecycle took to complete: 0ms
01-20 19:07:07.588 1477 1704 D ActivityManagerTiming: OnBootPhase_1000_com.android.server.am.ActivityManagerService$Lifecycle
01-20 19:07:07.588 1477 1704 V ActivityManagerTiming: OnBootPhase_1000_com.android.server.am.ActivityManagerService$Lifecycle took to complete: 0ms
01-20 19:07:07.588 1477 1704 D ActivityManagerTiming: OnBootPhase_1000_com.android.server.pm.DataLoaderManagerService
01-20 19:07:07.588 1477 1704 V ActivityManagerTiming: OnBootPhase_1000_com.android.server.pm.DataLoaderManagerService took to complete: 0ms
01-20 19:07:07.588 1477 1704 D ActivityManagerTiming: OnBootPhase_1000_com.android.server.power.PowerManagerService
01-20 19:07:07.590 1477 1704 V ActivityManagerTiming: OnBootPhase_1000_com.android.server.power.PowerManagerService took to complete: 1ms
01-20 19:07:07.590 1477 1704 D ActivityManagerTiming: OnBootPhase_1000_com.android.server.power.ThermalManagerService
01-20 19:07:07.590 1477 1704 V ActivityManagerTiming: OnBootPhase_1000_com.android.server.power.ThermalManagerService took to complete: 0ms
01-20 19:07:07.590 1477 1704 D ActivityManagerTiming: OnBootPhase_1000_com.android.server.power.hint.HintManagerService
01-20 19:07:07.590 1477 1704 V ActivityManagerTiming: OnBootPhase_1000_com.android.server.power.hint.HintManagerService took to complete: 1ms
01-20 19:07:07.590 1477 1704 D ActivityManagerTiming: OnBootPhase_1000_com.android.server.recoverysystem.RecoverySystemService$Lifecycle
01-20 19:07:07.590 1477 1704 V ActivityManagerTiming: OnBootPhase_1000_com.android.server.recoverysystem.RecoverySystemService$Lifecycle took to complete: 0ms
01-20 19:07:07.590 1477 1704 D ActivityManagerTiming: OnBootPhase_1000_com.android.server.lights.LightsService
01-20 19:07:07.590 1477 1704 V ActivityManagerTiming: OnBootPhase_1000_com.android.server.lights.LightsService took to complete: 0ms
01-20 19:07:07.590 1477 1704 D ActivityManagerTiming: OnBootPhase_1000_com.android.server.display.DisplayManagerService
01-20 19:07:07.590 1477 1704 I LogicalDisplayMapper: Requesting Transition to state: 0, from state=-1, interactive=true, mBootCompleted=true
01-20 19:07:07.590 1477 1704 I LogicalDisplayMapper: Applying layout: [{addr: {port=0}, dispId: 0(ON)}], Previous layout: [{addr: {port=0}, dispId: 0(ON)}]
01-20 19:07:07.590 1477 1704 V ActivityManagerTiming: OnBootPhase_1000_com.android.server.display.DisplayManagerService took to complete: 0ms
01-20 19:07:07.590 1477 1704 D ActivityManagerTiming: OnBootPhase_1000_com.android.server.pm.verify.domain.DomainVerificationService
01-20 19:07:07.591 1477 1704 V ActivityManagerTiming: OnBootPhase_1000_com.android.server.pm.verify.domain.DomainVerificationService took to complete: 0ms
01-20 19:07:07.591 1477 1875 V DisplayPowerController[0]: Brightness [0.0017629543] reason changing to: 'manual', previous reason: 'override'.
01-20 19:07:07.591 1477 1704 D ActivityManagerTiming: OnBootPhase_1000_com.android.server.pm.PackageInstallerService$Lifecycle
01-20 19:07:07.591 1477 1704 V ActivityManagerTiming: OnBootPhase_1000_com.android.server.pm.PackageInstallerService$Lifecycle took to complete: 0ms
01-20 19:07:07.591 1477 1704 D ActivityManagerTiming: OnBootPhase_1000_com.android.server.pm.UserManagerService$LifeCycle
01-20 19:07:07.591 1477 1875 I DisplayPowerController[0]: BrightnessEvent: disp=0, physDisp=local:0, brt=0.0017629543, initBrt=0.38188976, rcmdBrt=NaN, preBrt=NaN, lux=0.0, preLux=0.0, hbmMax=1.0, hbmMode=off, rbcStrength=0, powerFactor=1.0, thrmMax=1.0, wasShortTermModelActive=false, flags=, reason=manual, autoBrightness=false
01-20 19:07:07.591 1477 1704 V ActivityManagerTiming: OnBootPhase_1000_com.android.server.pm.UserManagerService$LifeCycle took to complete: 0ms
01-20 19:07:07.591 1477 1704 D ActivityManagerTiming: OnBootPhase_1000_com.android.server.om.OverlayManagerService
01-20 19:07:07.591 1477 1704 V ActivityManagerTiming: OnBootPhase_1000_com.android.server.om.OverlayManagerService took to complete: 0ms
01-20 19:07:07.591 1477 1704 D ActivityManagerTiming: OnBootPhase_1000_com.android.server.resources.ResourcesManagerService
01-20 19:07:07.591 1477 1704 V ActivityManagerTiming: OnBootPhase_1000_com.android.server.resources.ResourcesManagerService took to complete: 0ms
01-20 19:07:07.591 1477 1704 D ActivityManagerTiming: OnBootPhase_1000_com.android.server.sensorprivacy.SensorPrivacyService
01-20 19:07:07.591 1477 1704 V ActivityManagerTiming: OnBootPhase_1000_com.android.server.sensorprivacy.SensorPrivacyService took to complete: 0ms
01-20 19:07:07.591 1477 1704 D ActivityManagerTiming: OnBootPhase_1000_com.android.server.sensors.SensorService
01-20 19:07:07.591 1477 1704 V ActivityManagerTiming: OnBootPhase_1000_com.android.server.sensors.SensorService took to complete: 0ms
01-20 19:07:07.591 1477 1704 D ActivityManagerTiming: OnBootPhase_1000_com.android.server.SystemConfigService
01-20 19:07:07.591 1477 1704 V ActivityManagerTiming: OnBootPhase_1000_com.android.server.SystemConfigService took to complete: 0ms
01-20 19:07:07.591 1477 1704 D ActivityManagerTiming: OnBootPhase_1000_com.android.server.BatteryService
01-20 19:07:07.591 1477 1875 I DisplayPowerController[0]: BrightnessEvent: disp=0, physDisp=local:0, brt=0.0017629543, initBrt=0.0017629543, rcmdBrt=NaN, preBrt=NaN, lux=0.0, preLux=0.0, hbmMax=1.0, hbmMode=off, rbcStrength=0, powerFactor=1.0, thrmMax=1.0, wasShortTermModelActive=false, flags=, reason=manual, autoBrightness=false
01-20 19:07:07.593 1477 1704 V ActivityManagerTiming: OnBootPhase_1000_com.android.server.BatteryService took to complete: 2ms
01-20 19:07:07.593 1477 1704 D ActivityManagerTiming: OnBootPhase_1000_com.android.server.usage.UsageStatsService
01-20 19:07:07.593 1477 1704 V ActivityManagerTiming: OnBootPhase_1000_com.android.server.usage.UsageStatsService took to complete: 0ms
01-20 19:07:07.593 1477 1704 D ActivityManagerTiming: OnBootPhase_1000_com.android.server.webkit.WebViewUpdateService
01-20 19:07:07.593 1477 1704 V ActivityManagerTiming: OnBootPhase_1000_com.android.server.webkit.WebViewUpdateService took to complete: 0ms
01-20 19:07:07.593 1477 1704 D ActivityManagerTiming: OnBootPhase_1000_com.android.server.CachedDeviceStateService
01-20 19:07:07.593 1477 1704 V ActivityManagerTiming: OnBootPhase_1000_com.android.server.CachedDeviceStateService took to complete: 0ms
01-20 19:07:07.593 1477 1704 D ActivityManagerTiming: OnBootPhase_1000_com.android.server.BinderCallsStatsService$LifeCycle
01-20 19:07:07.593 1477 1704 V ActivityManagerTiming: OnBootPhase_1000_com.android.server.BinderCallsStatsService$LifeCycle took to complete: 0ms
01-20 19:07:07.593 1477 1704 D ActivityManagerTiming: OnBootPhase_1000_com.android.server.LooperStatsService$Lifecycle
01-20 19:07:07.593 1477 1704 V ActivityManagerTiming: OnBootPhase_1000_com.android.server.LooperStatsService$Lifecycle took to complete: 0ms
01-20 19:07:07.593 1477 1704 D ActivityManagerTiming: OnBootPhase_1000_com.android.server.rollback.RollbackManagerService
01-20 19:07:07.593 1477 1704 V ActivityManagerTiming: OnBootPhase_1000_com.android.server.rollback.RollbackManagerService took to complete: 1ms
01-20 19:07:07.593 1477 1704 D ActivityManagerTiming: OnBootPhase_1000_com.android.server.os.NativeTombstoneManagerService
01-20 19:07:07.593 1477 1704 V ActivityManagerTiming: OnBootPhase_1000_com.android.server.os.NativeTombstoneManagerService took to complete: 0ms
01-20 19:07:07.593 1477 1704 D ActivityManagerTiming: OnBootPhase_1000_com.android.server.os.BugreportManagerService
01-20 19:07:07.593 1477 1704 V ActivityManagerTiming: OnBootPhase_1000_com.android.server.os.BugreportManagerService took to complete: 0ms
01-20 19:07:07.593 1477 1704 D ActivityManagerTiming: OnBootPhase_1000_com.android.server.gpu.GpuService
01-20 19:07:07.593 1477 1704 V ActivityManagerTiming: OnBootPhase_1000_com.android.server.gpu.GpuService took to complete: 0ms
01-20 19:07:07.593 1477 1704 D ActivityManagerTiming: OnBootPhase_1000_com.android.server.security.KeyChainSystemService
01-20 19:07:07.593 1477 1704 V ActivityManagerTiming: OnBootPhase_1000_com.android.server.security.KeyChainSystemService took to complete: 0ms
01-20 19:07:07.593 1477 1704 D ActivityManagerTiming: OnBootPhase_1000_com.android.server.BinaryTransparencyService
01-20 19:07:07.593 1477 1704 I TransparencyService: Boot completed. Getting VBMeta Digest.
01-20 19:07:07.593 1477 2130 D RollbackManager: mRollbackLifetimeDurationInMillis=1209600000
01-20 19:07:07.593 1477 1704 D TransparencyService: VBMeta Digest: vbmeta-digest-unavailable
01-20 19:07:07.594 1477 1704 I TransparencyService: Scheduling APEX and Module measurements to be updated.
01-20 19:07:07.594 1477 1704 I TransparencyService: Scheduling APEX & Module SHA256 digest computation job
01-20 19:07:07.594 1477 1704 D CompatibilityChangeReporter: Compat change id reported: 194532703; UID 1000; state: ENABLED
01-20 19:07:07.594 1477 1704 D CompatibilityChangeReporter: Compat change id reported: 194532703; UID 1000; state: DISABLED
01-20 19:07:07.596 1477 1704 D TransparencyService: Job 164700403 to update binary measurements scheduled successfully.
01-20 19:07:07.596 1477 1704 V ActivityManagerTiming: OnBootPhase_1000_com.android.server.BinaryTransparencyService took to complete: 2ms
01-20 19:07:07.596 1477 1704 D ActivityManagerTiming: OnBootPhase_1000_com.android.server.telecom.TelecomLoaderService
01-20 19:07:07.596 1477 1704 V ActivityManagerTiming: OnBootPhase_1000_com.android.server.telecom.TelecomLoaderService took to complete: 0ms
01-20 19:07:07.596 1477 1704 D ActivityManagerTiming: OnBootPhase_1000_com.android.server.accounts.AccountManagerService$Lifecycle
01-20 19:07:07.596 1477 1704 V ActivityManagerTiming: OnBootPhase_1000_com.android.server.accounts.AccountManagerService$Lifecycle took to complete: 0ms
01-20 19:07:07.596 1477 1704 D ActivityManagerTiming: OnBootPhase_1000_com.android.server.content.ContentService$Lifecycle
01-20 19:07:07.596 1477 1704 V ActivityManagerTiming: OnBootPhase_1000_com.android.server.content.ContentService$Lifecycle took to complete: 0ms
01-20 19:07:07.596 1477 1704 D ActivityManagerTiming: OnBootPhase_1000_com.android.server.DropBoxManagerService
01-20 19:07:07.596 1477 1704 V ActivityManagerTiming: OnBootPhase_1000_com.android.server.DropBoxManagerService took to complete: 0ms
01-20 19:07:07.596 1477 1704 D ActivityManagerTiming: OnBootPhase_1000_com.android.role.RoleService
01-20 19:07:07.596 1477 1704 V ActivityManagerTiming: OnBootPhase_1000_com.android.role.RoleService took to complete: 0ms
01-20 19:07:07.596 1477 1704 D ActivityManagerTiming: OnBootPhase_1000_com.android.server.vibrator.VibratorManagerService$Lifecycle
01-20 19:07:07.596 1477 1704 V ActivityManagerTiming: OnBootPhase_1000_com.android.server.vibrator.VibratorManagerService$Lifecycle took to complete: 0ms
01-20 19:07:07.596 1477 1704 D ActivityManagerTiming: OnBootPhase_1000_com.android.server.tare.InternalResourceService
01-20 19:07:07.597 1477 1704 V ActivityManagerTiming: OnBootPhase_1000_com.android.server.tare.InternalResourceService took to complete: 1ms
01-20 19:07:07.597 1477 1704 D ActivityManagerTiming: OnBootPhase_1000_com.android.server.alarm.AlarmManagerService
01-20 19:07:07.597 1477 1704 V ActivityManagerTiming: OnBootPhase_1000_com.android.server.alarm.AlarmManagerService took to complete: 0ms
01-20 19:07:07.597 1477 1704 D ActivityManagerTiming: OnBootPhase_1000_com.android.server.devicestate.DeviceStateManagerService
01-20 19:07:07.597 1477 1704 V ActivityManagerTiming: OnBootPhase_1000_com.android.server.devicestate.DeviceStateManagerService took to complete: 0ms
01-20 19:07:07.597 1477 1704 D ActivityManagerTiming: OnBootPhase_1000_com.android.server.camera.CameraServiceProxy
01-20 19:07:07.597 1477 1704 V ActivityManagerTiming: OnBootPhase_1000_com.android.server.camera.CameraServiceProxy took to complete: 1ms
01-20 19:07:07.598 1477 1704 D ActivityManagerTiming: OnBootPhase_1000_com.android.server.vr.VrManagerService
01-20 19:07:07.598 1477 1704 V ActivityManagerTiming: OnBootPhase_1000_com.android.server.vr.VrManagerService took to complete: 0ms
01-20 19:07:07.598 1477 1704 D ActivityManagerTiming: OnBootPhase_1000_com.android.server.bluetooth.BluetoothService
01-20 19:07:07.598 1477 1704 V ActivityManagerTiming: OnBootPhase_1000_com.android.server.bluetooth.BluetoothService took to complete: 0ms
01-20 19:07:07.598 1477 1704 D ActivityManagerTiming: OnBootPhase_1000_com.android.server.connectivity.IpConnectivityMetrics
01-20 19:07:07.598 1477 1704 V ActivityManagerTiming: OnBootPhase_1000_com.android.server.connectivity.IpConnectivityMetrics took to complete: 0ms
01-20 19:07:07.598 1477 1704 D ActivityManagerTiming: OnBootPhase_1000_com.android.server.net.watchlist.NetworkWatchlistService$Lifecycle
01-20 19:07:07.598 1477 1704 V ActivityManagerTiming: OnBootPhase_1000_com.android.server.net.watchlist.NetworkWatchlistService$Lifecycle took to complete: 0ms
01-20 19:07:07.598 1477 1704 D ActivityManagerTiming: OnBootPhase_1000_com.android.server.PinnerService
01-20 19:07:07.598 1477 1704 V ActivityManagerTiming: OnBootPhase_1000_com.android.server.PinnerService took to complete: 0ms
01-20 19:07:07.598 1477 1704 D ActivityManagerTiming: OnBootPhase_1000_com.android.server.integrity.AppIntegrityManagerService
01-20 19:07:07.598 1477 1704 V ActivityManagerTiming: OnBootPhase_1000_com.android.server.integrity.AppIntegrityManagerService took to complete: 0ms
01-20 19:07:07.598 1477 1704 D ActivityManagerTiming: OnBootPhase_1000_com.android.server.logcat.LogcatManagerService
01-20 19:07:07.598 1477 1704 V ActivityManagerTiming: OnBootPhase_1000_com.android.server.logcat.LogcatManagerService took to complete: 0ms
01-20 19:07:07.598 1477 1704 D ActivityManagerTiming: OnBootPhase_1000_com.android.server.inputmethod.InputMethodManagerService$Lifecycle
01-20 19:07:07.598 1477 1704 V ActivityManagerTiming: OnBootPhase_1000_com.android.server.inputmethod.InputMethodManagerService$Lifecycle took to complete: 0ms
01-20 19:07:07.598 1477 1704 D ActivityManagerTiming: OnBootPhase_1000_com.android.server.accessibility.AccessibilityManagerService$Lifecycle
01-20 19:07:07.598 1477 1704 V ActivityManagerTiming: OnBootPhase_1000_com.android.server.accessibility.AccessibilityManagerService$Lifecycle took to complete: 0ms
01-20 19:07:07.598 1477 1704 D ActivityManagerTiming: OnBootPhase_1000_com.android.server.StorageManagerService$Lifecycle
01-20 19:07:07.598 1477 1704 V ActivityManagerTiming: OnBootPhase_1000_com.android.server.StorageManagerService$Lifecycle took to complete: 0ms
01-20 19:07:07.598 1477 1704 D ActivityManagerTiming: OnBootPhase_1000_com.android.server.usage.StorageStatsService$Lifecycle
01-20 19:07:07.598 1477 2158 D StorageManagerService: Thinking about init, mBootCompleted=true, mDaemonConnected=true
01-20 19:07:07.598 1477 2158 D StorageManagerService: Setting up emulation state, initlocked=false
01-20 19:07:07.598 1477 1704 V ActivityManagerTiming: OnBootPhase_1000_com.android.server.usage.StorageStatsService$Lifecycle took to complete: 0ms
01-20 19:07:07.598 1477 1704 D ActivityManagerTiming: OnBootPhase_1000_com.android.server.UiModeManagerService
01-20 19:07:07.598 1477 1704 V ActivityManagerTiming: OnBootPhase_1000_com.android.server.UiModeManagerService took to complete: 0ms
01-20 19:07:07.598 1477 1704 D ActivityManagerTiming: OnBootPhase_1000_com.android.server.locales.LocaleManagerService
01-20 19:07:07.598 1477 1704 V ActivityManagerTiming: OnBootPhase_1000_com.android.server.locales.LocaleManagerService took to complete: 0ms
01-20 19:07:07.598 1477 1704 D ActivityManagerTiming: OnBootPhase_1000_com.android.server.locksettings.LockSettingsService$Lifecycle
01-20 19:07:07.598 1477 1704 V ActivityManagerTiming: OnBootPhase_1000_com.android.server.locksettings.LockSettingsService$Lifecycle took to complete: 0ms
01-20 19:07:07.598 1477 1704 D ActivityManagerTiming: OnBootPhase_1000_com.android.server.PersistentDataBlockService
01-20 19:07:07.598 1477 1704 V ActivityManagerTiming: OnBootPhase_1000_com.android.server.PersistentDataBlockService took to complete: 0ms
01-20 19:07:07.598 1477 1704 D ActivityManagerTiming: OnBootPhase_1000_com.android.server.testharness.TestHarnessModeService
01-20 19:07:07.598 702 702 D vold : fscrypt_unlock_user_key 0 serial=0
01-20 19:07:07.598 1477 1704 D TestHarnessModeService: Completing Test Harness Mode setup.
01-20 19:07:07.598 1477 2158 D StorageManagerService: Thinking about reset, mBootCompleted=true, mDaemonConnected=true
01-20 19:07:07.599 1477 2158 I StorageSessionController: Started resetting external storage service...
01-20 19:07:07.599 1477 2158 I StorageSessionController: Finished resetting external storage service
01-20 19:07:07.599 1477 2158 I StorageManagerService: Resetting vold...
01-20 19:07:07.601 1477 2158 I StorageManagerService: Reset vold
01-20 19:07:07.601 702 702 I vold : onUserAdded: 0
01-20 19:07:07.611 1477 2128 D AppStandbyController: Loaded headless system app cache in 3 ms: appIdleEnabled=true
01-20 19:07:07.621 1477 1704 V ActivityManagerTiming: OnBootPhase_1000_com.android.server.testharness.TestHarnessModeService took to complete: 23ms
01-20 19:07:07.621 1477 1704 D ActivityManagerTiming: OnBootPhase_1000_com.android.server.oemlock.OemLockService
01-20 19:07:07.621 1477 1704 V ActivityManagerTiming: OnBootPhase_1000_com.android.server.oemlock.OemLockService took to complete: 0ms
01-20 19:07:07.621 1477 2128 D CompatibilityChangeReporter: Compat change id reported: 218533173; UID 10143; state: ENABLED
01-20 19:07:07.621 1477 1704 D ActivityManagerTiming: OnBootPhase_1000_com.android.server.DeviceIdleController
01-20 19:07:07.621 1477 1704 V ActivityManagerTiming: OnBootPhase_1000_com.android.server.DeviceIdleController took to complete: 0ms
01-20 19:07:07.621 1477 1704 D ActivityManagerTiming: OnBootPhase_1000_com.android.server.devicepolicy.DevicePolicyManagerService$Lifecycle
01-20 19:07:07.621 1477 1704 V ActivityManagerTiming: OnBootPhase_1000_com.android.server.devicepolicy.DevicePolicyManagerService$Lifecycle took to complete: 0ms
01-20 19:07:07.621 1477 1704 D ActivityManagerTiming: OnBootPhase_1000_com.android.server.texttospeech.TextToSpeechManagerService
01-20 19:07:07.621 1477 1704 V ActivityManagerTiming: OnBootPhase_1000_com.android.server.texttospeech.TextToSpeechManagerService took to complete: 0ms
01-20 19:07:07.621 1477 1704 D ActivityManagerTiming: OnBootPhase_1000_com.android.server.ambientcontext.AmbientContextManagerService
01-20 19:07:07.621 1477 1704 V ActivityManagerTiming: OnBootPhase_1000_com.android.server.ambientcontext.AmbientContextManagerService took to complete: 0ms
01-20 19:07:07.621 1477 1704 D ActivityManagerTiming: OnBootPhase_1000_com.android.server.speech.SpeechRecognitionManagerService
01-20 19:07:07.621 1477 1704 V ActivityManagerTiming: OnBootPhase_1000_com.android.server.speech.SpeechRecognitionManagerService took to complete: 0ms
01-20 19:07:07.621 1477 1704 D ActivityManagerTiming: OnBootPhase_1000_com.android.server.searchui.SearchUiManagerService
01-20 19:07:07.621 1477 1704 V ActivityManagerTiming: OnBootPhase_1000_com.android.server.searchui.SearchUiManagerService took to complete: 0ms
01-20 19:07:07.622 1477 1704 D ActivityManagerTiming: OnBootPhase_1000_com.android.server.smartspace.SmartspaceManagerService
01-20 19:07:07.622 1477 1704 V ActivityManagerTiming: OnBootPhase_1000_com.android.server.smartspace.SmartspaceManagerService took to complete: 0ms
01-20 19:07:07.622 1477 1704 D ActivityManagerTiming: OnBootPhase_1000_com.android.server.graphics.fonts.FontManagerService$Lifecycle
01-20 19:07:07.622 1477 1704 V ActivityManagerTiming: OnBootPhase_1000_com.android.server.graphics.fonts.FontManagerService$Lifecycle took to complete: 0ms
01-20 19:07:07.622 1477 1704 D ActivityManagerTiming: OnBootPhase_1000_com.android.server.textservices.TextServicesManagerService$Lifecycle
01-20 19:07:07.622 1477 1704 V ActivityManagerTiming: OnBootPhase_1000_com.android.server.textservices.TextServicesManagerService$Lifecycle took to complete: 0ms
01-20 19:07:07.622 1477 1704 D ActivityManagerTiming: OnBootPhase_1000_com.android.server.textclassifier.TextClassificationManagerService$Lifecycle
01-20 19:07:07.622 1477 1704 V ActivityManagerTiming: OnBootPhase_1000_com.android.server.textclassifier.TextClassificationManagerService$Lifecycle took to complete: 0ms
01-20 19:07:07.622 1477 1704 D ActivityManagerTiming: OnBootPhase_1000_com.android.server.NetworkScoreService$Lifecycle
01-20 19:07:07.622 1477 1704 V ActivityManagerTiming: OnBootPhase_1000_com.android.server.NetworkScoreService$Lifecycle took to complete: 0ms
01-20 19:07:07.622 1477 1704 D ActivityManagerTiming: OnBootPhase_1000_com.android.server.NetworkStatsServiceInitializer
01-20 19:07:07.622 1477 1704 V ActivityManagerTiming: OnBootPhase_1000_com.android.server.NetworkStatsServiceInitializer took to complete: 0ms
01-20 19:07:07.622 1477 1704 D ActivityManagerTiming: OnBootPhase_1000_com.android.server.wifi.WifiService
01-20 19:07:07.622 1477 1704 V ActivityManagerTiming: OnBootPhase_1000_com.android.server.wifi.WifiService took to complete: 0ms
01-20 19:07:07.622 1477 1704 D ActivityManagerTiming: OnBootPhase_1000_com.android.server.wifi.scanner.WifiScanningService
01-20 19:07:07.622 1477 1704 V ActivityManagerTiming: OnBootPhase_1000_com.android.server.wifi.scanner.WifiScanningService took to complete: 0ms
01-20 19:07:07.622 1477 1704 D ActivityManagerTiming: OnBootPhase_1000_com.android.server.wifi.p2p.WifiP2pService
01-20 19:07:07.622 1477 1704 V ActivityManagerTiming: OnBootPhase_1000_com.android.server.wifi.p2p.WifiP2pService took to complete: 0ms
01-20 19:07:07.622 1477 1704 D ActivityManagerTiming: OnBootPhase_1000_com.android.server.ConnectivityServiceInitializer
01-20 19:07:07.624 1477 1704 E SystemServiceRegistry: Manager wrapper not available: contexthub
01-20 19:07:07.625 1477 1704 V ActivityManagerTiming: OnBootPhase_1000_com.android.server.ConnectivityServiceInitializer took to complete: 3ms
01-20 19:07:07.625 1477 1704 D ActivityManagerTiming: OnBootPhase_1000_com.android.server.notification.NotificationManagerService
01-20 19:07:07.625 1477 1704 V ActivityManagerTiming: OnBootPhase_1000_com.android.server.notification.NotificationManagerService took to complete: 0ms
01-20 19:07:07.625 1477 1704 D ActivityManagerTiming: OnBootPhase_1000_com.android.server.storage.DeviceStorageMonitorService
01-20 19:07:07.625 1477 1704 V ActivityManagerTiming: OnBootPhase_1000_com.android.server.storage.DeviceStorageMonitorService took to complete: 0ms
01-20 19:07:07.625 1477 1704 D ActivityManagerTiming: OnBootPhase_1000_com.android.server.location.LocationManagerService$Lifecycle
01-20 19:07:07.625 1477 1704 V ActivityManagerTiming: OnBootPhase_1000_com.android.server.location.LocationManagerService$Lifecycle took to complete: 0ms
01-20 19:07:07.625 1477 1704 D ActivityManagerTiming: OnBootPhase_1000_com.android.server.timedetector.TimeDetectorService$Lifecycle
01-20 19:07:07.625 1477 1704 V ActivityManagerTiming: OnBootPhase_1000_com.android.server.timedetector.TimeDetectorService$Lifecycle took to complete: 0ms
01-20 19:07:07.625 1477 1704 D ActivityManagerTiming: OnBootPhase_1000_com.android.server.timezonedetector.TimeZoneDetectorService$Lifecycle
01-20 19:07:07.625 1477 1704 V ActivityManagerTiming: OnBootPhase_1000_com.android.server.timezonedetector.TimeZoneDetectorService$Lifecycle took to complete: 0ms
01-20 19:07:07.625 1477 1704 D ActivityManagerTiming: OnBootPhase_1000_com.android.server.timezonedetector.location.LocationTimeZoneManagerService$Lifecycle
01-20 19:07:07.625 1477 1704 V ActivityManagerTiming: OnBootPhase_1000_com.android.server.timezonedetector.location.LocationTimeZoneManagerService$Lifecycle took to complete: 0ms
01-20 19:07:07.625 1477 1704 D ActivityManagerTiming: OnBootPhase_1000_com.android.server.search.SearchManagerService$Lifecycle
01-20 19:07:07.625 1477 1704 V ActivityManagerTiming: OnBootPhase_1000_com.android.server.search.SearchManagerService$Lifecycle took to complete: 0ms
01-20 19:07:07.625 1477 1704 D ActivityManagerTiming: OnBootPhase_1000_com.android.server.wallpaper.WallpaperManagerService$Lifecycle
01-20 19:07:07.625 1477 1704 V ActivityManagerTiming: OnBootPhase_1000_com.android.server.wallpaper.WallpaperManagerService$Lifecycle took to complete: 1ms
01-20 19:07:07.625 1477 1704 D ActivityManagerTiming: OnBootPhase_1000_com.android.server.wallpapereffectsgeneration.WallpaperEffectsGenerationManagerService
01-20 19:07:07.625 1477 1704 V ActivityManagerTiming: OnBootPhase_1000_com.android.server.wallpapereffectsgeneration.WallpaperEffectsGenerationManagerService took to complete: 0ms
01-20 19:07:07.625 1477 1704 D ActivityManagerTiming: OnBootPhase_1000_com.android.server.audio.AudioService$Lifecycle
01-20 19:07:07.625 1477 1704 V ActivityManagerTiming: OnBootPhase_1000_com.android.server.audio.AudioService$Lifecycle took to complete: 0ms
01-20 19:07:07.625 1477 1704 D ActivityManagerTiming: OnBootPhase_1000_com.android.server.soundtrigger_middleware.SoundTriggerMiddlewareService$Lifecycle
01-20 19:07:07.625 1477 1704 V ActivityManagerTiming: OnBootPhase_1000_com.android.server.soundtrigger_middleware.SoundTriggerMiddlewareService$Lifecycle took to complete: 0ms
01-20 19:07:07.625 1477 1704 D ActivityManagerTiming: OnBootPhase_1000_com.android.server.DockObserver
01-20 19:07:07.625 1477 1704 V ActivityManagerTiming: OnBootPhase_1000_com.android.server.DockObserver took to complete: 0ms
01-20 19:07:07.625 1477 1704 D ActivityManagerTiming: OnBootPhase_1000_com.android.server.midi.MidiService$Lifecycle
01-20 19:07:07.625 1477 1704 V ActivityManagerTiming: OnBootPhase_1000_com.android.server.midi.MidiService$Lifecycle took to complete: 0ms
01-20 19:07:07.625 1477 1704 D ActivityManagerTiming: OnBootPhase_1000_com.android.server.adb.AdbService$Lifecycle
01-20 19:07:07.625 1477 1704 V ActivityManagerTiming: OnBootPhase_1000_com.android.server.adb.AdbService$Lifecycle took to complete: 0ms
01-20 19:07:07.625 1477 1704 D ActivityManagerTiming: OnBootPhase_1000_com.android.server.usb.UsbService$Lifecycle
01-20 19:07:07.625 1477 1704 V ActivityManagerTiming: OnBootPhase_1000_com.android.server.usb.UsbService$Lifecycle took to complete: 0ms
01-20 19:07:07.625 1477 1704 D ActivityManagerTiming: OnBootPhase_1000_com.android.server.twilight.TwilightService
01-20 19:07:07.626 1477 1701 I UsbPortManager: USB HAL HIDL version: 10
01-20 19:07:07.629 1477 2128 D CompatibilityChangeReporter: Compat change id reported: 218533173; UID 10115; state: DISABLED
01-20 19:07:07.629 1477 2128 D CompatibilityChangeReporter: Compat change id reported: 218533173; UID 10158; state: DISABLED
01-20 19:07:07.630 1477 1704 V ActivityManagerTiming: OnBootPhase_1000_com.android.server.twilight.TwilightService took to complete: 5ms
01-20 19:07:07.630 1477 1704 D ActivityManagerTiming: OnBootPhase_1000_com.android.server.display.color.ColorDisplayService
01-20 19:07:07.630 1477 1704 V ActivityManagerTiming: OnBootPhase_1000_com.android.server.display.color.ColorDisplayService took to complete: 0ms
01-20 19:07:07.631 1477 1704 D ActivityManagerTiming: OnBootPhase_1000_com.android.server.job.JobSchedulerService
01-20 19:07:07.631 1477 1704 V ActivityManagerTiming: OnBootPhase_1000_com.android.server.job.JobSchedulerService took to complete: 0ms
01-20 19:07:07.631 1477 1704 D ActivityManagerTiming: OnBootPhase_1000_com.android.server.soundtrigger.SoundTriggerService
01-20 19:07:07.631 1477 1704 D SoundTriggerService: onBootPhase: 1000 : false
01-20 19:07:07.631 1477 1704 V ActivityManagerTiming: OnBootPhase_1000_com.android.server.soundtrigger.SoundTriggerService took to complete: 0ms
01-20 19:07:07.631 1477 1704 D ActivityManagerTiming: OnBootPhase_1000_com.android.server.trust.TrustManagerService
01-20 19:07:07.631 1477 1704 V ActivityManagerTiming: OnBootPhase_1000_com.android.server.trust.TrustManagerService took to complete: 0ms
01-20 19:07:07.631 1477 1704 D ActivityManagerTiming: OnBootPhase_1000_com.android.server.backup.BackupManagerService$Lifecycle
01-20 19:07:07.631 1477 1704 V ActivityManagerTiming: OnBootPhase_1000_com.android.server.backup.BackupManagerService$Lifecycle took to complete: 0ms
01-20 19:07:07.631 1477 1704 D ActivityManagerTiming: OnBootPhase_1000_com.android.server.appwidget.AppWidgetService
01-20 19:07:07.631 1477 1704 V ActivityManagerTiming: OnBootPhase_1000_com.android.server.appwidget.AppWidgetService took to complete: 0ms
01-20 19:07:07.631 1477 1704 D ActivityManagerTiming: OnBootPhase_1000_com.android.server.voiceinteraction.VoiceInteractionManagerService
01-20 19:07:07.631 1477 1704 V ActivityManagerTiming: OnBootPhase_1000_com.android.server.voiceinteraction.VoiceInteractionManagerService took to complete: 0ms
01-20 19:07:07.631 1477 1704 D ActivityManagerTiming: OnBootPhase_1000_com.android.server.apphibernation.AppHibernationService
01-20 19:07:07.631 1477 1704 V ActivityManagerTiming: OnBootPhase_1000_com.android.server.apphibernation.AppHibernationService took to complete: 0ms
01-20 19:07:07.631 1477 1704 D ActivityManagerTiming: OnBootPhase_1000_com.android.server.GestureLauncherService
01-20 19:07:07.631 1477 1704 V ActivityManagerTiming: OnBootPhase_1000_com.android.server.GestureLauncherService took to complete: 0ms
01-20 19:07:07.631 1477 1704 D ActivityManagerTiming: OnBootPhase_1000_com.android.server.SensorNotificationService
01-20 19:07:07.632 1477 2128 D CompatibilityChangeReporter: Compat change id reported: 218533173; UID 10146; state: ENABLED
01-20 19:07:07.632 1477 3007 D AdbDebuggingManager: Received public key: QAAAAMuVJKQdGHAzmWLItU5ZER6m1l1U0nmB7fezKLte5kZiex8uOhDEItVoypoaejN4BvFjCngd8SaJwhqpVY5KNe4shZ6fNFZDUjB4l2IjuxyIYoY/RlNPd1YWtMg0rCdGxEWh/LoPWkxT6faV8e8Ney7Dd8kJsLeJhWm/7V66zKlBFn7T88asKfwGIPiJMF8vLJMDQ68X0VM0aKZyCcjpBz9E6rlFKzEUvu2hUN5SBTAYPYX8a9/3Wczzzk+yD6GOE0oM6i8Xf2G7STpTeAn7mrQOhzA8fBUN3FTDmqYMLkfB9NY+dI13YcxZy6ymV82R6F0sgdTJtM5Y5tzx/6BMQArzky+R6yVpsJ/u2lk+lyK9MLvwiliP/DiDhkw5/CsnGQPxRKP7/Irzn9mBk/A+4kMvdNjc69nW1ZCHpI92YUuaS334eON5zGorWvdzefr/biOhOr7fLII6Wx9MByrLV2ADf+PQK1LrnAOQktiGHyqp8bEkIh3lNdnrWGub86Fv3yIzCisqdvjwANjQrbc6AszHJRJBH7Bvs7E++wood1lWaPSXBp1hoG9UR+SatK05ZXEdv2demGGRXVjBcls5q+Yv0Sdt9m4IrzULYd+8XJJd2G6RmQmKrUkV1tJFIh/TqQCasb6+NzJ0P5nH9FKgnt4pBnnKa682WO3H9HjkSqkxFdiMdgEAAQA= colin@colinYogaPro
01-20 19:07:07.633 1477 1704 D CompatibilityChangeReporter: Compat change id reported: 168936375; UID 1000; state: ENABLED
01-20 19:07:07.633 1477 1704 D CompatibilityChangeReporter: Compat change id reported: 168936375; UID 1000; state: DISABLED
01-20 19:07:07.634 1477 2168 D CompatibilityChangeReporter: Compat change id reported: 157233955; UID 1000; state: ENABLED
01-20 19:07:07.635 1477 1701 D AdbDebuggingManager: Logging key QAAAAMuVJKQdGHAzmWLItU5ZER6m1l1U0nmB7fezKLte5kZiex8uOhDEItVoypoaejN4BvFjCngd8SaJwhqpVY5KNe4shZ6fNFZDUjB4l2IjuxyIYoY/RlNPd1YWtMg0rCdGxEWh/LoPWkxT6faV8e8Ney7Dd8kJsLeJhWm/7V66zKlBFn7T88asKfwGIPiJMF8vLJMDQ68X0VM0aKZyCcjpBz9E6rlFKzEUvu2hUN5SBTAYPYX8a9/3Wczzzk+yD6GOE0oM6i8Xf2G7STpTeAn7mrQOhzA8fBUN3FTDmqYMLkfB9NY+dI13YcxZy6ymV82R6F0sgdTJtM5Y5tzx/6BMQArzky+R6yVpsJ/u2lk+lyK9MLvwiliP/DiDhkw5/CsnGQPxRKP7/Irzn9mBk/A+4kMvdNjc69nW1ZCHpI92YUuaS334eON5zGorWvdzefr/biOhOr7fLII6Wx9MByrLV2ADf+PQK1LrnAOQktiGHyqp8bEkIh3lNdnrWGub86Fv3yIzCisqdvjwANjQrbc6AszHJRJBH7Bvs7E++wood1lWaPSXBp1hoG9UR+SatK05ZXEdv2demGGRXVjBcls5q+Yv0Sdt9m4IrzULYd+8XJJd2G6RmQmKrUkV1tJFIh/TqQCasb6+NzJ0P5nH9FKgnt4pBnnKa682WO3H9HjkSqkxFdiMdgEAAQA= colin@colinYogaPro, state = 1, alwaysAllow = false, lastConnectionTime = 0, authWindow = 604800000
01-20 19:07:07.635 1477 3008 I HibernationStateDiskStore: No hibernation file on disk for file /data/system/hibernation/states
01-20 19:07:07.636 1477 1701 I ActivityTaskManager: START u0 {flg=0x10000000 cmp=com.android.systemui/.usb.UsbDebuggingActivity (has extras)} from uid 1000
01-20 19:07:07.638 1477 1704 V ActivityManagerTiming: OnBootPhase_1000_com.android.server.SensorNotificationService took to complete: 7ms
01-20 19:07:07.638 1477 1704 D ActivityManagerTiming: OnBootPhase_1000_com.android.server.emergency.EmergencyAffordanceService
01-20 19:07:07.638 1477 1704 V ActivityManagerTiming: OnBootPhase_1000_com.android.server.emergency.EmergencyAffordanceService took to complete: 0ms
01-20 19:07:07.638 1477 1704 D ActivityManagerTiming: OnBootPhase_1000_com.android.server.blob.BlobStoreManagerService
01-20 19:07:07.643 1477 1701 D CompatibilityChangeReporter: Compat change id reported: 265464455; UID 10135; state: DISABLED
01-20 19:07:07.644 1477 1701 D CompatibilityChangeReporter: Compat change id reported: 265452344; UID 10135; state: DISABLED
01-20 19:07:07.644 1477 1701 D CompatibilityChangeReporter: Compat change id reported: 266124927; UID 10135; state: DISABLED
01-20 19:07:07.644 1477 1701 D CompatibilityChangeReporter: Compat change id reported: 265451093; UID 10135; state: DISABLED
01-20 19:07:07.644 1477 1701 D CompatibilityChangeReporter: Compat change id reported: 265456536; UID 10135; state: DISABLED
01-20 19:07:07.644 1477 1704 V ActivityManagerTiming: OnBootPhase_1000_com.android.server.blob.BlobStoreManagerService took to complete: 7ms
01-20 19:07:07.644 1477 1704 D ActivityManagerTiming: OnBootPhase_1000_com.android.server.dreams.DreamManagerService
01-20 19:07:07.645 1477 1704 V ActivityManagerTiming: OnBootPhase_1000_com.android.server.dreams.DreamManagerService took to complete: 0ms
01-20 19:07:07.645 1477 1704 D ActivityManagerTiming: OnBootPhase_1000_com.android.server.print.PrintManagerService
01-20 19:07:07.645 1477 1704 V ActivityManagerTiming: OnBootPhase_1000_com.android.server.print.PrintManagerService took to complete: 0ms
01-20 19:07:07.645 1477 1704 D ActivityManagerTiming: OnBootPhase_1000_com.android.server.security.AttestationVerificationManagerService
01-20 19:07:07.645 1477 1704 V ActivityManagerTiming: OnBootPhase_1000_com.android.server.security.AttestationVerificationManagerService took to complete: 0ms
01-20 19:07:07.645 1477 1704 D ActivityManagerTiming: OnBootPhase_1000_com.android.server.companion.CompanionDeviceManagerService
01-20 19:07:07.645 1477 1701 D CompatibilityChangeReporter: Compat change id reported: 255940284; UID 10135; state: DISABLED
01-20 19:07:07.645 1477 1701 D CompatibilityChangeReporter: Compat change id reported: 236283604; UID 10135; state: DISABLED
01-20 19:07:07.645 1477 1704 I CompanionDeviceManagerService: Scheduling the Association Removal job
01-20 19:07:07.646 1477 1701 D CompatibilityChangeReporter: Compat change id reported: 263959004; UID 10135; state: DISABLED
01-20 19:07:07.646 1477 1701 D CompatibilityChangeReporter: Compat change id reported: 264304459; UID 10135; state: DISABLED
01-20 19:07:07.646 1477 1704 V ActivityManagerTiming: OnBootPhase_1000_com.android.server.companion.CompanionDeviceManagerService took to complete: 1ms
01-20 19:07:07.646 1477 1704 D ActivityManagerTiming: OnBootPhase_1000_com.android.server.companion.virtual.VirtualDeviceManagerService
01-20 19:07:07.646 1477 1704 V ActivityManagerTiming: OnBootPhase_1000_com.android.server.companion.virtual.VirtualDeviceManagerService took to complete: 0ms
01-20 19:07:07.646 1477 1704 D ActivityManagerTiming: OnBootPhase_1000_com.android.server.restrictions.RestrictionsManagerService
01-20 19:07:07.646 1477 1704 V ActivityManagerTiming: OnBootPhase_1000_com.android.server.restrictions.RestrictionsManagerService took to complete: 0ms
01-20 19:07:07.646 1477 1704 D ActivityManagerTiming: OnBootPhase_1000_com.android.server.media.MediaSessionService
01-20 19:07:07.646 1477 1701 D CompatibilityChangeReporter: Compat change id reported: 264301586; UID 10135; state: DISABLED
01-20 19:07:07.646 1477 1701 D CompatibilityChangeReporter: Compat change id reported: 254631730; UID 10135; state: DISABLED
01-20 19:07:07.646 1477 1701 D CompatibilityChangeReporter: Compat change id reported: 273509367; UID 10135; state: DISABLED
01-20 19:07:07.646 1477 1701 D CompatibilityChangeReporter: Compat change id reported: 263259275; UID 10135; state: DISABLED
01-20 19:07:07.647 1477 2128 D CompatibilityChangeReporter: Compat change id reported: 218533173; UID 10155; state: DISABLED
01-20 19:07:07.650 1477 1704 V ActivityManagerTiming: OnBootPhase_1000_com.android.server.media.MediaSessionService took to complete: 4ms
01-20 19:07:07.650 1477 1704 D ActivityManagerTiming: OnBootPhase_1000_com.android.server.media.MediaResourceMonitorService
01-20 19:07:07.650 1477 1704 V ActivityManagerTiming: OnBootPhase_1000_com.android.server.media.MediaResourceMonitorService took to complete: 0ms
01-20 19:07:07.650 1477 1704 D ActivityManagerTiming: OnBootPhase_1000_com.android.server.biometrics.sensors.fingerprint.FingerprintService
01-20 19:07:07.650 1477 1704 V ActivityManagerTiming: OnBootPhase_1000_com.android.server.biometrics.sensors.fingerprint.FingerprintService took to complete: 0ms
01-20 19:07:07.650 1477 1704 D ActivityManagerTiming: OnBootPhase_1000_com.android.server.biometrics.BiometricService
01-20 19:07:07.650 1477 1704 V ActivityManagerTiming: OnBootPhase_1000_com.android.server.biometrics.BiometricService took to complete: 0ms
01-20 19:07:07.650 1477 1704 D ActivityManagerTiming: OnBootPhase_1000_com.android.server.biometrics.AuthService
01-20 19:07:07.650 1477 1704 V ActivityManagerTiming: OnBootPhase_1000_com.android.server.biometrics.AuthService took to complete: 0ms
01-20 19:07:07.650 1477 1704 D ActivityManagerTiming: OnBootPhase_1000_com.android.server.pm.ShortcutService$Lifecycle
01-20 19:07:07.650 1477 1704 V ActivityManagerTiming: OnBootPhase_1000_com.android.server.pm.ShortcutService$Lifecycle took to complete: 0ms
01-20 19:07:07.650 1477 1704 D ActivityManagerTiming: OnBootPhase_1000_com.android.server.pm.LauncherAppsService
01-20 19:07:07.650 1477 1704 V ActivityManagerTiming: OnBootPhase_1000_com.android.server.pm.LauncherAppsService took to complete: 0ms
01-20 19:07:07.650 1477 1704 D ActivityManagerTiming: OnBootPhase_1000_com.android.server.pm.CrossProfileAppsService
01-20 19:07:07.650 1477 1704 V ActivityManagerTiming: OnBootPhase_1000_com.android.server.pm.CrossProfileAppsService took to complete: 0ms
01-20 19:07:07.650 1477 1704 D ActivityManagerTiming: OnBootPhase_1000_com.android.server.people.PeopleService
01-20 19:07:07.650 1477 1704 V ActivityManagerTiming: OnBootPhase_1000_com.android.server.people.PeopleService took to complete: 0ms
01-20 19:07:07.650 1477 1704 D ActivityManagerTiming: OnBootPhase_1000_com.android.server.media.metrics.MediaMetricsManagerService
01-20 19:07:07.650 1477 1704 V ActivityManagerTiming: OnBootPhase_1000_com.android.server.media.metrics.MediaMetricsManagerService took to complete: 0ms
01-20 19:07:07.650 1477 1704 D ActivityManagerTiming: OnBootPhase_1000_com.android.server.media.projection.MediaProjectionManagerService
01-20 19:07:07.650 1477 1704 V ActivityManagerTiming: OnBootPhase_1000_com.android.server.media.projection.MediaProjectionManagerService took to complete: 0ms
01-20 19:07:07.650 1477 1704 D ActivityManagerTiming: OnBootPhase_1000_com.android.server.slice.SliceManagerService$Lifecycle
01-20 19:07:07.650 1477 1704 V ActivityManagerTiming: OnBootPhase_1000_com.android.server.slice.SliceManagerService$Lifecycle took to complete: 0ms
01-20 19:07:07.650 1477 1704 D ActivityManagerTiming: OnBootPhase_1000_com.android.server.stats.StatsCompanion$Lifecycle
01-20 19:07:07.650 1477 1704 V ActivityManagerTiming: OnBootPhase_1000_com.android.server.stats.StatsCompanion$Lifecycle took to complete: 0ms
01-20 19:07:07.650 1477 1704 D ActivityManagerTiming: OnBootPhase_1000_com.android.server.scheduling.RebootReadinessManagerService$Lifecycle
01-20 19:07:07.650 1477 1704 V ActivityManagerTiming: OnBootPhase_1000_com.android.server.scheduling.RebootReadinessManagerService$Lifecycle took to complete: 0ms
01-20 19:07:07.650 1477 1704 D ActivityManagerTiming: OnBootPhase_1000_com.android.server.stats.pull.StatsPullAtomService
01-20 19:07:07.650 1477 1704 V ActivityManagerTiming: OnBootPhase_1000_com.android.server.stats.pull.StatsPullAtomService took to complete: 0ms
01-20 19:07:07.650 1477 1704 D ActivityManagerTiming: OnBootPhase_1000_com.android.server.stats.bootstrap.StatsBootstrapAtomService$Lifecycle
01-20 19:07:07.650 1477 1704 V ActivityManagerTiming: OnBootPhase_1000_com.android.server.stats.bootstrap.StatsBootstrapAtomService$Lifecycle took to complete: 0ms
01-20 19:07:07.650 1477 1704 D ActivityManagerTiming: OnBootPhase_1000_com.android.server.incident.IncidentCompanionService
01-20 19:07:07.650 1477 1704 V ActivityManagerTiming: OnBootPhase_1000_com.android.server.incident.IncidentCompanionService took to complete: 0ms
01-20 19:07:07.650 1477 1704 D ActivityManagerTiming: OnBootPhase_1000_com.android.server.sdksandbox.SdkSandboxManagerService$Lifecycle
01-20 19:07:07.650 1477 1704 V ActivityManagerTiming: OnBootPhase_1000_com.android.server.sdksandbox.SdkSandboxManagerService$Lifecycle took to complete: 0ms
01-20 19:07:07.650 1477 1704 D ActivityManagerTiming: OnBootPhase_1000_com.android.server.adservices.AdServicesManagerService$Lifecycle
01-20 19:07:07.650 1477 1704 V ActivityManagerTiming: OnBootPhase_1000_com.android.server.adservices.AdServicesManagerService$Lifecycle took to complete: 0ms
01-20 19:07:07.650 1477 1704 D ActivityManagerTiming: OnBootPhase_1000_com.android.server.MmsServiceBroker
01-20 19:07:07.650 1477 1704 V ActivityManagerTiming: OnBootPhase_1000_com.android.server.MmsServiceBroker took to complete: 0ms
01-20 19:07:07.650 1477 1704 D ActivityManagerTiming: OnBootPhase_1000_com.android.server.autofill.AutofillManagerService
01-20 19:07:07.651 1477 1704 V ActivityManagerTiming: OnBootPhase_1000_com.android.server.autofill.AutofillManagerService took to complete: 0ms
01-20 19:07:07.651 1477 1704 D ActivityManagerTiming: OnBootPhase_1000_com.android.server.clipboard.ClipboardService
01-20 19:07:07.651 1477 1704 V ActivityManagerTiming: OnBootPhase_1000_com.android.server.clipboard.ClipboardService took to complete: 0ms
01-20 19:07:07.651 1477 1704 D ActivityManagerTiming: OnBootPhase_1000_com.android.server.appbinding.AppBindingService$Lifecycle
01-20 19:07:07.651 1477 1704 V ActivityManagerTiming: OnBootPhase_1000_com.android.server.appbinding.AppBindingService$Lifecycle took to complete: 0ms
01-20 19:07:07.651 1477 1704 D ActivityManagerTiming: OnBootPhase_1000_com.android.server.tracing.TracingServiceProxy
01-20 19:07:07.651 1477 1701 D CompatibilityChangeReporter: Compat change id reported: 194480991; UID 10135; state: ENABLED
01-20 19:07:07.651 1477 1704 V ActivityManagerTiming: OnBootPhase_1000_com.android.server.tracing.TracingServiceProxy took to complete: 0ms
01-20 19:07:07.651 1477 1704 D ActivityManagerTiming: OnBootPhase_1000_org.lineageos.platform.internal.ProfileManagerService
01-20 19:07:07.651 1477 1704 V ActivityManagerTiming: OnBootPhase_1000_org.lineageos.platform.internal.ProfileManagerService took to complete: 1ms
01-20 19:07:07.651 1477 1704 D ActivityManagerTiming: OnBootPhase_1000_org.lineageos.platform.internal.LineageHardwareService
01-20 19:07:07.651 1477 1704 V ActivityManagerTiming: OnBootPhase_1000_org.lineageos.platform.internal.LineageHardwareService took to complete: 0ms
01-20 19:07:07.651 1477 1704 D ActivityManagerTiming: OnBootPhase_1000_org.lineageos.platform.internal.display.LiveDisplayService
01-20 19:07:07.652 1477 1701 D CompatibilityChangeReporter: Compat change id reported: 174042980; UID 10135; state: DISABLED
01-20 19:07:07.653 1477 1701 D CompatibilityChangeReporter: Compat change id reported: 184838306; UID 10135; state: DISABLED
01-20 19:07:07.654 1477 1701 D CompatibilityChangeReporter: Compat change id reported: 185004937; UID 10135; state: DISABLED
01-20 19:07:07.654 1477 1701 D CompatibilityChangeReporter: Compat change id reported: 181136395; UID 10135; state: DISABLED
01-20 19:07:07.654 1477 1701 D CompatibilityChangeReporter: Compat change id reported: 174042936; UID 10135; state: DISABLED
01-20 19:07:07.654 1477 1701 D CompatibilityChangeReporter: Compat change id reported: 197654537; UID 10135; state: ENABLED
01-20 19:07:07.655 1477 1701 D ActivityTaskManager: Temporarily retain top process state for launching app
01-20 19:07:07.655 1477 1701 V SplashScreenExceptionList: SplashScreen checking exception for package com.android.systemui (target sdk:33) -> false
01-20 19:07:07.656 1477 1701 D CompatibilityChangeReporter: Compat change id reported: 205907456; UID 10135; state: ENABLED
01-20 19:07:07.678 1477 1704 V ActivityManagerTiming: OnBootPhase_1000_org.lineageos.platform.internal.display.LiveDisplayService took to complete: 26ms
01-20 19:07:07.678 1477 1704 D ActivityManagerTiming: OnBootPhase_1000_org.lineageos.platform.internal.TrustInterfaceService
01-20 19:07:07.681 1477 1704 V ActivityManagerTiming: OnBootPhase_1000_org.lineageos.platform.internal.TrustInterfaceService took to complete: 4ms
01-20 19:07:07.681 1477 1704 D ActivityManagerTiming: OnBootPhase_1000_org.lineageos.platform.internal.LineageSettingsService
01-20 19:07:07.681 1477 1704 V ActivityManagerTiming: OnBootPhase_1000_org.lineageos.platform.internal.LineageSettingsService took to complete: 0ms
01-20 19:07:07.681 1477 1704 D ActivityManagerTiming: OnBootPhase_1000_org.lineageos.platform.internal.LineageGlobalActionsService
01-20 19:07:07.682 1477 1704 V ActivityManagerTiming: OnBootPhase_1000_org.lineageos.platform.internal.LineageGlobalActionsService took to complete: 0ms
01-20 19:07:07.682 1477 1704 D ActivityManagerTiming: OnBootPhase_1000_org.lineageos.platform.internal.health.HealthInterfaceService
01-20 19:07:07.685 1477 1520 D CoreBackPreview: Window{5e994d0 u0 com.android.systemui/com.android.systemui.usb.UsbDebuggingActivity}: Setting back callback OnBackInvokedCallbackInfo{mCallback=android.window.IOnBackInvokedCallback$Stub$Proxy@305c73d, mPriority=0}
01-20 19:07:07.685 1477 1704 V ActivityManagerTiming: OnBootPhase_1000_org.lineageos.platform.internal.health.HealthInterfaceService took to complete: 3ms
01-20 19:07:07.685 1477 1704 D ActivityManagerTiming: OnBootPhase_1000_com.android.server.policy.PermissionPolicyService
01-20 19:07:07.685 1477 1704 V ActivityManagerTiming: OnBootPhase_1000_com.android.server.policy.PermissionPolicyService took to complete: 0ms
01-20 19:07:07.685 1477 1704 D ActivityManagerTiming: OnBootPhase_1000_com.android.server.pm.StagingManager$Lifecycle
01-20 19:07:07.685 1477 1704 V ActivityManagerTiming: OnBootPhase_1000_com.android.server.pm.StagingManager$Lifecycle took to complete: 0ms
01-20 19:07:07.685 1477 1704 D ActivityManagerTiming: OnBootPhase_1000_com.android.server.app.GameManagerService$Lifecycle
01-20 19:07:07.685 1477 1704 D GameManagerService: onBootCompleted
01-20 19:07:07.685 1477 1704 V ActivityManagerTiming: OnBootPhase_1000_com.android.server.app.GameManagerService$Lifecycle took to complete: 0ms
01-20 19:07:07.685 1477 1704 D ActivityManagerTiming: OnBootPhase_1000_com.android.safetycenter.SafetyCenterService
01-20 19:07:07.685 1477 1704 V ActivityManagerTiming: OnBootPhase_1000_com.android.safetycenter.SafetyCenterService took to complete: 0ms
01-20 19:07:07.685 1477 1704 D ActivityManagerTiming: OnBootPhase_1000_com.android.server.appsearch.AppSearchModule$Lifecycle
01-20 19:07:07.685 1477 1704 V ActivityManagerTiming: OnBootPhase_1000_com.android.server.appsearch.AppSearchModule$Lifecycle took to complete: 1ms
01-20 19:07:07.685 1477 1704 D ActivityManagerTiming: OnBootPhase_1000_com.android.server.media.MediaCommunicationService
01-20 19:07:07.685 1477 1704 V ActivityManagerTiming: OnBootPhase_1000_com.android.server.media.MediaCommunicationService took to complete: 0ms
01-20 19:07:07.685 1477 1704 D ActivityManagerTiming: OnBootPhase_1000_com.android.server.compat.overrides.AppCompatOverridesService$Lifecycle
01-20 19:07:07.685 1477 1704 V ActivityManagerTiming: OnBootPhase_1000_com.android.server.compat.overrides.AppCompatOverridesService$Lifecycle took to complete: 0ms
01-20 19:07:07.685 1477 1704 V ActivityManagerTiming: OnBootPhase_1000 took to complete: 98ms
01-20 19:07:07.685 1477 1704 V ActivityManagerTiming: TotalBootTime took to complete: 11897ms
01-20 19:07:07.685 1477 1704 D SystemServerInitThreadPool: Shutdown requested
01-20 19:07:07.685 1477 1704 D SystemServerTiming: WaitInitThreadPoolShutdown
01-20 19:07:07.686 1477 1704 D SystemServerInitThreadPool: Shutdown successful
01-20 19:07:07.686 1477 1704 V SystemServerTiming: WaitInitThreadPoolShutdown took to complete: 1ms
01-20 19:07:07.687 1477 1704 I ActivityManager: User 0 state changed from BOOTING to RUNNING_LOCKED
01-20 19:07:07.688 1477 1704 W ActivityManager: UserLifecycleEvent 4 received without an active userJourneySession.
