01-20 19:07:04.328 1477 2128 D CompatibilityChangeReporter: Compat change id reported: 218533173; UID 10060; state: ENABLED
01-20 19:07:04.332 1477 2128 D CompatibilityChangeReporter: Compat change id reported: 218533173; UID 10061; state: ENABLED
01-20 19:07:04.333 1477 2128 D CompatibilityChangeReporter: Compat change id reported: 218533173; UID 10132; state: DISABLED
01-20 19:07:04.334 1477 2128 D CompatibilityChangeReporter: Compat change id reported: 218533173; UID 10086; state: ENABLED
01-20 19:07:04.335 1477 2128 D CompatibilityChangeReporter: Compat change id reported: 218533173; UID 10045; state: ENABLED
01-20 19:07:04.342 1477 2288 D CompatibilityChangeReporter: Compat change id reported: 135634846; UID 10127; state: DISABLED
01-20 19:07:04.342 1477 2288 D CompatibilityChangeReporter: Compat change id reported: 177438394; UID 10127; state: DISABLED
01-20 19:07:04.342 1477 2288 D CompatibilityChangeReporter: Compat change id reported: 135772972; UID 10127; state: DISABLED
01-20 19:07:04.342 1477 2288 D CompatibilityChangeReporter: Compat change id reported: 135754954; UID 10127; state: ENABLED
01-20 19:07:04.343 1477 2128 D CompatibilityChangeReporter: Compat change id reported: 218533173; UID 10161; state: ENABLED
01-20 19:07:04.347 1477 2128 D CompatibilityChangeReporter: Compat change id reported: 218533173; UID 10013; state: ENABLED
01-20 19:07:04.348 1477 1477 D AccessibilityManagerService: Ignoring non-encryption-aware service ComponentInfo{com.teslacoilsw.launcher/com.teslacoilsw.launcher.NovaAccessibilityService}
01-20 19:07:04.349 1477 1477 W WindowMagnificationMgr: requestConnection duplicated request: connect=false, mConnectionState=DISCONNECTED
01-20 19:07:04.350 1477 2128 D CompatibilityChangeReporter: Compat change id reported: 218533173; UID 10157; state: ENABLED
01-20 19:07:04.350 1477 1477 D SystemServerTiming: ManagedServices.unbindOtherUserServices_current0
01-20 19:07:04.350 1477 1477 V SystemServerTiming: ManagedServices.unbindOtherUserServices_current0 took to complete: 0ms
01-20 19:07:04.350 1477 2128 D CompatibilityChangeReporter: Compat change id reported: 218533173; UID 10137; state: ENABLED
01-20 19:07:04.353 1477 1477 D SystemServerTiming: ManagedServices.unbindOtherUserServices_current0
01-20 19:07:04.353 1477 1477 V SystemServerTiming: ManagedServices.unbindOtherUserServices_current0 took to complete: 0ms
01-20 19:07:04.353 1477 1477 D SystemServerTiming: ManagedServices.unbindOtherUserServices_current0
01-20 19:07:04.353 1477 1477 V SystemServerTiming: ManagedServices.unbindOtherUserServices_current0 took to complete: 0ms
01-20 19:07:04.353 1477 1477 V NotificationAssistants: enabling notification assistant for 0: ComponentInfo{android.ext.services/android.ext.services.notification.Assistant}
01-20 19:07:04.353 1477 1477 V NotificationAssistants: binding: Intent { act=android.service.notification.NotificationAssistantService cmp=android.ext.services/.notification.Assistant (has extras) }
01-20 19:07:04.355 1477 1521 D CompatibilityChangeReporter: Compat change id reported: 168419799; UID 10158; state: DISABLED
01-20 19:07:04.356 1477 2128 D CompatibilityChangeReporter: Compat change id reported: 171306433; UID 10163; state: ENABLED
01-20 19:07:04.356 1477 1521 D CompatibilityChangeReporter: Compat change id reported: 273564678; UID 10158; state: DISABLED
01-20 19:07:04.358 1477 2128 D CompatibilityChangeReporter: Compat change id reported: 226439802; UID 10163; state: DISABLED
01-20 19:07:04.360 1477 2128 D CompatibilityChangeReporter: Compat change id reported: 218533173; UID 10149; state: ENABLED
01-20 19:07:04.361 1477 2128 D CompatibilityChangeReporter: Compat change id reported: 218533173; UID 10004; state: ENABLED
01-20 19:07:04.361 1477 2128 D CompatibilityChangeReporter: Compat change id reported: 218533173; UID 10131; state: ENABLED
01-20 19:07:04.361 1477 2128 D CompatibilityChangeReporter: Compat change id reported: 218533173; UID 10135; state: ENABLED
01-20 19:07:04.361 1477 2128 D CompatibilityChangeReporter: Compat change id reported: 218533173; UID 10093; state: ENABLED
01-20 19:07:04.362 1477 1521 D CompatibilityChangeReporter: Compat change id reported: 194532703; UID 1073; state: ENABLED
01-20 19:07:04.363 1477 2128 D CompatibilityChangeReporter: Compat change id reported: 218533173; UID 10155; state: DISABLED
01-20 19:07:04.363 1477 2128 D CompatibilityChangeReporter: Compat change id reported: 218533173; UID 10116; state: ENABLED
01-20 19:07:04.364 1477 2128 D CompatibilityChangeReporter: Compat change id reported: 218533173; UID 10044; state: ENABLED
01-20 19:07:04.365 1477 2128 D CompatibilityChangeReporter: Compat change id reported: 218533173; UID 10032; state: ENABLED
01-20 19:07:04.365 1477 2128 D CompatibilityChangeReporter: Compat change id reported: 218533173; UID 10000; state: ENABLED
01-20 19:07:04.366 1477 2128 D CompatibilityChangeReporter: Compat change id reported: 218533173; UID 10156; state: ENABLED
01-20 19:07:04.366 1477 2128 D CompatibilityChangeReporter: Compat change id reported: 218533173; UID 10059; state: ENABLED
01-20 19:07:04.368 1477 2128 D CompatibilityChangeReporter: Compat change id reported: 218533173; UID 10169; state: DISABLED
01-20 19:07:04.369 1477 2128 D CompatibilityChangeReporter: Compat change id reported: 218533173; UID 10108; state: ENABLED
01-20 19:07:04.373 1477 2128 D CompatibilityChangeReporter: Compat change id reported: 218533173; UID 10049; state: ENABLED
01-20 19:07:04.373 1477 2128 D CompatibilityChangeReporter: Compat change id reported: 218533173; UID 10017; state: ENABLED
01-20 19:07:04.374 1477 2128 D CompatibilityChangeReporter: Compat change id reported: 218533173; UID 10023; state: ENABLED
01-20 19:07:04.375 1477 2128 D CompatibilityChangeReporter: Compat change id reported: 218533173; UID 10053; state: ENABLED
01-20 19:07:04.378 1477 2128 D CompatibilityChangeReporter: Compat change id reported: 218533173; UID 10071; state: ENABLED
01-20 19:07:04.381 1477 2128 D CompatibilityChangeReporter: Compat change id reported: 218533173; UID 10008; state: ENABLED
01-20 19:07:04.382 1477 1520 D CompatibilityChangeReporter: Compat change id reported: 168419799; UID 1068; state: DISABLED
01-20 19:07:04.382 1477 1520 D CompatibilityChangeReporter: Compat change id reported: 273564678; UID 1068; state: DISABLED
01-20 19:07:04.388 1477 1521 D CompatibilityChangeReporter: Compat change id reported: 161145287; UID 1068; state: DISABLED
01-20 19:07:04.423 1477 2492 I ActivityManager: Process WebViewLoader-arm64-v8a (pid 2381) has died: psvc PER
01-20 19:07:04.440 1477 2492 D CompatibilityChangeReporter: Compat change id reported: 161145287; UID 1073; state: DISABLED
01-20 19:07:04.460 1477 2492 I MR2ServiceImpl: registerManager | uid: 10135, pid: 2241, package: com.android.systemui, user: 0
01-20 19:07:04.471 1477 1520 D CompatibilityChangeReporter: Compat change id reported: 182478738; UID 1073; state: ENABLED
01-20 19:07:04.473 1477 1477 W Looper : Slow dispatch took 118ms main h=android.app.ActivityThread$H c=android.app.LoadedApk$ReceiverDispatcher$Args$$ExternalSyntheticLambda0@cd8b975 m=0
01-20 19:07:04.475 1477 1477 D ConditionProviders.SCP: onSubscribe condition://android/schedule?days=1.2.3.4.5.6.7&start=22.0&end=7.0&exitAtAlarm=true
01-20 19:07:04.476 1477 1477 D ConditionProviders.SCP: setRegistered true
01-20 19:07:04.477 1477 1477 D CompatibilityChangeReporter: Compat change id reported: 161145287; UID 1000; state: DISABLED
01-20 19:07:04.478 1477 1701 D UsbDeviceManager: push notification:Charging this device via USB
01-20 19:07:04.479 1477 2183 W ActivityThread: Failed to find provider info for com.android.calendar (user not unlocked)
01-20 19:07:04.479 1477 2183 W ActivityThread: Failed to find provider info for com.android.calendar (user not unlocked)
01-20 19:07:04.484 1477 2316 D CompatibilityChangeReporter: Compat change id reported: 161145287; UID 10158; state: DISABLED
01-20 19:07:04.484 1477 1477 D ConditionProviders.SCP: evaluateSubscriptionLocked cal=ScheduleCalendar[mDays={1, 2, 3, 4, 5, 6, 7}, mSchedule=ScheduleInfo{days=[1, 2, 3, 4, 5, 6, 7], startHour=22, startMinute=0, endHour=7, endMinute=0, exitAtAlarm=true, nextAlarm=Wed Dec 31 16:00:00 PST 1969 (0)}], now=Sat Jan 20 19:07:04 PST 2024 (1705806424476), nextUserAlarmTime=Wed Dec 31 16:00:00 PST 1969 (0)
01-20 19:07:04.485 1477 1477 D ConditionProviders.SCP: notifyCondition condition://android/schedule?days=1.2.3.4.5.6.7&start=22.0&end=7.0&exitAtAlarm=true STATE_FALSE reason=!meetsSchedule
01-20 19:07:04.485 1477 2183 D CompatibilityChangeReporter: Compat change id reported: 171306433; UID 1000; state: ENABLED
01-20 19:07:04.487 1477 1477 D ConditionProviders.SCP: Scheduling evaluate for Sat Jan 20 22:00:00 PST 2024 (1705816800000), in +2h52m55s524ms, now=Sat Jan 20 19:07:04 PST 2024 (1705806424476)
01-20 19:07:04.487 1477 2183 D CompatibilityChangeReporter: Compat change id reported: 218533173; UID 1000; state: ENABLED
01-20 19:07:04.519 1477 1477 I Telecom : SystemStateHelper: Registering broadcast receiver: android.content.IntentFilter@2bc825d: TS.init@AAA
01-20 19:07:04.519 1477 1477 I Telecom : SystemStateHelper: Registering broadcast receiver: android.content.IntentFilter@aea07d2: TS.init@AAA
01-20 19:07:04.521 1477 2591 I Telecom : BluetoothRouteManager: getBluetoothAudioConnectedDevice: no service available.
01-20 19:07:04.530 1477 2595 I Telecom : Logging.Events: Non-call EVENT: AUDIO_ROUTE, Entering state QuiescentEarpieceRoute
01-20 19:07:04.530 1477 2595 I Telecom : BluetoothRouteManager: getBluetoothAudioConnectedDevice: no service available.
01-20 19:07:04.536 1477 2600 I Telecom : CallAudioModeStateMachine: Audio focus entering UNFOCUSED state
01-20 19:07:04.537 1477 2600 I Telecom : CallAudioModeStateMachine: Message received: null.: TS.init->CAMSM.pM_1@AAA
01-20 19:07:04.541 1477 2580 D CompatibilityChangeReporter: Compat change id reported: 197654537; UID 1000; state: ENABLED
01-20 19:07:04.548 1477 1477 I Telecom : MissedCallNotifierImpl: reloadFromDatabase: Boot not yet complete -- call log db may not be available. Deferring loading until boot complete for user 0: TS.init@AAA
01-20 19:07:04.551 1477 1477 I Telecom : Class: TelecomSystem.INSTANCE being set
01-20 19:07:04.567 1477 1477 I AutofillManagerService: Updating for user 0: disabled=false
01-20 19:07:04.568 1477 1477 I ConnectivityModuleConnector: Networking module service connected
01-20 19:07:04.572 1477 1477 I ExplicitHealthCheckController: Explicit health check service is connected ComponentInfo{android.ext.services/android.ext.services.watchdog.ExplicitHealthCheckServiceImpl}
01-20 19:07:04.572 1477 1477 I ExplicitHealthCheckController: Service initialized, syncing requests
01-20 19:07:04.572 1477 1477 I MR2ServiceImpl: addProviderRoutes | provider: com.android.server.media/.SystemMediaRoute2Provider, routes: [DEVICE_ROUTE | Phone]
01-20 19:07:04.576 1477 2492 D CompatibilityChangeReporter: Compat change id reported: 168419799; UID 1000; state: DISABLED
01-20 19:07:04.576 1477 2492 D CompatibilityChangeReporter: Compat change id reported: 273564678; UID 1000; state: DISABLED
01-20 19:07:04.580 1477 1477 V NotificationAssistants: 0 notification assistant service connected: ComponentInfo{android.ext.services/android.ext.services.notification.Assistant}
01-20 19:07:04.580 1477 1477 I ConnectivityModuleConnector: Networking module service connected
01-20 19:07:04.581 1477 1477 I Telecom : WiredHeadsetManager: ACTION_HEADSET_PLUG event, plugged in: false, : WHC.oADA@AAE
01-20 19:07:04.582 1477 1477 I MediaSessionStack: addSession to bottom of stack | record: com.android.server.telecom/HeadsetMediaButton (userId=0)
01-20 19:07:04.583 1477 1477 I MediaSessionStack: removeSession | record: com.android.server.telecom/HeadsetMediaButton (userId=0)
01-20 19:07:04.584 1477 1477 I PackageWatchdog: Syncing health check requests for packages: {}
01-20 19:07:04.584 1477 1477 D ExplicitHealthCheckController: Getting health check supported packages
01-20 19:07:04.585 1477 1477 W Looper : Drained
01-20 19:07:04.586 2241 2241 V SystemUIBootTiming: DependencyInjection took to complete: 0ms
01-20 19:07:04.586 1477 2612 I ExplicitHealthCheckController: Explicit health check supported packages [PackageConfig{com.android.networkstack, 86400000}]
01-20 19:07:04.586 1477 2612 D PackageWatchdog: Received supported packages [PackageConfig{com.android.networkstack, 86400000}]
01-20 19:07:04.586 1477 2492 D CoreBackPreview: Window{f4781d8 u0 com.android.settings/com.android.settings.FallbackHome}: Setting back callback OnBackInvokedCallbackInfo{mCallback=android.window.IOnBackInvokedCallback$Stub$Proxy@bb4e2c6, mPriority=-1}
01-20 19:07:04.586 1477 2612 D ExplicitHealthCheckController: Getting health check requested packages
01-20 19:07:04.588 1477 1477 W NotificationHistory: Attempted to add notif for locked/gone/disabled user 0
01-20 19:07:04.590 1477 2492 I ExplicitHealthCheckController: Explicit health check requested packages []
01-20 19:07:04.590 1477 2492 I ExplicitHealthCheckController: No more health check requests, unbinding...
01-20 19:07:04.591 1477 2492 I ExplicitHealthCheckController: Explicit health check service is unbound
01-20 19:07:04.594 1477 1477 D WallpaperManagerService: WPMS.onServiceConnected-ComponentInfo{com.android.systemui/com.android.systemui.wallpapers.ImageWallpaper}
01-20 19:07:04.594 1477 1477 D WallpaperManagerService: WPMS.attachServiceLocked
01-20 19:07:04.597 2241 2241 V SystemUIBootTiming: StartServices com.android.keyguard.KeyguardBiometricLockoutLogger took to complete: 1ms
01-20 19:07:04.597 2241 2241 V SystemUIBootTiming: StartServices com.android.systemui.ChooserSelector took to complete: 0ms
01-20 19:07:04.598 2241 2241 V SystemUIBootTiming: StartServices com.android.systemui.LatencyTester took to complete: 1ms
01-20 19:07:04.603 1477 1477 D WallpaperManagerService: WPMS.connectLocked-ComponentInfo{com.android.systemui/com.android.systemui.wallpapers.ImageWallpaper}
01-20 19:07:04.606 1477 1477 V WallpaperManagerService: WPMS.connectLocked-ComponentInfo{com.android.systemui/com.android.systemui.wallpapers.ImageWallpaper} took to complete: 2ms
01-20 19:07:04.606 1477 1477 V WallpaperManagerService: WPMS.attachServiceLocked took to complete: 11ms
01-20 19:07:04.606 1477 1477 D WallpaperManagerService: WPMS.saveSettingsLocked-0
01-20 19:07:04.611 1477 1477 V WallpaperManagerService: WPMS.saveSettingsLocked-0 took to complete: 6ms
01-20 19:07:04.611 1477 1477 V WallpaperManagerService: WPMS.onServiceConnected-ComponentInfo{com.android.systemui/com.android.systemui.wallpapers.ImageWallpaper} took to complete: 17ms
01-20 19:07:04.611 1477 1477 D WallpaperManagerService: WPMS.onServiceConnected-ComponentInfo{com.android.systemui/com.android.systemui.wallpapers.ImageWallpaper}
01-20 19:07:04.611 1477 1477 D WallpaperManagerService: WPMS.attachServiceLocked
01-20 19:07:04.611 1477 1477 V WallpaperManagerService: WPMS.attachServiceLocked took to complete: 0ms
01-20 19:07:04.611 1477 1477 V WallpaperManagerService: WPMS.onServiceConnected-ComponentInfo{com.android.systemui/com.android.systemui.wallpapers.ImageWallpaper} took to complete: 0ms
01-20 19:07:04.614 2241 2241 V SystemUIBootTiming: StartServices com.android.systemui.ScreenDecorations took to complete: 16ms
01-20 19:07:04.614 2241 2241 V SystemUIBootTiming: StartServices com.android.systemui.SliceBroadcastRelayHandler took to complete: 0ms
01-20 19:07:04.623 1477 2612 D CompatibilityChangeReporter: Compat change id reported: 135634846; UID 10143; state: DISABLED
01-20 19:07:04.623 1477 2612 D CompatibilityChangeReporter: Compat change id reported: 177438394; UID 10143; state: DISABLED
01-20 19:07:04.623 1477 2612 D CompatibilityChangeReporter: Compat change id reported: 135772972; UID 10143; state: DISABLED
01-20 19:07:04.623 1477 2612 D CompatibilityChangeReporter: Compat change id reported: 135754954; UID 10143; state: ENABLED
01-20 19:07:04.624 1477 1756 D CompatibilityChangeReporter: Compat change id reported: 143937733; UID 10143; state: ENABLED
01-20 19:07:04.634 1477 1756 I ActivityManager: Start proc 2630:com.android.launcher3/u0a143 for service {com.android.launcher3/com.android.quickstep.TouchInteractionService}
01-20 19:07:04.650 1477 1704 D ActivityManagerTiming: FinishBooting
01-20 19:07:04.651 1477 2492 D CompatibilityChangeReporter: Compat change id reported: 181136395; UID 1000; state: DISABLED
01-20 19:07:04.651 1477 2492 D CompatibilityChangeReporter: Compat change id reported: 174042936; UID 1000; state: DISABLED
01-20 19:07:04.651 1477 2492 D CompatibilityChangeReporter: Compat change id reported: 174042980; UID 1000; state: DISABLED
01-20 19:07:04.651 1477 2467 D CoreBackPreview: Window{dc2fad6 u0 ScreenDecorOverlay}: Setting back callback OnBackInvokedCallbackInfo{mCallback=android.window.IOnBackInvokedCallback$Stub$Proxy@b25b444, mPriority=0}
01-20 19:07:04.655 1477 1704 W KeyguardServiceDelegate: onScreenTurningOn(): no keyguard service!
01-20 19:07:04.664 1477 2631 D CoreBackPreview: Window{c3cd0e5 u0 ScreenDecorOverlayBottom}: Setting back callback OnBackInvokedCallbackInfo{mCallback=android.window.IOnBackInvokedCallback$Stub$Proxy@d6e9661, mPriority=0}
01-20 19:07:04.685 1477 2580 D CompatibilityChangeReporter: Compat change id reported: 168419799; UID 10143; state: DISABLED
01-20 19:07:04.685 1477 2580 D CompatibilityChangeReporter: Compat change id reported: 273564678; UID 10143; state: DISABLED
01-20 19:07:04.711 1477 2580 D CompatibilityChangeReporter: Compat change id reported: 161145287; UID 1001; state: DISABLED
01-20 19:07:04.778 1477 2467 D CompatibilityChangeReporter: Compat change id reported: 161252188; UID 10146; state: DISABLED
01-20 19:07:04.780 1477 2467 D CompatibilityChangeReporter: Compat change id reported: 135634846; UID 10146; state: DISABLED
01-20 19:07:04.780 1477 2467 D CompatibilityChangeReporter: Compat change id reported: 177438394; UID 10146; state: DISABLED
01-20 19:07:04.780 1477 2467 D CompatibilityChangeReporter: Compat change id reported: 135772972; UID 10146; state: DISABLED
01-20 19:07:04.780 1477 2467 D CompatibilityChangeReporter: Compat change id reported: 135754954; UID 10146; state: ENABLED
01-20 19:07:04.781 1477 1756 D CompatibilityChangeReporter: Compat change id reported: 143937733; UID 10146; state: ENABLED
01-20 19:07:04.790 1477 1756 I ActivityManager: Start proc 2681:com.android.smspush/u0a146 for service {com.android.smspush/com.android.smspush.WapPushManager}
01-20 19:07:04.834 1477 2580 D CompatibilityChangeReporter: Compat change id reported: 168419799; UID 10146; state: DISABLED
01-20 19:07:04.834 1477 2580 D CompatibilityChangeReporter: Compat change id reported: 273564678; UID 10146; state: DISABLED
01-20 19:07:04.846 1477 2580 D CompatibilityChangeReporter: Compat change id reported: 161145287; UID 10143; state: DISABLED
01-20 19:07:04.885 1477 1521 D WallpaperManagerService: WPMS.saveSettingsLocked-0
01-20 19:07:04.889 1477 1521 V WallpaperManagerService: WPMS.saveSettingsLocked-0 took to complete: 4ms
01-20 19:07:04.898 1477 1520 D CompatibilityChangeReporter: Compat change id reported: 168419799; UID 1001; state: DISABLED
01-20 19:07:04.898 1477 1520 D CompatibilityChangeReporter: Compat change id reported: 273564678; UID 1001; state: DISABLED
01-20 19:07:04.915 2241 2241 V SystemUIBootTiming: StartServices com.android.systemui.accessibility.SystemActions took to complete: 301ms
01-20 19:07:04.916 2241 2241 V SystemUIBootTiming: StartServices com.android.systemui.accessibility.WindowMagnification took to complete: 0ms
01-20 19:07:04.917 1477 1520 D CompatibilityChangeReporter: Compat change id reported: 124107808; UID 1001; state: ENABLED
01-20 19:07:04.917 1477 1520 D CompatibilityChangeReporter: Compat change id reported: 124107808; UID 1001; state: DISABLED
01-20 19:07:04.918 2241 2241 V SystemUIBootTiming: StartServices com.android.systemui.biometrics.AuthController took to complete: 1ms
01-20 19:07:04.918 2241 2241 V SystemUIBootTiming: StartServices com.android.systemui.broadcast.BroadcastDispatcherStartable took to complete: 0ms
01-20 19:07:04.924 2241 2241 V SystemUIBootTiming: StartServices com.android.systemui.clipboardoverlay.ClipboardListener took to complete: 6ms
01-20 19:07:04.924 2241 2241 V SystemUIBootTiming: StartServices com.android.systemui.controls.start.ControlsStartable took to complete: 0ms
01-20 19:07:04.926 2241 2241 V SystemUIBootTiming: StartServices com.android.systemui.dreams.DreamMonitor took to complete: 1ms
01-20 19:07:04.931 2241 2241 V SystemUIBootTiming: StartServices com.android.systemui.flags.FeatureFlagsDebugStartable took to complete: 5ms
01-20 19:07:04.940 2241 2241 V SystemUIBootTiming: StartServices com.android.systemui.globalactions.GlobalActionsComponent took to complete: 9ms
01-20 19:07:04.941 2241 2241 V SystemUIBootTiming: StartServices com.android.systemui.keyboard.KeyboardUI took to complete: 1ms
01-20 19:07:04.942 1477 2492 D CompatibilityChangeReporter: Compat change id reported: 182478738; UID 1001; state: ENABLED
01-20 19:07:04.944 2241 2241 V SystemUIBootTiming: StartServices com.android.systemui.keyboard.PhysicalKeyboardCoreStartable took to complete: 3ms
01-20 19:07:04.947 1477 1521 D ActivityTaskManager: Top Process State changed to PROCESS_STATE_TOP_SLEEPING
01-20 19:07:04.966 2241 2241 V SystemUIBootTiming: StartServices com.android.systemui.keyguard.KeyguardViewMediator took to complete: 22ms
01-20 19:07:05.008 2241 2241 V SystemUIBootTiming: StartServices com.android.systemui.keyguard.data.quickaffordance.MuteQuickAffordanceCoreStartable took to complete: 42ms
01-20 19:07:05.015 1477 2316 D WallpaperManagerService: WPMS.saveSettingsLocked-0
01-20 19:07:05.022 1477 2316 V WallpaperManagerService: WPMS.saveSettingsLocked-0 took to complete: 8ms
01-20 19:07:05.032 1477 1755 I DropBoxManagerService: add tag=system_server_wtf isTagEnabled=true flags=0x2
01-20 19:07:05.033 2241 2241 V SystemUIBootTiming: StartServices com.android.systemui.keyguard.domain.interactor.KeyguardTransitionCoreStartable took to complete: 25ms
01-20 19:07:05.033 2241 2241 V SystemUIBootTiming: StartServices com.android.systemui.log.SessionTracker took to complete: 0ms
01-20 19:07:05.035 2241 2241 V SystemUIBootTiming: StartServices com.android.systemui.media.RingtonePlayer took to complete: 2ms
01-20 19:07:05.035 2241 2241 V SystemUIBootTiming: StartServices com.android.systemui.media.dialog.MediaOutputSwitcherDialogUI took to complete: 0ms
01-20 19:07:05.035 2241 2241 V SystemUIBootTiming: StartServices com.android.systemui.media.taptotransfer.MediaTttCommandLineHelper took to complete: 0ms
01-20 19:07:05.041 2241 2241 V SystemUIBootTiming: StartServices com.android.systemui.media.taptotransfer.receiver.MediaTttChipControllerReceiver took to complete: 6ms
01-20 19:07:05.044 2241 2241 V SystemUIBootTiming: StartServices com.android.systemui.media.taptotransfer.sender.MediaTttSenderCoordinator took to complete: 3ms
01-20 19:07:05.045 2241 2241 V SystemUIBootTiming: StartServices com.android.systemui.motiontool.MotionToolStartable took to complete: 1ms
01-20 19:07:05.055 2241 2241 V SystemUIBootTiming: StartServices com.android.systemui.power.PowerUI took to complete: 10ms
01-20 19:07:05.055 2241 2241 V SystemUIBootTiming: StartServices com.android.systemui.reardisplay.RearDisplayDialogController took to complete: 0ms
01-20 19:07:05.055 2241 2241 V SystemUIBootTiming: StartServices com.android.systemui.recents.Recents took to complete: 0ms
01-20 19:07:05.055 2241 2241 V SystemUIBootTiming: StartServices com.android.systemui.settings.UserFileManagerImpl took to complete: 0ms
01-20 19:07:05.057 2241 2241 V SystemUIBootTiming: StartServices com.android.systemui.shortcut.ShortcutKeyDispatcher took to complete: 1ms
01-20 19:07:05.057 2241 2241 V SystemUIBootTiming: StartServices com.android.systemui.statusbar.notification.InstantAppNotifier took to complete: 1ms
01-20 19:07:05.057 2241 2241 V SystemUIBootTiming: StartServices com.android.systemui.statusbar.notification.fsi.FsiChromeRepo took to complete: 0ms
01-20 19:07:05.062 2241 2241 V SystemUIBootTiming: StartServices com.android.systemui.statusbar.notification.fsi.FsiChromeViewBinder took to complete: 5ms
01-20 19:07:05.062 2241 2241 V SystemUIBootTiming: StartServices com.android.systemui.statusbar.notification.fsi.FsiChromeViewModelFactory took to complete: 0ms
01-20 19:07:05.064 2241 2241 V SystemUIBootTiming: StartServices com.android.systemui.statusbar.notification.interruption.KeyguardNotificationVisibilityProvider took to complete: 2ms
01-20 19:07:05.068 1477 2728 I StatusBarManagerService: registerStatusBar bar=com.android.internal.statusbar.IStatusBar$Stub$Proxy@aecb2fd
01-20 19:07:05.081 1477 2181 I VcnManagementService: new snapshot: TelephonySubscriptionSnapshot{ mActiveDataSubId=2, mSubIdToInfoMap={}, mSubIdToCarrierConfigMap={}, mPrivilegedPackages={} }
01-20 19:07:05.159 1477 2316 D CompatibilityChangeReporter: Compat change id reported: 182478738; UID 10135; state: ENABLED
01-20 19:07:05.215 1477 1701 I UsbPortManager: USB HAL HIDL version: 10
01-20 19:07:05.258 1477 2728 I Telecom : PhoneAccountRegistrar: New phone account registered: [[ ] PhoneAccount: ComponentInfo{com.android.phone/com.android.services.telephony.TelephonyConnectionService}, E, UserHandle{0} Capabilities: CallProvider MultiUser PlaceEmerg SimSub Audio Routes: BESW Schemes: tel voicemail Extras: Bundle[{android.telecom.extra.SUPPORTS_VIDEO_CALLING_FALLBACK=true}] GroupId: ***]: TSI.rPA@AAU
01-20 19:07:05.258 1477 1521 I ActivityTaskManager: Config changes=20000400 {1.0 ?mcc?mnc [en_CA] ldltr sw427dp w427dp h805dp 540dpi nrml long hdr port night finger -keyb/v/h -nav/h winConfig={ mBounds=Rect(0, 0 - 1440, 2880) mAppBounds=Rect(0, 0 - 1440, 2718) mMaxBounds=Rect(0, 0 - 1440, 2880) mDisplayRotation=ROTATION_0 mWindowingMode=fullscreen mDisplayWindowingMode=fullscreen mActivityType=undefined mAlwaysOnTop=undefined mRotation=ROTATION_0} s.15 fontWeightAdjustment=0}
01-20 19:07:05.261 1477 1701 I UsbPortManager: USB HAL HIDL version: 10
01-20 19:07:05.262 1477 1521 I WindowManager: Override config changes=20000400 {1.0 ?mcc?mnc [en_CA] ldltr sw427dp w427dp h805dp 540dpi nrml long hdr port night finger -keyb/v/h -nav/h winConfig={ mBounds=Rect(0, 0 - 1440, 2880) mAppBounds=Rect(0, 0 - 1440, 2718) mMaxBounds=Rect(0, 0 - 1440, 2880) mDisplayRotation=ROTATION_0 mWindowingMode=fullscreen mDisplayWindowingMode=fullscreen mActivityType=undefined mAlwaysOnTop=undefined mRotation=ROTATION_0} s.15 fontWeightAdjustment=0} for displayId=0
01-20 19:07:05.262 1477 2728 I Telecom : CallsManager: Sending phone-account ComponentInfo{com.android.phone/com.android.services.telephony.TelephonyConnectionService}, E, UserHandle{0} registered intent as user: TSI.rPA@AAU
01-20 19:07:05.263 1477 2728 I Telecom : CallsManager: Sending phone-account registered intent to default dialer: TSI.rPA@AAU
01-20 19:07:05.266 1477 2728 I Telecom : PhoneAccountRegistrar: getSimCallManager: SimCallManager for subId -1 queried, returning: null: TSI.rPA@AAU
01-20 19:07:05.266 1477 2728 I Telecom : PhoneAccountRegistrar: Notifying telephony of voice service override change for 1 SIMs, hasService = false: TSI.rPA@AAU
01-20 19:07:05.267 1477 1521 D CoreBackPreview: Window{c6c5e5f u0 NavigationBar0}: Setting back callback OnBackInvokedCallbackInfo{mCallback=android.window.IOnBackInvokedCallback$Stub$Proxy@fd71286, mPriority=0}
01-20 19:07:05.272 1477 2580 I Telecom : CallsManager: Sending phone-account ComponentInfo{com.android.phone/com.android.services.telephony.TelephonyConnectionService}, 2, UserHandle{0} unregistered intent as user: TSI.uPA@AAc
01-20 19:07:05.273 1477 2580 I Telecom : CallsManager: Sending phone-account unregistered intent to default dialer: TSI.uPA@AAc
01-20 19:07:05.285 1477 2580 W ContextImpl: Calling a method in the system process without a qualified user: android.app.ContextImpl.sendBroadcastMultiplePermissions:1222 com.android.server.TelephonyRegistry.broadcastServiceStateChanged:3111 com.android.server.TelephonyRegistry.notifyServiceStateForPhoneId:1616 com.android.internal.telephony.ITelephonyRegistry$Stub.onTransact:492 android.os.Binder.execTransactInternal:1280
01-20 19:07:05.286 1477 2580 W ContextImpl: Calling a method in the system process without a qualified user: android.app.ContextImpl.sendBroadcastMultiplePermissions:1272 android.content.Context.sendBroadcastMultiplePermissions:2272 com.android.server.TelephonyRegistry.broadcastServiceStateChanged:3114 com.android.server.TelephonyRegistry.notifyServiceStateForPhoneId:1616 com.android.internal.telephony.ITelephonyRegistry$Stub.onTransact:492
01-20 19:07:05.286 1477 2580 W ContextImpl: Calling a method in the system process without a qualified user: android.app.ContextImpl.sendBroadcastMultiplePermissions:1272 com.android.server.TelephonyRegistry.broadcastServiceStateChanged:3121 com.android.server.TelephonyRegistry.notifyServiceStateForPhoneId:1616 com.android.internal.telephony.ITelephonyRegistry$Stub.onTransact:492 android.os.Binder.execTransactInternal:1280
01-20 19:07:05.287 1477 2580 W ContextImpl: Calling a method in the system process without a qualified user: android.app.ContextImpl.sendBroadcastMultiplePermissions:1272 com.android.server.TelephonyRegistry.broadcastServiceStateChanged:3126 com.android.server.TelephonyRegistry.notifyServiceStateForPhoneId:1616 com.android.internal.telephony.ITelephonyRegistry$Stub.onTransact:492 android.os.Binder.execTransactInternal:1280
01-20 19:07:05.288 1477 1755 W BroadcastQueue: Appop Denial: receiving Intent { act=android.intent.action.SERVICE_STATE flg=0x1000010 (has extras) } to ProcessRecord{d39a49b 2241:com.android.systemui/u0a135} (pid=2241, uid=10135) excludes appop android:read_phone_state due to sender android (uid 1001)
01-20 19:07:05.289 1477 1755 W BroadcastQueue: Permission Denial: receiving Intent { act=android.intent.action.SERVICE_STATE flg=0x1000010 (has extras) } to com.android.cellbroadcastreceiver.module/com.android.cellbroadcastreceiver.CellBroadcastReceiver requires android.permission.READ_PHONE_STATE due to sender android (uid 1001)
01-20 19:07:05.289 1477 1755 D CompatibilityChangeReporter: Compat change id reported: 135634846; UID 10159; state: DISABLED
01-20 19:07:05.289 1477 1755 D CompatibilityChangeReporter: Compat change id reported: 177438394; UID 10159; state: DISABLED
01-20 19:07:05.289 1477 1755 D CompatibilityChangeReporter: Compat change id reported: 135772972; UID 10159; state: DISABLED
01-20 19:07:05.289 1477 1755 D CompatibilityChangeReporter: Compat change id reported: 135754954; UID 10159; state: ENABLED
01-20 19:07:05.290 1477 1756 D CompatibilityChangeReporter: Compat change id reported: 143937733; UID 10159; state: ENABLED
01-20 19:07:05.296 1477 2580 D CoreBackPreview: Window{cc1593c u0 NotificationShade}: Setting back callback OnBackInvokedCallbackInfo{mCallback=android.window.IOnBackInvokedCallback$Stub$Proxy@bce9527, mPriority=0}
01-20 19:07:05.296 1477 1756 I ActivityManager: Start proc 2811:com.android.cellbroadcastreceiver.module/u0a159 for broadcast {com.android.cellbroadcastreceiver.module/com.android.cellbroadcastreceiver.CellBroadcastReceiver}
01-20 19:07:05.310 1477 2580 I ActivityTaskManager: Config changes=400 {1.0 ?mcc?mnc [en_CA] ldltr sw427dp w427dp h777dp 540dpi nrml long hdr port night finger -keyb/v/h -nav/h winConfig={ mBounds=Rect(0, 0 - 1440, 2880) mAppBounds=Rect(0, 0 - 1440, 2718) mMaxBounds=Rect(0, 0 - 1440, 2880) mDisplayRotation=ROTATION_0 mWindowingMode=fullscreen mDisplayWindowingMode=fullscreen mActivityType=undefined mAlwaysOnTop=undefined mRotation=ROTATION_0} s.27 fontWeightAdjustment=0}
01-20 19:07:05.312 1477 2580 I WindowManager: Override config changes=400 {1.0 ?mcc?mnc [en_CA] ldltr sw427dp w427dp h777dp 540dpi nrml long hdr port night finger -keyb/v/h -nav/h winConfig={ mBounds=Rect(0, 0 - 1440, 2880) mAppBounds=Rect(0, 0 - 1440, 2718) mMaxBounds=Rect(0, 0 - 1440, 2880) mDisplayRotation=ROTATION_0 mWindowingMode=fullscreen mDisplayWindowingMode=fullscreen mActivityType=undefined mAlwaysOnTop=undefined mRotation=ROTATION_0} s.27 fontWeightAdjustment=0} for displayId=0
01-20 19:07:05.318 1477 1521 D CoreBackPreview: Window{f7dd058 u0 StatusBar}: Setting back callback OnBackInvokedCallbackInfo{mCallback=android.window.IOnBackInvokedCallback$Stub$Proxy@a2b9a04, mPriority=0}
01-20 19:07:05.345 1477 2467 D CompatibilityChangeReporter: Compat change id reported: 168419799; UID 10159; state: DISABLED
01-20 19:07:05.345 1477 2467 D CompatibilityChangeReporter: Compat change id reported: 273564678; UID 10159; state: DISABLED
01-20 19:07:05.348 2241 2241 V SystemUIBootTiming: StartServices com.android.systemui.statusbar.phone.CentralSurfaces took to complete: 284ms
01-20 19:07:05.348 2241 2241 V SystemUIBootTiming: StartServices com.android.systemui.statusbar.phone.KeyguardLiftController took to complete: 0ms
01-20 19:07:05.349 2241 2241 V SystemUIBootTiming: StartServices com.android.systemui.statusbar.pipeline.mobile.data.repository.CarrierConfigCoreStartable took to complete: 0ms
01-20 19:07:05.349 2241 2241 V SystemUIBootTiming: StartServices com.android.systemui.statusbar.pipeline.mobile.ui.MobileUiAdapter took to complete: 0ms
01-20 19:07:05.351 2241 2241 V SystemUIBootTiming: StartServices com.android.systemui.stylus.StylusUsiPowerStartable took to complete: 2ms
01-20 19:07:05.351 2241 2241 V SystemUIBootTiming: StartServices com.android.systemui.temporarydisplay.chipbar.ChipbarCoordinator took to complete: 0ms
01-20 19:07:05.353 2241 2565 W ActivityThread: Failed to find provider info for com.android.contacts (user not unlocked)
01-20 19:07:05.356 2241 2241 V SystemUIBootTiming: StartServices com.android.systemui.theme.ThemeOverlayController took to complete: 4ms
01-20 19:07:05.356 2241 2241 V SystemUIBootTiming: StartServices com.android.systemui.toast.ToastUI took to complete: 1ms
01-20 19:07:05.359 2241 2241 V SystemUIBootTiming: StartServices com.android.systemui.usb.StorageNotification took to complete: 3ms
01-20 19:07:05.360 2241 2241 V SystemUIBootTiming: StartServices com.android.systemui.user.ui.dialog.UserSwitcherDialogCoordinator took to complete: 0ms
01-20 19:07:05.361 1477 1521 I Telecom : PhoneAccountRegistrar: setUserSelectedOutgoingPhoneAccount: ComponentInfo{com.android.phone/com.android.services.telephony.TelephonyConnectionService}, 2, UserHandle{0}: TSI.sUSOPA@AAk
01-20 19:07:05.361 1477 1521 I Telecom : PhoneAccountRegistrar: setUserSelectedOutgoingPhoneAccount: no change in default phoneAccountHandle. current is same as new.: TSI.sUSOPA@AAk
01-20 19:07:05.362 2241 2241 V SystemUIBootTiming: StartServices com.android.systemui.util.NotificationChannels took to complete: 3ms
01-20 19:07:05.363 2241 2241 V SystemUIBootTiming: StartServices com.android.systemui.util.leak.GarbageMonitor took to complete: 0ms
01-20 19:07:05.365 2241 2241 V SystemUIBootTiming: StartServices com.android.systemui.volume.VolumeUI took to complete: 3ms
01-20 19:07:05.367 2241 2241 V SystemUIBootTiming: StartServices com.android.systemui.wmshell.WMShell took to complete: 2ms
01-20 19:07:05.367 2241 2241 V SystemUIBootTiming: StartServices com.android.systemui.VendorServices took to complete: 0ms
01-20 19:07:05.375 2241 2241 V SystemUIBootTiming: StartServices took to complete: 778ms
01-20 19:07:05.377 2241 2241 V WindowManagerShell: Display added: 0
01-20 19:07:05.390 1477 2467 D CoreBackPreview: Window{f36aabc u0 ShellDropTarget}: Setting back callback OnBackInvokedCallbackInfo{mCallback=android.window.IOnBackInvokedCallback$Stub$Proxy@a2f9554, mPriority=0}
01-20 19:07:05.390 1477 2166 E NetworkPolicy: Missing subscriberId for subId 2
01-20 19:07:05.391 1477 1755 I DropBoxManagerService: add tag=system_server_wtf isTagEnabled=true flags=0x2
01-20 19:07:05.394 1477 1753 E StatsPullAtomService: subInfo of subId 2 is invalid, ignored.
01-20 19:07:05.408 1477 2316 I Telecom : PhoneAccountRegistrar: Modify account: [ComponentInfo{com.android.phone/com.android.services.telephony.TelephonyConnectionService}, E, UserHandle{0}]: TSI.rPA@AAo
01-20 19:07:05.410 1477 2316 I Telecom : CallsManager: handlePhoneAccountChanged: phoneAccount=[[X] PhoneAccount: ComponentInfo{com.android.phone/com.android.services.telephony.TelephonyConnectionService}, E, UserHandle{0} Capabilities: CallProvider MultiUser PlaceEmerg SimSub Audio Routes: BESW Schemes: tel voicemail Extras: Bundle[{android.telecom.extra.SUPPORTS_VIDEO_CALLING_FALLBACK=true}] GroupId: ***]: TSI.rPA@AAo
01-20 19:07:05.412 2241 2241 V WindowManagerShell: Display changed: 0
01-20 19:07:05.412 1477 2316 I Telecom : PhoneAccountRegistrar: getSimCallManager: SimCallManager for subId 2 queried, returning: null: TSI.rPA@AAo
01-20 19:07:05.412 1477 2316 I Telecom : PhoneAccountRegistrar: Notifying telephony of voice service override change for 1 SIMs, hasService = false: TSI.rPA@AAo
01-20 19:07:05.415 1477 2612 W ContextImpl: Calling a method in the system process without a qualified user: android.app.ContextImpl.sendBroadcastMultiplePermissions:1222 com.android.server.TelephonyRegistry.broadcastServiceStateChanged:3111 com.android.server.TelephonyRegistry.notifyServiceStateForPhoneId:1616 com.android.internal.telephony.ITelephonyRegistry$Stub.onTransact:492 android.os.Binder.execTransactInternal:1280
01-20 19:07:05.417 1477 2612 W ContextImpl: Calling a method in the system process without a qualified user: android.app.ContextImpl.sendBroadcastMultiplePermissions:1272 android.content.Context.sendBroadcastMultiplePermissions:2272 com.android.server.TelephonyRegistry.broadcastServiceStateChanged:3114 com.android.server.TelephonyRegistry.notifyServiceStateForPhoneId:1616 com.android.internal.telephony.ITelephonyRegistry$Stub.onTransact:492
01-20 19:07:05.417 1477 2612 W ContextImpl: Calling a method in the system process without a qualified user: android.app.ContextImpl.sendBroadcastMultiplePermissions:1272 com.android.server.TelephonyRegistry.broadcastServiceStateChanged:3121 com.android.server.TelephonyRegistry.notifyServiceStateForPhoneId:1616 com.android.internal.telephony.ITelephonyRegistry$Stub.onTransact:492 android.os.Binder.execTransactInternal:1280
01-20 19:07:05.418 1477 2612 W ContextImpl: Calling a method in the system process without a qualified user: android.app.ContextImpl.sendBroadcastMultiplePermissions:1272 com.android.server.TelephonyRegistry.broadcastServiceStateChanged:3126 com.android.server.TelephonyRegistry.notifyServiceStateForPhoneId:1616 com.android.internal.telephony.ITelephonyRegistry$Stub.onTransact:492 android.os.Binder.execTransactInternal:1280
01-20 19:07:05.421 1477 1755 W BroadcastQueue: Appop Denial: receiving Intent { act=android.intent.action.SERVICE_STATE flg=0x1000010 (has extras) } to ProcessRecord{d39a49b 2241:com.android.systemui/u0a135} (pid=2241, uid=10135) excludes appop android:read_phone_state due to sender android (uid 1001)
01-20 19:07:05.429 1477 1753 E StatsPullAtomService: subInfo of subId 2 is invalid, ignored.
01-20 19:07:05.430 1477 2166 E NetworkPolicy: Missing subscriberId for subId 2
01-20 19:07:05.441 1477 2467 I Telecom : PhoneAccountRegistrar: Modify account: [ComponentInfo{com.android.phone/com.android.services.telephony.TelephonyConnectionService}, E, UserHandle{0}]: TSI.rPA@AAs
01-20 19:07:05.443 1477 2467 I Telecom : CallsManager: handlePhoneAccountChanged: phoneAccount=[[X] PhoneAccount: ComponentInfo{com.android.phone/com.android.services.telephony.TelephonyConnectionService}, E, UserHandle{0} Capabilities: CallProvider MultiUser PlaceEmerg SimSub Audio Routes: BESW Schemes: tel voicemail Extras: Bundle[{android.telecom.extra.SUPPORTS_VIDEO_CALLING_FALLBACK=true}] GroupId: ***]: TSI.rPA@AAs
01-20 19:07:05.445 1477 2467 I Telecom : PhoneAccountRegistrar: getSimCallManager: SimCallManager for subId 2 queried, returning: null: TSI.rPA@AAs
01-20 19:07:05.445 1477 2467 I Telecom : PhoneAccountRegistrar: Notifying telephony of voice service override change for 1 SIMs, hasService = false: TSI.rPA@AAs
01-20 19:07:05.449 1477 2728 D SystemServerTiming: getUserSwitchability-0
01-20 19:07:05.449 1477 2728 D SystemServerTiming: TM.isInCall
01-20 19:07:05.450 1477 2728 V SystemServerTiming: TM.isInCall took to complete: 0ms
01-20 19:07:05.450 1477 2728 D SystemServerTiming: hasUserRestriction-DISALLOW_USER_SWITCH
01-20 19:07:05.450 1477 2728 V SystemServerTiming: hasUserRestriction-DISALLOW_USER_SWITCH took to complete: 0ms
01-20 19:07:05.450 1477 2728 D SystemServerTiming: getInt-ALLOW_USER_SWITCHING_WHEN_SYSTEM_USER_LOCKED
01-20 19:07:05.450 1477 2728 V SystemServerTiming: getInt-ALLOW_USER_SWITCHING_WHEN_SYSTEM_USER_LOCKED took to complete: 0ms
01-20 19:07:05.450 1477 2728 D SystemServerTiming: isUserUnlocked-USER_SYSTEM
01-20 19:07:05.450 1477 2728 V SystemServerTiming: isUserUnlocked-USER_SYSTEM took to complete: 0ms
01-20 19:07:05.450 1477 2728 V SystemServerTiming: getUserSwitchability-0 took to complete: 0ms
01-20 19:07:05.470 1477 2166 E NetworkPolicy: Missing subscriberId for subId 2
01-20 19:07:05.470 1477 1753 E StatsPullAtomService: subInfo of subId 2 is invalid, ignored.
01-20 19:07:05.473 1477 2612 W ContextImpl: Calling a method in the system process without a qualified user: android.app.ContextImpl.sendBroadcastMultiplePermissions:1222 com.android.server.TelephonyRegistry.broadcastServiceStateChanged:3111 com.android.server.TelephonyRegistry.notifyServiceStateForPhoneId:1616 com.android.internal.telephony.ITelephonyRegistry$Stub.onTransact:492 android.os.Binder.execTransactInternal:1280
01-20 19:07:05.473 1477 2612 W ContextImpl: Calling a method in the system process without a qualified user: android.app.ContextImpl.sendBroadcastMultiplePermissions:1272 android.content.Context.sendBroadcastMultiplePermissions:2272 com.android.server.TelephonyRegistry.broadcastServiceStateChanged:3114 com.android.server.TelephonyRegistry.notifyServiceStateForPhoneId:1616 com.android.internal.telephony.ITelephonyRegistry$Stub.onTransact:492
01-20 19:07:05.474 1477 2612 W ContextImpl: Calling a method in the system process without a qualified user: android.app.ContextImpl.sendBroadcastMultiplePermissions:1272 com.android.server.TelephonyRegistry.broadcastServiceStateChanged:3121 com.android.server.TelephonyRegistry.notifyServiceStateForPhoneId:1616 com.android.internal.telephony.ITelephonyRegistry$Stub.onTransact:492 android.os.Binder.execTransactInternal:1280
01-20 19:07:05.474 1477 2612 W ContextImpl: Calling a method in the system process without a qualified user: android.app.ContextImpl.sendBroadcastMultiplePermissions:1272 com.android.server.TelephonyRegistry.broadcastServiceStateChanged:3126 com.android.server.TelephonyRegistry.notifyServiceStateForPhoneId:1616 com.android.internal.telephony.ITelephonyRegistry$Stub.onTransact:492 android.os.Binder.execTransactInternal:1280
01-20 19:07:05.475 1477 1755 W BroadcastQueue: Appop Denial: receiving Intent { act=android.intent.action.SERVICE_STATE flg=0x1000010 (has extras) } to ProcessRecord{d39a49b 2241:com.android.systemui/u0a135} (pid=2241, uid=10135) excludes appop android:read_phone_state due to sender android (uid 1001)
01-20 19:07:05.524 1477 2612 I Telecom : PhoneAccountRegistrar: Modify account: [ComponentInfo{com.android.phone/com.android.services.telephony.TelephonyConnectionService}, E, UserHandle{0}]: TSI.rPA@AA4
01-20 19:07:05.527 1477 2612 I Telecom : CallsManager: handlePhoneAccountChanged: phoneAccount=[[X] PhoneAccount: ComponentInfo{com.android.phone/com.android.services.telephony.TelephonyConnectionService}, E, UserHandle{0} Capabilities: CallProvider MultiUser PlaceEmerg SimSub Audio Routes: BESW Schemes: tel voicemail Extras: Bundle[{android.telecom.extra.SUPPORTS_VIDEO_CALLING_FALLBACK=true}] GroupId: ***]: TSI.rPA@AA4
01-20 19:07:05.529 1477 2612 I Telecom : PhoneAccountRegistrar: getSimCallManager: SimCallManager for subId 2 queried, returning: null: TSI.rPA@AA4
01-20 19:07:05.530 1477 2612 I Telecom : PhoneAccountRegistrar: Notifying telephony of voice service override change for 1 SIMs, hasService = false: TSI.rPA@AA4
01-20 19:07:05.551 1477 2612 I Telecom : PhoneAccountRegistrar: Modify account: [ComponentInfo{com.android.phone/com.android.services.telephony.TelephonyConnectionService}, E, UserHandle{0}]: TSI.rPA@ABA
01-20 19:07:05.553 1477 2612 I Telecom : CallsManager: handlePhoneAccountChanged: phoneAccount=[[X] PhoneAccount: ComponentInfo{com.android.phone/com.android.services.telephony.TelephonyConnectionService}, E, UserHandle{0} Capabilities: CallProvider MultiUser PlaceEmerg SimSub Audio Routes: BESW Schemes: tel voicemail Extras: Bundle[{android.telecom.extra.SUPPORTS_VIDEO_CALLING_FALLBACK=true}] GroupId: ***]: TSI.rPA@ABA
01-20 19:07:05.555 1477 2612 I Telecom : PhoneAccountRegistrar: getSimCallManager: SimCallManager for subId 2 queried, returning: null: TSI.rPA@ABA
01-20 19:07:05.555 1477 2612 I Telecom : PhoneAccountRegistrar: Notifying telephony of voice service override change for 1 SIMs, hasService = false: TSI.rPA@ABA
01-20 19:07:05.567 1477 1755 D CompatibilityChangeReporter: Compat change id reported: 135634846; UID 10115; state: DISABLED
01-20 19:07:05.567 1477 1755 D CompatibilityChangeReporter: Compat change id reported: 177438394; UID 10115; state: DISABLED
01-20 19:07:05.567 1477 1755 D CompatibilityChangeReporter: Compat change id reported: 135772972; UID 10115; state: DISABLED
01-20 19:07:05.567 1477 1755 D CompatibilityChangeReporter: Compat change id reported: 135754954; UID 10115; state: ENABLED
01-20 19:07:05.567 1477 1756 D CompatibilityChangeReporter: Compat change id reported: 143937733; UID 10115; state: ENABLED
01-20 19:07:05.576 1477 1756 I ActivityManager: Start proc 2845:com.android.dialer/u0a115 for broadcast {com.android.dialer/com.android.dialer.app.voicemail.LegacyVoicemailNotificationReceiver}
01-20 19:07:05.599 1477 2467 I Telecom : PhoneAccountRegistrar: Modify account: [ComponentInfo{com.android.phone/com.android.services.telephony.TelephonyConnectionService}, E, UserHandle{0}]: TSI.rPA@ABY
01-20 19:07:05.600 1477 2467 I Telecom : CallsManager: handlePhoneAccountChanged: phoneAccount=[[X] PhoneAccount: ComponentInfo{com.android.phone/com.android.services.telephony.TelephonyConnectionService}, E, UserHandle{0} Capabilities: CallProvider MultiUser PlaceEmerg SimSub Audio Routes: BESW Schemes: tel voicemail Extras: Bundle[{android.telecom.extra.SUPPORTS_VIDEO_CALLING_FALLBACK=true}] GroupId: ***]: TSI.rPA@ABY
01-20 19:07:05.604 1477 2467 I Telecom : PhoneAccountRegistrar: getSimCallManager: SimCallManager for subId 2 queried, returning: null: TSI.rPA@ABY
01-20 19:07:05.605 1477 2467 I Telecom : PhoneAccountRegistrar: Notifying telephony of voice service override change for 1 SIMs, hasService = false: TSI.rPA@ABY
01-20 19:07:05.610 1477 2612 D CompatibilityChangeReporter: Compat change id reported: 168419799; UID 10115; state: DISABLED
01-20 19:07:05.611 1477 2612 D CompatibilityChangeReporter: Compat change id reported: 273564678; UID 10115; state: DISABLED
01-20 19:07:05.643 1477 2612 I Telecom : PhoneAccountRegistrar: Modify account: [ComponentInfo{com.android.phone/com.android.services.telephony.TelephonyConnectionService}, E, UserHandle{0}]: TSI.rPA@ABo
01-20 19:07:05.645 1477 2612 I Telecom : CallsManager: handlePhoneAccountChanged: phoneAccount=[[X] PhoneAccount: ComponentInfo{com.android.phone/com.android.services.telephony.TelephonyConnectionService}, E, UserHandle{0} Capabilities: CallProvider MultiUser PlaceEmerg SimSub Audio Routes: BESW Schemes: tel voicemail Extras: Bundle[{android.telecom.extra.SUPPORTS_VIDEO_CALLING_FALLBACK=true}] GroupId: ***]: TSI.rPA@ABo
01-20 19:07:05.647 1477 2612 I Telecom : PhoneAccountRegistrar: getSimCallManager: SimCallManager for subId 2 queried, returning: null: TSI.rPA@ABo
01-20 19:07:05.647 1477 2612 I Telecom : PhoneAccountRegistrar: Notifying telephony of voice service override change for 1 SIMs, hasService = false: TSI.rPA@ABo
01-20 19:07:05.688 1477 2467 W BroadcastQueue: Permission Denial: receiving Intent { act=android.intent.action.SERVICE_STATE flg=0x1000010 (has extras) } to com.android.cellbroadcastreceiver.module/com.android.cellbroadcastreceiver.CellBroadcastReceiver requires android.permission.READ_PHONE_STATE due to sender android (uid 1001)
01-20 19:07:05.691 1477 2467 W BroadcastQueue: Permission Denial: receiving Intent { act=android.intent.action.SERVICE_STATE flg=0x1000010 (has extras) } to com.android.cellbroadcastreceiver.module/com.android.cellbroadcastreceiver.CellBroadcastReceiver requires android.permission.READ_PHONE_STATE due to sender android (uid 1001)
01-20 19:07:05.715 1477 2467 W ContextImpl: Calling a method in the system process without a qualified user: android.app.ContextImpl.sendBroadcastMultiplePermissions:1222 com.android.server.TelephonyRegistry.broadcastServiceStateChanged:3111 com.android.server.TelephonyRegistry.notifyServiceStateForPhoneId:1616 com.android.internal.telephony.ITelephonyRegistry$Stub.onTransact:492 android.os.Binder.execTransactInternal:1280
01-20 19:07:05.715 1477 2467 W ContextImpl: Calling a method in the system process without a qualified user: android.app.ContextImpl.sendBroadcastMultiplePermissions:1272 android.content.Context.sendBroadcastMultiplePermissions:2272 com.android.server.TelephonyRegistry.broadcastServiceStateChanged:3114 com.android.server.TelephonyRegistry.notifyServiceStateForPhoneId:1616 com.android.internal.telephony.ITelephonyRegistry$Stub.onTransact:492
