01-20 19:07:08.167 1477 1755 D SystemServerTimingAsync: ssm.onUnlockedUser-0_com.android.server.stats.bootstrap.StatsBootstrapAtomService$Lifecycle
01-20 19:07:08.167 1477 1755 V SystemServerTimingAsync: ssm.onUnlockedUser-0_com.android.server.stats.bootstrap.StatsBootstrapAtomService$Lifecycle took to complete: 0ms
01-20 19:07:08.167 1477 1755 D SystemServerTimingAsync: ssm.onUnlockedUser-0_com.android.server.incident.IncidentCompanionService
01-20 19:07:08.167 1477 1755 V SystemServerTimingAsync: ssm.onUnlockedUser-0_com.android.server.incident.IncidentCompanionService took to complete: 0ms
01-20 19:07:08.167 1477 1755 D SystemServerTimingAsync: ssm.onUnlockedUser-0_com.android.server.sdksandbox.SdkSandboxManagerService$Lifecycle
01-20 19:07:08.167 1477 1755 V SystemServerTimingAsync: ssm.onUnlockedUser-0_com.android.server.sdksandbox.SdkSandboxManagerService$Lifecycle took to complete: 0ms
01-20 19:07:08.167 1477 1755 D SystemServerTimingAsync: ssm.onUnlockedUser-0_com.android.server.adservices.AdServicesManagerService$Lifecycle
01-20 19:07:08.167 1477 1755 V SystemServerTimingAsync: ssm.onUnlockedUser-0_com.android.server.adservices.AdServicesManagerService$Lifecycle took to complete: 0ms
01-20 19:07:08.167 1477 1755 D SystemServerTimingAsync: ssm.onUnlockedUser-0_com.android.server.MmsServiceBroker
01-20 19:07:08.167 1477 1755 V SystemServerTimingAsync: ssm.onUnlockedUser-0_com.android.server.MmsServiceBroker took to complete: 0ms
01-20 19:07:08.167 1477 1755 D SystemServerTimingAsync: ssm.onUnlockedUser-0_com.android.server.autofill.AutofillManagerService
01-20 19:07:08.167 1477 1755 V SystemServerTimingAsync: ssm.onUnlockedUser-0_com.android.server.autofill.AutofillManagerService took to complete: 0ms
01-20 19:07:08.167 1477 1755 D SystemServerTimingAsync: ssm.onUnlockedUser-0_com.android.server.clipboard.ClipboardService
01-20 19:07:08.167 1477 1755 V SystemServerTimingAsync: ssm.onUnlockedUser-0_com.android.server.clipboard.ClipboardService took to complete: 0ms
01-20 19:07:08.167 1477 1755 D SystemServerTimingAsync: ssm.onUnlockedUser-0_com.android.server.appbinding.AppBindingService$Lifecycle
01-20 19:07:08.167 1477 1755 V SystemServerTimingAsync: ssm.onUnlockedUser-0_com.android.server.appbinding.AppBindingService$Lifecycle took to complete: 0ms
01-20 19:07:08.167 1477 1755 D SystemServerTimingAsync: ssm.onUnlockedUser-0_com.android.server.tracing.TracingServiceProxy
01-20 19:07:08.167 1477 1755 V SystemServerTimingAsync: ssm.onUnlockedUser-0_com.android.server.tracing.TracingServiceProxy took to complete: 0ms
01-20 19:07:08.167 1477 1755 D SystemServerTimingAsync: ssm.onUnlockedUser-0_org.lineageos.platform.internal.ProfileManagerService
01-20 19:07:08.167 1477 1755 V SystemServerTimingAsync: ssm.onUnlockedUser-0_org.lineageos.platform.internal.ProfileManagerService took to complete: 0ms
01-20 19:07:08.167 1477 1755 D SystemServerTimingAsync: ssm.onUnlockedUser-0_org.lineageos.platform.internal.LineageHardwareService
01-20 19:07:08.167 1477 1755 V SystemServerTimingAsync: ssm.onUnlockedUser-0_org.lineageos.platform.internal.LineageHardwareService took to complete: 0ms
01-20 19:07:08.167 1477 1755 D SystemServerTimingAsync: ssm.onUnlockedUser-0_org.lineageos.platform.internal.display.LiveDisplayService
01-20 19:07:08.167 1477 1755 V SystemServerTimingAsync: ssm.onUnlockedUser-0_org.lineageos.platform.internal.display.LiveDisplayService took to complete: 0ms
01-20 19:07:08.167 1477 1755 D SystemServerTimingAsync: ssm.onUnlockedUser-0_org.lineageos.platform.internal.TrustInterfaceService
01-20 19:07:08.167 1477 1755 V SystemServerTimingAsync: ssm.onUnlockedUser-0_org.lineageos.platform.internal.TrustInterfaceService took to complete: 0ms
01-20 19:07:08.167 1477 1755 D SystemServerTimingAsync: ssm.onUnlockedUser-0_org.lineageos.platform.internal.LineageSettingsService
01-20 19:07:08.167 1477 1755 V SystemServerTimingAsync: ssm.onUnlockedUser-0_org.lineageos.platform.internal.LineageSettingsService took to complete: 0ms
01-20 19:07:08.167 1477 1755 D SystemServerTimingAsync: ssm.onUnlockedUser-0_org.lineageos.platform.internal.LineageGlobalActionsService
01-20 19:07:08.167 1477 1755 V SystemServerTimingAsync: ssm.onUnlockedUser-0_org.lineageos.platform.internal.LineageGlobalActionsService took to complete: 0ms
01-20 19:07:08.167 1477 1755 D SystemServerTimingAsync: ssm.onUnlockedUser-0_org.lineageos.platform.internal.health.HealthInterfaceService
01-20 19:07:08.167 1477 1755 V SystemServerTimingAsync: ssm.onUnlockedUser-0_org.lineageos.platform.internal.health.HealthInterfaceService took to complete: 0ms
01-20 19:07:08.167 1477 1755 D SystemServerTimingAsync: ssm.onUnlockedUser-0_com.android.server.policy.PermissionPolicyService
01-20 19:07:08.167 1477 1755 V SystemServerTimingAsync: ssm.onUnlockedUser-0_com.android.server.policy.PermissionPolicyService took to complete: 0ms
01-20 19:07:08.167 1477 1755 D SystemServerTimingAsync: ssm.onUnlockedUser-0_com.android.server.pm.StagingManager$Lifecycle
01-20 19:07:08.167 1477 1755 V SystemServerTimingAsync: ssm.onUnlockedUser-0_com.android.server.pm.StagingManager$Lifecycle took to complete: 0ms
01-20 19:07:08.167 1477 1755 D SystemServerTimingAsync: ssm.onUnlockedUser-0_com.android.server.app.GameManagerService$Lifecycle
01-20 19:07:08.167 1477 1755 V SystemServerTimingAsync: ssm.onUnlockedUser-0_com.android.server.app.GameManagerService$Lifecycle took to complete: 0ms
01-20 19:07:08.167 1477 1755 D SystemServerTimingAsync: ssm.onUnlockedUser-0_com.android.safetycenter.SafetyCenterService
01-20 19:07:08.167 1477 1755 V SystemServerTimingAsync: ssm.onUnlockedUser-0_com.android.safetycenter.SafetyCenterService took to complete: 0ms
01-20 19:07:08.167 1477 1755 D SystemServerTimingAsync: ssm.onUnlockedUser-0_com.android.server.appsearch.AppSearchModule$Lifecycle
01-20 19:07:08.167 1477 1755 V SystemServerTimingAsync: ssm.onUnlockedUser-0_com.android.server.appsearch.AppSearchModule$Lifecycle took to complete: 0ms
01-20 19:07:08.167 1477 1755 D SystemServerTimingAsync: ssm.onUnlockedUser-0_com.android.server.media.MediaCommunicationService
01-20 19:07:08.167 1477 1755 V SystemServerTimingAsync: ssm.onUnlockedUser-0_com.android.server.media.MediaCommunicationService took to complete: 0ms
01-20 19:07:08.167 1477 1755 D SystemServerTimingAsync: ssm.onUnlockedUser-0_com.android.server.compat.overrides.AppCompatOverridesService$Lifecycle
01-20 19:07:08.167 1477 1755 V SystemServerTimingAsync: ssm.onUnlockedUser-0_com.android.server.compat.overrides.AppCompatOverridesService$Lifecycle took to complete: 0ms
01-20 19:07:08.167 1477 1755 V SystemServerTimingAsync: ssm.UnlockedUser-0 took to complete: 18ms
01-20 19:07:08.167 1477 1755 W ActivityManager: UserLifecycleEvent 6 received without an active userJourneySession.
01-20 19:07:08.168 1477 2580 D CoreBackPreview: Window{f4781d8 u0 com.android.settings/com.android.settings.FallbackHome}: Setting back callback null
01-20 19:07:08.183 1477 1756 W ActivityManager: Slow operation: 55ms so far, now at startProcess: returned from zygote!
01-20 19:07:08.183 1477 1756 W ActivityManager: Slow operation: 55ms so far, now at startProcess: done updating battery stats
01-20 19:07:08.183 1477 1756 W ActivityManager: Slow operation: 55ms so far, now at startProcess: building log message
01-20 19:07:08.183 1477 1756 I ActivityManager: Start proc 3131:.dataservices/1001 for added application .dataservices
01-20 19:07:08.183 1477 1756 W ActivityManager: Slow operation: 56ms so far, now at startProcess: starting to update pids map
01-20 19:07:08.183 1477 1756 W ActivityManager: Slow operation: 56ms so far, now at startProcess: done updating pids map
01-20 19:07:08.183 1477 1756 W ActivityManager: Slow operation: 55ms so far, now at startProcess: asking zygote to start proc
01-20 19:07:08.184 1477 1477 I NotificationHistory: Attempted to unlock gone/disabled user 0
01-20 19:07:08.184 1477 1477 V NotificationAssistants: 0 notification assistant service connected: ComponentInfo{android.ext.services/android.ext.services.notification.Assistant}
01-20 19:07:08.187 1477 2238 I SyncManager: Loaded persisted syncs: 0 periodic syncs, 0 oneshot syncs, 17 total system server jobs, JobStats: FirstLoad: 6/5/0 LastSave: -1/-1/-1
01-20 19:07:08.189 1477 2728 D CountryDetector: The first listener is added
01-20 19:07:08.192 1477 2208 V BackupManagerService: [UserID:0] No ancestral data
01-20 19:07:08.193 1477 3104 V BackupManagerConstants: getKeyValueBackupIntervalMilliseconds(...) returns 14400000
01-20 19:07:08.197 1477 3104 V BackupManagerConstants: getKeyValueBackupFuzzMilliseconds(...) returns 600000
01-20 19:07:08.197 1477 3104 V BackupManagerConstants: getKeyValueBackupRequiredNetworkType(...) returns 1
01-20 19:07:08.197 1477 3104 V BackupManagerConstants: getKeyValueBackupRequireCharging(...) returns true
01-20 19:07:08.197 1477 3104 V KeyValueBackupJob: Scheduling k/v pass in 243 minutes
01-20 19:07:08.203 1477 1756 W ActivityManager: Slow operation: 75ms so far, now at startProcess: returned from zygote!
01-20 19:07:08.204 1477 1756 W ActivityManager: Slow operation: 75ms so far, now at startProcess: done updating battery stats
01-20 19:07:08.204 1477 1756 W ActivityManager: Slow operation: 75ms so far, now at startProcess: building log message
01-20 19:07:08.204 1477 1756 I ActivityManager: Start proc 3153:com.android.ims.rcsservice/1001 for added application com.android.ims.rcsservice
01-20 19:07:08.204 1477 1756 W ActivityManager: Slow operation: 75ms so far, now at startProcess: starting to update pids map
01-20 19:07:08.204 1477 1756 W ActivityManager: Slow operation: 75ms so far, now at startProcess: done updating pids map
01-20 19:07:08.204 1477 1756 W ActivityManager: Slow operation: 74ms so far, now at startProcess: asking zygote to start proc
01-20 19:07:08.204 1477 1756 D CompatibilityChangeReporter: Compat change id reported: 143937733; UID 10139; state: ENABLED
01-20 19:07:08.217 1477 1520 D CompatibilityChangeReporter: Compat change id reported: 168419799; UID 1027; state: DISABLED
01-20 19:07:08.217 1477 1520 D CompatibilityChangeReporter: Compat change id reported: 273564678; UID 1027; state: DISABLED
01-20 19:07:08.224 1477 2208 I BackupManagerService: isBackupEnabled() => false due to absent settings file
01-20 19:07:08.224 1477 2208 D BackupManagerService: user:0 readBackupEnableState enabled:false
01-20 19:07:08.224 1477 2208 I BackupManagerService: [UserID:0] Backup enabled => false
01-20 19:07:08.231 1477 1756 W ActivityManager: Slow operation: 102ms so far, now at startProcess: returned from zygote!
01-20 19:07:08.231 1477 1756 W ActivityManager: Slow operation: 102ms so far, now at startProcess: done updating battery stats
01-20 19:07:08.231 1477 1756 W ActivityManager: Slow operation: 102ms so far, now at startProcess: building log message
01-20 19:07:08.231 1477 1756 I ActivityManager: Start proc 3176:org.lineageos.audiofx/u0a139 for added application org.lineageos.audiofx
01-20 19:07:08.231 1477 1756 W ActivityManager: Slow operation: 102ms so far, now at startProcess: starting to update pids map
01-20 19:07:08.231 1477 1756 W ActivityManager: Slow operation: 102ms so far, now at startProcess: done updating pids map
01-20 19:07:08.231 1477 1756 W ActivityManager: Slow operation: 88ms so far, now at startProcess: asking zygote to start proc
01-20 19:07:08.232 1477 1756 D CompatibilityChangeReporter: Compat change id reported: 143937733; UID 10157; state: ENABLED
01-20 19:07:08.241 1477 1756 W ActivityManager: Slow operation: 97ms so far, now at startProcess: returned from zygote!
01-20 19:07:08.241 1477 1756 W ActivityManager: Slow operation: 98ms so far, now at startProcess: done updating battery stats
01-20 19:07:08.242 1477 1756 I Watchdog: Interesting Java process com.android.providers.media.module started. Pid 3183
01-20 19:07:08.242 1477 1756 W ActivityManager: Slow operation: 98ms so far, now at startProcess: building log message
01-20 19:07:08.242 1477 1756 I ActivityManager: Start proc 3183:com.android.providers.media.module/u0a157 for service {com.android.providers.media.module/com.android.providers.media.fuse.ExternalStorageServiceImpl}
01-20 19:07:08.242 1477 1756 W ActivityManager: Slow operation: 98ms so far, now at startProcess: starting to update pids map
01-20 19:07:08.242 1477 1756 W ActivityManager: Slow operation: 98ms so far, now at startProcess: done updating pids map
01-20 19:07:08.242 1477 1756 W ActivityManager: Slow operation: 85ms so far, now at startProcess: asking zygote to start proc
01-20 19:07:08.246 1477 3104 V BackupManagerConstants: getKeyValueBackupIntervalMilliseconds(...) returns 14400000
01-20 19:07:08.246 1477 3104 V BackupManagerConstants: getKeyValueBackupFuzzMilliseconds(...) returns 600000
01-20 19:07:08.246 1477 3104 V BackupManagerConstants: getKeyValueBackupRequiredNetworkType(...) returns 1
01-20 19:07:08.246 1477 3104 V BackupManagerConstants: getKeyValueBackupRequireCharging(...) returns true
01-20 19:07:08.246 1477 3104 V KeyValueBackupJob: Scheduling k/v pass in 243 minutes
01-20 19:07:08.249 767 767 E keystore2: keystore2::error: In generate_key.
01-20 19:07:08.249 767 767 E keystore2:
01-20 19:07:08.249 767 767 E keystore2: Caused by:
01-20 19:07:08.249 767 767 E keystore2: 0: In store_new_key.
01-20 19:07:08.249 767 767 E keystore2: 1: In store_new_key. Failed to handle super encryption.
01-20 19:07:08.249 767 767 E keystore2: 2: In handle_super_encryption_on_key_init. Failed to super encrypt with LskfBound key.
01-20 19:07:08.249 767 767 E keystore2: 3: In super_encrypt. Device is locked.
01-20 19:07:08.249 767 767 E keystore2: 4: Error::Rc(ResponseCode(2))
01-20 19:07:08.260 1477 1756 W ActivityManager: Slow operation: 104ms so far, now at startProcess: returned from zygote!
01-20 19:07:08.264 1477 1756 W ActivityManager: Slow operation: 107ms so far, now at startProcess: done updating battery stats
01-20 19:07:08.264 1477 1756 W ActivityManager: Slow operation: 107ms so far, now at startProcess: building log message
01-20 19:07:08.264 1477 1756 I ActivityManager: Start proc 3191:com.android.keychain/1000 for service {com.android.keychain/com.android.keychain.KeyChainService}
01-20 19:07:08.264 1477 1756 W ActivityManager: Slow operation: 107ms so far, now at startProcess: starting to update pids map
01-20 19:07:08.264 1477 1756 W ActivityManager: Slow operation: 108ms so far, now at startProcess: done updating pids map
01-20 19:07:08.265 1477 1756 W ActivityManager: Slow operation: 97ms so far, now at startProcess: asking zygote to start proc
01-20 19:07:08.269 1477 1755 D CompatibilityChangeReporter: Compat change id reported: 168419799; UID 1001; state: DISABLED
01-20 19:07:08.269 1477 1755 D CompatibilityChangeReporter: Compat change id reported: 273564678; UID 1001; state: DISABLED
01-20 19:07:08.288 1477 1756 W ActivityManager: Slow operation: 120ms so far, now at startProcess: returned from zygote!
01-20 19:07:08.288 1477 1756 W ActivityManager: Slow operation: 121ms so far, now at startProcess: done updating battery stats
01-20 19:07:08.288 1477 1756 W ActivityManager: Slow operation: 121ms so far, now at startProcess: building log message
01-20 19:07:08.288 1477 1756 I ActivityManager: Start proc 3219:org.lineageos.lineageparts/1000 for broadcast {org.lineageos.lineageparts/org.lineageos.lineageparts.BootReceiver}
01-20 19:07:08.288 1477 1756 W ActivityManager: Slow operation: 121ms so far, now at startProcess: starting to update pids map
01-20 19:07:08.289 1477 1756 W ActivityManager: Slow operation: 121ms so far, now at startProcess: done updating pids map
01-20 19:07:08.291 2241 2241 W ActivityThread: getPackageInfo() called with an older ApplicationInfo than the cached version for package android
01-20 19:07:08.292 1477 1520 D CompatibilityChangeReporter: Compat change id reported: 168419799; UID 10139; state: DISABLED
01-20 19:07:08.292 1477 1520 D CompatibilityChangeReporter: Compat change id reported: 273564678; UID 10139; state: DISABLED
01-20 19:07:08.298 1477 1701 I UsbPortManager: USB HAL HIDL version: 10
01-20 19:07:08.301 1477 1520 D CompatibilityChangeReporter: Compat change id reported: 168419799; UID 10157; state: DISABLED
01-20 19:07:08.301 1477 1520 D CompatibilityChangeReporter: Compat change id reported: 273564678; UID 10157; state: DISABLED
01-20 19:07:08.306 1477 1753 W ProcessCpuTracker: Failed to stat(/proc/3130): android.system.ErrnoException: stat failed: ENOENT (No such file or directory)
01-20 19:07:08.306 1477 1753 W ProcessCpuTracker: Skipping unknown process pid 3130
01-20 19:07:08.324 1477 2728 D CompatibilityChangeReporter: Compat change id reported: 168419799; UID 1000; state: DISABLED
01-20 19:07:08.324 1477 2728 D CompatibilityChangeReporter: Compat change id reported: 273564678; UID 1000; state: DISABLED
01-20 19:07:08.336 1477 1520 D CompatibilityChangeReporter: Compat change id reported: 168419799; UID 1000; state: DISABLED
01-20 19:07:08.336 1477 1520 D CompatibilityChangeReporter: Compat change id reported: 273564678; UID 1000; state: DISABLED
01-20 19:07:08.391 1477 2728 W StorageManagerService: Reporting emulated;0 unmounted due to system locked
01-20 19:07:08.400 1477 2467 D CompatibilityChangeReporter: Compat change id reported: 161145287; UID 1001; state: DISABLED
01-20 19:07:08.401 1477 1755 W BroadcastQueue: Permission Denial: broadcasting Intent { act=android.telephony.action.DEFAULT_SUBSCRIPTION_CHANGED flg=0x21000010 (has extras) } from null (pid=-1, uid=-1) requires android.permission.MODIFY_PHONE_STATE due to registered receiver BroadcastFilter{73570af 1001/u0 ReceiverList{374c08e 3153 com.android.ims.rcsservice/1001/u0 remote:e7f889}}
01-20 19:07:08.536 1477 1477 D CompatibilityChangeReporter: Compat change id reported: 168419799; UID 1000; state: DISABLED
01-20 19:07:08.536 1477 1477 D CompatibilityChangeReporter: Compat change id reported: 273564678; UID 1000; state: DISABLED
01-20 19:07:08.550 1477 2580 D CompatibilityChangeReporter: Compat change id reported: 168419799; UID 1001; state: DISABLED
01-20 19:07:08.550 1477 2580 D CompatibilityChangeReporter: Compat change id reported: 273564678; UID 1001; state: DISABLED
01-20 19:07:08.555 1477 1875 I DisplayPowerController[0]: BrightnessEvent: disp=0, physDisp=local:0, brt=0.0017629543, initBrt=0.0017629543, rcmdBrt=NaN, preBrt=NaN, lux=0.0, preLux=0.0, hbmMax=1.0, hbmMode=off, rbcStrength=50, powerFactor=1.0, thrmMax=1.0, wasShortTermModelActive=false, flags=, reason=manual, autoBrightness=false
01-20 19:07:08.556 1477 2580 D CompatibilityChangeReporter: Compat change id reported: 168419799; UID 10115; state: DISABLED
01-20 19:07:08.557 1477 2580 D CompatibilityChangeReporter: Compat change id reported: 273564678; UID 10115; state: DISABLED
01-20 19:07:08.563 1477 3292 I DropBoxManagerService: add tag=SYSTEM_BOOT isTagEnabled=true flags=0x2
01-20 19:07:08.564 1477 2728 D CompatibilityChangeReporter: Compat change id reported: 161145287; UID 10157; state: DISABLED
01-20 19:07:08.565 1477 3292 I BootReceiver: Copying audit failures to DropBox
01-20 19:07:08.565 1477 3292 I BootReceiver: Checking for fsck errors
01-20 19:07:08.566 1477 3292 I BootReceiver: fs_stat, partition:cache stat:0x3
01-20 19:07:08.566 1477 3292 I BootReceiver: fs_stat, partition:userdata stat:0x3
01-20 19:07:08.567 1477 3292 I BootReceiver: fs_stat, partition:persist stat:0x3
01-20 19:07:08.567 1477 3292 I BootReceiver: fs_stat, partition:drm stat:0x3
01-20 19:07:08.567 1477 3292 I BootReceiver: fs_stat, partition:sns stat:0x3
01-20 19:07:08.567 1477 3292 I BootReceiver: fs_stat, partition:mpt stat:0x3
01-20 19:07:08.567 1477 3292 I BootReceiver: fs_stat, partition:qni stat:0x403
01-20 19:07:08.578 1477 3292 D CompatibilityChangeReporter: Compat change id reported: 135634846; UID 10075; state: DISABLED
01-20 19:07:08.578 1477 3292 D CompatibilityChangeReporter: Compat change id reported: 177438394; UID 10075; state: DISABLED
01-20 19:07:08.578 1477 3292 D CompatibilityChangeReporter: Compat change id reported: 135772972; UID 10075; state: DISABLED
01-20 19:07:08.578 1477 3292 D CompatibilityChangeReporter: Compat change id reported: 135754954; UID 10075; state: ENABLED
01-20 19:07:08.578 1477 1756 D CompatibilityChangeReporter: Compat change id reported: 143937733; UID 10075; state: ENABLED
01-20 19:07:08.592 1477 1756 I ActivityManager: Start proc 3301:android.process.media/u0a75 for content provider {com.android.providers.downloads/com.android.providers.downloads.DownloadProvider}
01-20 19:07:08.619 1477 3108 I StorageUserConnection: Service: [ComponentInfo{com.android.providers.media.module/com.android.providers.media.fuse.ExternalStorageServiceImpl}] connected. User [0]
01-20 19:07:08.657 1477 2580 D CompatibilityChangeReporter: Compat change id reported: 168419799; UID 10075; state: DISABLED
01-20 19:07:08.657 1477 2580 D CompatibilityChangeReporter: Compat change id reported: 273564678; UID 10075; state: DISABLED
01-20 19:07:08.706 1477 1477 D CompatibilityChangeReporter: Compat change id reported: 194532703; UID 1000; state: ENABLED
01-20 19:07:08.707 1477 1477 D CompatibilityChangeReporter: Compat change id reported: 194532703; UID 1000; state: DISABLED
01-20 19:07:08.709 1477 1477 I Telecom : DefaultDialerCache: Refreshing default dialer for user 0: now com.android.dialer: DDC.oR@AFw
01-20 19:07:08.710 1477 1477 I Telecom : MissedCallNotifierImpl: reloadAfterBootComplete: user=0: TSBCR.oR@AF0
01-20 19:07:08.723 1477 2728 D CompatibilityChangeReporter: Compat change id reported: 124107808; UID 1001; state: ENABLED
01-20 19:07:08.724 1477 2728 D CompatibilityChangeReporter: Compat change id reported: 124107808; UID 1001; state: DISABLED
01-20 19:07:08.730 1477 1477 W BroadcastQueue: Permission Denial: receiving Intent { act=android.intent.action.BOOT_COMPLETED flg=0x89000010 (has extras) } to org.lineageos.etar/com.android.calendar.UpgradeReceiver requires android.permission.RECEIVE_BOOT_COMPLETED due to sender null (uid 1000)
01-20 19:07:08.734 3111 3111 W ContextImpl: Calling a method in the system process without a qualified user: android.app.ContextImpl.startService:1863 android.content.ContextWrapper.startService:817 android.content.ContextWrapper.startService:817 org.lineageos.pocketmode.BootCompletedReceiver.onReceive:30 android.app.ActivityThread.handleReceiver:4307
01-20 19:07:08.743 1477 2728 D CompatibilityChangeReporter: Compat change id reported: 161145287; UID 1027; state: DISABLED
01-20 19:07:08.769 1477 1521 D CompatibilityChangeReporter: Compat change id reported: 161145287; UID 1000; state: DISABLED
01-20 19:07:08.782 1477 2467 I Telecom : PhoneAccountRegistrar: Modify account: [ComponentInfo{com.android.phone/com.android.services.telephony.TelephonyConnectionService}, 2, UserHandle{0}]: TSI.rPA@AGI
01-20 19:07:08.787 1477 2467 I Telecom : CallsManager: handlePhoneAccountChanged: phoneAccount=[[X] PhoneAccount: ComponentInfo{com.android.phone/com.android.services.telephony.TelephonyConnectionService}, 2, UserHandle{0} Capabilities: CallProvider MultiUser PlaceEmerg SimSub Audio Routes: BESW Schemes: tel voicemail Extras: Bundle[{android.telecom.extra.SUPPORTS_VIDEO_CALLING_FALLBACK=true}] GroupId: ***]: TSI.rPA@AGI
01-20 19:07:08.791 1477 2467 I Telecom : PhoneAccountRegistrar: getSimCallManager: SimCallManager for subId 2 queried, returning: null: TSI.rPA@AGI
01-20 19:07:08.791 1477 2467 I Telecom : PhoneAccountRegistrar: Notifying telephony of voice service override change for 1 SIMs, hasService = false: TSI.rPA@AGI
01-20 19:07:08.793 1477 2580 D CompatibilityChangeReporter: Compat change id reported: 194532703; UID 10115; state: DISABLED
01-20 19:07:08.794 1477 2580 E JobScheduler.JobStatus: App com.android.dialer became active but still in NEVER bucket
01-20 19:07:08.798 1477 2467 D CompatibilityChangeReporter: Compat change id reported: 135634846; UID 1000; state: DISABLED
01-20 19:07:08.798 1477 2467 D CompatibilityChangeReporter: Compat change id reported: 177438394; UID 1000; state: DISABLED
01-20 19:07:08.798 1477 2467 D CompatibilityChangeReporter: Compat change id reported: 135772972; UID 1000; state: DISABLED
01-20 19:07:08.799 1477 2467 D CompatibilityChangeReporter: Compat change id reported: 135754954; UID 1000; state: ENABLED
01-20 19:07:08.813 1477 1477 I Telecom : PhoneAccountRegistrar: getSimCallManager: SimCallManager for subId 2 queried, returning: null: TSI.gSCMFU@AGQ
01-20 19:07:08.825 1477 1756 I ActivityManager: Start proc 3336:com.android.dynsystem/1000 for broadcast {com.android.dynsystem/com.android.dynsystem.BootCompletedReceiver}
01-20 19:07:08.827 1477 1520 D CompatibilityChangeReporter: Compat change id reported: 135634846; UID 10112; state: DISABLED
01-20 19:07:08.827 1477 1520 D CompatibilityChangeReporter: Compat change id reported: 177438394; UID 10112; state: DISABLED
01-20 19:07:08.827 1477 1520 D CompatibilityChangeReporter: Compat change id reported: 135772972; UID 10112; state: DISABLED
01-20 19:07:08.827 1477 1520 D CompatibilityChangeReporter: Compat change id reported: 135754954; UID 10112; state: ENABLED
01-20 19:07:08.827 1477 1756 D CompatibilityChangeReporter: Compat change id reported: 143937733; UID 10112; state: ENABLED
01-20 19:07:08.828 1477 2580 I Telecom : PhoneAccountRegistrar: Modify account: [ComponentInfo{com.android.phone/com.android.services.telephony.TelephonyConnectionService}, 2, UserHandle{0}]: TSI.rPA@AGY
01-20 19:07:08.830 1477 2580 I Telecom : CallsManager: handlePhoneAccountChanged: phoneAccount=[[X] PhoneAccount: ComponentInfo{com.android.phone/com.android.services.telephony.TelephonyConnectionService}, 2, UserHandle{0} Capabilities: CallProvider MultiUser PlaceEmerg SimSub Audio Routes: BESW Schemes: tel voicemail Extras: Bundle[{android.telecom.extra.SUPPORTS_VIDEO_CALLING_FALLBACK=true}] GroupId: ***]: TSI.rPA@AGY
01-20 19:07:08.837 1477 1756 I ActivityManager: Start proc 3337:com.android.imsserviceentitlement/u0a112 for broadcast {com.android.imsserviceentitlement/com.android.imsserviceentitlement.ImsEntitlementReceiver}
01-20 19:07:08.848 1477 2580 I Telecom : PhoneAccountRegistrar: getSimCallManager: SimCallManager for subId 2 queried, returning: null: TSI.rPA@AGY
01-20 19:07:08.848 1477 2580 I Telecom : PhoneAccountRegistrar: Notifying telephony of voice service override change for 1 SIMs, hasService = false: TSI.rPA@AGY
01-20 19:07:08.871 1477 2580 D CompatibilityChangeReporter: Compat change id reported: 168419799; UID 10112; state: DISABLED
01-20 19:07:08.871 1477 2580 D CompatibilityChangeReporter: Compat change id reported: 273564678; UID 10112; state: DISABLED
01-20 19:07:08.930 1477 1520 D CompatibilityChangeReporter: Compat change id reported: 135634846; UID 1000; state: DISABLED
01-20 19:07:08.930 1477 1520 D CompatibilityChangeReporter: Compat change id reported: 177438394; UID 1000; state: DISABLED
01-20 19:07:08.930 1477 1520 D CompatibilityChangeReporter: Compat change id reported: 135772972; UID 1000; state: DISABLED
01-20 19:07:08.930 1477 1520 D CompatibilityChangeReporter: Compat change id reported: 135754954; UID 1000; state: ENABLED
01-20 19:07:08.939 1477 1756 I ActivityManager: Start proc 3380:com.android.dynsystem:dynsystem/1000 for service {com.android.dynsystem/com.android.dynsystem.DynamicSystemInstallationService}
01-20 19:07:08.944 1477 1520 D CompatibilityChangeReporter: Compat change id reported: 135634846; UID 10136; state: DISABLED
01-20 19:07:08.944 1477 1520 D CompatibilityChangeReporter: Compat change id reported: 177438394; UID 10136; state: DISABLED
01-20 19:07:08.944 1477 1520 D CompatibilityChangeReporter: Compat change id reported: 135772972; UID 10136; state: DISABLED
01-20 19:07:08.944 1477 1520 D CompatibilityChangeReporter: Compat change id reported: 135754954; UID 10136; state: DISABLED
01-20 19:07:08.945 1477 1756 D CompatibilityChangeReporter: Compat change id reported: 143937733; UID 10136; state: DISABLED
01-20 19:07:08.954 1477 1756 I ActivityManager: Start proc 3384:com.android.hotwordenrollment.okgoogle/u0a136 for broadcast {com.android.hotwordenrollment.okgoogle/com.android.hotwordenrollment.okgoogle.StartupReceiver}
01-20 19:07:08.982 1477 2467 D CompatibilityChangeReporter: Compat change id reported: 168419799; UID 10136; state: DISABLED
01-20 19:07:08.983 1477 2467 D CompatibilityChangeReporter: Compat change id reported: 273564678; UID 10136; state: DISABLED
01-20 19:07:09.048 1477 2467 I DynamicSystemService: isInstalled(): false --------- beginning of crash
01-20 19:07:09.062 3384 3420 E AndroidRuntime: FATAL EXCEPTION: Thread-2
01-20 19:07:09.062 3384 3420 E AndroidRuntime: Process: com.android.hotwordenrollment.okgoogle, PID: 3384
01-20 19:07:09.062 3384 3420 E AndroidRuntime: java.lang.SecurityException: Caller is not the current voice interaction service
01-20 19:07:09.062 3384 3420 E AndroidRuntime: at android.os.Parcel.createExceptionOrNull(Parcel.java:3011)
01-20 19:07:09.062 3384 3420 E AndroidRuntime: at android.os.Parcel.createException(Parcel.java:2995)
01-20 19:07:09.062 3384 3420 E AndroidRuntime: at android.os.Parcel.readException(Parcel.java:2978)
01-20 19:07:09.062 3384 3420 E AndroidRuntime: at android.os.Parcel.readException(Parcel.java:2920)
01-20 19:07:09.062 3384 3420 E AndroidRuntime: at com.android.internal.app.IVoiceInteractionManagerService$Stub$Proxy.getKeyphraseSoundModel(IVoiceInteractionManagerService.java:1238)
01-20 19:07:09.062 3384 3420 E AndroidRuntime: at com.android.hotwordenrollment.common.EnrollmentUtil.getSoundModel(EnrollmentUtil.java:153)
01-20 19:07:09.062 3384 3420 E AndroidRuntime: at com.android.hotwordenrollment.common.StartupReceiver.updateSoundModel(StartupReceiver.java:75)
01-20 19:07:09.062 3384 3420 E AndroidRuntime: at com.android.hotwordenrollment.common.StartupReceiver.access$000(StartupReceiver.java:32)
01-20 19:07:09.062 3384 3420 E AndroidRuntime: at com.android.hotwordenrollment.common.StartupReceiver$1.run(StartupReceiver.java:48)
01-20 19:07:09.062 3384 3420 E AndroidRuntime: Caused by: android.os.RemoteException: Remote stack trace:
01-20 19:07:09.062 3384 3420 E AndroidRuntime: at com.android.server.voiceinteraction.VoiceInteractionManagerService$VoiceInteractionManagerServiceStub.enforceIsCurrentVoiceInteractionService(VoiceInteractionManagerService.java:1982)
01-20 19:07:09.062 3384 3420 E AndroidRuntime: at com.android.server.voiceinteraction.VoiceInteractionManagerService$VoiceInteractionManagerServiceStub.enforceCallerAllowedToEnrollVoiceModel(VoiceInteractionManagerService.java:1993)
01-20 19:07:09.062 3384 3420 E AndroidRuntime: at com.android.server.voiceinteraction.VoiceInteractionManagerService$VoiceInteractionManagerServiceStub.getKeyphraseSoundModel(VoiceInteractionManagerService.java:1391)
01-20 19:07:09.062 3384 3420 E AndroidRuntime: at com.android.internal.app.IVoiceInteractionManagerService$Stub.onTransact(IVoiceInteractionManagerService.java:677)
01-20 19:07:09.062 3384 3420 E AndroidRuntime: at com.android.server.voiceinteraction.VoiceInteractionManagerService$VoiceInteractionManagerServiceStub.onTransact(VoiceInteractionManagerService.java:466)
01-20 19:07:09.062 3384 3420 E AndroidRuntime:
01-20 19:07:09.065 1477 1520 D CompatibilityChangeReporter: Compat change id reported: 161252188; UID 10115; state: DISABLED
01-20 19:07:09.065 1477 1520 I AppsFilter: Invalidating cache: grantImplicitAccess: 10115 -> 1001
01-20 19:07:09.077 1477 3422 I DropBoxManagerService: add tag=system_app_crash isTagEnabled=true flags=0x2
01-20 19:07:09.081 1477 1755 D CompatibilityChangeReporter: Compat change id reported: 135634846; UID 10138; state: DISABLED
01-20 19:07:09.081 1477 1755 D CompatibilityChangeReporter: Compat change id reported: 177438394; UID 10138; state: DISABLED
01-20 19:07:09.081 1477 1755 D CompatibilityChangeReporter: Compat change id reported: 135772972; UID 10138; state: DISABLED
01-20 19:07:09.081 1477 1755 D CompatibilityChangeReporter: Compat change id reported: 135754954; UID 10138; state: DISABLED
01-20 19:07:09.081 1477 1756 D CompatibilityChangeReporter: Compat change id reported: 143937733; UID 10138; state: DISABLED
01-20 19:07:09.096 1477 1756 I ActivityManager: Start proc 3427:com.android.hotwordenrollment.xgoogle/u0a138 for broadcast {com.android.hotwordenrollment.xgoogle/com.android.hotwordenrollment.xgoogle.StartupReceiver}
01-20 19:07:09.105 1477 1520 I ActivityManager: Process com.android.hotwordenrollment.okgoogle (pid 3384) has died: cch+5 CEM
01-20 19:07:09.110 1477 1929 I AppsFilter: Cache invalidated while building, retrying.
01-20 19:07:09.122 1477 2467 E JobScheduler.JobStatus: App com.android.dialer became active but still in NEVER bucket
01-20 19:07:09.160 1477 1520 D CompatibilityChangeReporter: Compat change id reported: 168419799; UID 10138; state: DISABLED
01-20 19:07:09.160 1477 1520 D CompatibilityChangeReporter: Compat change id reported: 273564678; UID 10138; state: DISABLED
01-20 19:07:09.205 1477 1520 D CompatibilityChangeReporter: Compat change id reported: 161145287; UID 10115; state: DISABLED
01-20 19:07:09.253 3427 3456 E AndroidRuntime: FATAL EXCEPTION: Thread-2
01-20 19:07:09.253 3427 3456 E AndroidRuntime: Process: com.android.hotwordenrollment.xgoogle, PID: 3427
01-20 19:07:09.253 3427 3456 E AndroidRuntime: java.lang.SecurityException: Caller is not the current voice interaction service
01-20 19:07:09.253 3427 3456 E AndroidRuntime: at android.os.Parcel.createExceptionOrNull(Parcel.java:3011)
01-20 19:07:09.253 3427 3456 E AndroidRuntime: at android.os.Parcel.createException(Parcel.java:2995)
01-20 19:07:09.253 3427 3456 E AndroidRuntime: at android.os.Parcel.readException(Parcel.java:2978)
01-20 19:07:09.253 3427 3456 E AndroidRuntime: at android.os.Parcel.readException(Parcel.java:2920)
01-20 19:07:09.253 3427 3456 E AndroidRuntime: at com.android.internal.app.IVoiceInteractionManagerService$Stub$Proxy.getKeyphraseSoundModel(IVoiceInteractionManagerService.java:1238)
01-20 19:07:09.253 3427 3456 E AndroidRuntime: at com.android.hotwordenrollment.common.EnrollmentUtil.getSoundModel(EnrollmentUtil.java:153)
01-20 19:07:09.253 3427 3456 E AndroidRuntime: at com.android.hotwordenrollment.common.StartupReceiver.updateSoundModel(StartupReceiver.java:75)
01-20 19:07:09.253 3427 3456 E AndroidRuntime: at com.android.hotwordenrollment.common.StartupReceiver.access$000(StartupReceiver.java:32)
01-20 19:07:09.253 3427 3456 E AndroidRuntime: at com.android.hotwordenrollment.common.StartupReceiver$1.run(StartupReceiver.java:48)
01-20 19:07:09.259 1477 3462 I DropBoxManagerService: add tag=system_app_crash isTagEnabled=true flags=0x2
01-20 19:07:09.270 1477 2467 D CompatibilityChangeReporter: Compat change id reported: 194532703; UID 10112; state: ENABLED
01-20 19:07:09.275 1477 2467 D CompatibilityChangeReporter: Compat change id reported: 135634846; UID 10128; state: DISABLED
01-20 19:07:09.275 1477 2467 D CompatibilityChangeReporter: Compat change id reported: 177438394; UID 10128; state: DISABLED
01-20 19:07:09.275 1477 2467 D CompatibilityChangeReporter: Compat change id reported: 135772972; UID 10128; state: DISABLED
01-20 19:07:09.276 1477 2467 D CompatibilityChangeReporter: Compat change id reported: 135754954; UID 10128; state: ENABLED
01-20 19:07:09.276 1477 1756 D CompatibilityChangeReporter: Compat change id reported: 143937733; UID 10128; state: ENABLED
01-20 19:07:09.291 1477 1756 I ActivityManager: Start proc 3463:com.android.inputmethod.latin/u0a128 for broadcast {com.android.inputmethod.latin/com.android.inputmethod.latin.SystemBroadcastReceiver}
01-20 19:07:09.294 1477 1520 I ActivityManager: Process com.android.hotwordenrollment.xgoogle (pid 3427) has died: cch+5 CEM
01-20 19:07:09.332 1477 2467 D CompatibilityChangeReporter: Compat change id reported: 168419799; UID 10128; state: DISABLED
01-20 19:07:09.332 1477 2467 D CompatibilityChangeReporter: Compat change id reported: 273564678; UID 10128; state: DISABLED
01-20 19:07:09.403 1477 2467 I ActivityManager: com.android.managedprovisioning is exempt from freezer
01-20 19:07:09.403 1477 2467 D CompatibilityChangeReporter: Compat change id reported: 135634846; UID 10078; state: DISABLED
01-20 19:07:09.403 1477 2467 D CompatibilityChangeReporter: Compat change id reported: 177438394; UID 10078; state: DISABLED
01-20 19:07:09.403 1477 2467 D CompatibilityChangeReporter: Compat change id reported: 135772972; UID 10078; state: DISABLED
01-20 19:07:09.404 1477 2467 D CompatibilityChangeReporter: Compat change id reported: 135754954; UID 10078; state: ENABLED
01-20 19:07:09.404 1477 1756 D CompatibilityChangeReporter: Compat change id reported: 143937733; UID 10078; state: ENABLED
01-20 19:07:09.417 1477 1756 I ActivityManager: Start proc 3482:com.android.managedprovisioning/u0a78 for broadcast {com.android.managedprovisioning/com.android.managedprovisioning.BootReminder}
01-20 19:07:09.456 1477 2467 D CompatibilityChangeReporter: Compat change id reported: 168419799; UID 10078; state: DISABLED
01-20 19:07:09.456 1477 2467 D CompatibilityChangeReporter: Compat change id reported: 273564678; UID 10078; state: DISABLED
01-20 19:07:09.540 1477 2467 D CompatibilityChangeReporter: Compat change id reported: 135634846; UID 10123; state: DISABLED
01-20 19:07:09.540 1477 2467 D CompatibilityChangeReporter: Compat change id reported: 177438394; UID 10123; state: DISABLED
01-20 19:07:09.540 1477 2467 D CompatibilityChangeReporter: Compat change id reported: 135772972; UID 10123; state: DISABLED
01-20 19:07:09.540 1477 2467 D CompatibilityChangeReporter: Compat change id reported: 135754954; UID 10123; state: DISABLED
01-20 19:07:09.541 1477 1756 D CompatibilityChangeReporter: Compat change id reported: 143937733; UID 10123; state: DISABLED
01-20 19:07:09.556 1477 1756 I ActivityManager: Start proc 3499:com.android.messaging/u0a123 for broadcast {com.android.messaging/com.android.messaging.receiver.BootAndPackageReplacedReceiver}
01-20 19:07:09.612 1477 2467 D CompatibilityChangeReporter: Compat change id reported: 168419799; UID 10123; state: DISABLED
01-20 19:07:09.612 1477 2467 D CompatibilityChangeReporter: Compat change id reported: 273564678; UID 10123; state: DISABLED
01-20 19:07:09.623 702 702 I vold : Bind mounting /mnt/runtime/default/emulated/0/Android/data on /mnt/user/0/emulated/0/Android/data
01-20 19:07:09.626 702 702 I vold : Bind mounted /mnt/runtime/default/emulated/0/Android/data on /mnt/user/0/emulated/0/Android/data
01-20 19:07:09.626 702 702 I vold : Bind mounting /mnt/runtime/default/emulated/0/Android/obb on /mnt/user/0/emulated/0/Android/obb
01-20 19:07:09.631 702 702 I vold : Bind mounted /mnt/runtime/default/emulated/0/Android/obb on /mnt/user/0/emulated/0/Android/obb
01-20 19:07:09.631 702 702 I vold : Bind mounting /mnt/runtime/write/emulated/0/Android/obb on /mnt/installer/0/emulated/0/Android/obb
01-20 19:07:09.632 702 702 I vold : Bind mounted /mnt/runtime/write/emulated/0/Android/obb on /mnt/installer/0/emulated/0/Android/obb
01-20 19:07:09.632 702 702 I vold : Configuring read_ahead of /mnt/user/0/emulated fuse filesystem to 256kb
01-20 19:07:09.633 702 702 I vold : Writing 256 to /sys/class/bdi/0:86/read_ahead_kb
01-20 19:07:09.633 702 702 I vold : Configuring max_ratio of /mnt/user/0/emulated fuse filesystem to 40
01-20 19:07:09.633 702 702 I vold : Writing 40 to /sys/class/bdi/0:86/max_ratio
01-20 19:07:09.634 1477 2158 I StorageManagerService: Mounted volume VolumeInfo{emulated;0}:
01-20 19:07:09.634 1477 2158 I StorageManagerService: type=EMULATED diskId=null partGuid= mountFlags=PRIMARY|VISIBLE_FOR_WRITE
01-20 19:07:09.634 1477 2158 I StorageManagerService: mountUserId=0 state=MOUNTED
01-20 19:07:09.634 1477 2158 I StorageManagerService: fsType=null fsUuid=null fsLabel=null
01-20 19:07:09.634 1477 2158 I StorageManagerService: path=/storage/emulated internalPath=/data/media
01-20 19:07:09.635 1477 2158 I StorageSessionController: Notifying volume state changed for session with id: emulated;0
01-20 19:07:09.651 1477 2158 I StorageSessionController: Notifying volume state changed for session with id: emulated;0
01-20 19:07:09.659 702 702 D vold : /system/bin/sgdisk
01-20 19:07:09.659 702 702 D vold : --android-dump
01-20 19:07:09.659 702 702 D vold : /dev/block/vold/disk:179,0
01-20 19:07:09.743 1477 2467 D CompatibilityChangeReporter: Compat change id reported: 194532703; UID 10123; state: DISABLED
01-20 19:07:09.786 1477 3517 D CompatibilityChangeReporter: Compat change id reported: 161145287; UID 10123; state: DISABLED
01-20 19:07:09.795 1477 2467 D CompatibilityChangeReporter: Compat change id reported: 168419799; UID 10075; state: DISABLED
01-20 19:07:09.796 1477 2467 D CompatibilityChangeReporter: Compat change id reported: 273564678; UID 10075; state: DISABLED
01-20 19:07:09.798 1477 2612 D CompatibilityChangeReporter: Compat change id reported: 161145287; UID 10075; state: DISABLED
01-20 19:07:09.802 1477 3517 D CompatibilityChangeReporter: Compat change id reported: 168419799; UID 1027; state: DISABLED
01-20 19:07:09.802 1477 3517 D CompatibilityChangeReporter: Compat change id reported: 273564678; UID 1027; state: DISABLED
01-20 19:07:09.810 1477 2612 D CompatibilityChangeReporter: Compat change id reported: 135634846; UID 10110; state: DISABLED
01-20 19:07:09.810 1477 2612 D CompatibilityChangeReporter: Compat change id reported: 177438394; UID 10110; state: DISABLED
01-20 19:07:09.810 1477 2612 D CompatibilityChangeReporter: Compat change id reported: 135772972; UID 10110; state: DISABLED
01-20 19:07:09.811 1477 2612 D CompatibilityChangeReporter: Compat change id reported: 135754954; UID 10110; state: ENABLED
01-20 19:07:09.811 1477 1756 D CompatibilityChangeReporter: Compat change id reported: 143937733; UID 10110; state: ENABLED
01-20 19:07:09.819 1477 1756 I ActivityManager: Start proc 3525:com.android.onetimeinitializer/u0a110 for broadcast {com.android.onetimeinitializer/com.android.onetimeinitializer.OneTimeInitializerReceiver}
01-20 19:07:09.861 1477 2728 D CompatibilityChangeReporter: Compat change id reported: 168419799; UID 10110; state: DISABLED
01-20 19:07:09.861 1477 2728 D CompatibilityChangeReporter: Compat change id reported: 273564678; UID 10110; state: DISABLED
01-20 19:07:09.886 702 702 D vold : DISK mbr
01-20 19:07:09.886 702 702 D vold : PART 1 c
01-20 19:07:09.891 1477 2158 I StorageSessionController: Notifying volume state changed for session with id: emulated;0
01-20 19:07:09.898 1477 1753 D WallpaperManagerService: Wallpaper_selinux_restorecon-0
01-20 19:07:09.905 1477 2728 D CompatibilityChangeReporter: Compat change id reported: 194532703; UID 10157; state: ENABLED
01-20 19:07:09.905 1477 1753 V WallpaperManagerService: Wallpaper_selinux_restorecon-0 took to complete: 6ms
01-20 19:07:09.910 1477 2728 D CompatibilityChangeReporter: Compat change id reported: 168419799; UID 10157; state: DISABLED
01-20 19:07:09.910 1477 2728 D CompatibilityChangeReporter: Compat change id reported: 273564678; UID 10157; state: DISABLED
01-20 19:07:09.925 1477 1755 D CompatibilityChangeReporter: Compat change id reported: 135634846; UID 10083; state: DISABLED
01-20 19:07:09.925 1477 1755 D CompatibilityChangeReporter: Compat change id reported: 177438394; UID 10083; state: DISABLED
01-20 19:07:09.925 1477 1755 D CompatibilityChangeReporter: Compat change id reported: 135772972; UID 10083; state: DISABLED
01-20 19:07:09.925 1477 1755 D CompatibilityChangeReporter: Compat change id reported: 135754954; UID 10083; state: ENABLED
01-20 19:07:09.926 1477 1756 D CompatibilityChangeReporter: Compat change id reported: 143937733; UID 10083; state: ENABLED
01-20 19:07:09.926 1477 2158 D StorageManagerService: Volume emulated;0 broadcasting mounted to UserHandle{0}
01-20 19:07:09.927 1477 2158 I StorageManagerService: Mounting volume VolumeInfo{public:179,1}:
01-20 19:07:09.927 1477 2158 I StorageManagerService: type=PUBLIC diskId=disk:179,0 partGuid= mountFlags=VISIBLE_FOR_WRITE
01-20 19:07:09.927 1477 2158 I StorageManagerService: mountUserId=0 state=UNMOUNTED
01-20 19:07:09.927 1477 2158 I StorageManagerService: fsType=null fsUuid=null fsLabel=null
01-20 19:07:09.927 1477 2158 I StorageManagerService: path=null internalPath=null
01-20 19:07:09.927 1477 2728 I ActivityManager: com.android.packageinstaller is exempt from freezer
01-20 19:07:09.928 1477 2728 D CompatibilityChangeReporter: Compat change id reported: 135634846; UID 10080; state: DISABLED
01-20 19:07:09.928 1477 2728 D CompatibilityChangeReporter: Compat change id reported: 177438394; UID 10080; state: DISABLED
01-20 19:07:09.928 1477 2728 D CompatibilityChangeReporter: Compat change id reported: 135772972; UID 10080; state: DISABLED
01-20 19:07:09.928 1477 2728 D CompatibilityChangeReporter: Compat change id reported: 135754954; UID 10080; state: ENABLED
01-20 19:07:09.928 702 702 D vold : /system/bin/blkid
01-20 19:07:09.928 702 702 D vold : -c
01-20 19:07:09.928 702 702 D vold : /dev/null
01-20 19:07:09.928 702 702 D vold : -s
01-20 19:07:09.928 702 702 D vold : TYPE
01-20 19:07:09.928 702 702 D vold : -s
01-20 19:07:09.928 702 702 D vold : UUID
01-20 19:07:09.928 702 702 D vold : -s
01-20 19:07:09.928 702 702 D vold : LABEL
01-20 19:07:09.928 702 702 D vold : /dev/block/vold/public:179,1
01-20 19:07:09.933 1477 1753 D CompatibilityChangeReporter: Compat change id reported: 135634846; UID 10102; state: DISABLED
01-20 19:07:09.933 1477 1753 D CompatibilityChangeReporter: Compat change id reported: 177438394; UID 10102; state: DISABLED
01-20 19:07:09.933 1477 1753 D CompatibilityChangeReporter: Compat change id reported: 135772972; UID 10102; state: DISABLED
01-20 19:07:09.933 1477 1753 D CompatibilityChangeReporter: Compat change id reported: 135754954; UID 10102; state: ENABLED
01-20 19:07:09.940 1477 1756 I ActivityManager: Start proc 3546:com.android.externalstorage/u0a83 for broadcast {com.android.externalstorage/com.android.externalstorage.MountReceiver}
01-20 19:07:09.940 1477 1756 D CompatibilityChangeReporter: Compat change id reported: 143937733; UID 10080; state: ENABLED
01-20 19:07:09.954 1477 1756 I ActivityManager: Start proc 3547:com.android.packageinstaller/u0a80 for broadcast {com.android.packageinstaller/com.android.packageinstaller.TemporaryFileManager}
01-20 19:07:09.954 1477 1756 D CompatibilityChangeReporter: Compat change id reported: 143937733; UID 10102; state: ENABLED
01-20 19:07:09.966 1477 1756 I ActivityManager: Start proc 3548:com.android.printspooler/u0a102 for service {com.android.printspooler/com.android.printspooler.model.PrintSpoolerService}
01-20 19:07:09.973 702 702 D vold : /dev/block/vold/public:179,1: UUID="08CF-3C26" TYPE="vfat"
01-20 19:07:09.977 3571 3571 D vold : /system/bin/fsck_msdos
01-20 19:07:09.977 3571 3571 D vold : -p
01-20 19:07:09.977 3571 3571 D vold : -f
01-20 19:07:09.977 3571 3571 D vold : -y
01-20 19:07:09.977 3571 3571 D vold : /dev/block/vold/public:179,1
01-20 19:07:09.978 1477 3517 D CompatibilityChangeReporter: Compat change id reported: 149924527; UID 10157; state: ENABLED
01-20 19:07:09.979 1477 3517 D CompatibilityChangeReporter: Compat change id reported: 132649864; UID 10157; state: DISABLED
01-20 19:07:09.981 1477 3517 D CompatibilityChangeReporter: Compat change id reported: 182734110; UID 10157; state: ENABLED
01-20 19:07:09.988 1477 2612 D CompatibilityChangeReporter: Compat change id reported: 168419799; UID 10080; state: DISABLED
01-20 19:07:09.988 1477 2612 D CompatibilityChangeReporter: Compat change id reported: 273564678; UID 10080; state: DISABLED
01-20 19:07:10.002 1477 2728 D CompatibilityChangeReporter: Compat change id reported: 168419799; UID 10083; state: DISABLED
01-20 19:07:10.002 1477 2728 D CompatibilityChangeReporter: Compat change id reported: 273564678; UID 10083; state: DISABLED
01-20 19:07:10.013 1477 2728 D CompatibilityChangeReporter: Compat change id reported: 168419799; UID 10102; state: DISABLED
01-20 19:07:10.013 1477 2728 D CompatibilityChangeReporter: Compat change id reported: 273564678; UID 10102; state: DISABLED
01-20 19:07:10.073 1477 3517 D CompatibilityChangeReporter: Compat change id reported: 194532703; UID 10075; state: ENABLED
01-20 19:07:10.088 1477 3517 D CompatibilityChangeReporter: Compat change id reported: 135634846; UID 10162; state: DISABLED
01-20 19:07:10.088 1477 3517 D CompatibilityChangeReporter: Compat change id reported: 177438394; UID 10162; state: DISABLED
01-20 19:07:10.088 1477 3517 D CompatibilityChangeReporter: Compat change id reported: 135772972; UID 10162; state: DISABLED
01-20 19:07:10.089 1477 3517 D CompatibilityChangeReporter: Compat change id reported: 135754954; UID 10162; state: DISABLED
01-20 19:07:10.089 1477 1756 D CompatibilityChangeReporter: Compat change id reported: 143937733; UID 10162; state: DISABLED
01-20 19:07:10.097 1477 1756 I ActivityManager: Start proc 3603:org.fdroid.fdroid/u0a162 for broadcast {org.fdroid.fdroid/org.fdroid.fdroid.nearby.UsbDeviceMediaMountedReceiver}
01-20 19:07:10.109 1477 1753 D CompatibilityChangeReporter: Compat change id reported: 168419799; UID 1000; state: DISABLED
01-20 19:07:10.109 1477 1753 D CompatibilityChangeReporter: Compat change id reported: 273564678; UID 1000; state: DISABLED
01-20 19:07:10.115 1477 1753 W UsageStatsService: Unexpected activity event reported! (com.android.settings/com.android.settings.FallbackHome event : 23 instanceId : 52323913)
01-20 19:07:10.119 1477 2728 D CompatibilityChangeReporter: Compat change id reported: 194532703; UID 10155; state: DISABLED
01-20 19:07:10.139 1477 2612 D CompatibilityChangeReporter: Compat change id reported: 168419799; UID 10162; state: DISABLED
01-20 19:07:10.139 1477 2612 D CompatibilityChangeReporter: Compat change id reported: 273564678; UID 10162; state: DISABLED
01-20 19:07:10.167 1477 3517 D CompatibilityChangeReporter: Compat change id reported: 135634846; UID 10077; state: DISABLED
01-20 19:07:10.167 1477 3517 D CompatibilityChangeReporter: Compat change id reported: 177438394; UID 10077; state: DISABLED
