01-20 19:07:52.727 0 0 I __afe_port_start: [NXP] afe_apr_send_pkt[AFE_PORT_CMD_DEVICE_START] enter
01-20 19:07:52.728 0 0 I __afe_port_start: [NXP] afe_apr_send_pkt[AFE_PORT_CMD_DEVICE_START] exit
01-20 19:07:52.732 0 0 I afe_callback: AFE_EVENT_TFADSP_STATE_INIT data = 0x0
01-20 19:07:52.733 0 0 I _tfa98xx_mute(): _tfa98xx_mute: ram_exception=-1, mute=0 stream=0
01-20 19:07:52.733 0 0 I _tfa98xx_mute(): mute:0 [pstream 1, cstream 1, samstream 0]
01-20 19:07:52.733 0 0 I _tfa98xx_mute(): _tfa98xx_mute: start tfa amp
01-20 19:07:52.733 0 0 I tfa98xx_dsp_init_work(): tfa98xx_dsp_init_work: enter with profile 0
01-20 19:07:52.733 0 0 I tfa98xx_dsp_init(): tfa98xx_dsp_init: ...
01-20 19:07:52.733 0 0 I tfa_start: tfa98xx_log_start_cnt=6 next_profile 0
01-20 19:07:52.734 0 0 I tfa_run_speaker_boost: cold boot, ext_dsp = 1, profile = 0
01-20 19:07:52.734 0 0 I tfa_run_speaker_boost: cold start, speaker startup
01-20 19:07:52.735 0 0 E q6core_get_service_version: Failed to get service size for service id 7 with error -95
01-20 19:07:52.736 0 0 E q6asm_callback: payload size of 8 is less than expected.
01-20 19:07:52.736 0 0 E q6asm_callback: payload size of 8 is less than expected.
01-20 19:07:52.736 0 0 E q6core_get_service_version: Failed to get service size for service id 8 with error -95
01-20 19:07:52.743 0 0 E q6core_get_service_version: Failed to get service size for service id 7 with error -95
01-20 19:07:52.743 0 0 E q6asm_callback: payload size of 8 is less than expected.
01-20 19:07:52.751 0 0 E q6asm_callback: payload size of 8 is less than expected.
01-20 19:07:52.772 0 0 I tfa_cont_write_vstepMax2_One: is_cold 1
01-20 19:07:52.772 0 0 I P-ID : cmdid[2]=0x02 to 0x00
01-20 19:07:52.772 0 0 I tfa_cont_write_vstepMax2_One: is_cold 1
01-20 19:07:52.772 0 0 I tfa_cont_write_vstepMax2_One: is_cold 1
01-20 19:07:52.772 0 0 I P-ID : cmdid[2]=0x08 to 0x07
01-20 19:07:52.776 0 0 I afe_callback: AFE_PORT_CMD_SET_PARAM_V3 , data->token = 38, payload = 65775, 0
01-20 19:07:52.776 0 0 I afe_callback: AFE_PORT_CMD_SET_PARAM_V3 , data->token = 38, payload = 65775, 0
01-20 19:07:52.776 0 0 I afe_callback: AFE_PORT_CMD_SET_PARAM_V3 , data->token = 38, payload = 65775, 0
01-20 19:07:52.776 0 0 I afe_callback: AFE_PORT_CMD_SET_PARAM_V3 , data->token = 38, payload = 65775, 0
01-20 19:07:52.776 0 0 I afe_callback: AFE_PORT_CMD_SET_PARAM_V3 , data->token = 38, payload = 65775, 0
01-20 19:07:52.776 0 0 I afe_callback: AFE_PORT_CMD_SET_PARAM_V3 , data->token = 38, payload = 65775, 0
01-20 19:07:52.777 0 0 I afe_tfa_dsp_send_msg: [0]:0xff-[1]:0xff-[2]:0x0-[3]:0x74, [4]:0x0-[5]:0x0, packet_id:65535, packet_size:116
01-20 19:07:52.777 0 0 I afe_callback: TFADSP is configured
01-20 19:07:52.777 0 0 I afe_callback: AFE_PORT_CMD_SET_PARAM_V3 , data->token = 38, payload = 65775, 0
01-20 19:07:52.778 0 0 I tfa_set_calibration_values: calibration data: 5963
01-20 19:07:52.778 0 0 I tfa_start: [cold] device:TFA profile:music
01-20 19:07:52.876 1477 2580 D CoreBackPreview: Window{a8ee3c0 u0 com.android.messaging/com.android.messaging.ui.conversation.ConversationActivity}: Setting back callback OnBackInvokedCallbackInfo{mCallback=android.window.IOnBackInvokedCallback$Stub$Proxy@9bfff3d, mPriority=0}
01-20 19:07:52.924 0 0 W : IRQ5 no longer affine to CPU6
01-20 19:07:53.009 1477 2580 D CoreBackPreview: Window{a8ee3c0 u0 com.android.messaging/com.android.messaging.ui.conversation.ConversationActivity}: Setting back callback OnBackInvokedCallbackInfo{mCallback=android.window.IOnBackInvokedCallback$Stub$Proxy@cb27332, mPriority=0}
01-20 19:07:53.905 0 0 I : [Touch] 1 finger pressed:<0>( 437,1622, 43)
01-20 19:07:53.991 0 0 I : [Touch] finger released:<0>( 459,1607, 50)
01-20 19:07:54.630 0 0 I : [Touch] 1 finger pressed:<0>( 73,2569, 40)
01-20 19:07:54.658 0 0 F tspdrv : ! ImmVibeSPI_ForceOut_AmpDisable.
01-20 19:07:54.697 0 0 I : [Touch] finger released:<0>( 82,2570, 40)
01-20 19:07:55.319 0 0 I : [Touch] 1 finger pressed:<0>( 757,1951, 43)
01-20 19:07:55.328 0 0 F tspdrv : ! ImmVibeSPI_ForceOut_AmpDisable.
01-20 19:07:55.330 0 0 F tspdrv : ! ImmVibeSPI_ForceOut_AmpDisable.
01-20 19:07:55.393 0 0 I : [Touch] finger released:<0>( 767,1951, 48)
01-20 19:07:55.581 0 0 I : [Touch] 1 finger pressed:<0>( 517,1938, 44)
01-20 19:07:55.589 0 0 F tspdrv : ! ImmVibeSPI_ForceOut_AmpDisable.
01-20 19:07:55.591 0 0 F tspdrv : ! ImmVibeSPI_ForceOut_AmpDisable.
01-20 19:07:55.639 0 0 I : [Touch] finger released:<0>( 517,1937, 46)
01-20 19:07:56.003 0 0 I binder : 691:691 ioctl c018620c 7ff5f93a30 returned -22
01-20 19:07:56.123 0 0 I : [Touch] 1 finger pressed:<0>(1360,1936, 43)
01-20 19:07:56.128 0 0 F tspdrv : ! ImmVibeSPI_ForceOut_AmpDisable.
01-20 19:07:56.131 0 0 F tspdrv : ! ImmVibeSPI_ForceOut_AmpDisable.
01-20 19:07:56.199 0 0 I : [Touch] finger released:<0>(1355,1941, 44)
01-20 19:07:56.709 0 0 I : [Touch] 1 finger pressed:<0>( 684,2536, 42)
01-20 19:07:56.714 0 0 F tspdrv : ! ImmVibeSPI_ForceOut_AmpDisable.
01-20 19:07:56.716 0 0 F tspdrv : ! ImmVibeSPI_ForceOut_AmpDisable.
01-20 19:07:56.764 0 0 I : [Touch] finger released:<0>( 684,2534, 45)
01-20 19:07:57.105 0 0 I pet_watchdog [enable: 1, jiffies : 4294944348, delay_time : 1000]
01-20 19:07:57.149 0 0 I _tfa98xx_mute(): _tfa98xx_mute: ram_exception=-1, mute=1 stream=0
01-20 19:07:57.149 0 0 I _tfa98xx_mute(): mute:1 [pstream 0, cstream 1, samstream 0]
01-20 19:07:57.149 0 0 I _tfa98xx_stop(): _tfa98xx_stop: stop tfa amp
01-20 19:07:57.168 0 0 E q6asm_callback: payload size of 8 is less than expected.
01-20 19:07:57.183 0 0 I afe_close: [NXP] afe_apr_send_pkt[AFE_PORT_CMD_DEVICE_STOP] enter
01-20 19:07:57.186 0 0 I afe_callback: AFE_EVENT_TFADSP_STATE_CLOSE data = 0x0
01-20 19:07:57.189 0 0 I afe_close: [NXP] afe_apr_send_pkt[AFE_PORT_CMD_DEVICE_STOP] exit
01-20 19:07:57.194 0 0 I _tfa98xx_mute(): _tfa98xx_mute: ram_exception=-1, mute=1 stream=1
01-20 19:07:57.194 0 0 I _tfa98xx_mute(): mute:1 [pstream 0, cstream 0, samstream 0]
01-20 19:07:57.194 0 0 I _tfa98xx_stop(): _tfa98xx_stop: stop tfa amp
01-20 19:07:57.250 0 0 I : [Touch] 1 finger pressed:<0>( 103,2638, 41)
01-20 19:07:57.260 0 0 F tspdrv : ! ImmVibeSPI_ForceOut_AmpDisable.
01-20 19:07:57.263 0 0 F tspdrv : ! ImmVibeSPI_ForceOut_AmpDisable.
01-20 19:07:57.315 0 0 I : [Touch] finger released:<0>( 105,2620, 42)
01-20 19:07:58.276 0 0 F tspdrv : ! ImmVibeSPI_ForceOut_AmpDisable.
01-20 19:07:58.360 0 0 I : [Touch] 1 finger pressed:<0>( 646,1917, 47)
01-20 19:07:58.367 0 0 F tspdrv : ! ImmVibeSPI_ForceOut_AmpDisable.
01-20 19:07:58.452 0 0 I : [Touch] finger released:<0>( 655,1914, 51)
01-20 19:07:58.534 0 0 I : [Touch] 1 finger pressed:<0>( 655,1942, 43)
01-20 19:07:58.538 0 0 F tspdrv : ! ImmVibeSPI_ForceOut_AmpDisable.
01-20 19:07:58.543 0 0 F tspdrv : ! ImmVibeSPI_ForceOut_AmpDisable.
01-20 19:07:58.583 0 0 I : [bm] monitoring
01-20 19:07:58.613 0 0 I : [Touch] finger released:<0>( 662,1941, 49)
01-20 19:07:58.995 1477 1701 D OomAdjuster: Not killing cached processes
01-20 19:07:59.002 0 0 I : [Touch] 1 finger pressed:<0>(1297,1937, 38)
01-20 19:07:59.020 0 0 F tspdrv : ! ImmVibeSPI_ForceOut_AmpDisable.
01-20 19:07:59.023 0 0 F tspdrv : ! ImmVibeSPI_ForceOut_AmpDisable.
01-20 19:07:59.104 0 0 I : [Touch] finger released:<0>(1301,1923, 46)
01-20 19:07:59.316 0 0 I : [Touch] 1 finger pressed:<0>(1208,1968, 46)
01-20 19:07:59.325 0 0 F tspdrv : ! ImmVibeSPI_ForceOut_AmpDisable.
01-20 19:07:59.328 0 0 F tspdrv : ! ImmVibeSPI_ForceOut_AmpDisable.
01-20 19:07:59.392 0 0 I : [Touch] finger released:<0>(1214,1964, 49)
01-20 19:07:59.961 0 0 I : [Touch] 1 finger pressed:<0>( 789,1904, 42)
01-20 19:07:59.968 0 0 F tspdrv : ! ImmVibeSPI_ForceOut_AmpDisable.
01-20 19:07:59.971 0 0 F tspdrv : ! ImmVibeSPI_ForceOut_AmpDisable.
01-20 19:08:00.005 0 0 I : [Touch] finger released:<0>( 789,1903, 42)
01-20 19:08:00.985 0 0 F tspdrv : ! ImmVibeSPI_ForceOut_AmpDisable.
01-20 19:08:01.003 0 0 I binder : 691:691 ioctl c018620c 7ff5f93a30 returned -22
01-20 19:08:01.019 0 0 I : [Touch] 1 finger pressed:<0>(1302,1593, 39)
01-20 19:08:01.076 0 0 E __layer_param_check: invalid source image img flag=0 wh=1472x176 rect=0,0,720,2880
01-20 19:08:01.076 0 0 E __validate_layers: layer:6 validation failed ret=-22
01-20 19:08:01.077 0 0 I : [Touch] finger released:<0>(1297,1599, 41)
01-20 19:08:01.079 0 0 E mdss_fb_atomic_commit_ioctl: atomic commit failed ret:-22
01-20 19:08:01.100 0 0 I tfa98xx_hw_params(): tfa98xx_hw_params: tfa98xx_profile 0
01-20 19:08:01.106 0 0 E __layer_param_check: invalid source image img flag=0 wh=1472x176 rect=0,0,720,1632
01-20 19:08:01.106 0 0 E __validate_layers: layer:6 validation failed ret=-22
01-20 19:08:01.106 0 0 E mdss_fb_atomic_commit_ioctl: atomic commit failed ret:-22
01-20 19:08:01.120 0 0 I _tfa98xx_mute(): _tfa98xx_mute: ram_exception=-1, mute=0 stream=1
01-20 19:08:01.120 0 0 I _tfa98xx_mute(): mute:0 [pstream 0, cstream 1, samstream 0]
01-20 19:08:01.120 0 0 I _tfa98xx_mute(): unmute is suspended when only cstream is on
01-20 19:08:01.127 0 0 I tfa98xx_hw_params(): tfa98xx_hw_params: tfa98xx_profile 0
01-20 19:08:01.131 0 0 E : msm_pcm_compress_ctl_get substream runtime not found
01-20 19:08:01.131 0 0 E : msm_pcm_compress_ctl_put substream runtime not found
01-20 19:08:01.133 0 0 I __afe_port_start: [NXP] afe_apr_send_pkt[AFE_PORT_CMD_DEVICE_START] enter
01-20 19:08:01.133 0 0 I __afe_port_start: [NXP] afe_apr_send_pkt[AFE_PORT_CMD_DEVICE_START] exit
01-20 19:08:01.138 0 0 I afe_callback: AFE_EVENT_TFADSP_STATE_INIT data = 0x0
01-20 19:08:01.139 0 0 I _tfa98xx_mute(): _tfa98xx_mute: ram_exception=-1, mute=0 stream=0
01-20 19:08:01.139 0 0 I _tfa98xx_mute(): mute:0 [pstream 1, cstream 1, samstream 0]
01-20 19:08:01.139 0 0 I _tfa98xx_mute(): _tfa98xx_mute: start tfa amp
01-20 19:08:01.139 0 0 I tfa98xx_dsp_init_work(): tfa98xx_dsp_init_work: enter with profile 0
01-20 19:08:01.139 0 0 I tfa98xx_dsp_init(): tfa98xx_dsp_init: ...
01-20 19:08:01.139 0 0 I tfa_start: tfa98xx_log_start_cnt=7 next_profile 0
01-20 19:08:01.140 0 0 I tfa_run_speaker_boost: cold boot, ext_dsp = 1, profile = 0
01-20 19:08:01.140 0 0 I tfa_run_speaker_boost: cold start, speaker startup
01-20 19:08:01.140 0 0 E q6core_get_service_version: Failed to get service size for service id 7 with error -95
01-20 19:08:01.142 0 0 E q6asm_callback: payload size of 8 is less than expected.
01-20 19:08:01.142 0 0 E q6asm_callback: payload size of 8 is less than expected.
01-20 19:08:01.142 0 0 E q6core_get_service_version: Failed to get service size for service id 8 with error -95
01-20 19:08:01.149 0 0 E q6core_get_service_version: Failed to get service size for service id 7 with error -95
01-20 19:08:01.149 0 0 E q6asm_callback: payload size of 8 is less than expected.
01-20 19:08:01.159 0 0 E q6asm_callback: payload size of 8 is less than expected.
01-20 19:08:01.185 0 0 I tfa_cont_write_vstepMax2_One: is_cold 1
01-20 19:08:01.185 0 0 I P-ID : cmdid[2]=0x02 to 0x00
01-20 19:08:01.185 0 0 I tfa_cont_write_vstepMax2_One: is_cold 1
01-20 19:08:01.186 0 0 I tfa_cont_write_vstepMax2_One: is_cold 1
01-20 19:08:01.186 0 0 I P-ID : cmdid[2]=0x08 to 0x07
01-20 19:08:01.190 0 0 I afe_callback: AFE_PORT_CMD_SET_PARAM_V3 , data->token = 38, payload = 65775, 0
01-20 19:08:01.190 0 0 I afe_callback: AFE_PORT_CMD_SET_PARAM_V3 , data->token = 38, payload = 65775, 0
01-20 19:08:01.190 0 0 I afe_callback: AFE_PORT_CMD_SET_PARAM_V3 , data->token = 38, payload = 65775, 0
01-20 19:08:01.191 0 0 I afe_callback: AFE_PORT_CMD_SET_PARAM_V3 , data->token = 38, payload = 65775, 0
01-20 19:08:01.191 0 0 I afe_callback: AFE_PORT_CMD_SET_PARAM_V3 , data->token = 38, payload = 65775, 0
01-20 19:08:01.191 0 0 I afe_callback: AFE_PORT_CMD_SET_PARAM_V3 , data->token = 38, payload = 65775, 0
01-20 19:08:01.191 0 0 I afe_tfa_dsp_send_msg: [0]:0xff-[1]:0xff-[2]:0x0-[3]:0x74, [4]:0x0-[5]:0x0, packet_id:65535, packet_size:116
01-20 19:08:01.192 0 0 I afe_callback: TFADSP is configured
01-20 19:08:01.192 0 0 I afe_callback: AFE_PORT_CMD_SET_PARAM_V3 , data->token = 38, payload = 65775, 0
01-20 19:08:01.203 0 0 I tfa_set_calibration_values: calibration data: 5963
01-20 19:08:01.204 0 0 I tfa_start: [cold] device:TFA profile:music
01-20 19:08:01.239 0 0 E __layer_param_check: invalid source image img flag=0 wh=1472x176 rect=0,0,720,2880
01-20 19:08:01.239 0 0 E __validate_layers: layer:6 validation failed ret=-22
01-20 19:08:01.239 0 0 E mdss_fb_atomic_commit_ioctl: atomic commit failed ret:-22
01-20 19:08:01.256 0 0 E __layer_param_check: invalid source image img flag=0 wh=1472x176 rect=0,0,720,1632
01-20 19:08:01.256 0 0 E __validate_layers: layer:6 validation failed ret=-22
01-20 19:08:01.256 0 0 E mdss_fb_atomic_commit_ioctl: atomic commit failed ret:-22
01-20 19:08:01.272 0 0 E __layer_param_check: invalid source image img flag=0 wh=1472x176 rect=0,0,720,1632
01-20 19:08:01.272 0 0 E __validate_layers: layer:6 validation failed ret=-22
01-20 19:08:01.272 0 0 E mdss_fb_atomic_commit_ioctl: atomic commit failed ret:-22
01-20 19:08:01.289 0 0 E __layer_param_check: invalid source image img flag=0 wh=1472x176 rect=0,0,720,1632
01-20 19:08:01.289 0 0 E __validate_layers: layer:6 validation failed ret=-22
01-20 19:08:01.289 0 0 E mdss_fb_atomic_commit_ioctl: atomic commit failed ret:-22
01-20 19:08:01.305 0 0 E __layer_param_check: invalid source image img flag=0 wh=1472x176 rect=0,0,720,2880
01-20 19:08:01.305 0 0 E __validate_layers: layer:6 validation failed ret=-22
01-20 19:08:01.305 0 0 E mdss_fb_atomic_commit_ioctl: atomic commit failed ret:-22
01-20 19:08:01.321 0 0 E __layer_param_check: invalid source image img flag=0 wh=1472x176 rect=0,0,720,1632
01-20 19:08:01.321 0 0 E __validate_layers: layer:6 validation failed ret=-22
01-20 19:08:01.321 0 0 E mdss_fb_atomic_commit_ioctl: atomic commit failed ret:-22
01-20 19:08:01.338 0 0 E __layer_param_check: invalid source image img flag=0 wh=1472x176 rect=0,0,720,2880
01-20 19:08:01.338 0 0 E __validate_layers: layer:6 validation failed ret=-22
01-20 19:08:01.338 0 0 E mdss_fb_atomic_commit_ioctl: atomic commit failed ret:-22
01-20 19:08:01.354 0 0 E __layer_param_check: invalid source image img flag=0 wh=1472x176 rect=0,0,720,1632
01-20 19:08:01.354 0 0 E __validate_layers: layer:6 validation failed ret=-22
01-20 19:08:01.354 0 0 E mdss_fb_atomic_commit_ioctl: atomic commit failed ret:-22
01-20 19:08:01.373 1477 3517 D CoreBackPreview: Window{2ae10c1 u0 PopupWindow:22b2a25}: Setting back callback OnBackInvokedCallbackInfo{mCallback=android.window.IOnBackInvokedCallback$Stub$Proxy@f770fa7, mPriority=0}
01-20 19:08:01.384 0 0 W : IRQ5 no longer affine to CPU7
01-20 19:08:01.388 0 0 E __layer_param_check: invalid source image img flag=0 wh=1472x176 rect=0,0,720,2880
01-20 19:08:01.388 0 0 E __validate_layers: layer:6 validation failed ret=-22
01-20 19:08:01.388 0 0 E mdss_fb_atomic_commit_ioctl: atomic commit failed ret:-22
01-20 19:08:01.421 0 0 E __layer_param_check: invalid source image img flag=0 wh=1472x176 rect=0,0,720,2880
01-20 19:08:01.421 0 0 E __validate_layers: layer:6 validation failed ret=-22
01-20 19:08:01.421 0 0 E mdss_fb_atomic_commit_ioctl: atomic commit failed ret:-22
01-20 19:08:01.444 1477 2631 D CoreBackPreview: Window{2ae10c1 u0 PopupWindow:22b2a25}: Setting back callback null
01-20 19:08:01.525 1477 2728 D CoreBackPreview: Window{e3bac31 u0 com.android.phone}: Setting back callback OnBackInvokedCallbackInfo{mCallback=android.window.IOnBackInvokedCallback$Stub$Proxy@9edda6d, mPriority=0}
01-20 19:08:01.564 0 0 W : IRQ5 no longer affine to CPU4
01-20 19:08:03.088 0 0 I : [Touch] 1 finger pressed:<0>(1186,1704, 52)
01-20 19:08:03.171 0 0 I : [Touch] finger released:<0>(1202,1703, 55)
01-20 19:08:03.252 1477 2580 D CoreBackPreview: Window{e3bac31 u0 com.android.phone}: Setting back callback null
01-20 19:08:03.274 1477 1704 V WindowManager: Unknown focus tokens, dropping reportFocusChanged
01-20 19:08:03.304 1477 2728 D CoreBackPreview: Window{a8ee3c0 u0 com.android.messaging/com.android.messaging.ui.conversation.ConversationActivity}: Setting back callback OnBackInvokedCallbackInfo{mCallback=android.window.IOnBackInvokedCallback$Stub$Proxy@8aa820, mPriority=0}
01-20 19:08:03.305 1477 2728 D CoreBackPreview: Window{a8ee3c0 u0 com.android.messaging/com.android.messaging.ui.conversation.ConversationActivity}: Setting back callback OnBackInvokedCallbackInfo{mCallback=android.window.IOnBackInvokedCallback$Stub$Proxy@30385d9, mPriority=0}
01-20 19:08:04.792 1477 2492 W ContextImpl: Calling a method in the system process without a qualified user: android.app.ContextImpl.sendBroadcastMultiplePermissions:1222 com.android.server.TelephonyRegistry.broadcastServiceStateChanged:3111 com.android.server.TelephonyRegistry.notifyServiceStateForPhoneId:1616 com.android.internal.telephony.ITelephonyRegistry$Stub.onTransact:492 android.os.Binder.execTransactInternal:1285
01-20 19:08:04.793 1477 2492 W ContextImpl: Calling a method in the system process without a qualified user: android.app.ContextImpl.sendBroadcastMultiplePermissions:1272 android.content.Context.sendBroadcastMultiplePermissions:2272 com.android.server.TelephonyRegistry.broadcastServiceStateChanged:3114 com.android.server.TelephonyRegistry.notifyServiceStateForPhoneId:1616 com.android.internal.telephony.ITelephonyRegistry$Stub.onTransact:492
01-20 19:08:04.794 1477 2492 W ContextImpl: Calling a method in the system process without a qualified user: android.app.ContextImpl.sendBroadcastMultiplePermissions:1272 com.android.server.TelephonyRegistry.broadcastServiceStateChanged:3121 com.android.server.TelephonyRegistry.notifyServiceStateForPhoneId:1616 com.android.internal.telephony.ITelephonyRegistry$Stub.onTransact:492 android.os.Binder.execTransactInternal:1285
01-20 19:08:04.797 1477 1755 W BroadcastQueue: Permission Denial: receiving Intent { act=android.intent.action.SERVICE_STATE flg=0x1000010 (has extras) } to com.android.cellbroadcastreceiver.module/com.android.cellbroadcastreceiver.CellBroadcastReceiver requires android.permission.READ_PHONE_STATE due to sender android (uid 1001)
01-20 19:08:04.797 1477 2492 W ContextImpl: Calling a method in the system process without a qualified user: android.app.ContextImpl.sendBroadcastMultiplePermissions:1272 com.android.server.TelephonyRegistry.broadcastServiceStateChanged:3126 com.android.server.TelephonyRegistry.notifyServiceStateForPhoneId:1616 com.android.internal.telephony.ITelephonyRegistry$Stub.onTransact:492 android.os.Binder.execTransactInternal:1285
01-20 19:08:04.798 1477 1755 W BroadcastQueue: Appop Denial: receiving Intent { act=android.intent.action.SERVICE_STATE flg=0x1000010 (has extras) } to ProcessRecord{d39a49b 2241:com.android.systemui/u0a135} (pid=2241, uid=10135) excludes appop android:read_phone_state due to sender android (uid 1001)
01-20 19:08:04.799 1477 1755 D OomAdjuster: Not killing cached processes
01-20 19:08:04.856 1477 2316 W ContextImpl: Calling a method in the system process without a qualified user: android.app.ContextImpl.sendBroadcastMultiplePermissions:1272 android.content.Context.sendBroadcastMultiplePermissions:2272 com.android.server.TelephonyRegistry.broadcastDataConnectionStateChanged:3281 com.android.server.TelephonyRegistry.notifyDataConnectionForSubscriber:2036 com.android.internal.telephony.ITelephonyRegistry$Stub.onTransact:571
01-20 19:08:04.857 1477 1755 W BroadcastQueue: Appop Denial: receiving Intent { act=android.intent.action.ANY_DATA_STATE flg=0x10 (has extras) } to ProcessRecord{4bef431 3131:.dataservices/1001} (pid=3131, uid=1001) excludes appop android:read_phone_state due to sender android (uid 1001)
01-20 19:08:04.978 1477 2728 W ContextImpl: Calling a method in the system process without a qualified user: android.app.ContextImpl.sendBroadcastMultiplePermissions:1272 android.content.Context.sendBroadcastMultiplePermissions:2272 com.android.server.TelephonyRegistry.broadcastDataConnectionStateChanged:3281 com.android.server.TelephonyRegistry.notifyDataConnectionForSubscriber:2036 com.android.internal.telephony.ITelephonyRegistry$Stub.onTransact:571
01-20 19:08:04.981 1477 1755 W BroadcastQueue: Appop Denial: receiving Intent { act=android.intent.action.ANY_DATA_STATE flg=0x10 (has extras) } to ProcessRecord{4bef431 3131:.dataservices/1001} (pid=3131, uid=1001) excludes appop android:read_phone_state due to sender android (uid 1001)
01-20 19:08:05.016 1477 2492 W ContextImpl: Calling a method in the system process without a qualified user: android.app.ContextImpl.sendBroadcastMultiplePermissions:1222 com.android.server.TelephonyRegistry.broadcastServiceStateChanged:3111 com.android.server.TelephonyRegistry.notifyServiceStateForPhoneId:1616 com.android.internal.telephony.ITelephonyRegistry$Stub.onTransact:492 android.os.Binder.execTransactInternal:1285
01-20 19:08:05.017 1477 2492 W ContextImpl: Calling a method in the system process without a qualified user: android.app.ContextImpl.sendBroadcastMultiplePermissions:1272 android.content.Context.sendBroadcastMultiplePermissions:2272 com.android.server.TelephonyRegistry.broadcastServiceStateChanged:3114 com.android.server.TelephonyRegistry.notifyServiceStateForPhoneId:1616 com.android.internal.telephony.ITelephonyRegistry$Stub.onTransact:492
01-20 19:08:05.018 1477 2492 W ContextImpl: Calling a method in the system process without a qualified user: android.app.ContextImpl.sendBroadcastMultiplePermissions:1272 com.android.server.TelephonyRegistry.broadcastServiceStateChanged:3121 com.android.server.TelephonyRegistry.notifyServiceStateForPhoneId:1616 com.android.internal.telephony.ITelephonyRegistry$Stub.onTransact:492 android.os.Binder.execTransactInternal:1285
01-20 19:08:05.020 1477 1755 W BroadcastQueue: Permission Denial: receiving Intent { act=android.intent.action.SERVICE_STATE flg=0x1000010 (has extras) } to com.android.cellbroadcastreceiver.module/com.android.cellbroadcastreceiver.CellBroadcastReceiver requires android.permission.READ_PHONE_STATE due to sender android (uid 1001)
01-20 19:08:05.024 1477 2492 W ContextImpl: Calling a method in the system process without a qualified user: android.app.ContextImpl.sendBroadcastMultiplePermissions:1272 com.android.server.TelephonyRegistry.broadcastServiceStateChanged:3126 com.android.server.TelephonyRegistry.notifyServiceStateForPhoneId:1616 com.android.internal.telephony.ITelephonyRegistry$Stub.onTransact:492 android.os.Binder.execTransactInternal:1285
01-20 19:08:05.025 1477 1755 W BroadcastQueue: Appop Denial: receiving Intent { act=android.intent.action.SERVICE_STATE flg=0x1000010 (has extras) } to ProcessRecord{d39a49b 2241:com.android.systemui/u0a135} (pid=2241, uid=10135) excludes appop android:read_phone_state due to sender android (uid 1001)
01-20 19:08:05.604 1477 2492 W ContextImpl: Calling a method in the system process without a qualified user: android.app.ContextImpl.sendBroadcastMultiplePermissions:1222 com.android.server.TelephonyRegistry.broadcastServiceStateChanged:3111 com.android.server.TelephonyRegistry.notifyServiceStateForPhoneId:1616 com.android.internal.telephony.ITelephonyRegistry$Stub.onTransact:492 android.os.Binder.execTransactInternal:1285
01-20 19:08:05.606 1477 2492 W ContextImpl: Calling a method in the system process without a qualified user: android.app.ContextImpl.sendBroadcastMultiplePermissions:1272 android.content.Context.sendBroadcastMultiplePermissions:2272 com.android.server.TelephonyRegistry.broadcastServiceStateChanged:3114 com.android.server.TelephonyRegistry.notifyServiceStateForPhoneId:1616 com.android.internal.telephony.ITelephonyRegistry$Stub.onTransact:492
01-20 19:08:05.607 1477 2492 W ContextImpl: Calling a method in the system process without a qualified user: android.app.ContextImpl.sendBroadcastMultiplePermissions:1272 com.android.server.TelephonyRegistry.broadcastServiceStateChanged:3121 com.android.server.TelephonyRegistry.notifyServiceStateForPhoneId:1616 com.android.internal.telephony.ITelephonyRegistry$Stub.onTransact:492 android.os.Binder.execTransactInternal:1285
01-20 19:08:05.608 1477 2492 W ContextImpl: Calling a method in the system process without a qualified user: android.app.ContextImpl.sendBroadcastMultiplePermissions:1272 com.android.server.TelephonyRegistry.broadcastServiceStateChanged:3126 com.android.server.TelephonyRegistry.notifyServiceStateForPhoneId:1616 com.android.internal.telephony.ITelephonyRegistry$Stub.onTransact:492 android.os.Binder.execTransactInternal:1285
01-20 19:08:05.608 1477 1755 W BroadcastQueue: Permission Denial: receiving Intent { act=android.intent.action.SERVICE_STATE flg=0x1000010 (has extras) } to com.android.cellbroadcastreceiver.module/com.android.cellbroadcastreceiver.CellBroadcastReceiver requires android.permission.READ_PHONE_STATE due to sender android (uid 1001)
01-20 19:08:05.609 1477 1755 W BroadcastQueue: Appop Denial: receiving Intent { act=android.intent.action.SERVICE_STATE flg=0x1000010 (has extras) } to ProcessRecord{d39a49b 2241:com.android.systemui/u0a135} (pid=2241, uid=10135) excludes appop android:read_phone_state due to sender android (uid 1001)
01-20 19:08:05.653 1477 2316 W ContextImpl: Calling a method in the system process without a qualified user: android.app.ContextImpl.sendBroadcastMultiplePermissions:1272 android.content.Context.sendBroadcastMultiplePermissions:2272 com.android.server.TelephonyRegistry.broadcastDataConnectionStateChanged:3281 com.android.server.TelephonyRegistry.notifyDataConnectionForSubscriber:2036 com.android.internal.telephony.ITelephonyRegistry$Stub.onTransact:571
01-20 19:08:05.655 1477 1755 W BroadcastQueue: Appop Denial: receiving Intent { act=android.intent.action.ANY_DATA_STATE flg=0x10 (has extras) } to ProcessRecord{4bef431 3131:.dataservices/1001} (pid=3131, uid=1001) excludes appop android:read_phone_state due to sender android (uid 1001)
01-20 19:08:05.761 1477 2492 W ContextImpl: Calling a method in the system process without a qualified user: android.app.ContextImpl.sendBroadcastMultiplePermissions:1272 android.content.Context.sendBroadcastMultiplePermissions:2272 com.android.server.TelephonyRegistry.broadcastDataConnectionStateChanged:3281 com.android.server.TelephonyRegistry.notifyDataConnectionForSubscriber:2036 com.android.internal.telephony.ITelephonyRegistry$Stub.onTransact:571
01-20 19:08:05.763 1477 1755 W BroadcastQueue: Appop Denial: receiving Intent { act=android.intent.action.ANY_DATA_STATE flg=0x10 (has extras) } to ProcessRecord{4bef431 3131:.dataservices/1001} (pid=3131, uid=1001) excludes appop android:read_phone_state due to sender android (uid 1001)
01-20 19:08:05.799 1477 2492 W ContextImpl: Calling a method in the system process without a qualified user: android.app.ContextImpl.sendBroadcastMultiplePermissions:1222 com.android.server.TelephonyRegistry.broadcastServiceStateChanged:3111 com.android.server.TelephonyRegistry.notifyServiceStateForPhoneId:1616 com.android.internal.telephony.ITelephonyRegistry$Stub.onTransact:492 android.os.Binder.execTransactInternal:1285
01-20 19:08:05.800 1477 2492 W ContextImpl: Calling a method in the system process without a qualified user: android.app.ContextImpl.sendBroadcastMultiplePermissions:1272 android.content.Context.sendBroadcastMultiplePermissions:2272 com.android.server.TelephonyRegistry.broadcastServiceStateChanged:3114 com.android.server.TelephonyRegistry.notifyServiceStateForPhoneId:1616 com.android.internal.telephony.ITelephonyRegistry$Stub.onTransact:492
01-20 19:08:05.802 1477 2492 W ContextImpl: Calling a method in the system process without a qualified user: android.app.ContextImpl.sendBroadcastMultiplePermissions:1272 com.android.server.TelephonyRegistry.broadcastServiceStateChanged:3121 com.android.server.TelephonyRegistry.notifyServiceStateForPhoneId:1616 com.android.internal.telephony.ITelephonyRegistry$Stub.onTransact:492 android.os.Binder.execTransactInternal:1285
01-20 19:08:05.803 1477 2492 W ContextImpl: Calling a method in the system process without a qualified user: android.app.ContextImpl.sendBroadcastMultiplePermissions:1272 com.android.server.TelephonyRegistry.broadcastServiceStateChanged:3126 com.android.server.TelephonyRegistry.notifyServiceStateForPhoneId:1616 com.android.internal.telephony.ITelephonyRegistry$Stub.onTransact:492 android.os.Binder.execTransactInternal:1285
01-20 19:08:05.805 1477 1755 W BroadcastQueue: Permission Denial: receiving Intent { act=android.intent.action.SERVICE_STATE flg=0x1000010 (has extras) } to com.android.cellbroadcastreceiver.module/com.android.cellbroadcastreceiver.CellBroadcastReceiver requires android.permission.READ_PHONE_STATE due to sender android (uid 1001)
01-20 19:08:05.806 1477 1755 W BroadcastQueue: Appop Denial: receiving Intent { act=android.intent.action.SERVICE_STATE flg=0x1000010 (has extras) } to ProcessRecord{d39a49b 2241:com.android.systemui/u0a135} (pid=2241, uid=10135) excludes appop android:read_phone_state due to sender android (uid 1001)
01-20 19:08:06.004 0 0 I binder : 691:691 ioctl c018620c 7ff5f93a30 returned -22
01-20 19:08:06.326 0 0 I _tfa98xx_mute(): _tfa98xx_mute: ram_exception=-1, mute=1 stream=0
01-20 19:08:06.326 0 0 I _tfa98xx_mute(): mute:1 [pstream 0, cstream 1, samstream 0]
01-20 19:08:06.326 0 0 I _tfa98xx_stop(): _tfa98xx_stop: stop tfa amp
01-20 19:08:06.342 0 0 E q6asm_callback: payload size of 8 is less than expected.
01-20 19:08:06.359 0 0 I afe_close: [NXP] afe_apr_send_pkt[AFE_PORT_CMD_DEVICE_STOP] enter
01-20 19:08:06.361 0 0 I afe_callback: AFE_EVENT_TFADSP_STATE_CLOSE data = 0x0
01-20 19:08:06.364 0 0 I afe_close: [NXP] afe_apr_send_pkt[AFE_PORT_CMD_DEVICE_STOP] exit
01-20 19:08:06.369 0 0 I _tfa98xx_mute(): _tfa98xx_mute: ram_exception=-1, mute=1 stream=1
01-20 19:08:06.369 0 0 I _tfa98xx_mute(): mute:1 [pstream 0, cstream 0, samstream 0]
01-20 19:08:06.369 0 0 I _tfa98xx_stop(): _tfa98xx_stop: stop tfa amp
01-20 19:08:07.126 0 0 I pet_watchdog [enable: 1, jiffies : 4294945350, delay_time : 1000]
01-20 19:08:07.745 1477 1781 W BatteryExternalStatsWorker: error reading Bluetooth stats: 9
01-20 19:08:08.477 1477 2147 W ContextImpl: Calling a method in the system process without a qualified user: android.app.ContextImpl.sendBroadcastMultiplePermissions:1222 com.android.server.TelephonyRegistry.broadcastServiceStateChanged:3111 com.android.server.TelephonyRegistry.notifyServiceStateForPhoneId:1616 com.android.internal.telephony.ITelephonyRegistry$Stub.onTransact:492 android.os.Binder.execTransactInternal:1285
01-20 19:08:08.477 1477 2147 W ContextImpl: Calling a method in the system process without a qualified user: android.app.ContextImpl.sendBroadcastMultiplePermissions:1272 android.content.Context.sendBroadcastMultiplePermissions:2272 com.android.server.TelephonyRegistry.broadcastServiceStateChanged:3114 com.android.server.TelephonyRegistry.notifyServiceStateForPhoneId:1616 com.android.internal.telephony.ITelephonyRegistry$Stub.onTransact:492
01-20 19:08:08.479 1477 2147 W ContextImpl: Calling a method in the system process without a qualified user: android.app.ContextImpl.sendBroadcastMultiplePermissions:1272 com.android.server.TelephonyRegistry.broadcastServiceStateChanged:3121 com.android.server.TelephonyRegistry.notifyServiceStateForPhoneId:1616 com.android.internal.telephony.ITelephonyRegistry$Stub.onTransact:492 android.os.Binder.execTransactInternal:1285
01-20 19:08:08.481 1477 2147 W ContextImpl: Calling a method in the system process without a qualified user: android.app.ContextImpl.sendBroadcastMultiplePermissions:1272 com.android.server.TelephonyRegistry.broadcastServiceStateChanged:3126 com.android.server.TelephonyRegistry.notifyServiceStateForPhoneId:1616 com.android.internal.telephony.ITelephonyRegistry$Stub.onTransact:492 android.os.Binder.execTransactInternal:1285
01-20 19:08:08.481 1477 1755 W BroadcastQueue: Permission Denial: receiving Intent { act=android.intent.action.SERVICE_STATE flg=0x1000010 (has extras) } to com.android.cellbroadcastreceiver.module/com.android.cellbroadcastreceiver.CellBroadcastReceiver requires android.permission.READ_PHONE_STATE due to sender android (uid 1001)
01-20 19:08:08.484 1477 1755 W BroadcastQueue: Appop Denial: receiving Intent { act=android.intent.action.SERVICE_STATE flg=0x1000010 (has extras) } to ProcessRecord{d39a49b 2241:com.android.systemui/u0a135} (pid=2241, uid=10135) excludes appop android:read_phone_state due to sender android (uid 1001)
01-20 19:08:08.537 1477 2147 W ContextImpl: Calling a method in the system process without a qualified user: android.app.ContextImpl.sendBroadcastMultiplePermissions:1272 android.content.Context.sendBroadcastMultiplePermissions:2272 com.android.server.TelephonyRegistry.broadcastDataConnectionStateChanged:3281 com.android.server.TelephonyRegistry.notifyDataConnectionForSubscriber:2036 com.android.internal.telephony.ITelephonyRegistry$Stub.onTransact:571
01-20 19:08:08.544 1477 1755 W BroadcastQueue: Appop Denial: receiving Intent { act=android.intent.action.ANY_DATA_STATE flg=0x10 (has extras) } to ProcessRecord{4bef431 3131:.dataservices/1001} (pid=3131, uid=1001) excludes appop android:read_phone_state due to sender android (uid 1001)
01-20 19:08:08.583 0 0 I : [bm] monitoring
01-20 19:08:08.630 1477 2580 W ContextImpl: Calling a method in the system process without a qualified user: android.app.ContextImpl.sendBroadcastMultiplePermissions:1272 android.content.Context.sendBroadcastMultiplePermissions:2272 com.android.server.TelephonyRegistry.broadcastDataConnectionStateChanged:3281 com.android.server.TelephonyRegistry.notifyDataConnectionForSubscriber:2036 com.android.internal.telephony.ITelephonyRegistry$Stub.onTransact:571
01-20 19:08:08.631 1477 1755 W BroadcastQueue: Appop Denial: receiving Intent { act=android.intent.action.ANY_DATA_STATE flg=0x10 (has extras) } to ProcessRecord{4bef431 3131:.dataservices/1001} (pid=3131, uid=1001) excludes appop android:read_phone_state due to sender android (uid 1001)
01-20 19:08:08.668 1477 2492 W ContextImpl: Calling a method in the system process without a qualified user: android.app.ContextImpl.sendBroadcastMultiplePermissions:1222 com.android.server.TelephonyRegistry.broadcastServiceStateChanged:3111 com.android.server.TelephonyRegistry.notifyServiceStateForPhoneId:1616 com.android.internal.telephony.ITelephonyRegistry$Stub.onTransact:492 android.os.Binder.execTransactInternal:1285
01-20 19:08:08.671 1477 2492 W ContextImpl: Calling a method in the system process without a qualified user: android.app.ContextImpl.sendBroadcastMultiplePermissions:1272 android.content.Context.sendBroadcastMultiplePermissions:2272 com.android.server.TelephonyRegistry.broadcastServiceStateChanged:3114 com.android.server.TelephonyRegistry.notifyServiceStateForPhoneId:1616 com.android.internal.telephony.ITelephonyRegistry$Stub.onTransact:492
01-20 19:08:08.672 1477 2492 W ContextImpl: Calling a method in the system process without a qualified user: android.app.ContextImpl.sendBroadcastMultiplePermissions:1272 com.android.server.TelephonyRegistry.broadcastServiceStateChanged:3121 com.android.server.TelephonyRegistry.notifyServiceStateForPhoneId:1616 com.android.internal.telephony.ITelephonyRegistry$Stub.onTransact:492 android.os.Binder.execTransactInternal:1285
01-20 19:08:08.673 1477 2492 W ContextImpl: Calling a method in the system process without a qualified user: android.app.ContextImpl.sendBroadcastMultiplePermissions:1272 com.android.server.TelephonyRegistry.broadcastServiceStateChanged:3126 com.android.server.TelephonyRegistry.notifyServiceStateForPhoneId:1616 com.android.internal.telephony.ITelephonyRegistry$Stub.onTransact:492 android.os.Binder.execTransactInternal:1285
01-20 19:08:08.674 1477 1755 W BroadcastQueue: Permission Denial: receiving Intent { act=android.intent.action.SERVICE_STATE flg=0x1000010 (has extras) } to com.android.cellbroadcastreceiver.module/com.android.cellbroadcastreceiver.CellBroadcastReceiver requires android.permission.READ_PHONE_STATE due to sender android (uid 1001)
01-20 19:08:08.676 1477 1755 W BroadcastQueue: Appop Denial: receiving Intent { act=android.intent.action.SERVICE_STATE flg=0x1000010 (has extras) } to ProcessRecord{d39a49b 2241:com.android.systemui/u0a135} (pid=2241, uid=10135) excludes appop android:read_phone_state due to sender android (uid 1001)
01-20 19:08:08.775 0 0 I tfa98xx_hw_params(): tfa98xx_hw_params: tfa98xx_profile 0
01-20 19:08:08.796 0 0 I _tfa98xx_mute(): _tfa98xx_mute: ram_exception=-1, mute=0 stream=1
01-20 19:08:08.796 0 0 I _tfa98xx_mute(): mute:0 [pstream 0, cstream 1, samstream 0]
01-20 19:08:08.796 0 0 I _tfa98xx_mute(): unmute is suspended when only cstream is on
01-20 19:08:08.800 0 0 I tfa98xx_hw_params(): tfa98xx_hw_params: tfa98xx_profile 0
01-20 19:08:08.802 0 0 E : msm_pcm_compress_ctl_get substream runtime not found
01-20 19:08:08.802 0 0 E : msm_pcm_compress_ctl_put substream runtime not found
01-20 19:08:08.804 0 0 I __afe_port_start: [NXP] afe_apr_send_pkt[AFE_PORT_CMD_DEVICE_START] enter
01-20 19:08:08.804 0 0 I __afe_port_start: [NXP] afe_apr_send_pkt[AFE_PORT_CMD_DEVICE_START] exit
01-20 19:08:08.809 0 0 I afe_callback: AFE_EVENT_TFADSP_STATE_INIT data = 0x0
01-20 19:08:08.810 0 0 I _tfa98xx_mute(): _tfa98xx_mute: ram_exception=-1, mute=0 stream=0
01-20 19:08:08.810 0 0 I _tfa98xx_mute(): mute:0 [pstream 1, cstream 1, samstream 0]
01-20 19:08:08.810 0 0 I _tfa98xx_mute(): _tfa98xx_mute: start tfa amp
01-20 19:08:08.811 0 0 I tfa98xx_dsp_init_work(): tfa98xx_dsp_init_work: enter with profile 0
01-20 19:08:08.811 0 0 I tfa98xx_dsp_init(): tfa98xx_dsp_init: ...
01-20 19:08:08.811 0 0 I tfa_start: tfa98xx_log_start_cnt=8 next_profile 0
01-20 19:08:08.811 0 0 E q6core_get_service_version: Failed to get service size for service id 7 with error -95
01-20 19:08:08.812 0 0 I tfa_run_speaker_boost: cold boot, ext_dsp = 1, profile = 0
01-20 19:08:08.812 0 0 I tfa_run_speaker_boost: cold start, speaker startup
01-20 19:08:08.813 0 0 E q6asm_callback: payload size of 8 is less than expected.
01-20 19:08:08.813 0 0 E q6asm_callback: payload size of 8 is less than expected.
01-20 19:08:08.813 0 0 E q6core_get_service_version: Failed to get service size for service id 8 with error -95
01-20 19:08:08.820 0 0 E q6core_get_service_version: Failed to get service size for service id 7 with error -95
01-20 19:08:08.820 0 0 E q6asm_callback: payload size of 8 is less than expected.
01-20 19:08:08.824 0 0 W : IRQ5 no longer affine to CPU5
01-20 19:08:08.828 0 0 E q6asm_callback: payload size of 8 is less than expected.
01-20 19:08:08.840 0 0 I tfa_cont_write_vstepMax2_One: is_cold 1
01-20 19:08:08.840 0 0 I P-ID : cmdid[2]=0x02 to 0x00
01-20 19:08:08.840 0 0 I tfa_cont_write_vstepMax2_One: is_cold 1
01-20 19:08:08.840 0 0 I tfa_cont_write_vstepMax2_One: is_cold 1
01-20 19:08:08.840 0 0 I P-ID : cmdid[2]=0x08 to 0x07
01-20 19:08:08.846 0 0 I afe_callback: AFE_PORT_CMD_SET_PARAM_V3 , data->token = 38, payload = 65775, 0
01-20 19:08:08.847 0 0 I afe_callback: AFE_PORT_CMD_SET_PARAM_V3 , data->token = 38, payload = 65775, 0
01-20 19:08:08.847 0 0 I afe_callback: AFE_PORT_CMD_SET_PARAM_V3 , data->token = 38, payload = 65775, 0
01-20 19:08:08.847 0 0 I afe_callback: AFE_PORT_CMD_SET_PARAM_V3 , data->token = 38, payload = 65775, 0
01-20 19:08:08.847 0 0 I afe_callback: AFE_PORT_CMD_SET_PARAM_V3 , data->token = 38, payload = 65775, 0
01-20 19:08:08.847 0 0 I afe_callback: AFE_PORT_CMD_SET_PARAM_V3 , data->token = 38, payload = 65775, 0
01-20 19:08:08.848 0 0 I afe_tfa_dsp_send_msg: [0]:0xff-[1]:0xff-[2]:0x0-[3]:0x74, [4]:0x0-[5]:0x0, packet_id:65535, packet_size:116
01-20 19:08:08.848 0 0 I afe_callback: TFADSP is configured
01-20 19:08:08.848 0 0 I afe_callback: AFE_PORT_CMD_SET_PARAM_V3 , data->token = 38, payload = 65775, 0
01-20 19:08:08.849 0 0 I tfa_set_calibration_values: calibration data: 5963
01-20 19:08:08.849 0 0 I tfa_start: [cold] device:TFA profile:music
01-20 19:08:09.106 1477 2631 W ContextImpl: Calling a method in the system process without a qualified user: android.app.ContextImpl.sendBroadcastMultiplePermissions:1222 com.android.server.TelephonyRegistry.broadcastServiceStateChanged:3111 com.android.server.TelephonyRegistry.notifyServiceStateForPhoneId:1616 com.android.internal.telephony.ITelephonyRegistry$Stub.onTransact:492 android.os.Binder.execTransactInternal:1285
01-20 19:08:09.107 1477 2631 W ContextImpl: Calling a method in the system process without a qualified user: android.app.ContextImpl.sendBroadcastMultiplePermissions:1272 android.content.Context.sendBroadcastMultiplePermissions:2272 com.android.server.TelephonyRegistry.broadcastServiceStateChanged:3114 com.android.server.TelephonyRegistry.notifyServiceStateForPhoneId:1616 com.android.internal.telephony.ITelephonyRegistry$Stub.onTransact:492
01-20 19:08:09.108 1477 2631 W ContextImpl: Calling a method in the system process without a qualified user: android.app.ContextImpl.sendBroadcastMultiplePermissions:1272 com.android.server.TelephonyRegistry.broadcastServiceStateChanged:3121 com.android.server.TelephonyRegistry.notifyServiceStateForPhoneId:1616 com.android.internal.telephony.ITelephonyRegistry$Stub.onTransact:492 android.os.Binder.execTransactInternal:1285
01-20 19:08:09.109 1477 1755 W BroadcastQueue: Permission Denial: receiving Intent { act=android.intent.action.SERVICE_STATE flg=0x1000010 (has extras) } to com.android.cellbroadcastreceiver.module/com.android.cellbroadcastreceiver.CellBroadcastReceiver requires android.permission.READ_PHONE_STATE due to sender android (uid 1001)
01-20 19:08:09.110 1477 2631 W ContextImpl: Calling a method in the system process without a qualified user: android.app.ContextImpl.sendBroadcastMultiplePermissions:1272 com.android.server.TelephonyRegistry.broadcastServiceStateChanged:3126 com.android.server.TelephonyRegistry.notifyServiceStateForPhoneId:1616 com.android.internal.telephony.ITelephonyRegistry$Stub.onTransact:492 android.os.Binder.execTransactInternal:1285
01-20 19:08:09.111 1477 1755 W BroadcastQueue: Appop Denial: receiving Intent { act=android.intent.action.SERVICE_STATE flg=0x1000010 (has extras) } to ProcessRecord{d39a49b 2241:com.android.systemui/u0a135} (pid=2241, uid=10135) excludes appop android:read_phone_state due to sender android (uid 1001)
01-20 19:08:09.166 1477 2631 W ContextImpl: Calling a method in the system process without a qualified user: android.app.ContextImpl.sendBroadcastMultiplePermissions:1272 android.content.Context.sendBroadcastMultiplePermissions:2272 com.android.server.TelephonyRegistry.broadcastDataConnectionStateChanged:3281 com.android.server.TelephonyRegistry.notifyDataConnectionForSubscriber:2036 com.android.internal.telephony.ITelephonyRegistry$Stub.onTransact:571
01-20 19:08:09.167 1477 1755 W BroadcastQueue: Appop Denial: receiving Intent { act=android.intent.action.ANY_DATA_STATE flg=0x10 (has extras) } to ProcessRecord{4bef431 3131:.dataservices/1001} (pid=3131, uid=1001) excludes appop android:read_phone_state due to sender android (uid 1001)
01-20 19:08:09.239 1477 2631 W ContextImpl: Calling a method in the system process without a qualified user: android.app.ContextImpl.sendBroadcastMultiplePermissions:1272 android.content.Context.sendBroadcastMultiplePermissions:2272 com.android.server.TelephonyRegistry.broadcastDataConnectionStateChanged:3281 com.android.server.TelephonyRegistry.notifyDataConnectionForSubscriber:2036 com.android.internal.telephony.ITelephonyRegistry$Stub.onTransact:571
01-20 19:08:09.240 1477 1755 W BroadcastQueue: Appop Denial: receiving Intent { act=android.intent.action.ANY_DATA_STATE flg=0x10 (has extras) } to ProcessRecord{4bef431 3131:.dataservices/1001} (pid=3131, uid=1001) excludes appop android:read_phone_state due to sender android (uid 1001)
01-20 19:08:09.271 1477 2631 W ContextImpl: Calling a method in the system process without a qualified user: android.app.ContextImpl.sendBroadcastMultiplePermissions:1222 com.android.server.TelephonyRegistry.broadcastServiceStateChanged:3111 com.android.server.TelephonyRegistry.notifyServiceStateForPhoneId:1616 com.android.internal.telephony.ITelephonyRegistry$Stub.onTransact:492 android.os.Binder.execTransactInternal:1285
01-20 19:08:09.271 1477 2631 W ContextImpl: Calling a method in the system process without a qualified user: android.app.ContextImpl.sendBroadcastMultiplePermissions:1272 android.content.Context.sendBroadcastMultiplePermissions:2272 com.android.server.TelephonyRegistry.broadcastServiceStateChanged:3114 com.android.server.TelephonyRegistry.notifyServiceStateForPhoneId:1616 com.android.internal.telephony.ITelephonyRegistry$Stub.onTransact:492
01-20 19:08:09.272 1477 2631 W ContextImpl: Calling a method in the system process without a qualified user: android.app.ContextImpl.sendBroadcastMultiplePermissions:1272 com.android.server.TelephonyRegistry.broadcastServiceStateChanged:3121 com.android.server.TelephonyRegistry.notifyServiceStateForPhoneId:1616 com.android.internal.telephony.ITelephonyRegistry$Stub.onTransact:492 android.os.Binder.execTransactInternal:1285
01-20 19:08:09.273 1477 2631 W ContextImpl: Calling a method in the system process without a qualified user: android.app.ContextImpl.sendBroadcastMultiplePermissions:1272 com.android.server.TelephonyRegistry.broadcastServiceStateChanged:3126 com.android.server.TelephonyRegistry.notifyServiceStateForPhoneId:1616 com.android.internal.telephony.ITelephonyRegistry$Stub.onTransact:492 android.os.Binder.execTransactInternal:1285
01-20 19:08:09.274 1477 1755 W BroadcastQueue: Permission Denial: receiving Intent { act=android.intent.action.SERVICE_STATE flg=0x1000010 (has extras) } to com.android.cellbroadcastreceiver.module/com.android.cellbroadcastreceiver.CellBroadcastReceiver requires android.permission.READ_PHONE_STATE due to sender android (uid 1001)
01-20 19:08:09.277 1477 1755 W BroadcastQueue: Appop Denial: receiving Intent { act=android.intent.action.SERVICE_STATE flg=0x1000010 (has extras) } to ProcessRecord{d39a49b 2241:com.android.systemui/u0a135} (pid=2241, uid=10135) excludes appop android:read_phone_state due to sender android (uid 1001)
01-20 19:08:11.003 0 0 I binder : 691:691 ioctl c018620c 7ff5f93a30 returned -22
01-20 19:08:13.051 0 0 I _tfa98xx_mute(): _tfa98xx_mute: ram_exception=-1, mute=1 stream=0
01-20 19:08:13.051 0 0 I _tfa98xx_mute(): mute:1 [pstream 0, cstream 1, samstream 0]
01-20 19:08:13.051 0 0 I _tfa98xx_stop(): _tfa98xx_stop: stop tfa amp
01-20 19:08:13.066 0 0 E q6asm_callback: payload size of 8 is less than expected.
01-20 19:08:13.074 0 0 I afe_close: [NXP] afe_apr_send_pkt[AFE_PORT_CMD_DEVICE_STOP] enter
01-20 19:08:13.077 0 0 I afe_callback: AFE_EVENT_TFADSP_STATE_CLOSE data = 0x0
01-20 19:08:13.079 0 0 I afe_close: [NXP] afe_apr_send_pkt[AFE_PORT_CMD_DEVICE_STOP] exit
01-20 19:08:13.087 0 0 I _tfa98xx_mute(): _tfa98xx_mute: ram_exception=-1, mute=1 stream=1
01-20 19:08:13.087 0 0 I _tfa98xx_mute(): mute:1 [pstream 0, cstream 0, samstream 0]
01-20 19:08:13.087 0 0 I _tfa98xx_stop(): _tfa98xx_stop: stop tfa amp
01-20 19:08:14.634 1477 1753 D OomAdjuster: Not killing cached processes
01-20 19:08:16.004 0 0 I binder : 691:691 ioctl c018620c 7ff5f93a30 returned -22
01-20 19:08:17.149 0 0 I pet_watchdog [enable: 1, jiffies : 4294946352, delay_time : 1000]
01-20 19:08:17.256 0 0 I : [Touch] 1 finger pressed:<0>( 69, 191, 61)
01-20 19:08:17.371 0 0 I : [Touch] finger released:<0>( 82, 176, 66)
01-20 19:08:17.405 0 0 I tfa98xx_hw_params(): tfa98xx_hw_params: tfa98xx_profile 0
01-20 19:08:17.428 0 0 I _tfa98xx_mute(): _tfa98xx_mute: ram_exception=-1, mute=0 stream=1
01-20 19:08:17.428 0 0 I _tfa98xx_mute(): mute:0 [pstream 0, cstream 1, samstream 0]
01-20 19:08:17.428 0 0 I _tfa98xx_mute(): unmute is suspended when only cstream is on
01-20 19:08:17.433 0 0 I tfa98xx_hw_params(): tfa98xx_hw_params: tfa98xx_profile 0
01-20 19:08:17.435 0 0 E : msm_pcm_compress_ctl_get substream runtime not found
01-20 19:08:17.436 0 0 E : msm_pcm_compress_ctl_put substream runtime not found
01-20 19:08:17.437 0 0 I __afe_port_start: [NXP] afe_apr_send_pkt[AFE_PORT_CMD_DEVICE_START] enter
01-20 19:08:17.438 0 0 I __afe_port_start: [NXP] afe_apr_send_pkt[AFE_PORT_CMD_DEVICE_START] exit
01-20 19:08:17.442 0 0 I afe_callback: AFE_EVENT_TFADSP_STATE_INIT data = 0x0
01-20 19:08:17.443 0 0 I _tfa98xx_mute(): _tfa98xx_mute: ram_exception=-1, mute=0 stream=0
01-20 19:08:17.443 0 0 I _tfa98xx_mute(): mute:0 [pstream 1, cstream 1, samstream 0]
01-20 19:08:17.443 0 0 I _tfa98xx_mute(): _tfa98xx_mute: start tfa amp
01-20 19:08:17.444 0 0 I tfa98xx_dsp_init_work(): tfa98xx_dsp_init_work: enter with profile 0
01-20 19:08:17.444 0 0 I tfa98xx_dsp_init(): tfa98xx_dsp_init: ...
01-20 19:08:17.444 0 0 I tfa_start: tfa98xx_log_start_cnt=9 next_profile 0
01-20 19:08:17.445 0 0 E q6core_get_service_version: Failed to get service size for service id 7 with error -95
01-20 19:08:17.445 0 0 I tfa_run_speaker_boost: cold boot, ext_dsp = 1, profile = 0
01-20 19:08:17.445 0 0 I tfa_run_speaker_boost: cold start, speaker startup
01-20 19:08:17.446 0 0 E q6asm_callback: payload size of 8 is less than expected.
01-20 19:08:17.446 0 0 E q6asm_callback: payload size of 8 is less than expected.
01-20 19:08:17.446 0 0 E q6core_get_service_version: Failed to get service size for service id 8 with error -95
01-20 19:08:17.452 0 0 E q6core_get_service_version: Failed to get service size for service id 7 with error -95
01-20 19:08:17.452 0 0 E q6asm_callback: payload size of 8 is less than expected.
01-20 19:08:17.461 0 0 E q6asm_callback: payload size of 8 is less than expected.
01-20 19:08:17.490 0 0 I tfa_cont_write_vstepMax2_One: is_cold 1
01-20 19:08:17.490 0 0 I P-ID : cmdid[2]=0x02 to 0x00
01-20 19:08:17.490 0 0 I tfa_cont_write_vstepMax2_One: is_cold 1
01-20 19:08:17.490 0 0 I tfa_cont_write_vstepMax2_One: is_cold 1
01-20 19:08:17.490 0 0 I P-ID : cmdid[2]=0x08 to 0x07
01-20 19:08:17.494 0 0 I afe_callback: AFE_PORT_CMD_SET_PARAM_V3 , data->token = 38, payload = 65775, 0
