01-20 19:07:02.335 1477 2132 D SystemServerInitThreadPool: Started executing SecondaryZygotePreload
01-20 19:07:02.335 1477 2132 I SystemServer: SecondaryZygotePreload
01-20 19:07:02.335 1477 2132 D SystemServerTimingAsync: SecondaryZygotePreload
01-20 19:07:02.335 1477 1477 V SystemServerTiming: StartKeyAttestationApplicationIdProviderService took to complete: 1ms
01-20 19:07:02.335 1477 1477 D SystemServerTiming: StartKeyChainSystemService
01-20 19:07:02.335 1477 1477 I SystemServiceManager: Starting com.android.server.security.KeyChainSystemService
01-20 19:07:02.335 1477 1477 V SystemServerTiming: StartKeyChainSystemService took to complete: 0ms
01-20 19:07:02.335 1477 1477 D SystemServerTiming: StartBinaryTransparencyService
01-20 19:07:02.335 1477 1477 I SystemServiceManager: Starting com.android.server.BinaryTransparencyService
01-20 19:07:02.337 1477 1477 I TransparencyService: Started BinaryTransparencyService
01-20 19:07:02.337 1477 1477 V SystemServerTiming: StartBinaryTransparencyService took to complete: 2ms
01-20 19:07:02.337 1477 1477 D SystemServerTiming: StartSchedulingPolicyService
01-20 19:07:02.338 1477 1477 V SystemServerTiming: StartSchedulingPolicyService took to complete: 0ms
01-20 19:07:02.338 1477 1477 D SystemServerTiming: StartTelecomLoaderService
01-20 19:07:02.338 1477 2133 D SystemServerTimingAsync: InitThreadPoolExec:SchedulingPolicyService.
01-20 19:07:02.338 1477 1477 I SystemServiceManager: Starting com.android.server.telecom.TelecomLoaderService
01-20 19:07:02.338 1477 2133 D SystemServerInitThreadPool: Started executing SchedulingPolicyService.
01-20 19:07:02.339 1477 1477 V SystemServerTiming: StartTelecomLoaderService took to complete: 2ms
01-20 19:07:02.339 1477 1477 D SystemServerTiming: StartTelephonyRegistry
01-20 19:07:02.343 1477 1477 V SystemServerTiming: StartTelephonyRegistry took to complete: 3ms
01-20 19:07:02.343 1477 1477 D SystemServerTiming: StartEntropyMixer
01-20 19:07:02.343 1477 1477 I EntropyMixer: Loaded existing seed file
01-20 19:07:02.346 1477 1477 I EntropyMixer: Updated seed file
01-20 19:07:02.346 1477 1477 V SystemServerTiming: StartEntropyMixer took to complete: 4ms
01-20 19:07:02.346 1477 1477 D SystemServerTiming: StartAccountManagerService
01-20 19:07:02.346 1477 1477 I SystemServiceManager: Starting com.android.server.accounts.AccountManagerService$Lifecycle
01-20 19:07:02.353 1477 2133 D SystemServerInitThreadPool: Finished executing SchedulingPolicyService.
01-20 19:07:02.353 1477 2133 V SystemServerTimingAsync: InitThreadPoolExec:SchedulingPolicyService. took to complete: 16ms
01-20 19:07:02.357 1477 1477 V SystemServerTiming: StartAccountManagerService took to complete: 10ms
01-20 19:07:02.357 1477 1477 D SystemServerTiming: StartContentService
01-20 19:07:02.357 1477 1477 I SystemServiceManager: Starting com.android.server.content.ContentService$Lifecycle
01-20 19:07:02.360 1477 1477 V SystemServerTiming: StartContentService took to complete: 4ms
01-20 19:07:02.360 1477 1477 D SystemServerTiming: InstallSystemProviders
01-20 19:07:02.405 809 809 V ZygoteInitTiming_lazy: BeginPreload took to complete: 68ms
01-20 19:07:02.456 1477 1477 W ActivityManager: cgroup.freeze not present
01-20 19:07:02.456 1477 1755 D ActivityManager: Freezer disabled
01-20 19:07:02.457 1477 1477 V SystemServerTiming: InstallSystemProviders took to complete: 97ms
01-20 19:07:02.458 1477 1477 D SystemServerTiming: UpdateWatchdogTimeout
01-20 19:07:02.458 1477 1477 I Watchdog: Watchdog timeout updated to 60000 millis
01-20 19:07:02.458 1477 1477 V SystemServerTiming: UpdateWatchdogTimeout took to complete: 1ms
01-20 19:07:02.458 1477 1477 D SystemServerTiming: StartDropBoxManager
01-20 19:07:02.458 1477 1477 I SystemServiceManager: Starting com.android.server.DropBoxManagerService
01-20 19:07:02.458 1477 1477 V SystemServerTiming: StartDropBoxManager took to complete: 0ms
01-20 19:07:02.458 1477 1477 D SystemServerTiming: StartRoleManagerService
01-20 19:07:02.460 1477 1477 I SystemServiceManager: Starting com.android.role.RoleService
01-20 19:07:02.467 1477 1477 V SystemServerTiming: StartRoleManagerService took to complete: 9ms
01-20 19:07:02.467 1477 1477 D SystemServerTiming: StartVibratorManagerService
01-20 19:07:02.467 1477 1477 I SystemServiceManager: Starting com.android.server.vibrator.VibratorManagerService$Lifecycle
01-20 19:07:02.480 1477 1477 V SystemServerTiming: StartVibratorManagerService took to complete: 13ms
01-20 19:07:02.480 1477 1477 D SystemServerTiming: StartDynamicSystemService
01-20 19:07:02.481 1477 1477 V SystemServerTiming: StartDynamicSystemService took to complete: 1ms
01-20 19:07:02.481 1477 1477 D SystemServerTiming: StartConsumerIrService
01-20 19:07:02.484 1477 1477 V SystemServerTiming: StartConsumerIrService took to complete: 2ms
01-20 19:07:02.484 1477 1477 D SystemServerTiming: StartResourceEconomy
01-20 19:07:02.485 1477 1477 I SystemServiceManager: Starting com.android.server.tare.InternalResourceService
01-20 19:07:02.488 1477 1477 V SystemServerTiming: StartResourceEconomy took to complete: 4ms
01-20 19:07:02.488 1477 1477 D SystemServerTiming: StartAlarmManagerService
01-20 19:07:02.488 1477 1477 I SystemServiceManager: Starting com.android.server.alarm.AlarmManagerService
01-20 19:07:02.494 1477 1477 V SystemServerTiming: StartAlarmManagerService took to complete: 5ms
01-20 19:07:02.494 1477 1477 D SystemServerTiming: StartInputManagerService
01-20 19:07:02.500 1477 1477 I InputManager: Initializing input manager, mUseDevInputEventForAudioJack=true
01-20 19:07:02.500 1477 1477 V SystemServerTiming: StartInputManagerService took to complete: 7ms
01-20 19:07:02.500 1477 1477 D SystemServerTiming: DeviceStateManagerService
01-20 19:07:02.500 1477 1477 I SystemServiceManager: Starting com.android.server.devicestate.DeviceStateManagerService
01-20 19:07:02.506 1477 1477 V SystemServerTiming: DeviceStateManagerService took to complete: 6ms
01-20 19:07:02.506 1477 1477 D SystemServerTiming: StartCameraServiceProxy
01-20 19:07:02.506 1477 1477 I SystemServiceManager: Starting com.android.server.camera.CameraServiceProxy
01-20 19:07:02.508 1477 1477 V SystemServerTiming: StartCameraServiceProxy took to complete: 2ms
01-20 19:07:02.508 1477 1477 D SystemServerTiming: StartWindowManagerService
01-20 19:07:02.508 1477 1477 I SystemServiceManager: Starting phase 200
01-20 19:07:02.508 1477 1477 D SystemServerTiming: OnBootPhase_200
01-20 19:07:02.508 1477 1477 D SystemServerTiming: OnBootPhase_200_com.android.server.security.FileIntegrityService
01-20 19:07:02.508 1477 1477 V SystemServerTiming: OnBootPhase_200_com.android.server.security.FileIntegrityService took to complete: 0ms
01-20 19:07:02.508 1477 1477 D SystemServerTiming: OnBootPhase_200_com.android.server.pm.Installer
01-20 19:07:02.508 1477 1477 V SystemServerTiming: OnBootPhase_200_com.android.server.pm.Installer took to complete: 0ms
01-20 19:07:02.508 1477 1477 D SystemServerTiming: OnBootPhase_200_com.android.server.os.DeviceIdentifiersPolicyService
01-20 19:07:02.508 1477 1477 V SystemServerTiming: OnBootPhase_200_com.android.server.os.DeviceIdentifiersPolicyService took to complete: 0ms
01-20 19:07:02.508 1477 1477 D SystemServerTiming: OnBootPhase_200_com.android.server.uri.UriGrantsManagerService$Lifecycle
01-20 19:07:02.508 1477 1477 V SystemServerTiming: OnBootPhase_200_com.android.server.uri.UriGrantsManagerService$Lifecycle took to complete: 0ms
01-20 19:07:02.508 1477 1477 D SystemServerTiming: OnBootPhase_200_com.android.server.powerstats.PowerStatsService
01-20 19:07:02.508 1477 1477 V SystemServerTiming: OnBootPhase_200_com.android.server.powerstats.PowerStatsService took to complete: 0ms
01-20 19:07:02.508 1477 1477 D SystemServerTiming: OnBootPhase_200_com.android.server.wm.ActivityTaskManagerService$Lifecycle
01-20 19:07:02.508 1477 1477 V SystemServerTiming: OnBootPhase_200_com.android.server.wm.ActivityTaskManagerService$Lifecycle took to complete: 0ms
01-20 19:07:02.508 1477 1477 D SystemServerTiming: OnBootPhase_200_com.android.server.am.ActivityManagerService$Lifecycle
01-20 19:07:02.508 1477 1477 V SystemServerTiming: OnBootPhase_200_com.android.server.am.ActivityManagerService$Lifecycle took to complete: 0ms
01-20 19:07:02.508 1477 1477 D SystemServerTiming: OnBootPhase_200_com.android.server.pm.DataLoaderManagerService
01-20 19:07:02.508 1477 1477 V SystemServerTiming: OnBootPhase_200_com.android.server.pm.DataLoaderManagerService took to complete: 0ms
01-20 19:07:02.508 1477 1477 D SystemServerTiming: OnBootPhase_200_com.android.server.power.PowerManagerService
01-20 19:07:02.508 1477 1477 V SystemServerTiming: OnBootPhase_200_com.android.server.power.PowerManagerService took to complete: 0ms
01-20 19:07:02.508 1477 1477 D SystemServerTiming: OnBootPhase_200_com.android.server.power.ThermalManagerService
01-20 19:07:02.508 1477 1477 V SystemServerTiming: OnBootPhase_200_com.android.server.power.ThermalManagerService took to complete: 0ms
01-20 19:07:02.508 1477 1477 D SystemServerTiming: OnBootPhase_200_com.android.server.power.hint.HintManagerService
01-20 19:07:02.508 1477 1477 V SystemServerTiming: OnBootPhase_200_com.android.server.power.hint.HintManagerService took to complete: 0ms
01-20 19:07:02.508 1477 1477 D SystemServerTiming: OnBootPhase_200_com.android.server.recoverysystem.RecoverySystemService$Lifecycle
01-20 19:07:02.508 1477 1477 V SystemServerTiming: OnBootPhase_200_com.android.server.recoverysystem.RecoverySystemService$Lifecycle took to complete: 0ms
01-20 19:07:02.508 1477 1477 D SystemServerTiming: OnBootPhase_200_com.android.server.lights.LightsService
01-20 19:07:02.508 1477 1477 V SystemServerTiming: OnBootPhase_200_com.android.server.lights.LightsService took to complete: 0ms
01-20 19:07:02.508 1477 1477 D SystemServerTiming: OnBootPhase_200_com.android.server.display.DisplayManagerService
01-20 19:07:02.508 1477 1477 V SystemServerTiming: OnBootPhase_200_com.android.server.display.DisplayManagerService took to complete: 0ms
01-20 19:07:02.508 1477 1477 D SystemServerTiming: OnBootPhase_200_com.android.server.pm.verify.domain.DomainVerificationService
01-20 19:07:02.508 1477 1477 V SystemServerTiming: OnBootPhase_200_com.android.server.pm.verify.domain.DomainVerificationService took to complete: 0ms
01-20 19:07:02.509 1477 1477 D SystemServerTiming: OnBootPhase_200_com.android.server.pm.PackageInstallerService$Lifecycle
01-20 19:07:02.509 1477 1477 V SystemServerTiming: OnBootPhase_200_com.android.server.pm.PackageInstallerService$Lifecycle took to complete: 0ms
01-20 19:07:02.509 1477 1477 D SystemServerTiming: OnBootPhase_200_com.android.server.pm.UserManagerService$LifeCycle
01-20 19:07:02.509 1477 1477 V SystemServerTiming: OnBootPhase_200_com.android.server.pm.UserManagerService$LifeCycle took to complete: 0ms
01-20 19:07:02.509 1477 1477 D SystemServerTiming: OnBootPhase_200_com.android.server.om.OverlayManagerService
01-20 19:07:02.509 1477 1477 V SystemServerTiming: OnBootPhase_200_com.android.server.om.OverlayManagerService took to complete: 0ms
01-20 19:07:02.509 1477 1477 D SystemServerTiming: OnBootPhase_200_com.android.server.resources.ResourcesManagerService
01-20 19:07:02.509 1477 1477 V SystemServerTiming: OnBootPhase_200_com.android.server.resources.ResourcesManagerService took to complete: 0ms
01-20 19:07:02.509 1477 1477 D SystemServerTiming: OnBootPhase_200_com.android.server.sensorprivacy.SensorPrivacyService
01-20 19:07:02.509 1477 1477 V SystemServerTiming: OnBootPhase_200_com.android.server.sensorprivacy.SensorPrivacyService took to complete: 0ms
01-20 19:07:02.509 1477 1477 D SystemServerTiming: OnBootPhase_200_com.android.server.sensors.SensorService
01-20 19:07:02.509 1477 1477 V SystemServerTiming: OnBootPhase_200_com.android.server.sensors.SensorService took to complete: 0ms
01-20 19:07:02.509 1477 1477 D SystemServerTiming: OnBootPhase_200_com.android.server.SystemConfigService
01-20 19:07:02.509 1477 1477 V SystemServerTiming: OnBootPhase_200_com.android.server.SystemConfigService took to complete: 0ms
01-20 19:07:02.509 1477 1477 D SystemServerTiming: OnBootPhase_200_com.android.server.BatteryService
01-20 19:07:02.509 1477 1477 V SystemServerTiming: OnBootPhase_200_com.android.server.BatteryService took to complete: 0ms
01-20 19:07:02.509 1477 1477 D SystemServerTiming: OnBootPhase_200_com.android.server.usage.UsageStatsService
01-20 19:07:02.509 1477 1477 V SystemServerTiming: OnBootPhase_200_com.android.server.usage.UsageStatsService took to complete: 0ms
01-20 19:07:02.509 1477 1477 D SystemServerTiming: OnBootPhase_200_com.android.server.webkit.WebViewUpdateService
01-20 19:07:02.509 1477 1477 V SystemServerTiming: OnBootPhase_200_com.android.server.webkit.WebViewUpdateService took to complete: 0ms
01-20 19:07:02.509 1477 1477 D SystemServerTiming: OnBootPhase_200_com.android.server.CachedDeviceStateService
01-20 19:07:02.509 1477 1477 V SystemServerTiming: OnBootPhase_200_com.android.server.CachedDeviceStateService took to complete: 0ms
01-20 19:07:02.509 1477 1477 D SystemServerTiming: OnBootPhase_200_com.android.server.BinderCallsStatsService$LifeCycle
01-20 19:07:02.509 1477 1477 V SystemServerTiming: OnBootPhase_200_com.android.server.BinderCallsStatsService$LifeCycle took to complete: 0ms
01-20 19:07:02.509 1477 1477 D SystemServerTiming: OnBootPhase_200_com.android.server.LooperStatsService$Lifecycle
01-20 19:07:02.509 1477 1477 V SystemServerTiming: OnBootPhase_200_com.android.server.LooperStatsService$Lifecycle took to complete: 0ms
01-20 19:07:02.509 1477 1477 D SystemServerTiming: OnBootPhase_200_com.android.server.rollback.RollbackManagerService
01-20 19:07:02.509 1477 1477 V SystemServerTiming: OnBootPhase_200_com.android.server.rollback.RollbackManagerService took to complete: 0ms
01-20 19:07:02.509 1477 1477 D SystemServerTiming: OnBootPhase_200_com.android.server.os.NativeTombstoneManagerService
01-20 19:07:02.509 1477 1477 V SystemServerTiming: OnBootPhase_200_com.android.server.os.NativeTombstoneManagerService took to complete: 0ms
01-20 19:07:02.509 1477 1477 D SystemServerTiming: OnBootPhase_200_com.android.server.os.BugreportManagerService
01-20 19:07:02.509 1477 1477 V SystemServerTiming: OnBootPhase_200_com.android.server.os.BugreportManagerService took to complete: 0ms
01-20 19:07:02.509 1477 1477 D SystemServerTiming: OnBootPhase_200_com.android.server.gpu.GpuService
01-20 19:07:02.509 1477 1477 V SystemServerTiming: OnBootPhase_200_com.android.server.gpu.GpuService took to complete: 0ms
01-20 19:07:02.509 1477 1477 D SystemServerTiming: OnBootPhase_200_com.android.server.security.KeyChainSystemService
01-20 19:07:02.509 1477 1477 V SystemServerTiming: OnBootPhase_200_com.android.server.security.KeyChainSystemService took to complete: 0ms
01-20 19:07:02.509 1477 1477 D SystemServerTiming: OnBootPhase_200_com.android.server.BinaryTransparencyService
01-20 19:07:02.509 1477 1477 V SystemServerTiming: OnBootPhase_200_com.android.server.BinaryTransparencyService took to complete: 0ms
01-20 19:07:02.509 1477 1477 D SystemServerTiming: OnBootPhase_200_com.android.server.telecom.TelecomLoaderService
01-20 19:07:02.509 1477 1477 V SystemServerTiming: OnBootPhase_200_com.android.server.telecom.TelecomLoaderService took to complete: 0ms
01-20 19:07:02.509 1477 1477 D SystemServerTiming: OnBootPhase_200_com.android.server.accounts.AccountManagerService$Lifecycle
01-20 19:07:02.509 1477 1477 V SystemServerTiming: OnBootPhase_200_com.android.server.accounts.AccountManagerService$Lifecycle took to complete: 0ms
01-20 19:07:02.509 1477 1477 D SystemServerTiming: OnBootPhase_200_com.android.server.content.ContentService$Lifecycle
01-20 19:07:02.509 1477 1477 V SystemServerTiming: OnBootPhase_200_com.android.server.content.ContentService$Lifecycle took to complete: 0ms
01-20 19:07:02.509 1477 1477 D SystemServerTiming: OnBootPhase_200_com.android.server.DropBoxManagerService
01-20 19:07:02.509 1477 1477 V SystemServerTiming: OnBootPhase_200_com.android.server.DropBoxManagerService took to complete: 0ms
01-20 19:07:02.509 1477 1477 D SystemServerTiming: OnBootPhase_200_com.android.role.RoleService
01-20 19:07:02.509 1477 1477 V SystemServerTiming: OnBootPhase_200_com.android.role.RoleService took to complete: 0ms
01-20 19:07:02.509 1477 1477 D SystemServerTiming: OnBootPhase_200_com.android.server.vibrator.VibratorManagerService$Lifecycle
01-20 19:07:02.509 1477 1477 V SystemServerTiming: OnBootPhase_200_com.android.server.vibrator.VibratorManagerService$Lifecycle took to complete: 0ms
01-20 19:07:02.509 1477 1477 D SystemServerTiming: OnBootPhase_200_com.android.server.tare.InternalResourceService
01-20 19:07:02.509 1477 1477 V SystemServerTiming: OnBootPhase_200_com.android.server.tare.InternalResourceService took to complete: 0ms
01-20 19:07:02.509 1477 1477 D SystemServerTiming: OnBootPhase_200_com.android.server.alarm.AlarmManagerService
01-20 19:07:02.509 1477 1477 V SystemServerTiming: OnBootPhase_200_com.android.server.alarm.AlarmManagerService took to complete: 0ms
01-20 19:07:02.509 1477 1477 D SystemServerTiming: OnBootPhase_200_com.android.server.devicestate.DeviceStateManagerService
01-20 19:07:02.509 1477 1477 V SystemServerTiming: OnBootPhase_200_com.android.server.devicestate.DeviceStateManagerService took to complete: 0ms
01-20 19:07:02.509 1477 1477 D SystemServerTiming: OnBootPhase_200_com.android.server.camera.CameraServiceProxy
01-20 19:07:02.509 1477 1477 V SystemServerTiming: OnBootPhase_200_com.android.server.camera.CameraServiceProxy took to complete: 0ms
01-20 19:07:02.509 1477 1477 V SystemServerTiming: OnBootPhase_200 took to complete: 1ms
01-20 19:07:02.511 1477 1477 I WindowManager: No existing display settings, starting empty
01-20 19:07:02.511 1477 1477 I WindowManager: No existing display settings, starting empty
01-20 19:07:02.531 1477 1477 V SystemServerTiming: StartWindowManagerService took to complete: 23ms
01-20 19:07:02.531 1477 1477 D SystemServerTiming: SetWindowManagerService
01-20 19:07:02.562 1477 1477 I ActivityTaskManager: Loaded persisted task ids for user 0
01-20 19:07:02.564 1477 1477 V SystemServerTiming: SetWindowManagerService took to complete: 33ms
01-20 19:07:02.564 1477 1477 D SystemServerTiming: WindowManagerServiceOnInitReady
01-20 19:07:02.603 1477 1477 V SystemServerTiming: WindowManagerServiceOnInitReady took to complete: 39ms
01-20 19:07:02.603 1477 1477 D SystemServerTiming: StartVrManagerService
01-20 19:07:02.603 1477 1477 I SystemServiceManager: Starting com.android.server.vr.VrManagerService
01-20 19:07:02.603 1477 2149 D SystemServerTimingAsync: InitThreadPoolExec:StartHidlServices
01-20 19:07:02.603 1477 2149 D SystemServerInitThreadPool: Started executing StartHidlServices
01-20 19:07:02.603 1477 2149 D SystemServerTimingAsync: StartHidlServices
01-20 19:07:02.606 1477 1477 V SystemServerTiming: StartVrManagerService took to complete: 3ms
01-20 19:07:02.606 1477 1477 D SystemServerTiming: StartInputManager
01-20 19:07:02.607 1477 1477 I InputManager: Starting input manager
01-20 19:07:02.615 1477 2149 V SystemServerTimingAsync: StartHidlServices took to complete: 12ms
01-20 19:07:02.616 1477 2149 D SystemServerInitThreadPool: Finished executing StartHidlServices
01-20 19:07:02.616 1477 2149 V SystemServerTimingAsync: InitThreadPoolExec:StartHidlServices took to complete: 12ms
01-20 19:07:02.617 1477 1477 V SystemServerTiming: StartInputManager took to complete: 11ms
01-20 19:07:02.617 1477 1477 D SystemServerTiming: DisplayManagerWindowManagerAndInputReady
01-20 19:07:02.617 1477 1477 V SystemServerTiming: DisplayManagerWindowManagerAndInputReady took to complete: 0ms
01-20 19:07:02.617 1477 1477 D SystemServerTiming: StartBluetoothService
01-20 19:07:02.622 1477 1477 I SystemServiceManager: Starting com.android.server.bluetooth.BluetoothService
01-20 19:07:02.628 1477 1477 V SystemServerTiming: StartBluetoothService took to complete: 10ms
01-20 19:07:02.628 1477 1477 D SystemServerTiming: IpConnectivityMetrics
01-20 19:07:02.628 1477 1477 I SystemServiceManager: Starting com.android.server.connectivity.IpConnectivityMetrics
01-20 19:07:02.628 1477 1477 V SystemServerTiming: IpConnectivityMetrics took to complete: 0ms
01-20 19:07:02.628 1477 1477 D SystemServerTiming: NetworkWatchlistService
01-20 19:07:02.628 1477 1477 I SystemServiceManager: Starting com.android.server.net.watchlist.NetworkWatchlistService$Lifecycle
01-20 19:07:02.636 1477 1477 I WatchlistSettings: Reload watchlist settings done
01-20 19:07:02.637 1477 1477 V SystemServerTiming: NetworkWatchlistService took to complete: 9ms
01-20 19:07:02.637 1477 1477 D SystemServerTiming: PinnerService
01-20 19:07:02.638 1477 1477 I SystemServiceManager: Starting com.android.server.PinnerService
01-20 19:07:02.638 1477 1477 V HistoricalRegistry: Interaction before persistence initialized
01-20 19:07:02.639 1477 2154 I WatchlistLoggingHandler: No need to aggregate record yet.
01-20 19:07:02.639 1477 2154 I WatchlistLoggingHandler: Milliseconds spent on tryAggregateRecords(): 0
01-20 19:07:02.641 1477 1753 D PinnerService: pinRangeStream: null
01-20 19:07:02.641 1477 1477 V SystemServerTiming: PinnerService took to complete: 3ms
01-20 19:07:02.641 1477 1477 D SystemServerTiming: SignedConfigService
01-20 19:07:02.641 1477 1477 V SystemServerTiming: SignedConfigService took to complete: 0ms
01-20 19:07:02.641 1477 1477 D SystemServerTiming: AppIntegrityService
01-20 19:07:02.641 1477 1477 I SystemServiceManager: Starting com.android.server.integrity.AppIntegrityManagerService
01-20 19:07:02.642 1477 1477 E IntegrityFileManager: Error creating staging and rules directory
01-20 19:07:02.649 1477 1477 V SystemServerTiming: AppIntegrityService took to complete: 8ms
01-20 19:07:02.649 1477 1477 D SystemServerTiming: StartLogcatManager
01-20 19:07:02.649 1477 1477 I SystemServiceManager: Starting com.android.server.logcat.LogcatManagerService
01-20 19:07:02.652 1477 1477 V SystemServerTiming: StartLogcatManager took to complete: 3ms
01-20 19:07:02.652 1477 1477 I WindowManager: SAFE MODE not enabled
01-20 19:07:02.653 1477 1477 D SystemServerTiming: StartInputMethodManagerLifecycle
01-20 19:07:02.653 1477 1477 I SystemServiceManager: Starting com.android.server.inputmethod.InputMethodManagerService$Lifecycle
01-20 19:07:02.666 1477 1477 V SystemServerTiming: StartInputMethodManagerLifecycle took to complete: 14ms
01-20 19:07:02.666 1477 1477 D SystemServerTiming: StartAccessibilityManagerService
01-20 19:07:02.666 1477 1477 I SystemServiceManager: Starting com.android.server.accessibility.AccessibilityManagerService$Lifecycle
01-20 19:07:02.667 1477 1753 D PinnerService: pinRangeStream: null
01-20 19:07:02.668 1477 1753 D PinnerService: pinRangeStream: null
01-20 19:07:02.671 1477 1753 D PinnerService: pinRangeStream: null
01-20 19:07:02.671 1477 1477 V SystemServerTiming: StartAccessibilityManagerService took to complete: 5ms
01-20 19:07:02.671 1477 1477 D SystemServerTiming: MakeDisplayReady
01-20 19:07:02.674 1477 1477 I ActivityTaskManager: Config changes=20005df8 {1.0 ?mcc?mnc [en_CA] ldltr sw427dp w427dp h853dp 540dpi nrml long port ?uimode ?night -touch -keyb/h/h -nav/h winConfig={ mBounds=Rect(0, 0 - 1440, 2880) mAppBounds=Rect(0, 0 - 1440, 2880) mMaxBounds=Rect(0, 0 - 1440, 2880) mDisplayRotation=ROTATION_0 mWindowingMode=fullscreen mDisplayWindowingMode=fullscreen mActivityType=undefined mAlwaysOnTop=undefined mRotation=ROTATION_0} s.2 ?fontWeightAdjustment}
01-20 19:07:02.675 1477 1477 I WindowManager: Override config changes=60007dfc {1.0 ?mcc?mnc [en_CA] ldltr sw427dp w427dp h853dp 540dpi nrml long port ?uimode ?night -touch -keyb/h/h -nav/h winConfig={ mBounds=Rect(0, 0 - 1440, 2880) mAppBounds=Rect(0, 0 - 1440, 2880) mMaxBounds=Rect(0, 0 - 1440, 2880) mDisplayRotation=ROTATION_0 mWindowingMode=fullscreen mDisplayWindowingMode=fullscreen mActivityType=undefined mAlwaysOnTop=undefined mRotation=ROTATION_0} s.2 ?fontWeightAdjustment} for displayId=0
01-20 19:07:02.677 1477 1477 I DisplayDevice: [0] Layerstack set to 0 for local:0
01-20 19:07:02.686 1477 1477 I ActivityTaskManager: Config changes=8 {1.0 ?mcc?mnc [en_CA] ldltr sw427dp w427dp h853dp 540dpi nrml long port ?uimode ?night finger -keyb/h/h -nav/h winConfig={ mBounds=Rect(0, 0 - 1440, 2880) mAppBounds=Rect(0, 0 - 1440, 2880) mMaxBounds=Rect(0, 0 - 1440, 2880) mDisplayRotation=ROTATION_0 mWindowingMode=fullscreen mDisplayWindowingMode=fullscreen mActivityType=undefined mAlwaysOnTop=undefined mRotation=ROTATION_0} s.4 ?fontWeightAdjustment}
01-20 19:07:02.687 1477 1477 I WindowManager: Override config changes=8 {1.0 ?mcc?mnc [en_CA] ldltr sw427dp w427dp h853dp 540dpi nrml long port ?uimode ?night finger -keyb/h/h -nav/h winConfig={ mBounds=Rect(0, 0 - 1440, 2880) mAppBounds=Rect(0, 0 - 1440, 2880) mMaxBounds=Rect(0, 0 - 1440, 2880) mDisplayRotation=ROTATION_0 mWindowingMode=fullscreen mDisplayWindowingMode=fullscreen mActivityType=undefined mAlwaysOnTop=undefined mRotation=ROTATION_0} s.4 ?fontWeightAdjustment} for displayId=0
01-20 19:07:02.688 1477 1477 V SystemServerTiming: MakeDisplayReady took to complete: 17ms
01-20 19:07:02.688 1477 1477 D SystemServerTiming: StartStorageManagerService
01-20 19:07:02.688 1477 1477 I SystemServiceManager: Starting com.android.server.StorageManagerService$Lifecycle
01-20 19:07:02.693 1477 1753 D PinnerService: pinRangeStream: null
01-20 19:07:02.698 1477 1753 D PinnerService: pinRangeStream: null
01-20 19:07:02.703 1477 2158 D StorageManagerService: Thinking about init, mBootCompleted=false, mDaemonConnected=true
01-20 19:07:02.703 1477 2158 D StorageManagerService: Thinking about reset, mBootCompleted=false, mDaemonConnected=true
01-20 19:07:02.704 1477 2158 D StorageManagerService: Thinking about init, mBootCompleted=false, mDaemonConnected=true
01-20 19:07:02.704 1477 2158 D StorageManagerService: Thinking about reset, mBootCompleted=false, mDaemonConnected=true
01-20 19:07:02.704 1477 1477 V SystemServerTiming: StartStorageManagerService took to complete: 15ms
01-20 19:07:02.704 1477 1477 D SystemServerTiming: StartStorageStatsService
01-20 19:07:02.704 1477 1477 I SystemServiceManager: Starting com.android.server.usage.StorageStatsService$Lifecycle
01-20 19:07:02.708 1477 1477 V SystemServerTiming: StartStorageStatsService took to complete: 4ms
01-20 19:07:02.708 1477 1477 D SystemServerTiming: StartUiModeManager
01-20 19:07:02.708 1477 1477 I SystemServiceManager: Starting com.android.server.UiModeManagerService
01-20 19:07:02.714 1477 1753 D PinnerService: pinRangeStream: null
01-20 19:07:02.715 1477 1477 V SystemServerTiming: StartUiModeManager took to complete: 7ms
01-20 19:07:02.715 1477 1477 D SystemServerTiming: StartLocaleManagerService
01-20 19:07:02.715 1477 1477 I SystemServiceManager: Starting com.android.server.locales.LocaleManagerService
01-20 19:07:02.718 1477 2159 D SystemServerTimingAsync: InitThreadPoolExec:UiModeManager.onStart
01-20 19:07:02.718 1477 2159 D SystemServerInitThreadPool: Started executing UiModeManager.onStart
01-20 19:07:02.720 1477 1753 D PinnerService: pinRangeStream: null
01-20 19:07:02.720 1477 1753 D PinnerService: pinRangeStream: null
01-20 19:07:02.721 1477 1753 D PinnerService: pinRangeStream: null
01-20 19:07:02.721 1477 1477 V SystemServerTiming: StartLocaleManagerService took to complete: 7ms
01-20 19:07:02.721 1477 1477 D SystemServerTiming: UpdatePackagesIfNeeded
01-20 19:07:02.721 1477 1477 I Watchdog: Pausing HandlerChecker: main thread for reason: dexopt. Pause count: 1
01-20 19:07:02.722 1477 1477 I Watchdog: Resuming HandlerChecker: main thread for reason: dexopt. Pause count: 0
01-20 19:07:02.722 1477 1477 V SystemServerTiming: UpdatePackagesIfNeeded took to complete: 1ms
01-20 19:07:02.722 1477 1477 D SystemServerTiming: PerformFstrimIfNeeded
01-20 19:07:02.723 1477 2159 D SystemServerInitThreadPool: Finished executing UiModeManager.onStart
01-20 19:07:02.723 1477 2159 V SystemServerTimingAsync: InitThreadPoolExec:UiModeManager.onStart took to complete: 4ms
01-20 19:07:02.723 1477 1477 V SystemServerTiming: PerformFstrimIfNeeded took to complete: 1ms
01-20 19:07:02.723 1477 1477 D SystemServerTiming: StartLockSettingsService
01-20 19:07:02.723 1477 1477 I SystemServiceManager: Starting com.android.server.locksettings.LockSettingsService$Lifecycle
01-20 19:07:02.726 1477 1753 D PinnerService: pinRangeStream: null
01-20 19:07:02.734 1477 1753 D PinnerService: pinRangeStream: null
01-20 19:07:02.736 1477 1753 D PinnerService: pinRangeStream: null
01-20 19:07:02.737 1477 1477 V SystemServerTiming: StartLockSettingsService took to complete: 14ms
01-20 19:07:02.737 1477 1477 D SystemServerTiming: StartPersistentDataBlock
01-20 19:07:02.737 1477 1477 I SystemServiceManager: Starting com.android.server.PersistentDataBlockService
01-20 19:07:02.737 1477 1477 V SystemServerTiming: StartPersistentDataBlock took to complete: 0ms
01-20 19:07:02.737 1477 1477 D SystemServerTiming: StartTestHarnessMode
01-20 19:07:02.737 1477 1477 I SystemServiceManager: Starting com.android.server.testharness.TestHarnessModeService
01-20 19:07:02.737 1477 2163 D SystemServerTimingAsync: InitThreadPoolExec:PersistentDataBlockService.onStart
01-20 19:07:02.737 1477 2163 D SystemServerInitThreadPool: Started executing PersistentDataBlockService.onStart
01-20 19:07:02.738 1477 1477 V SystemServerTiming: StartTestHarnessMode took to complete: 1ms
01-20 19:07:02.738 1477 1477 D SystemServerTiming: StartOemLockService
01-20 19:07:02.738 1477 1477 I SystemServiceManager: Starting com.android.server.oemlock.OemLockService
01-20 19:07:02.739 1477 1477 I OemLock : OemLock HAL not present on device
01-20 19:07:02.739 1477 1477 I OemLock : Using persistent data block based lock
01-20 19:07:02.739 1477 1477 V SystemServerTiming: StartOemLockService took to complete: 1ms
01-20 19:07:02.739 1477 1477 D SystemServerTiming: StartDeviceIdleController
01-20 19:07:02.739 1477 1477 I SystemServiceManager: Starting com.android.server.DeviceIdleController
01-20 19:07:02.743 1477 1477 V SystemServerTiming: StartDeviceIdleController took to complete: 4ms
01-20 19:07:02.743 1477 1477 D SystemServerTiming: StartDevicePolicyManager
01-20 19:07:02.743 1477 1477 I SystemServiceManager: Starting com.android.server.devicepolicy.DevicePolicyManagerService$Lifecycle
01-20 19:07:02.749 1477 1477 I DevicePolicyManager: Current version 3, latest version 3, not upgrading.
01-20 19:07:02.752 1477 1477 I DevicePolicyManager: Set ro.organization_owned property to false
01-20 19:07:02.757 1477 1477 V SystemServerTiming: StartDevicePolicyManager took to complete: 14ms
01-20 19:07:02.758 1477 1477 D SystemServerTiming: StartStatusBarManagerService
01-20 19:07:02.760 1477 1477 V SystemServerTiming: StartStatusBarManagerService took to complete: 2ms
01-20 19:07:02.760 1477 1477 D SystemServer: MusicRecognitionManagerService not defined by OEM or disabled by flag
01-20 19:07:02.760 1477 1477 D SystemServer: ContentCaptureService disabled because resource is not overlaid
01-20 19:07:02.760 1477 1477 D SystemServer: AttentionService is not configured on this device
01-20 19:07:02.760 1477 1477 D SystemServer: RotationResolverService is not configured on this device
01-20 19:07:02.761 1477 1477 D SystemServer: SystemCaptionsManagerService disabled because resource is not overlaid
01-20 19:07:02.761 1477 1477 D SystemServerTiming: StartTextToSpeechManagerService
01-20 19:07:02.761 1477 1477 I SystemServiceManager: Starting com.android.server.texttospeech.TextToSpeechManagerService
01-20 19:07:02.762 1477 1477 V SystemServerTiming: StartTextToSpeechManagerService took to complete: 2ms
01-20 19:07:02.762 1477 1477 D SystemServerTiming: StartAmbientContextService
01-20 19:07:02.762 1477 1477 I SystemServiceManager: Starting com.android.server.ambientcontext.AmbientContextManagerService
01-20 19:07:02.764 1477 1477 V SystemServerTiming: StartAmbientContextService took to complete: 1ms
01-20 19:07:02.764 1477 1477 D SystemServerTiming: StartSpeechRecognitionManagerService
01-20 19:07:02.764 1477 1477 I SystemServiceManager: Starting com.android.server.speech.SpeechRecognitionManagerService
01-20 19:07:02.767 1477 1477 V SystemServerTiming: StartSpeechRecognitionManagerService took to complete: 2ms
01-20 19:07:02.767 1477 1477 D SystemServer: AppPredictionService not defined by OEM
01-20 19:07:02.767 1477 1477 D SystemServer: ContentSuggestionsService not defined by OEM
01-20 19:07:02.767 1477 1477 D SystemServerTiming: StartSearchUiService
01-20 19:07:02.767 1477 1477 I SystemServiceManager: Starting com.android.server.searchui.SearchUiManagerService
01-20 19:07:02.769 1477 1477 V SystemServerTiming: StartSearchUiService took to complete: 2ms
01-20 19:07:02.770 1477 1477 D SystemServerTiming: StartSmartspaceService
01-20 19:07:02.770 1477 1477 I SystemServiceManager: Starting com.android.server.smartspace.SmartspaceManagerService
01-20 19:07:02.771 1477 1477 V SystemServerTiming: StartSmartspaceService took to complete: 2ms
01-20 19:07:02.771 1477 1477 D SystemServerTiming: InitConnectivityModuleConnector
01-20 19:07:02.771 1477 1477 D ConnectivityModuleConnector: Network stack init
01-20 19:07:02.772 1477 1477 V SystemServerTiming: InitConnectivityModuleConnector took to complete: 1ms
01-20 19:07:02.772 1477 1477 D SystemServerTiming: InitNetworkStackClient
01-20 19:07:02.772 1477 1477 V SystemServerTiming: InitNetworkStackClient took to complete: 0ms
01-20 19:07:02.772 1477 1477 D SystemServerTiming: StartNetworkManagementService
01-20 19:07:02.775 1477 1477 V SystemServerTiming: StartNetworkManagementService took to complete: 3ms
01-20 19:07:02.775 1477 1477 D SystemServerTiming: StartFontManagerService
01-20 19:07:02.776 1477 2163 D SystemServerInitThreadPool: Finished executing PersistentDataBlockService.onStart
01-20 19:07:02.776 1477 2163 V SystemServerTimingAsync: InitThreadPoolExec:PersistentDataBlockService.onStart took to complete: 39ms
01-20 19:07:02.787 1477 1477 V SystemServerTiming: StartFontManagerService took to complete: 11ms
01-20 19:07:02.787 1477 1477 D SystemServerTiming: StartTextServicesManager
01-20 19:07:02.787 1477 1477 I SystemServiceManager: Starting com.android.server.textservices.TextServicesManagerService$Lifecycle
01-20 19:07:02.791 1477 1477 V SystemServerTiming: StartTextServicesManager took to complete: 5ms
01-20 19:07:02.791 1477 1477 D SystemServerTiming: StartTextClassificationManagerService
01-20 19:07:02.791 1477 1477 I SystemServiceManager: Starting com.android.server.textclassifier.TextClassificationManagerService$Lifecycle
01-20 19:07:02.794 1477 1477 V SystemServerTiming: StartTextClassificationManagerService took to complete: 3ms
01-20 19:07:02.794 1477 1477 D SystemServerTiming: StartNetworkScoreService
01-20 19:07:02.794 1477 1477 I SystemServiceManager: Starting com.android.server.NetworkScoreService$Lifecycle
01-20 19:07:02.796 1477 1477 V SystemServerTiming: StartNetworkScoreService took to complete: 2ms
01-20 19:07:02.796 1477 1477 D SystemServerTiming: StartNetworkStatsService
01-20 19:07:02.807 1477 1477 I SystemServiceManager: Starting com.android.server.NetworkStatsServiceInitializer
01-20 19:07:02.817 1477 1753 D PinnerService: pinRangeStream: null
01-20 19:07:02.820 1477 1753 D PinnerService: pinRangeStream: null
01-20 19:07:02.850 1477 1477 V SystemServerTiming: StartNetworkStatsService took to complete: 54ms
01-20 19:07:02.850 1477 1477 D SystemServerTiming: StartNetworkPolicyManagerService
01-20 19:07:02.855 1477 1477 V SystemServerTiming: StartNetworkPolicyManagerService took to complete: 5ms
01-20 19:07:02.855 1477 1477 D SystemServerTiming: StartWifi
01-20 19:07:02.866 1477 1753 D PinnerService: pinRangeStream: null
01-20 19:07:02.868 1477 1477 I SystemServiceManager: Starting com.android.server.wifi.WifiService
01-20 19:07:02.878 1477 1753 D PinnerService: pinRangeStream: null
01-20 19:07:02.885 1477 1753 D PinnerService: pinRangeStream: null
01-20 19:07:02.888 1477 1753 D PinnerService: pinRangeStream: null
01-20 19:07:02.891 1477 1753 D PinnerService: pinRangeStream: null
01-20 19:07:02.900 1477 1753 D PinnerService: pinRangeStream: null
01-20 19:07:02.905 1477 1753 D PinnerService: pinRangeStream: null
01-20 19:07:02.910 1477 1753 D PinnerService: pinRangeStream: null
01-20 19:07:02.973 1101 1101 I wificond: New wificond event callback registered
01-20 19:07:02.978 1477 1477 V HistoricalRegistry: Interaction before persistence initialized
01-20 19:07:02.982 1477 1477 V SystemServerTiming: StartWifi took to complete: 127ms
01-20 19:07:02.982 1477 1477 D SystemServerTiming: StartWifiScanning
01-20 19:07:02.983 1477 1477 I SystemServiceManager: Starting com.android.server.wifi.scanner.WifiScanningService
01-20 19:07:02.992 1477 1477 V SystemServerTiming: StartWifiScanning took to complete: 9ms
01-20 19:07:02.992 1477 1477 D SystemServerTiming: StartWifiP2P
01-20 19:07:02.993 1477 1477 I SystemServiceManager: Starting com.android.server.wifi.p2p.WifiP2pService
01-20 19:07:03.000 1477 1477 V SystemServerTiming: StartWifiP2P took to complete: 7ms
01-20 19:07:03.000 1477 1477 D SystemServerTiming: StartPacProxyService
01-20 19:07:03.002 1477 1477 V SystemServerTiming: StartPacProxyService took to complete: 2ms
01-20 19:07:03.002 1477 1477 D SystemServerTiming: StartConnectivityService
01-20 19:07:03.003 1477 1477 I SystemServiceManager: Starting com.android.server.ConnectivityServiceInitializer
01-20 19:07:03.038 1477 1477 D CompatibilityChangeReporter: Compat change id reported: 182478738; UID 1000; state: ENABLED
01-20 19:07:03.049 1477 2111 V SystemServerTimingAsync: AppDataPrepare took to complete: 865ms
01-20 19:07:03.049 1477 2111 I PackageManager: Deferred reconcileAppsData finished 179 packages
01-20 19:07:03.049 1477 2111 D SystemServerInitThreadPool: Finished executing prepareAppData
01-20 19:07:03.049 1477 2111 V SystemServerTimingAsync: InitThreadPoolExec:prepareAppData took to complete: 1032ms
01-20 19:07:03.066 1477 1477 V SystemServerTiming: StartConnectivityService took to complete: 65ms
01-20 19:07:03.066 1477 1477 D SystemServerTiming: StartVpnManagerService
01-20 19:07:03.069 1477 1477 V SystemServerTiming: StartVpnManagerService took to complete: 3ms
01-20 19:07:03.069 1477 1477 D SystemServerTiming: StartVcnManagementService
01-20 19:07:03.072 1477 1477 V SystemServerTiming: StartVcnManagementService took to complete: 2ms
01-20 19:07:03.072 1477 1477 D SystemServerTiming: StartSystemUpdateManagerService
01-20 19:07:03.072 1477 1477 I SystemUpdateManagerService: No existing info file /data/system/system-update-info.xml
01-20 19:07:03.073 1477 1477 V SystemServerTiming: StartSystemUpdateManagerService took to complete: 0ms
01-20 19:07:03.073 1477 1477 D SystemServerTiming: StartUpdateLockService
01-20 19:07:03.073 1477 1477 V SystemServerTiming: StartUpdateLockService took to complete: 1ms
01-20 19:07:03.073 1477 1477 D SystemServerTiming: StartNotificationManager
01-20 19:07:03.073 1477 1477 I SystemServiceManager: Starting com.android.server.notification.NotificationManagerService
01-20 19:07:03.079 1477 1477 D ConditionProviders.SCP: new ScheduleConditionProvider()
01-20 19:07:03.097 1477 1477 I NotificationAssistants: Read notification assistant permissions from xml
01-20 19:07:03.097 1477 1477 I ConditionProviders: Read condition provider permissions from xml
01-20 19:07:03.097 1477 1477 I ConditionProviders: Read condition provider permissions from xml
01-20 19:07:03.098 1477 1477 D NotificationAssistants: Approving default notification assistant for user 0
01-20 19:07:03.098 1477 1477 I ConditionProviders: Allowing condition provider android.ext.services/android.ext.services.notification.Assistant (userSet: true)
01-20 19:07:03.100 1477 1477 D CompatibilityChangeReporter: Compat change id reported: 157233955; UID 1000; state: ENABLED
01-20 19:07:03.109 1477 1477 V SystemServerTiming: StartNotificationManager took to complete: 36ms
01-20 19:07:03.109 1477 1477 D SystemServerTiming: StartDeviceMonitor
01-20 19:07:03.109 1477 1477 I SystemServiceManager: Starting com.android.server.storage.DeviceStorageMonitorService
01-20 19:07:03.110 1477 1477 V SystemServerTiming: StartDeviceMonitor took to complete: 1ms
01-20 19:07:03.110 1477 1477 D SystemServerTiming: StartLocationManagerService
01-20 19:07:03.110 1477 1477 I SystemServiceManager: Starting com.android.server.location.LocationManagerService$Lifecycle
01-20 19:07:03.114 1477 1477 V SystemServerTiming: StartLocationManagerService took to complete: 3ms
01-20 19:07:03.114 1477 1477 D SystemServerTiming: StartCountryDetectorService
01-20 19:07:03.115 1477 1477 V SystemServerTiming: StartCountryDetectorService took to complete: 1ms
01-20 19:07:03.115 1477 1477 D SystemServerTiming: StartTimeDetectorService
01-20 19:07:03.115 1477 1477 I SystemServiceManager: Starting com.android.server.timedetector.TimeDetectorService$Lifecycle
01-20 19:07:03.116 1477 1477 V SystemServerTiming: StartTimeDetectorService took to complete: 2ms
01-20 19:07:03.116 1477 1477 D SystemServerTiming: StartTimeZoneDetectorService
01-20 19:07:03.116 1477 1477 I SystemServiceManager: Starting com.android.server.timezonedetector.TimeZoneDetectorService$Lifecycle
01-20 19:07:03.119 1477 1477 V SystemServerTiming: StartTimeZoneDetectorService took to complete: 3ms
01-20 19:07:03.119 1477 1477 D SystemServerTiming: StartLocationTimeZoneManagerService
01-20 19:07:03.119 1477 1477 I SystemServiceManager: Starting com.android.server.timezonedetector.location.LocationTimeZoneManagerService$Lifecycle
01-20 19:07:03.120 1477 1477 V SystemServerTiming: StartLocationTimeZoneManagerService took to complete: 1ms
01-20 19:07:03.120 1477 1477 D SystemServerTiming: StartSearchManagerService
01-20 19:07:03.121 1477 1477 I SystemServiceManager: Starting com.android.server.search.SearchManagerService$Lifecycle
01-20 19:07:03.122 1477 1477 V SystemServerTiming: StartSearchManagerService took to complete: 2ms
01-20 19:07:03.122 1477 1477 D SystemServerTiming: StartWallpaperManagerService
01-20 19:07:03.122 1477 1477 I SystemServiceManager: Starting com.android.server.wallpaper.WallpaperManagerService$Lifecycle
01-20 19:07:03.123 1477 1477 V SystemServerTiming: StartWallpaperManagerService took to complete: 1ms
01-20 19:07:03.123 1477 1477 D SystemServerTiming: StartWallpaperEffectsGenerationService
01-20 19:07:03.123 1477 1477 I SystemServiceManager: Starting com.android.server.wallpapereffectsgeneration.WallpaperEffectsGenerationManagerService
01-20 19:07:03.124 1477 1477 V SystemServerTiming: StartWallpaperEffectsGenerationService took to complete: 1ms
01-20 19:07:03.124 1477 1477 D SystemServerTiming: StartAudioService
01-20 19:07:03.124 1477 1477 I SystemServiceManager: Starting com.android.server.audio.AudioService$Lifecycle
01-20 19:07:03.159 1477 1477 V SystemServerTiming: StartAudioService took to complete: 35ms
01-20 19:07:03.159 1477 1477 D SystemServerTiming: StartSoundTriggerMiddlewareService
01-20 19:07:03.159 1477 1477 I SystemServiceManager: Starting com.android.server.soundtrigger_middleware.SoundTriggerMiddlewareService$Lifecycle
01-20 19:07:03.172 1477 1477 V SystemServerTiming: StartSoundTriggerMiddlewareService took to complete: 13ms
01-20 19:07:03.172 1477 1477 D SystemServerTiming: StartDockObserver
01-20 19:07:03.172 1477 1477 I SystemServiceManager: Starting com.android.server.DockObserver
01-20 19:07:03.175 1477 1477 I DockObserver: No extcon dock device found in this kernel.
01-20 19:07:03.176 1477 1477 V SystemServerTiming: StartDockObserver took to complete: 3ms
01-20 19:07:03.176 1477 1477 D SystemServerTiming: StartWiredAccessoryManager
01-20 19:07:03.176 1477 1477 W WiredAccessoryManager: This kernel does not have usb audio support
01-20 19:07:03.176 1477 1477 E WiredAccessoryManager: file /sys/devices/platform/soc/soc:qcom,msm-ext-disp/extcon/extcon3/name not found
01-20 19:07:03.176 1477 1477 W WiredAccessoryManager: Conn soc:qcom,msm-ext-disp/3/1 does not have DP audio support
01-20 19:07:03.176 1477 1477 E WiredAccessoryManager: file /sys/devices/platform/soc/soc:qcom,msm-ext-disp/extcon/extcon2/name not found
01-20 19:07:03.177 1477 1477 W WiredAccessoryManager: Conn soc:qcom,msm-ext-disp/2/1 does not have DP audio support
01-20 19:07:03.177 1477 1477 E WiredAccessoryManager: file /sys/devices/platform/soc/soc:qcom,msm-ext-disp/extcon/extcon1/name not found
01-20 19:07:03.177 1477 1477 W WiredAccessoryManager: Conn soc:qcom,msm-ext-disp/1/1 does not have DP audio support
01-20 19:07:03.177 1477 1477 E WiredAccessoryManager: file /sys/devices/platform/soc/soc:qcom,msm-ext-disp/extcon/extcon0/name not found
01-20 19:07:03.177 1477 1477 W WiredAccessoryManager: Conn soc:qcom,msm-ext-disp/0/1 does not have DP audio support
01-20 19:07:03.177 1477 1477 E WiredAccessoryManager: file /sys/devices/platform/soc/soc:qcom,msm-ext-disp/extcon/extcon3/name not found
01-20 19:07:03.177 1477 1477 W WiredAccessoryManager: Conn soc:qcom,msm-ext-disp/3/0 does not have DP audio support
01-20 19:07:03.177 1477 1477 E WiredAccessoryManager: file /sys/devices/platform/soc/soc:qcom,msm-ext-disp/extcon/extcon2/name not found
01-20 19:07:03.177 1477 1477 W WiredAccessoryManager: Conn soc:qcom,msm-ext-disp/2/0 does not have DP audio support
01-20 19:07:03.177 1477 1477 E WiredAccessoryManager: file /sys/devices/platform/soc/soc:qcom,msm-ext-disp/extcon/extcon1/name not found
01-20 19:07:03.177 1477 1477 W WiredAccessoryManager: Conn soc:qcom,msm-ext-disp/1/0 does not have DP audio support
01-20 19:07:03.177 1477 1477 E WiredAccessoryManager: file /sys/devices/platform/soc/soc:qcom,msm-ext-disp/extcon/extcon0/name not found
01-20 19:07:03.177 1477 1477 W WiredAccessoryManager: Conn soc:qcom,msm-ext-disp/0/0 does not have DP audio support
01-20 19:07:03.177 1477 1477 V SystemServerTiming: StartWiredAccessoryManager took to complete: 2ms
01-20 19:07:03.177 1477 1477 D SystemServerTiming: StartMidiManager
01-20 19:07:03.177 1477 1477 I SystemServiceManager: Starting com.android.server.midi.MidiService$Lifecycle
01-20 19:07:03.179 1477 1477 V SystemServerTiming: StartMidiManager took to complete: 2ms
01-20 19:07:03.179 1477 1477 D SystemServerTiming: StartAdbService
01-20 19:07:03.179 1477 1477 I SystemServiceManager: Starting com.android.server.adb.AdbService$Lifecycle
01-20 19:07:03.182 1477 1477 V SystemServerTiming: StartAdbService took to complete: 3ms
01-20 19:07:03.182 1477 1477 D SystemServerTiming: StartUsbService
01-20 19:07:03.182 1477 1477 I SystemServiceManager: Starting com.android.server.usb.UsbService$Lifecycle
01-20 19:07:03.182 1477 1477 V SystemServerTiming: StartUsbService took to complete: 0ms
01-20 19:07:03.182 1477 1477 D SystemServerTiming: StartSerialService
01-20 19:07:03.182 1477 1708 D SystemServerTimingAsync: InitThreadPoolExec:UsbService$Lifecycle#onStart
01-20 19:07:03.182 1477 1708 D SystemServerInitThreadPool: Started executing UsbService$Lifecycle#onStart
01-20 19:07:03.183 1477 1708 I UsbDeviceManager: failed to write to /sys/class/android_usb/android0/f_rndis/ethaddr
01-20 19:07:03.185 1477 1477 V SystemServerTiming: StartSerialService took to complete: 2ms
01-20 19:07:03.185 1477 1477 D SystemServerTiming: StartHardwarePropertiesManagerService
01-20 19:07:03.185 1477 1708 I UsbDeviceManager: USB GADGET HAL not present in the device
01-20 19:07:03.185 1477 1708 I UsbDeviceManager: java.util.NoSuchElementException
01-20 19:07:03.185 1477 1708 I UsbDeviceManager: at android.os.HwBinder.getService(Native Method)
01-20 19:07:03.185 1477 1708 I UsbDeviceManager: at android.hardware.usb.gadget.V1_0.IUsbGadget.getService(IUsbGadget.java:57)
01-20 19:07:03.185 1477 1708 I UsbDeviceManager: at android.hardware.usb.gadget.V1_0.IUsbGadget.getService(IUsbGadget.java:64)
01-20 19:07:03.185 1477 1708 I UsbDeviceManager: at com.android.server.usb.UsbDeviceManager.(UsbDeviceManager.java:309)
01-20 19:07:03.185 1477 1708 I UsbDeviceManager: at com.android.server.usb.UsbService.(UsbService.java:183)
01-20 19:07:03.185 1477 1708 I UsbDeviceManager: at com.android.server.usb.UsbService$Lifecycle.lambda$onStart$0$com-android-server-usb-UsbService$Lifecycle(UsbService.java:97)
01-20 19:07:03.185 1477 1708 I UsbDeviceManager: at com.android.server.usb.UsbService$Lifecycle$$ExternalSyntheticLambda2.run(Unknown Source:2)
01-20 19:07:03.185 1477 1708 I UsbDeviceManager: at com.android.server.SystemServerInitThreadPool.lambda$submitTask$0$com-android-server-SystemServerInitThreadPool(SystemServerInitThreadPool.java:106)
01-20 19:07:03.185 1477 1708 I UsbDeviceManager: at com.android.server.SystemServerInitThreadPool$$ExternalSyntheticLambda0.run(Unknown Source:6)
01-20 19:07:03.185 1477 1708 I UsbDeviceManager: at java.util.concurrent.Executors$RunnableAdapter.call(Executors.java:463)
01-20 19:07:03.185 1477 1708 I UsbDeviceManager: at java.util.concurrent.FutureTask.run(FutureTask.java:264)
01-20 19:07:03.185 1477 1708 I UsbDeviceManager: at java.util.concurrent.ThreadPoolExecutor.runWorker(ThreadPoolExecutor.java:1137)
01-20 19:07:03.185 1477 1708 I UsbDeviceManager: at java.util.concurrent.ThreadPoolExecutor$Worker.run(ThreadPoolExecutor.java:637)
01-20 19:07:03.185 1477 1708 I UsbDeviceManager: at com.android.internal.util.ConcurrentUtils$1$1.run(ConcurrentUtils.java:65)
01-20 19:07:03.185 1477 1708 E UsbDeviceManager: Failed to open control for mtp
01-20 19:07:03.185 1477 1708 E UsbDeviceManager: Failed to open control for ptp
01-20 19:07:03.187 1477 1477 V SystemServerTiming: StartHardwarePropertiesManagerService took to complete: 2ms
01-20 19:07:03.187 1477 1477 D SystemServerTiming: StartTwilightService
01-20 19:07:03.187 1477 1477 I SystemServiceManager: Starting com.android.server.twilight.TwilightService
01-20 19:07:03.187 1477 1477 V SystemServerTiming: StartTwilightService took to complete: 1ms
01-20 19:07:03.187 1477 1477 D SystemServerTiming: StartColorDisplay
01-20 19:07:03.187 1477 1477 I SystemServiceManager: Starting com.android.server.display.color.ColorDisplayService
