01-20 19:07:03.603 1477 1477 D SystemServerTiming: OnBootPhase_550_com.android.server.integrity.AppIntegrityManagerService
01-20 19:07:03.603 1477 1477 V SystemServerTiming: OnBootPhase_550_com.android.server.integrity.AppIntegrityManagerService took to complete: 0ms
01-20 19:07:03.603 1477 1477 D SystemServerTiming: OnBootPhase_550_com.android.server.logcat.LogcatManagerService
01-20 19:07:03.603 1477 1477 V SystemServerTiming: OnBootPhase_550_com.android.server.logcat.LogcatManagerService took to complete: 0ms
01-20 19:07:03.603 1477 1477 D SystemServerTiming: OnBootPhase_550_com.android.server.inputmethod.InputMethodManagerService$Lifecycle
01-20 19:07:03.605 1477 2131 E NativeTombstoneManager: Tombstone's UID (1000) not an app, ignoring
01-20 19:07:03.605 1477 2132 D SystemServerTimingAsync: InitThreadPoolExec:Lazily initialize IMMS#mImeDrawsImeNavBarRes
01-20 19:07:03.605 1477 2132 D SystemServerInitThreadPool: Started executing Lazily initialize IMMS#mImeDrawsImeNavBarRes
01-20 19:07:03.609 1477 2131 E NativeTombstoneManager: Tombstone's UID (1000) not an app, ignoring
01-20 19:07:03.611 1477 2131 E NativeTombstoneManager: Tombstone's UID (1000) not an app, ignoring
01-20 19:07:03.613 1477 2131 E NativeTombstoneManager: Tombstone's UID (1000) not an app, ignoring
01-20 19:07:03.615 1477 2131 E NativeTombstoneManager: Tombstone's UID (1000) not an app, ignoring
01-20 19:07:03.615 1477 2131 E NativeTombstoneManager: Tombstone's UID (1000) not an app, ignoring
01-20 19:07:03.616 1477 2131 E NativeTombstoneManager: Tombstone's UID (1000) not an app, ignoring
01-20 19:07:03.616 1477 2131 E NativeTombstoneManager: Tombstone's UID (1000) not an app, ignoring
01-20 19:07:03.652 1477 1477 V SystemServerTiming: OnBootPhase_550_com.android.server.inputmethod.InputMethodManagerService$Lifecycle took to complete: 49ms
01-20 19:07:03.652 1477 1477 D SystemServerTiming: OnBootPhase_550_com.android.server.accessibility.AccessibilityManagerService$Lifecycle
01-20 19:07:03.652 1477 1477 V SystemServerTiming: OnBootPhase_550_com.android.server.accessibility.AccessibilityManagerService$Lifecycle took to complete: 0ms
01-20 19:07:03.652 1477 1477 D SystemServerTiming: OnBootPhase_550_com.android.server.StorageManagerService$Lifecycle
01-20 19:07:03.652 1477 1477 V SystemServerTiming: OnBootPhase_550_com.android.server.StorageManagerService$Lifecycle took to complete: 0ms
01-20 19:07:03.652 1477 1477 D SystemServerTiming: OnBootPhase_550_com.android.server.usage.StorageStatsService$Lifecycle
01-20 19:07:03.652 1477 1477 V SystemServerTiming: OnBootPhase_550_com.android.server.usage.StorageStatsService$Lifecycle took to complete: 0ms
01-20 19:07:03.652 1477 1477 D SystemServerTiming: OnBootPhase_550_com.android.server.UiModeManagerService
01-20 19:07:03.652 1477 1477 V SystemServerTiming: OnBootPhase_550_com.android.server.UiModeManagerService took to complete: 0ms
01-20 19:07:03.652 1477 1477 D SystemServerTiming: OnBootPhase_550_com.android.server.locales.LocaleManagerService
01-20 19:07:03.652 1477 1477 V SystemServerTiming: OnBootPhase_550_com.android.server.locales.LocaleManagerService took to complete: 0ms
01-20 19:07:03.652 1477 1477 D SystemServerTiming: OnBootPhase_550_com.android.server.locksettings.LockSettingsService$Lifecycle
01-20 19:07:03.654 1477 1477 I RebootEscrowManager: No reboot escrow data found for users, skipping loading escrow data
01-20 19:07:03.656 1477 2132 D SystemServerInitThreadPool: Finished executing Lazily initialize IMMS#mImeDrawsImeNavBarRes
01-20 19:07:03.656 1477 2132 V SystemServerTimingAsync: InitThreadPoolExec:Lazily initialize IMMS#mImeDrawsImeNavBarRes took to complete: 51ms
01-20 19:07:03.657 1477 1477 V SystemServerTiming: OnBootPhase_550_com.android.server.locksettings.LockSettingsService$Lifecycle took to complete: 5ms
01-20 19:07:03.657 1477 1477 D SystemServerTiming: OnBootPhase_550_com.android.server.PersistentDataBlockService
01-20 19:07:03.657 1477 1477 V SystemServerTiming: OnBootPhase_550_com.android.server.PersistentDataBlockService took to complete: 0ms
01-20 19:07:03.657 1477 1477 D SystemServerTiming: OnBootPhase_550_com.android.server.testharness.TestHarnessModeService
01-20 19:07:03.657 1477 1477 V SystemServerTiming: OnBootPhase_550_com.android.server.testharness.TestHarnessModeService took to complete: 0ms
01-20 19:07:03.657 1477 1477 D SystemServerTiming: OnBootPhase_550_com.android.server.oemlock.OemLockService
01-20 19:07:03.657 1477 1477 V SystemServerTiming: OnBootPhase_550_com.android.server.oemlock.OemLockService took to complete: 0ms
01-20 19:07:03.657 1477 1477 D SystemServerTiming: OnBootPhase_550_com.android.server.DeviceIdleController
01-20 19:07:03.657 1477 1477 V SystemServerTiming: OnBootPhase_550_com.android.server.DeviceIdleController took to complete: 0ms
01-20 19:07:03.657 1477 1477 D SystemServerTiming: OnBootPhase_550_com.android.server.devicepolicy.DevicePolicyManagerService$Lifecycle
01-20 19:07:03.657 1477 1477 V SystemServerTiming: OnBootPhase_550_com.android.server.devicepolicy.DevicePolicyManagerService$Lifecycle took to complete: 0ms
01-20 19:07:03.657 1477 1477 D SystemServerTiming: OnBootPhase_550_com.android.server.texttospeech.TextToSpeechManagerService
01-20 19:07:03.657 1477 1477 V SystemServerTiming: OnBootPhase_550_com.android.server.texttospeech.TextToSpeechManagerService took to complete: 0ms
01-20 19:07:03.657 1477 1477 D SystemServerTiming: OnBootPhase_550_com.android.server.ambientcontext.AmbientContextManagerService
01-20 19:07:03.657 1477 1477 V SystemServerTiming: OnBootPhase_550_com.android.server.ambientcontext.AmbientContextManagerService took to complete: 0ms
01-20 19:07:03.657 1477 1477 D SystemServerTiming: OnBootPhase_550_com.android.server.speech.SpeechRecognitionManagerService
01-20 19:07:03.657 1477 1477 V SystemServerTiming: OnBootPhase_550_com.android.server.speech.SpeechRecognitionManagerService took to complete: 0ms
01-20 19:07:03.657 1477 1477 D SystemServerTiming: OnBootPhase_550_com.android.server.searchui.SearchUiManagerService
01-20 19:07:03.657 1477 1477 V SystemServerTiming: OnBootPhase_550_com.android.server.searchui.SearchUiManagerService took to complete: 0ms
01-20 19:07:03.657 1477 1477 D SystemServerTiming: OnBootPhase_550_com.android.server.smartspace.SmartspaceManagerService
01-20 19:07:03.657 1477 1477 V SystemServerTiming: OnBootPhase_550_com.android.server.smartspace.SmartspaceManagerService took to complete: 0ms
01-20 19:07:03.657 1477 1477 D SystemServerTiming: OnBootPhase_550_com.android.server.graphics.fonts.FontManagerService$Lifecycle
01-20 19:07:03.657 1477 1477 V SystemServerTiming: OnBootPhase_550_com.android.server.graphics.fonts.FontManagerService$Lifecycle took to complete: 0ms
01-20 19:07:03.657 1477 1477 D SystemServerTiming: OnBootPhase_550_com.android.server.textservices.TextServicesManagerService$Lifecycle
01-20 19:07:03.657 1477 1477 V SystemServerTiming: OnBootPhase_550_com.android.server.textservices.TextServicesManagerService$Lifecycle took to complete: 0ms
01-20 19:07:03.657 1477 1477 D SystemServerTiming: OnBootPhase_550_com.android.server.textclassifier.TextClassificationManagerService$Lifecycle
01-20 19:07:03.657 1477 1477 V SystemServerTiming: OnBootPhase_550_com.android.server.textclassifier.TextClassificationManagerService$Lifecycle took to complete: 0ms
01-20 19:07:03.658 1477 1477 D SystemServerTiming: OnBootPhase_550_com.android.server.NetworkScoreService$Lifecycle
01-20 19:07:03.658 1477 1477 V SystemServerTiming: OnBootPhase_550_com.android.server.NetworkScoreService$Lifecycle took to complete: 0ms
01-20 19:07:03.658 1477 1477 D SystemServerTiming: OnBootPhase_550_com.android.server.NetworkStatsServiceInitializer
01-20 19:07:03.679 1477 1477 V SystemServerTiming: OnBootPhase_550_com.android.server.NetworkStatsServiceInitializer took to complete: 21ms
01-20 19:07:03.679 1477 1477 D SystemServerTiming: OnBootPhase_550_com.android.server.wifi.WifiService
01-20 19:07:03.679 1477 1477 V SystemServerTiming: OnBootPhase_550_com.android.server.wifi.WifiService took to complete: 0ms
01-20 19:07:03.679 1477 1477 D SystemServerTiming: OnBootPhase_550_com.android.server.wifi.scanner.WifiScanningService
01-20 19:07:03.679 1477 1477 V SystemServerTiming: OnBootPhase_550_com.android.server.wifi.scanner.WifiScanningService took to complete: 0ms
01-20 19:07:03.679 1477 1477 D SystemServerTiming: OnBootPhase_550_com.android.server.wifi.p2p.WifiP2pService
01-20 19:07:03.679 1477 1477 V SystemServerTiming: OnBootPhase_550_com.android.server.wifi.p2p.WifiP2pService took to complete: 0ms
01-20 19:07:03.679 1477 1477 D SystemServerTiming: OnBootPhase_550_com.android.server.ConnectivityServiceInitializer
01-20 19:07:03.679 1477 1477 V SystemServerTiming: OnBootPhase_550_com.android.server.ConnectivityServiceInitializer took to complete: 0ms
01-20 19:07:03.679 1477 1477 D SystemServerTiming: OnBootPhase_550_com.android.server.notification.NotificationManagerService
01-20 19:07:03.679 1477 1477 V SystemServerTiming: OnBootPhase_550_com.android.server.notification.NotificationManagerService took to complete: 0ms
01-20 19:07:03.679 1477 1477 D SystemServerTiming: OnBootPhase_550_com.android.server.storage.DeviceStorageMonitorService
01-20 19:07:03.679 1477 1477 V SystemServerTiming: OnBootPhase_550_com.android.server.storage.DeviceStorageMonitorService took to complete: 0ms
01-20 19:07:03.679 1477 1477 D SystemServerTiming: OnBootPhase_550_com.android.server.location.LocationManagerService$Lifecycle
01-20 19:07:03.679 1477 1477 V SystemServerTiming: OnBootPhase_550_com.android.server.location.LocationManagerService$Lifecycle took to complete: 0ms
01-20 19:07:03.679 1477 1477 D SystemServerTiming: OnBootPhase_550_com.android.server.timedetector.TimeDetectorService$Lifecycle
01-20 19:07:03.679 1477 1477 V SystemServerTiming: OnBootPhase_550_com.android.server.timedetector.TimeDetectorService$Lifecycle took to complete: 0ms
01-20 19:07:03.679 1477 1477 D SystemServerTiming: OnBootPhase_550_com.android.server.timezonedetector.TimeZoneDetectorService$Lifecycle
01-20 19:07:03.679 1477 1477 V SystemServerTiming: OnBootPhase_550_com.android.server.timezonedetector.TimeZoneDetectorService$Lifecycle took to complete: 0ms
01-20 19:07:03.679 1477 1477 D SystemServerTiming: OnBootPhase_550_com.android.server.timezonedetector.location.LocationTimeZoneManagerService$Lifecycle
01-20 19:07:03.679 1477 1477 V SystemServerTiming: OnBootPhase_550_com.android.server.timezonedetector.location.LocationTimeZoneManagerService$Lifecycle took to complete: 0ms
01-20 19:07:03.679 1477 1477 D SystemServerTiming: OnBootPhase_550_com.android.server.search.SearchManagerService$Lifecycle
01-20 19:07:03.679 1477 1477 V SystemServerTiming: OnBootPhase_550_com.android.server.search.SearchManagerService$Lifecycle took to complete: 0ms
01-20 19:07:03.679 1477 1477 D SystemServerTiming: OnBootPhase_550_com.android.server.wallpaper.WallpaperManagerService$Lifecycle
01-20 19:07:03.680 1477 1477 I WallpaperManagerService: No static wallpaper imagery; defaults will be shown
01-20 19:07:03.680 1477 1477 V WallpaperManagerService: bindWallpaperComponentLocked: componentName=ComponentInfo{com.android.systemui/com.android.systemui.wallpapers.ImageWallpaper}
01-20 19:07:03.680 1477 1477 D WallpaperManagerService: WPMS.bindWallpaperComponentLocked-ComponentInfo{com.android.systemui/com.android.systemui.wallpapers.ImageWallpaper}
01-20 19:07:03.682 1477 1477 D CompatibilityChangeReporter: Compat change id reported: 135634846; UID 10135; state: DISABLED
01-20 19:07:03.682 1477 1477 D CompatibilityChangeReporter: Compat change id reported: 177438394; UID 10135; state: DISABLED
01-20 19:07:03.682 1477 1477 D CompatibilityChangeReporter: Compat change id reported: 135772972; UID 10135; state: DISABLED
01-20 19:07:03.682 1477 1477 D CompatibilityChangeReporter: Compat change id reported: 135754954; UID 10135; state: ENABLED
01-20 19:07:03.682 1477 1756 D CompatibilityChangeReporter: Compat change id reported: 143937733; UID 10135; state: ENABLED
01-20 19:07:03.682 1477 1477 V WallpaperManagerService: WPMS.bindWallpaperComponentLocked-ComponentInfo{com.android.systemui/com.android.systemui.wallpapers.ImageWallpaper} took to complete: 2ms
01-20 19:07:03.685 1477 1477 D WallpaperManagerService: WPMS.generateCrop
01-20 19:07:03.685 1477 1477 W WallpaperManagerService: Invalid wallpaper data
01-20 19:07:03.685 1477 1477 E WallpaperManagerService: Unable to apply new wallpaper
01-20 19:07:03.685 1477 1477 V WallpaperManagerService: WPMS.generateCrop took to complete: 0ms
01-20 19:07:03.686 1477 1477 V SystemServerTiming: OnBootPhase_550_com.android.server.wallpaper.WallpaperManagerService$Lifecycle took to complete: 7ms
01-20 19:07:03.686 1477 1477 D SystemServerTiming: OnBootPhase_550_com.android.server.wallpapereffectsgeneration.WallpaperEffectsGenerationManagerService
01-20 19:07:03.686 1477 1477 V SystemServerTiming: OnBootPhase_550_com.android.server.wallpapereffectsgeneration.WallpaperEffectsGenerationManagerService took to complete: 0ms
01-20 19:07:03.686 1477 1477 D SystemServerTiming: OnBootPhase_550_com.android.server.audio.AudioService$Lifecycle
01-20 19:07:03.686 1477 1477 V SystemServerTiming: OnBootPhase_550_com.android.server.audio.AudioService$Lifecycle took to complete: 0ms
01-20 19:07:03.686 1477 1477 D SystemServerTiming: OnBootPhase_550_com.android.server.soundtrigger_middleware.SoundTriggerMiddlewareService$Lifecycle
01-20 19:07:03.686 1477 1477 V SystemServerTiming: OnBootPhase_550_com.android.server.soundtrigger_middleware.SoundTriggerMiddlewareService$Lifecycle took to complete: 0ms
01-20 19:07:03.686 1477 1477 D SystemServerTiming: OnBootPhase_550_com.android.server.DockObserver
01-20 19:07:03.686 1477 1477 V SystemServerTiming: OnBootPhase_550_com.android.server.DockObserver took to complete: 0ms
01-20 19:07:03.686 1477 1477 D SystemServerTiming: OnBootPhase_550_com.android.server.midi.MidiService$Lifecycle
01-20 19:07:03.686 1477 1477 V SystemServerTiming: OnBootPhase_550_com.android.server.midi.MidiService$Lifecycle took to complete: 0ms
01-20 19:07:03.686 1477 1477 D SystemServerTiming: OnBootPhase_550_com.android.server.adb.AdbService$Lifecycle
01-20 19:07:03.686 1477 1477 V SystemServerTiming: OnBootPhase_550_com.android.server.adb.AdbService$Lifecycle took to complete: 0ms
01-20 19:07:03.686 1477 1477 D SystemServerTiming: OnBootPhase_550_com.android.server.usb.UsbService$Lifecycle
01-20 19:07:03.686 1477 1477 V SystemServerTiming: OnBootPhase_550_com.android.server.usb.UsbService$Lifecycle took to complete: 0ms
01-20 19:07:03.686 1477 1477 D SystemServerTiming: OnBootPhase_550_com.android.server.twilight.TwilightService
01-20 19:07:03.686 1477 1477 V SystemServerTiming: OnBootPhase_550_com.android.server.twilight.TwilightService took to complete: 0ms
01-20 19:07:03.686 1477 1477 D SystemServerTiming: OnBootPhase_550_com.android.server.display.color.ColorDisplayService
01-20 19:07:03.686 1477 2149 D SystemServerTimingAsync: InitThreadPoolExec:UsbService$Lifecycle#onBootPhase
01-20 19:07:03.686 1477 1477 V SystemServerTiming: OnBootPhase_550_com.android.server.display.color.ColorDisplayService took to complete: 0ms
01-20 19:07:03.686 1477 1477 D SystemServerTiming: OnBootPhase_550_com.android.server.job.JobSchedulerService
01-20 19:07:03.686 1477 2149 D SystemServerInitThreadPool: Started executing UsbService$Lifecycle#onBootPhase
01-20 19:07:03.686 1477 1477 V SystemServerTiming: OnBootPhase_550_com.android.server.job.JobSchedulerService took to complete: 0ms
01-20 19:07:03.686 1477 1477 D SystemServerTiming: OnBootPhase_550_com.android.server.soundtrigger.SoundTriggerService
01-20 19:07:03.686 1477 1477 D SoundTriggerService: onBootPhase: 550 : false
01-20 19:07:03.687 1477 1477 V SystemServerTiming: OnBootPhase_550_com.android.server.soundtrigger.SoundTriggerService took to complete: 0ms
01-20 19:07:03.687 1477 1477 D SystemServerTiming: OnBootPhase_550_com.android.server.trust.TrustManagerService
01-20 19:07:03.687 1477 1477 V SystemServerTiming: OnBootPhase_550_com.android.server.trust.TrustManagerService took to complete: 0ms
01-20 19:07:03.687 1477 1477 D SystemServerTiming: OnBootPhase_550_com.android.server.backup.BackupManagerService$Lifecycle
01-20 19:07:03.687 1477 1477 V SystemServerTiming: OnBootPhase_550_com.android.server.backup.BackupManagerService$Lifecycle took to complete: 0ms
01-20 19:07:03.687 1477 1477 D SystemServerTiming: OnBootPhase_550_com.android.server.appwidget.AppWidgetService
01-20 19:07:03.687 1477 1477 V SystemServerTiming: OnBootPhase_550_com.android.server.appwidget.AppWidgetService took to complete: 0ms
01-20 19:07:03.687 1477 1477 D SystemServerTiming: OnBootPhase_550_com.android.server.voiceinteraction.VoiceInteractionManagerService
01-20 19:07:03.687 1477 1477 V SystemServerTiming: OnBootPhase_550_com.android.server.voiceinteraction.VoiceInteractionManagerService took to complete: 0ms
01-20 19:07:03.687 1477 1477 D SystemServerTiming: OnBootPhase_550_com.android.server.apphibernation.AppHibernationService
01-20 19:07:03.687 1477 1477 V SystemServerTiming: OnBootPhase_550_com.android.server.apphibernation.AppHibernationService took to complete: 0ms
01-20 19:07:03.687 1477 1477 D SystemServerTiming: OnBootPhase_550_com.android.server.GestureLauncherService
01-20 19:07:03.687 1477 1477 V SystemServerTiming: OnBootPhase_550_com.android.server.GestureLauncherService took to complete: 0ms
01-20 19:07:03.687 1477 1477 D SystemServerTiming: OnBootPhase_550_com.android.server.SensorNotificationService
01-20 19:07:03.687 1477 1477 V SystemServerTiming: OnBootPhase_550_com.android.server.SensorNotificationService took to complete: 0ms
01-20 19:07:03.687 1477 1477 D SystemServerTiming: OnBootPhase_550_com.android.server.emergency.EmergencyAffordanceService
01-20 19:07:03.687 1477 1477 V SystemServerTiming: OnBootPhase_550_com.android.server.emergency.EmergencyAffordanceService took to complete: 0ms
01-20 19:07:03.687 1477 1477 D SystemServerTiming: OnBootPhase_550_com.android.server.blob.BlobStoreManagerService
01-20 19:07:03.688 1477 2149 D SystemServerInitThreadPool: Finished executing UsbService$Lifecycle#onBootPhase
01-20 19:07:03.688 1477 2149 V SystemServerTimingAsync: InitThreadPoolExec:UsbService$Lifecycle#onBootPhase took to complete: 1ms
01-20 19:07:03.688 1477 1477 V SystemServerTiming: OnBootPhase_550_com.android.server.blob.BlobStoreManagerService took to complete: 1ms
01-20 19:07:03.688 1477 1477 D SystemServerTiming: OnBootPhase_550_com.android.server.dreams.DreamManagerService
01-20 19:07:03.688 1477 1477 V SystemServerTiming: OnBootPhase_550_com.android.server.dreams.DreamManagerService took to complete: 0ms
01-20 19:07:03.688 1477 1477 D SystemServerTiming: OnBootPhase_550_com.android.server.print.PrintManagerService
01-20 19:07:03.688 1477 1477 V SystemServerTiming: OnBootPhase_550_com.android.server.print.PrintManagerService took to complete: 0ms
01-20 19:07:03.688 1477 1477 D SystemServerTiming: OnBootPhase_550_com.android.server.security.AttestationVerificationManagerService
01-20 19:07:03.688 1477 1477 V SystemServerTiming: OnBootPhase_550_com.android.server.security.AttestationVerificationManagerService took to complete: 0ms
01-20 19:07:03.688 1477 1477 D SystemServerTiming: OnBootPhase_550_com.android.server.companion.CompanionDeviceManagerService
01-20 19:07:03.688 1477 1477 V SystemServerTiming: OnBootPhase_550_com.android.server.companion.CompanionDeviceManagerService took to complete: 0ms
01-20 19:07:03.688 1477 1477 D SystemServerTiming: OnBootPhase_550_com.android.server.companion.virtual.VirtualDeviceManagerService
01-20 19:07:03.688 1477 1477 V SystemServerTiming: OnBootPhase_550_com.android.server.companion.virtual.VirtualDeviceManagerService took to complete: 0ms
01-20 19:07:03.688 1477 1477 D SystemServerTiming: OnBootPhase_550_com.android.server.restrictions.RestrictionsManagerService
01-20 19:07:03.688 1477 1477 V SystemServerTiming: OnBootPhase_550_com.android.server.restrictions.RestrictionsManagerService took to complete: 0ms
01-20 19:07:03.688 1477 1477 D SystemServerTiming: OnBootPhase_550_com.android.server.media.MediaSessionService
01-20 19:07:03.688 1477 2207 I UsbPortManager: ClientCallback V1_0: otg_default
01-20 19:07:03.689 1477 1477 V SystemServerTiming: OnBootPhase_550_com.android.server.media.MediaSessionService took to complete: 0ms
01-20 19:07:03.689 1477 1477 D SystemServerTiming: OnBootPhase_550_com.android.server.media.MediaResourceMonitorService
01-20 19:07:03.689 1477 1477 V SystemServerTiming: OnBootPhase_550_com.android.server.media.MediaResourceMonitorService took to complete: 0ms
01-20 19:07:03.689 1477 1477 D SystemServerTiming: OnBootPhase_550_com.android.server.biometrics.sensors.fingerprint.FingerprintService
01-20 19:07:03.689 1477 1477 V SystemServerTiming: OnBootPhase_550_com.android.server.biometrics.sensors.fingerprint.FingerprintService took to complete: 0ms
01-20 19:07:03.689 1477 1477 D SystemServerTiming: OnBootPhase_550_com.android.server.biometrics.BiometricService
01-20 19:07:03.689 1477 1477 V SystemServerTiming: OnBootPhase_550_com.android.server.biometrics.BiometricService took to complete: 0ms
01-20 19:07:03.689 1477 1477 D SystemServerTiming: OnBootPhase_550_com.android.server.biometrics.AuthService
01-20 19:07:03.689 1477 1477 V SystemServerTiming: OnBootPhase_550_com.android.server.biometrics.AuthService took to complete: 0ms
01-20 19:07:03.689 1477 1477 D SystemServerTiming: OnBootPhase_550_com.android.server.pm.ShortcutService$Lifecycle
01-20 19:07:03.689 1477 1477 V SystemServerTiming: OnBootPhase_550_com.android.server.pm.ShortcutService$Lifecycle took to complete: 0ms
01-20 19:07:03.689 1477 1477 D SystemServerTiming: OnBootPhase_550_com.android.server.pm.LauncherAppsService
01-20 19:07:03.689 1477 1477 V SystemServerTiming: OnBootPhase_550_com.android.server.pm.LauncherAppsService took to complete: 0ms
01-20 19:07:03.689 1477 1477 D SystemServerTiming: OnBootPhase_550_com.android.server.pm.CrossProfileAppsService
01-20 19:07:03.689 1477 1477 V SystemServerTiming: OnBootPhase_550_com.android.server.pm.CrossProfileAppsService took to complete: 0ms
01-20 19:07:03.689 1477 1477 D SystemServerTiming: OnBootPhase_550_com.android.server.people.PeopleService
01-20 19:07:03.689 1477 1477 V SystemServerTiming: OnBootPhase_550_com.android.server.people.PeopleService took to complete: 0ms
01-20 19:07:03.689 1477 1477 D SystemServerTiming: OnBootPhase_550_com.android.server.media.metrics.MediaMetricsManagerService
01-20 19:07:03.689 1477 1477 V SystemServerTiming: OnBootPhase_550_com.android.server.media.metrics.MediaMetricsManagerService took to complete: 0ms
01-20 19:07:03.689 1477 1477 D SystemServerTiming: OnBootPhase_550_com.android.server.media.projection.MediaProjectionManagerService
01-20 19:07:03.689 1477 1477 V SystemServerTiming: OnBootPhase_550_com.android.server.media.projection.MediaProjectionManagerService took to complete: 0ms
01-20 19:07:03.689 1477 1477 D SystemServerTiming: OnBootPhase_550_com.android.server.slice.SliceManagerService$Lifecycle
01-20 19:07:03.689 1477 1477 V SystemServerTiming: OnBootPhase_550_com.android.server.slice.SliceManagerService$Lifecycle took to complete: 0ms
01-20 19:07:03.689 1477 1477 D SystemServerTiming: OnBootPhase_550_com.android.server.stats.StatsCompanion$Lifecycle
01-20 19:07:03.689 1477 1477 V SystemServerTiming: OnBootPhase_550_com.android.server.stats.StatsCompanion$Lifecycle took to complete: 0ms
01-20 19:07:03.689 1477 1477 D SystemServerTiming: OnBootPhase_550_com.android.server.scheduling.RebootReadinessManagerService$Lifecycle
01-20 19:07:03.689 1477 1477 V SystemServerTiming: OnBootPhase_550_com.android.server.scheduling.RebootReadinessManagerService$Lifecycle took to complete: 0ms
01-20 19:07:03.689 1477 1477 D SystemServerTiming: OnBootPhase_550_com.android.server.stats.pull.StatsPullAtomService
01-20 19:07:03.689 1477 1477 V SystemServerTiming: OnBootPhase_550_com.android.server.stats.pull.StatsPullAtomService took to complete: 0ms
01-20 19:07:03.689 1477 1477 D SystemServerTiming: OnBootPhase_550_com.android.server.stats.bootstrap.StatsBootstrapAtomService$Lifecycle
01-20 19:07:03.689 1477 1477 V SystemServerTiming: OnBootPhase_550_com.android.server.stats.bootstrap.StatsBootstrapAtomService$Lifecycle took to complete: 0ms
01-20 19:07:03.689 1477 1477 D SystemServerTiming: OnBootPhase_550_com.android.server.incident.IncidentCompanionService
01-20 19:07:03.689 1477 1477 V SystemServerTiming: OnBootPhase_550_com.android.server.incident.IncidentCompanionService took to complete: 0ms
01-20 19:07:03.689 1477 1477 D SystemServerTiming: OnBootPhase_550_com.android.server.sdksandbox.SdkSandboxManagerService$Lifecycle
01-20 19:07:03.689 1477 1477 V SystemServerTiming: OnBootPhase_550_com.android.server.sdksandbox.SdkSandboxManagerService$Lifecycle took to complete: 0ms
01-20 19:07:03.689 1477 1477 D SystemServerTiming: OnBootPhase_550_com.android.server.adservices.AdServicesManagerService$Lifecycle
01-20 19:07:03.689 1477 1477 V SystemServerTiming: OnBootPhase_550_com.android.server.adservices.AdServicesManagerService$Lifecycle took to complete: 0ms
01-20 19:07:03.689 1477 1477 D SystemServerTiming: OnBootPhase_550_com.android.server.MmsServiceBroker
01-20 19:07:03.689 1477 1477 V SystemServerTiming: OnBootPhase_550_com.android.server.MmsServiceBroker took to complete: 0ms
01-20 19:07:03.689 1477 1477 D SystemServerTiming: OnBootPhase_550_com.android.server.autofill.AutofillManagerService
01-20 19:07:03.689 1477 1477 V SystemServerTiming: OnBootPhase_550_com.android.server.autofill.AutofillManagerService took to complete: 0ms
01-20 19:07:03.689 1477 1477 D SystemServerTiming: OnBootPhase_550_com.android.server.clipboard.ClipboardService
01-20 19:07:03.689 1477 1477 V SystemServerTiming: OnBootPhase_550_com.android.server.clipboard.ClipboardService took to complete: 0ms
01-20 19:07:03.689 1477 1477 D SystemServerTiming: OnBootPhase_550_com.android.server.appbinding.AppBindingService$Lifecycle
01-20 19:07:03.689 1477 1756 I ActivityManager: Start proc 2241:com.android.systemui/u0a135 for service {com.android.systemui/com.android.systemui.wallpapers.ImageWallpaper}
01-20 19:07:03.690 1477 1477 I AppBindingService: Updating constants with: null
01-20 19:07:03.690 1477 1477 V SystemServerTiming: OnBootPhase_550_com.android.server.appbinding.AppBindingService$Lifecycle took to complete: 1ms
01-20 19:07:03.690 1477 1477 D SystemServerTiming: OnBootPhase_550_com.android.server.tracing.TracingServiceProxy
01-20 19:07:03.690 1477 1477 V SystemServerTiming: OnBootPhase_550_com.android.server.tracing.TracingServiceProxy took to complete: 0ms
01-20 19:07:03.690 1477 1477 D SystemServerTiming: OnBootPhase_550_org.lineageos.platform.internal.ProfileManagerService
01-20 19:07:03.690 1477 1701 I UsbPortManager: USB port added: port=UsbPort{id=otg_default, supportedModes=dualsupportedContaminantProtectionModes=0supportsEnableContaminantPresenceProtection=falsesupportsEnableContaminantPresenceDetection=false, status=UsbPortStatus{connected=true, currentMode=ufp, currentPowerRole=sink, currentDataRole=device, supportedRoleCombinations=[sink:device], contaminantDetectionStatus=0, contaminantProtectionStatus=0, usbDataStatus=unknown, isPowerTransferLimited=false, powerBrickConnectionStatus=unknown}, canChangeMode=false, canChangePowerRole=false, canChangeDataRole=false, connectedAtMillis=12595, lastConnectDurationMillis=0
01-20 19:07:03.698 1477 1477 V SystemServerTiming: OnBootPhase_550_org.lineageos.platform.internal.ProfileManagerService took to complete: 7ms
01-20 19:07:03.698 1477 1477 D SystemServerTiming: OnBootPhase_550_org.lineageos.platform.internal.LineageHardwareService
01-20 19:07:03.698 1477 1477 V SystemServerTiming: OnBootPhase_550_org.lineageos.platform.internal.LineageHardwareService took to complete: 0ms
01-20 19:07:03.698 1477 1477 D SystemServerTiming: OnBootPhase_550_org.lineageos.platform.internal.display.LiveDisplayService
01-20 19:07:03.698 1477 1477 V SystemServerTiming: OnBootPhase_550_org.lineageos.platform.internal.display.LiveDisplayService took to complete: 0ms
01-20 19:07:03.698 1477 1477 D SystemServerTiming: OnBootPhase_550_org.lineageos.platform.internal.TrustInterfaceService
01-20 19:07:03.698 1477 1477 V SystemServerTiming: OnBootPhase_550_org.lineageos.platform.internal.TrustInterfaceService took to complete: 0ms
01-20 19:07:03.698 1477 1477 D SystemServerTiming: OnBootPhase_550_org.lineageos.platform.internal.LineageSettingsService
01-20 19:07:03.698 1477 1477 V SystemServerTiming: OnBootPhase_550_org.lineageos.platform.internal.LineageSettingsService took to complete: 0ms
01-20 19:07:03.698 1477 1477 D SystemServerTiming: OnBootPhase_550_org.lineageos.platform.internal.LineageGlobalActionsService
01-20 19:07:03.698 1477 1477 V SystemServerTiming: OnBootPhase_550_org.lineageos.platform.internal.LineageGlobalActionsService took to complete: 0ms
01-20 19:07:03.698 1477 1477 D SystemServerTiming: OnBootPhase_550_org.lineageos.platform.internal.health.HealthInterfaceService
01-20 19:07:03.698 1477 1477 V SystemServerTiming: OnBootPhase_550_org.lineageos.platform.internal.health.HealthInterfaceService took to complete: 0ms
01-20 19:07:03.698 1477 1477 D SystemServerTiming: OnBootPhase_550_com.android.server.policy.PermissionPolicyService
01-20 19:07:03.698 1477 1477 D SystemServerTiming: Permission_grant_default_permissions-0
01-20 19:07:03.698 1477 1477 V SystemServerTiming: Permission_grant_default_permissions-0 took to complete: 0ms
01-20 19:07:03.698 1477 1477 D SystemServerTiming: Permission_synchronize_permissions-0
01-20 19:07:03.698 1477 1477 D SystemServerTiming: Permission_synchronize_addPackages-0
01-20 19:07:03.730 1477 2147 D CompatibilityChangeReporter: Compat change id reported: 168419799; UID 10135; state: DISABLED
01-20 19:07:03.730 1477 2147 D CompatibilityChangeReporter: Compat change id reported: 273564678; UID 10135; state: DISABLED
01-20 19:07:03.731 1477 1477 V SystemServerTiming: Permission_synchronize_addPackages-0 took to complete: 32ms
01-20 19:07:03.731 1477 1477 D SystemServerTiming: Permission_syncPackages-0
01-20 19:07:03.746 1477 1477 V SystemServerTiming: Permission_syncPackages-0 took to complete: 16ms
01-20 19:07:03.746 1477 1477 V SystemServerTiming: Permission_synchronize_permissions-0 took to complete: 48ms
01-20 19:07:03.746 1477 1477 D SystemServerTiming: Permission_onInitialized-0
01-20 19:07:03.746 1477 1477 I PackageManager: Permission ownership changed. Updating all permissions.
01-20 19:07:03.786 1477 2147 W StorageManagerService: No primary storage defined yet; hacking together a stub
01-20 19:07:03.802 1477 1477 V SystemServerTiming: Permission_onInitialized-0 took to complete: 56ms
01-20 19:07:03.803 1477 1477 W SystemServiceManager: Service com.android.server.policy.PermissionPolicyService took 104 ms in onBootPhase
01-20 19:07:03.803 1477 1477 V SystemServerTiming: OnBootPhase_550_com.android.server.policy.PermissionPolicyService took to complete: 104ms
01-20 19:07:03.803 1477 1477 D SystemServerTiming: OnBootPhase_550_com.android.server.pm.StagingManager$Lifecycle
01-20 19:07:03.803 1477 1477 V SystemServerTiming: OnBootPhase_550_com.android.server.pm.StagingManager$Lifecycle took to complete: 0ms
01-20 19:07:03.803 1477 1477 D SystemServerTiming: OnBootPhase_550_com.android.server.app.GameManagerService$Lifecycle
01-20 19:07:03.803 1477 1477 V SystemServerTiming: OnBootPhase_550_com.android.server.app.GameManagerService$Lifecycle took to complete: 0ms
01-20 19:07:03.803 1477 1477 D SystemServerTiming: OnBootPhase_550_com.android.safetycenter.SafetyCenterService
01-20 19:07:03.803 1477 1477 V SystemServerTiming: OnBootPhase_550_com.android.safetycenter.SafetyCenterService took to complete: 0ms
01-20 19:07:03.803 1477 1477 D SystemServerTiming: OnBootPhase_550_com.android.server.appsearch.AppSearchModule$Lifecycle
01-20 19:07:03.803 1477 1477 V SystemServerTiming: OnBootPhase_550_com.android.server.appsearch.AppSearchModule$Lifecycle took to complete: 0ms
01-20 19:07:03.803 1477 1477 D SystemServerTiming: OnBootPhase_550_com.android.server.media.MediaCommunicationService
01-20 19:07:03.803 1477 1477 V SystemServerTiming: OnBootPhase_550_com.android.server.media.MediaCommunicationService took to complete: 0ms
01-20 19:07:03.803 1477 1477 D SystemServerTiming: OnBootPhase_550_com.android.server.compat.overrides.AppCompatOverridesService$Lifecycle
01-20 19:07:03.803 1477 1477 V SystemServerTiming: OnBootPhase_550_com.android.server.compat.overrides.AppCompatOverridesService$Lifecycle took to complete: 0ms
01-20 19:07:03.803 1477 1477 V SystemServerTiming: OnBootPhase_550 took to complete: 211ms
01-20 19:07:03.803 1477 1477 V SystemServerTiming: StartActivityManagerReadyPhase took to complete: 211ms
01-20 19:07:03.803 1477 1477 D SystemServerTiming: StartObservingNativeCrashes
01-20 19:07:03.803 1477 1477 V SystemServerTiming: StartObservingNativeCrashes took to complete: 0ms
01-20 19:07:03.803 1477 1477 D SystemServerTiming: RegisterAppOpsPolicy
01-20 19:07:03.804 1477 1477 V SystemServerTiming: RegisterAppOpsPolicy took to complete: 1ms
01-20 19:07:03.804 1477 1708 D SystemServerTimingAsync: InitThreadPoolExec:WebViewFactoryPreparation
01-20 19:07:03.804 1477 1708 D SystemServerInitThreadPool: Started executing WebViewFactoryPreparation
01-20 19:07:03.804 1477 1708 I SystemServer: WebViewFactoryPreparation
01-20 19:07:03.804 1477 1708 D SystemServerTimingAsync: WebViewFactoryPreparation
01-20 19:07:03.805 1477 1477 D SystemServerTiming: MakeNetworkManagementServiceReady
01-20 19:07:03.806 1477 1477 V SystemServerTiming: MakeNetworkManagementServiceReady took to complete: 0ms
01-20 19:07:03.806 1477 1477 D SystemServerTiming: MakeConnectivityServiceReady
01-20 19:07:03.806 2241 2241 V WindowManagerShell: Adding init callback for DisplayChangeController
01-20 19:07:03.806 2241 2241 V WindowManagerShell: Adding init callback for DisplayController
01-20 19:07:03.806 2241 2241 V WindowManagerShell: Adding init callback for DisplayInsetsController
01-20 19:07:03.807 2241 2241 V WindowManagerShell: Adding init callback for DisplayImeController
01-20 19:07:03.807 1477 1708 E AppOps : Bad call made by uid 1000. Package "android" does not belong to uid 1037.
01-20 19:07:03.807 2241 2241 V WindowManagerShell: Adding init callback for ShellController
01-20 19:07:03.807 1477 1708 E AppOps : checkOperation
01-20 19:07:03.807 1477 1708 E AppOps : java.lang.SecurityException: Specified package "android" under uid 1037 but it is not
01-20 19:07:03.807 1477 1708 E AppOps : at com.android.server.appop.AppOpsService.verifyAndGetBypass(AppOpsService.java:4692)
01-20 19:07:03.807 1477 1708 E AppOps : at com.android.server.appop.AppOpsService.verifyAndGetBypass(AppOpsService.java:4560)
01-20 19:07:03.807 1477 1708 E AppOps : at com.android.server.appop.AppOpsService.checkOperationUnchecked(AppOpsService.java:3253)
01-20 19:07:03.807 1477 1708 E AppOps : at com.android.server.appop.AppOpsService.checkOperationImpl(AppOpsService.java:3236)
01-20 19:07:03.807 1477 1708 E AppOps : at com.android.server.appop.AppOpsService.-$$Nest$mcheckOperationImpl(Unknown Source:0)
01-20 19:07:03.807 1477 1708 E AppOps : at com.android.server.appop.AppOpsService$CheckOpsDelegateDispatcher.lambda$checkOperation$0(AppOpsService.java:7592)
01-20 19:07:03.807 1477 1708 E AppOps : at com.android.server.appop.AppOpsService$CheckOpsDelegateDispatcher$$ExternalSyntheticLambda14.apply(Unknown Source:25)
01-20 19:07:03.807 1477 1708 E AppOps : at com.android.server.policy.AppOpsPolicy.checkOperation(AppOpsPolicy.java:211)
01-20 19:07:03.807 1477 1708 E AppOps : at com.android.server.appop.AppOpsService$CheckOpsDelegateDispatcher.checkOperation(AppOpsService.java:7591)
01-20 19:07:03.807 1477 1708 E AppOps : at com.android.server.appop.AppOpsService.checkOperation(AppOpsService.java:3223)
01-20 19:07:03.807 1477 1708 E AppOps : at com.android.server.StorageManagerService$StorageManagerInternalImpl.hasExternalStorageAccess(StorageManagerService.java:4842)
01-20 19:07:03.807 1477 1708 E AppOps : at com.android.server.am.ProcessList.startProcessLocked(ProcessList.java:1690)
01-20 19:07:03.807 1477 1708 E AppOps : at com.android.server.am.ProcessList.startProcessLocked(ProcessList.java:2368)
01-20 19:07:03.807 1477 1708 E AppOps : at com.android.server.am.ProcessList.startProcessLocked(ProcessList.java:2508)
01-20 19:07:03.807 1477 1708 E AppOps : at com.android.server.am.ActivityManagerService.startIsolatedProcess(ActivityManagerService.java:2802)
01-20 19:07:03.807 1477 1708 E AppOps : at com.android.server.am.ActivityManagerService$LocalService.startIsolatedProcess(ActivityManagerService.java:16544)
01-20 19:07:03.807 1477 1708 E AppOps : at android.webkit.WebViewLibraryLoader.createRelroFile(WebViewLibraryLoader.java:126)
01-20 19:07:03.807 1477 1708 E AppOps : at android.webkit.WebViewLibraryLoader.createRelros(WebViewLibraryLoader.java:164)
01-20 19:07:03.807 1477 1708 E AppOps : at android.webkit.WebViewLibraryLoader.prepareNativeLibraries(WebViewLibraryLoader.java:152)
01-20 19:07:03.807 1477 1708 E AppOps : at android.webkit.WebViewFactory.onWebViewProviderChanged(WebViewFactory.java:555)
01-20 19:07:03.807 1477 1708 E AppOps : at com.android.server.webkit.SystemImpl.onWebViewProviderChanged(SystemImpl.java:174)
01-20 19:07:03.807 1477 1708 E AppOps : at com.android.server.webkit.WebViewUpdateServiceImpl.onWebViewProviderChanged(WebViewUpdateServiceImpl.java:351)
01-20 19:07:03.807 1477 1708 E AppOps : at com.android.server.webkit.WebViewUpdateServiceImpl.prepareWebViewInSystemServer(WebViewUpdateServiceImpl.java:182)
01-20 19:07:03.807 1477 1708 E AppOps : at com.android.server.webkit.WebViewUpdateService.prepareWebViewInSystemServer(WebViewUpdateService.java:129)
01-20 19:07:03.807 1477 1708 E AppOps : at com.android.server.SystemServer.lambda$startOtherServices$3$com-android-server-SystemServer(SystemServer.java:2849)
01-20 19:07:03.807 1477 1708 E AppOps : at com.android.server.SystemServer$$ExternalSyntheticLambda2.run(Unknown Source:2)
01-20 19:07:03.807 1477 1708 E AppOps : at com.android.server.SystemServerInitThreadPool.lambda$submitTask$0$com-android-server-SystemServerInitThreadPool(SystemServerInitThreadPool.java:106)
01-20 19:07:03.807 1477 1708 E AppOps : at com.android.server.SystemServerInitThreadPool$$ExternalSyntheticLambda0.run(Unknown Source:6)
01-20 19:07:03.807 1477 1708 E AppOps : at java.util.concurrent.Executors$RunnableAdapter.call(Executors.java:463)
01-20 19:07:03.807 1477 1708 E AppOps : at java.util.concurrent.FutureTask.run(FutureTask.java:264)
01-20 19:07:03.807 1477 1708 E AppOps : at java.util.concurrent.ThreadPoolExecutor.runWorker(ThreadPoolExecutor.java:1137)
01-20 19:07:03.807 1477 1708 E AppOps : at java.util.concurrent.ThreadPoolExecutor$Worker.run(ThreadPoolExecutor.java:637)
01-20 19:07:03.807 1477 1708 E AppOps : at com.android.internal.util.ConcurrentUtils$1$1.run(ConcurrentUtils.java:65)
01-20 19:07:03.808 1477 1708 D CompatibilityChangeReporter: Compat change id reported: 135634846; UID 1000; state: DISABLED
01-20 19:07:03.808 1477 1708 D CompatibilityChangeReporter: Compat change id reported: 177438394; UID 1000; state: DISABLED
01-20 19:07:03.808 1477 1708 D CompatibilityChangeReporter: Compat change id reported: 135772972; UID 1000; state: DISABLED
01-20 19:07:03.808 1477 1708 D CompatibilityChangeReporter: Compat change id reported: 178038272; UID 1000; state: DISABLED
01-20 19:07:03.808 1477 1708 E AppOps : Bad call made by uid 1000. Package "android" does not belong to uid 1037.
01-20 19:07:03.808 1477 1708 E AppOps : checkOperation
01-20 19:07:03.808 1477 1708 E AppOps : java.lang.SecurityException: Specified package "android" under uid 1037 but it is not
01-20 19:07:03.808 1477 1708 E AppOps : at com.android.server.appop.AppOpsService.verifyAndGetBypass(AppOpsService.java:4692)
01-20 19:07:03.808 1477 1708 E AppOps : at com.android.server.appop.AppOpsService.verifyAndGetBypass(AppOpsService.java:4560)
01-20 19:07:03.808 1477 1708 E AppOps : at com.android.server.appop.AppOpsService.checkOperationUnchecked(AppOpsService.java:3253)
01-20 19:07:03.808 1477 1708 E AppOps : at com.android.server.appop.AppOpsService.checkOperationImpl(AppOpsService.java:3236)
01-20 19:07:03.808 1477 1708 E AppOps : at com.android.server.appop.AppOpsService.-$$Nest$mcheckOperationImpl(Unknown Source:0)
01-20 19:07:03.808 1477 1708 E AppOps : at com.android.server.appop.AppOpsService$CheckOpsDelegateDispatcher.lambda$checkOperation$0(AppOpsService.java:7592)
01-20 19:07:03.808 1477 1708 E AppOps : at com.android.server.appop.AppOpsService$CheckOpsDelegateDispatcher$$ExternalSyntheticLambda14.apply(Unknown Source:25)
01-20 19:07:03.808 1477 1708 E AppOps : at com.android.server.policy.AppOpsPolicy.checkOperation(AppOpsPolicy.java:211)
01-20 19:07:03.808 1477 1708 E AppOps : at com.android.server.appop.AppOpsService$CheckOpsDelegateDispatcher.checkOperation(AppOpsService.java:7591)
01-20 19:07:03.808 1477 1708 E AppOps : at com.android.server.appop.AppOpsService.checkOperation(AppOpsService.java:3223)
01-20 19:07:03.808 1477 1708 E AppOps : at com.android.server.StorageManagerService$StorageManagerInternalImpl.hasExternalStorageAccess(StorageManagerService.java:4842)
01-20 19:07:03.808 1477 1708 E AppOps : at com.android.server.am.ProcessList.startProcessLocked(ProcessList.java:1690)
01-20 19:07:03.808 1477 1708 E AppOps : at com.android.server.am.ProcessList.startProcessLocked(ProcessList.java:2368)
01-20 19:07:03.808 1477 1708 E AppOps : at com.android.server.am.ProcessList.startProcessLocked(ProcessList.java:2508)
01-20 19:07:03.808 1477 1708 E AppOps : at com.android.server.am.ActivityManagerService.startIsolatedProcess(ActivityManagerService.java:2802)
01-20 19:07:03.808 1477 1708 E AppOps : at com.android.server.am.ActivityManagerService$LocalService.startIsolatedProcess(ActivityManagerService.java:16544)
01-20 19:07:03.808 1477 1708 E AppOps : at android.webkit.WebViewLibraryLoader.createRelroFile(WebViewLibraryLoader.java:126)
01-20 19:07:03.808 1477 1708 E AppOps : at android.webkit.WebViewLibraryLoader.createRelros(WebViewLibraryLoader.java:170)
01-20 19:07:03.808 1477 1708 E AppOps : at android.webkit.WebViewLibraryLoader.prepareNativeLibraries(WebViewLibraryLoader.java:152)
01-20 19:07:03.808 1477 1708 E AppOps : at android.webkit.WebViewFactory.onWebViewProviderChanged(WebViewFactory.java:555)
01-20 19:07:03.808 1477 1708 E AppOps : at com.android.server.webkit.SystemImpl.onWebViewProviderChanged(SystemImpl.java:174)
01-20 19:07:03.808 1477 1708 E AppOps : at com.android.server.webkit.WebViewUpdateServiceImpl.onWebViewProviderChanged(WebViewUpdateServiceImpl.java:351)
01-20 19:07:03.808 1477 1708 E AppOps : at com.android.server.webkit.WebViewUpdateServiceImpl.prepareWebViewInSystemServer(WebViewUpdateServiceImpl.java:182)
01-20 19:07:03.808 1477 1708 E AppOps : at com.android.server.webkit.WebViewUpdateService.prepareWebViewInSystemServer(WebViewUpdateService.java:129)
01-20 19:07:03.808 1477 1708 E AppOps : at com.android.server.SystemServer.lambda$startOtherServices$3$com-android-server-SystemServer(SystemServer.java:2849)
01-20 19:07:03.808 1477 1708 E AppOps : at com.android.server.SystemServer$$ExternalSyntheticLambda2.run(Unknown Source:2)
01-20 19:07:03.808 1477 1708 E AppOps : at com.android.server.SystemServerInitThreadPool.lambda$submitTask$0$com-android-server-SystemServerInitThreadPool(SystemServerInitThreadPool.java:106)
01-20 19:07:03.808 1477 1708 E AppOps : at com.android.server.SystemServerInitThreadPool$$ExternalSyntheticLambda0.run(Unknown Source:6)
01-20 19:07:03.808 1477 1708 E AppOps : at java.util.concurrent.Executors$RunnableAdapter.call(Executors.java:463)
01-20 19:07:03.808 1477 1708 E AppOps : at java.util.concurrent.FutureTask.run(FutureTask.java:264)
01-20 19:07:03.808 1477 1708 E AppOps : at java.util.concurrent.ThreadPoolExecutor.runWorker(ThreadPoolExecutor.java:1137)
01-20 19:07:03.808 1477 1708 E AppOps : at java.util.concurrent.ThreadPoolExecutor$Worker.run(ThreadPoolExecutor.java:637)
01-20 19:07:03.808 1477 1708 E AppOps : at com.android.internal.util.ConcurrentUtils$1$1.run(ConcurrentUtils.java:65)
01-20 19:07:03.809 1477 1708 V SystemServerTimingAsync: WebViewFactoryPreparation took to complete: 5ms
01-20 19:07:03.809 1477 1708 D SystemServerInitThreadPool: Finished executing WebViewFactoryPreparation
01-20 19:07:03.809 1477 1708 V SystemServerTimingAsync: InitThreadPoolExec:WebViewFactoryPreparation took to complete: 5ms
01-20 19:07:03.810 2241 2241 V WindowManagerShell: Adding init callback for DragAndDropController
01-20 19:07:03.812 1477 1781 W BatteryExternalStatsWorker: error reading modem stats:ERROR_PHONE_NOT_AVAILABLE
01-20 19:07:03.820 2241 2241 V WindowManagerShell: Adding init callback for CompatUIController
01-20 19:07:03.820 1477 2166 W NetworkPolicy: setRestrictBackgroundUL: already false
01-20 19:07:03.823 1477 2166 D CompatibilityChangeReporter: Compat change id reported: 218533173; UID 10147; state: ENABLED
01-20 19:07:03.824 1477 2166 D CompatibilityChangeReporter: Compat change id reported: 218533173; UID 10120; state: ENABLED
01-20 19:07:03.824 1477 2166 D CompatibilityChangeReporter: Compat change id reported: 218533173; UID 10113; state: DISABLED
01-20 19:07:03.825 1477 2166 D CompatibilityChangeReporter: Compat change id reported: 218533173; UID 10126; state: ENABLED
01-20 19:07:03.825 1477 2166 D CompatibilityChangeReporter: Compat change id reported: 218533173; UID 10114; state: ENABLED
01-20 19:07:03.825 1477 2166 D CompatibilityChangeReporter: Compat change id reported: 218533173; UID 10166; state: DISABLED
01-20 19:07:03.827 1477 1477 V SystemServerTiming: MakeConnectivityServiceReady took to complete: 22ms
01-20 19:07:03.828 1477 1477 D SystemServerTiming: MakeVpnManagerServiceReady
01-20 19:07:03.837 2241 2241 V WindowManagerShell: Adding init callback for RecentTasksController
01-20 19:07:03.839 1477 1477 V SystemServerTiming: MakeVpnManagerServiceReady took to complete: 11ms
01-20 19:07:03.839 1477 1477 D SystemServerTiming: MakeVcnManagementServiceReady
01-20 19:07:03.841 2241 2241 V WindowManagerShell: Adding init callback for ShellTaskOrganizer
01-20 19:07:03.841 1477 1477 V SystemServerTiming: MakeVcnManagementServiceReady took to complete: 2ms
01-20 19:07:03.842 1477 1477 D SystemServerTiming: MakeNetworkPolicyServiceReady
01-20 19:07:03.842 1477 2181 I VcnManagementService: new snapshot: TelephonySubscriptionSnapshot{ mActiveDataSubId=-1, mSubIdToInfoMap={}, mSubIdToCarrierConfigMap={}, mPrivilegedPackages={} }
01-20 19:07:03.856 2241 2241 V WindowManagerShell: Adding init callback for OneHandedController
01-20 19:07:03.860 2241 2241 V WindowManagerShell: Adding init callback for DefaultTransitionHandler
01-20 19:07:03.860 2241 2241 V WindowManagerShell: addHandler: Default
01-20 19:07:03.860 2241 2241 V WindowManagerShell: addHandler: Remote
01-20 19:07:03.860 2241 2241 V WindowManagerShell: Adding init callback for Transitions
01-20 19:07:03.864 1477 1477 V SystemServerTiming: MakeNetworkPolicyServiceReady took to complete: 22ms
01-20 19:07:03.864 1477 1477 D SystemServerTiming: PhaseThirdPartyAppsCanStart
01-20 19:07:03.864 1477 1477 I SystemServiceManager: Starting phase 600
01-20 19:07:03.864 1477 1477 D SystemServerTiming: OnBootPhase_600
01-20 19:07:03.864 1477 1477 D SystemServerTiming: OnBootPhase_600_com.android.server.security.FileIntegrityService
01-20 19:07:03.864 1477 1477 V SystemServerTiming: OnBootPhase_600_com.android.server.security.FileIntegrityService took to complete: 0ms
01-20 19:07:03.864 1477 1477 D SystemServerTiming: OnBootPhase_600_com.android.server.pm.Installer
01-20 19:07:03.864 1477 1477 V SystemServerTiming: OnBootPhase_600_com.android.server.pm.Installer took to complete: 0ms
01-20 19:07:03.864 1477 1477 D SystemServerTiming: OnBootPhase_600_com.android.server.os.DeviceIdentifiersPolicyService
01-20 19:07:03.864 1477 1477 V SystemServerTiming: OnBootPhase_600_com.android.server.os.DeviceIdentifiersPolicyService took to complete: 0ms
01-20 19:07:03.864 1477 1477 D SystemServerTiming: OnBootPhase_600_com.android.server.uri.UriGrantsManagerService$Lifecycle
01-20 19:07:03.864 1477 1477 V SystemServerTiming: OnBootPhase_600_com.android.server.uri.UriGrantsManagerService$Lifecycle took to complete: 0ms
01-20 19:07:03.864 1477 1477 D SystemServerTiming: OnBootPhase_600_com.android.server.powerstats.PowerStatsService
01-20 19:07:03.864 1477 1477 V SystemServerTiming: OnBootPhase_600_com.android.server.powerstats.PowerStatsService took to complete: 0ms
01-20 19:07:03.864 1477 1477 D SystemServerTiming: OnBootPhase_600_com.android.server.wm.ActivityTaskManagerService$Lifecycle
01-20 19:07:03.864 1477 1477 V SystemServerTiming: OnBootPhase_600_com.android.server.wm.ActivityTaskManagerService$Lifecycle took to complete: 0ms
01-20 19:07:03.864 1477 1477 D SystemServerTiming: OnBootPhase_600_com.android.server.am.ActivityManagerService$Lifecycle
01-20 19:07:03.864 1477 1477 I ExplicitHealthCheckController: Explicit health checks enabled.
01-20 19:07:03.864 1477 1477 I PackageWatchdog: Syncing state, reason: health check state enabled
01-20 19:07:03.864 1477 1477 I PackageWatchdog: Not pruning observers, elapsed time: 0ms
01-20 19:07:03.864 1477 1477 I PackageWatchdog: Cancelling state sync, nothing to sync
01-20 19:07:03.864 1477 1477 V SystemServerTiming: OnBootPhase_600_com.android.server.am.ActivityManagerService$Lifecycle took to complete: 0ms
01-20 19:07:03.864 1477 1477 D SystemServerTiming: OnBootPhase_600_com.android.server.pm.DataLoaderManagerService
01-20 19:07:03.864 1477 1477 V SystemServerTiming: OnBootPhase_600_com.android.server.pm.DataLoaderManagerService took to complete: 0ms
01-20 19:07:03.864 1477 1477 D SystemServerTiming: OnBootPhase_600_com.android.server.power.PowerManagerService
