01-20 19:07:08.058 1477 1755 V SystemServerTimingAsync: ssm.onUnlockingUser-0_com.android.server.MmsServiceBroker took to complete: 0ms
01-20 19:07:08.058 1477 1755 D SystemServerTimingAsync: ssm.onUnlockingUser-0_com.android.server.autofill.AutofillManagerService
01-20 19:07:08.063 1477 2162 D LockSettingsService: hide encryption notification, user: 0
01-20 19:07:08.066 3098 3098 W sdcard : Device explicitly enabled sdcardfs
01-20 19:07:08.071 1477 2208 V BackupManagerService: [UserID:0] Starting with transport com.stevesoltys.seedvault.transport.ConfigurableBackupTransport
01-20 19:07:08.071 1477 1755 V SystemServerTimingAsync: ssm.onUnlockingUser-0_com.android.server.autofill.AutofillManagerService took to complete: 13ms
01-20 19:07:08.071 1477 1755 D SystemServerTimingAsync: ssm.onUnlockingUser-0_com.android.server.clipboard.ClipboardService
01-20 19:07:08.071 1477 1755 V SystemServerTimingAsync: ssm.onUnlockingUser-0_com.android.server.clipboard.ClipboardService took to complete: 0ms
01-20 19:07:08.071 1477 1755 D SystemServerTimingAsync: ssm.onUnlockingUser-0_com.android.server.appbinding.AppBindingService$Lifecycle
01-20 19:07:08.071 1477 1755 V SystemServerTimingAsync: ssm.onUnlockingUser-0_com.android.server.appbinding.AppBindingService$Lifecycle took to complete: 0ms
01-20 19:07:08.071 1477 1755 D SystemServerTimingAsync: ssm.onUnlockingUser-0_com.android.server.tracing.TracingServiceProxy
01-20 19:07:08.071 1477 1755 V SystemServerTimingAsync: ssm.onUnlockingUser-0_com.android.server.tracing.TracingServiceProxy took to complete: 0ms
01-20 19:07:08.071 1477 1755 D SystemServerTimingAsync: ssm.onUnlockingUser-0_org.lineageos.platform.internal.ProfileManagerService
01-20 19:07:08.071 1477 1755 V SystemServerTimingAsync: ssm.onUnlockingUser-0_org.lineageos.platform.internal.ProfileManagerService took to complete: 0ms
01-20 19:07:08.071 1477 1755 D SystemServerTimingAsync: ssm.onUnlockingUser-0_org.lineageos.platform.internal.LineageHardwareService
01-20 19:07:08.072 1477 1755 V SystemServerTimingAsync: ssm.onUnlockingUser-0_org.lineageos.platform.internal.LineageHardwareService took to complete: 0ms
01-20 19:07:08.072 1477 1755 D SystemServerTimingAsync: ssm.onUnlockingUser-0_org.lineageos.platform.internal.display.LiveDisplayService
01-20 19:07:08.072 1477 1755 V SystemServerTimingAsync: ssm.onUnlockingUser-0_org.lineageos.platform.internal.display.LiveDisplayService took to complete: 0ms
01-20 19:07:08.072 1477 1755 D SystemServerTimingAsync: ssm.onUnlockingUser-0_org.lineageos.platform.internal.TrustInterfaceService
01-20 19:07:08.072 1477 1755 V SystemServerTimingAsync: ssm.onUnlockingUser-0_org.lineageos.platform.internal.TrustInterfaceService took to complete: 0ms
01-20 19:07:08.072 1477 1755 D SystemServerTimingAsync: ssm.onUnlockingUser-0_org.lineageos.platform.internal.LineageSettingsService
01-20 19:07:08.072 1477 1755 V SystemServerTimingAsync: ssm.onUnlockingUser-0_org.lineageos.platform.internal.LineageSettingsService took to complete: 0ms
01-20 19:07:08.072 1477 1755 D SystemServerTimingAsync: ssm.onUnlockingUser-0_org.lineageos.platform.internal.LineageGlobalActionsService
01-20 19:07:08.072 1477 1755 V SystemServerTimingAsync: ssm.onUnlockingUser-0_org.lineageos.platform.internal.LineageGlobalActionsService took to complete: 0ms
01-20 19:07:08.072 1477 1755 D SystemServerTimingAsync: ssm.onUnlockingUser-0_org.lineageos.platform.internal.health.HealthInterfaceService
01-20 19:07:08.072 1477 1755 V SystemServerTimingAsync: ssm.onUnlockingUser-0_org.lineageos.platform.internal.health.HealthInterfaceService took to complete: 0ms
01-20 19:07:08.072 1477 1755 D SystemServerTimingAsync: ssm.onUnlockingUser-0_com.android.server.policy.PermissionPolicyService
01-20 19:07:08.072 1477 1755 V SystemServerTimingAsync: ssm.onUnlockingUser-0_com.android.server.policy.PermissionPolicyService took to complete: 0ms
01-20 19:07:08.072 1477 1755 D SystemServerTimingAsync: ssm.onUnlockingUser-0_com.android.server.pm.StagingManager$Lifecycle
01-20 19:07:08.073 1477 1755 V SystemServerTimingAsync: ssm.onUnlockingUser-0_com.android.server.pm.StagingManager$Lifecycle took to complete: 0ms
01-20 19:07:08.073 1477 1755 D SystemServerTimingAsync: ssm.onUnlockingUser-0_com.android.server.app.GameManagerService$Lifecycle
01-20 19:07:08.073 1477 1755 V SystemServerTimingAsync: ssm.onUnlockingUser-0_com.android.server.app.GameManagerService$Lifecycle took to complete: 0ms
01-20 19:07:08.073 1477 1755 D SystemServerTimingAsync: ssm.onUnlockingUser-0_com.android.safetycenter.SafetyCenterService
01-20 19:07:08.073 1477 1755 V SystemServerTimingAsync: ssm.onUnlockingUser-0_com.android.safetycenter.SafetyCenterService took to complete: 0ms
01-20 19:07:08.073 1477 1755 D SystemServerTimingAsync: ssm.onUnlockingUser-0_com.android.server.appsearch.AppSearchModule$Lifecycle
01-20 19:07:08.076 1477 2208 D BackupManagerService: [UserID:0] Started thread backup-0
01-20 19:07:08.084 1477 1755 V SystemServerTimingAsync: ssm.onUnlockingUser-0_com.android.server.appsearch.AppSearchModule$Lifecycle took to complete: 11ms
01-20 19:07:08.084 1477 1755 D SystemServerTimingAsync: ssm.onUnlockingUser-0_com.android.server.media.MediaCommunicationService
01-20 19:07:08.084 1477 1755 V SystemServerTimingAsync: ssm.onUnlockingUser-0_com.android.server.media.MediaCommunicationService took to complete: 0ms
01-20 19:07:08.085 1477 1755 D SystemServerTimingAsync: ssm.onUnlockingUser-0_com.android.server.compat.overrides.AppCompatOverridesService$Lifecycle
01-20 19:07:08.085 1477 1755 V SystemServerTimingAsync: ssm.onUnlockingUser-0_com.android.server.compat.overrides.AppCompatOverridesService$Lifecycle took to complete: 0ms
01-20 19:07:08.085 1477 1755 V SystemServerTimingAsync: ssm.UnlockingUser-0 took to complete: 60ms
01-20 19:07:08.085 1477 1755 W ActivityManager: UserLifecycleEvent 5 received without an active userJourneySession.
01-20 19:07:08.085 1477 1755 W ActivityManager: UserLifecycleEvent 6 received without an active userJourneySession.
01-20 19:07:08.085 1477 1701 I ActivityTaskManager: Loading recents for user 0 into memory.
01-20 19:07:08.086 1477 1755 D SystemServerTiming: finishUserUnlocked-0
01-20 19:07:08.086 1477 1755 I ActivityManager: User 0 state changed from RUNNING_UNLOCKING to RUNNING_UNLOCKED
01-20 19:07:08.087 1477 1755 V SystemServerTiming: SystemUserUnlock took to complete: 397ms
01-20 19:07:08.088 702 702 I vold : Mounting emulated fuse volume
01-20 19:07:08.089 1477 2208 E BackupPasswordManager: Unable to read backup pw version
01-20 19:07:08.090 1477 2208 E BackupPasswordManager: Unable to read saved backup pw hash
01-20 19:07:08.099 702 702 I vold : Bind mounting /mnt/runtime/full/emulated to /mnt/pass_through/0/emulated
01-20 19:07:08.102 1477 2158 I StorageSessionController: On volume mount VolumeInfo{emulated;0}:
01-20 19:07:08.102 1477 2158 I StorageSessionController: type=EMULATED diskId=null partGuid= mountFlags=PRIMARY|VISIBLE_FOR_WRITE
01-20 19:07:08.102 1477 2158 I StorageSessionController: mountUserId=0 state=CHECKING
01-20 19:07:08.102 1477 2158 I StorageSessionController: fsType=null fsUuid=null fsLabel=null
01-20 19:07:08.102 1477 2158 I StorageSessionController: path=/storage/emulated internalPath=/data/media
01-20 19:07:08.115 1477 2158 I StorageSessionController: Creating connection for user: 0
01-20 19:07:08.116 1477 2158 I StorageSessionController: Creating and starting session with id: emulated;0
01-20 19:07:08.116 1477 2158 I StorageUserConnection: Binding to the ExternalStorageService for user 0
01-20 19:07:08.124 1477 1701 V PackageConfigPersister: loadPackages: empty list files from /data/system_ce/0/package_configs
01-20 19:07:08.126 1477 1755 D CompatibilityChangeReporter: Compat change id reported: 135634846; UID 1000; state: DISABLED
01-20 19:07:08.126 1477 1755 D CompatibilityChangeReporter: Compat change id reported: 177438394; UID 1000; state: DISABLED
01-20 19:07:08.126 1477 1755 D CompatibilityChangeReporter: Compat change id reported: 135772972; UID 1000; state: DISABLED
01-20 19:07:08.126 1477 1755 D CompatibilityChangeReporter: Compat change id reported: 135754954; UID 1000; state: DISABLED
01-20 19:07:08.127 1477 1755 D CompatibilityChangeReporter: Compat change id reported: 135634846; UID 1027; state: DISABLED
01-20 19:07:08.128 1477 1755 D CompatibilityChangeReporter: Compat change id reported: 135634846; UID 1001; state: DISABLED
01-20 19:07:08.128 1477 1755 D CompatibilityChangeReporter: Compat change id reported: 177438394; UID 1001; state: DISABLED
01-20 19:07:08.128 1477 1755 D CompatibilityChangeReporter: Compat change id reported: 135772972; UID 1001; state: DISABLED
01-20 19:07:08.129 1477 1755 D CompatibilityChangeReporter: Compat change id reported: 135754954; UID 1001; state: DISABLED
01-20 19:07:08.129 1477 1755 D CompatibilityChangeReporter: Compat change id reported: 135754954; UID 1001; state: ENABLED
01-20 19:07:08.131 1477 1755 D CompatibilityChangeReporter: Compat change id reported: 135634846; UID 10139; state: DISABLED
01-20 19:07:08.131 1477 1755 D CompatibilityChangeReporter: Compat change id reported: 177438394; UID 10139; state: DISABLED
01-20 19:07:08.131 1477 1755 D CompatibilityChangeReporter: Compat change id reported: 135772972; UID 10139; state: DISABLED
01-20 19:07:08.131 1477 1753 I UsageStatsService: User[0] Rollover scheduled @ 2024-01-21 17:04:02(1705885442201)
01-20 19:07:08.131 1477 1755 D CompatibilityChangeReporter: Compat change id reported: 135754954; UID 10139; state: ENABLED
01-20 19:07:08.132 1477 1753 I UsageStatsService: Time changed in by -4 seconds
01-20 19:07:08.144 1477 2158 D CompatibilityChangeReporter: Compat change id reported: 135634846; UID 10157; state: DISABLED
01-20 19:07:08.144 1477 1521 W StorageManagerService: Reporting emulated;0 unmounted due to system locked
01-20 19:07:08.144 1477 1753 I UsageStatsService: User[0] Flushing usage stats to disk
01-20 19:07:08.145 1477 2158 D CompatibilityChangeReporter: Compat change id reported: 177438394; UID 10157; state: DISABLED
01-20 19:07:08.145 1477 2158 D CompatibilityChangeReporter: Compat change id reported: 135772972; UID 10157; state: DISABLED
01-20 19:07:08.145 1477 2158 D CompatibilityChangeReporter: Compat change id reported: 135754954; UID 10157; state: ENABLED
01-20 19:07:08.146 1477 2158 I StorageUserConnection: Bound to the ExternalStorageService for user 0
01-20 19:07:08.147 1477 1756 I ActivityManager: Start proc 3111:org.lineageos.pocketmode/1000 for added application org.lineageos.pocketmode
01-20 19:07:08.147 1477 1755 I ActivityManager: Posting BOOT_COMPLETED user #0
01-20 19:07:08.148 1477 1755 V SystemServerTiming: finishUserUnlocked-0 took to complete: 61ms
01-20 19:07:08.148 1477 1477 W WindowMagnificationMgr: requestConnection duplicated request: connect=false, mConnectionState=DISCONNECTED
01-20 19:07:08.149 1477 1477 V NotificationAssistants: disabling notification assistant for user 0: ComponentInfo{android.ext.services/android.ext.services.notification.Assistant}
01-20 19:07:08.149 1477 1477 D NotificationListeners: Removing active service ComponentInfo{android.ext.services/android.ext.services.notification.Assistant}
01-20 19:07:08.150 1477 1755 D SystemServerTimingAsync: ssm.UnlockedUser-0
01-20 19:07:08.150 1477 1755 I SystemServiceManager: Calling onUnlockedUser 0
01-20 19:07:08.150 1477 1755 D SystemServerTimingAsync: ssm.onUnlockedUser-0_com.android.server.security.FileIntegrityService
01-20 19:07:08.150 1477 1755 V SystemServerTimingAsync: ssm.onUnlockedUser-0_com.android.server.security.FileIntegrityService took to complete: 0ms
01-20 19:07:08.150 1477 1755 D SystemServerTimingAsync: ssm.onUnlockedUser-0_com.android.server.pm.Installer
01-20 19:07:08.150 1477 1755 V SystemServerTimingAsync: ssm.onUnlockedUser-0_com.android.server.pm.Installer took to complete: 0ms
01-20 19:07:08.150 1477 1755 D SystemServerTimingAsync: ssm.onUnlockedUser-0_com.android.server.os.DeviceIdentifiersPolicyService
01-20 19:07:08.150 1477 1755 V SystemServerTimingAsync: ssm.onUnlockedUser-0_com.android.server.os.DeviceIdentifiersPolicyService took to complete: 0ms
01-20 19:07:08.150 1477 1755 D SystemServerTimingAsync: ssm.onUnlockedUser-0_com.android.server.uri.UriGrantsManagerService$Lifecycle
01-20 19:07:08.150 1477 1755 V SystemServerTimingAsync: ssm.onUnlockedUser-0_com.android.server.uri.UriGrantsManagerService$Lifecycle took to complete: 0ms
01-20 19:07:08.150 1477 1755 D SystemServerTimingAsync: ssm.onUnlockedUser-0_com.android.server.powerstats.PowerStatsService
01-20 19:07:08.150 1477 1755 V SystemServerTimingAsync: ssm.onUnlockedUser-0_com.android.server.powerstats.PowerStatsService took to complete: 0ms
01-20 19:07:08.150 1477 1755 D SystemServerTimingAsync: ssm.onUnlockedUser-0_com.android.server.wm.ActivityTaskManagerService$Lifecycle
01-20 19:07:08.150 1477 1477 V NotificationAssistants: enabling notification assistant for 0: ComponentInfo{android.ext.services/android.ext.services.notification.Assistant}
01-20 19:07:08.151 1477 1755 I LaunchParamsPersister: Didn't find launch param folder for user 0
01-20 19:07:08.151 1477 1477 V NotificationAssistants: binding: Intent { act=android.service.notification.NotificationAssistantService cmp=android.ext.services/.notification.Assistant (has extras) }
01-20 19:07:08.151 1477 1755 V SystemServerTimingAsync: ssm.onUnlockedUser-0_com.android.server.wm.ActivityTaskManagerService$Lifecycle took to complete: 1ms
01-20 19:07:08.151 1477 1755 D SystemServerTimingAsync: ssm.onUnlockedUser-0_com.android.server.am.ActivityManagerService$Lifecycle
01-20 19:07:08.151 1477 1755 V SystemServerTimingAsync: ssm.onUnlockedUser-0_com.android.server.am.ActivityManagerService$Lifecycle took to complete: 0ms
01-20 19:07:08.151 1477 1755 D SystemServerTimingAsync: ssm.onUnlockedUser-0_com.android.server.pm.DataLoaderManagerService
01-20 19:07:08.151 1477 1755 V SystemServerTimingAsync: ssm.onUnlockedUser-0_com.android.server.pm.DataLoaderManagerService took to complete: 0ms
01-20 19:07:08.151 1477 1755 D SystemServerTimingAsync: ssm.onUnlockedUser-0_com.android.server.power.PowerManagerService
01-20 19:07:08.151 1477 1755 V SystemServerTimingAsync: ssm.onUnlockedUser-0_com.android.server.power.PowerManagerService took to complete: 0ms
01-20 19:07:08.151 1477 1755 D SystemServerTimingAsync: ssm.onUnlockedUser-0_com.android.server.power.ThermalManagerService
01-20 19:07:08.151 1477 1755 V SystemServerTimingAsync: ssm.onUnlockedUser-0_com.android.server.power.ThermalManagerService took to complete: 0ms
01-20 19:07:08.151 1477 1755 D SystemServerTimingAsync: ssm.onUnlockedUser-0_com.android.server.power.hint.HintManagerService
01-20 19:07:08.151 1477 1755 V SystemServerTimingAsync: ssm.onUnlockedUser-0_com.android.server.power.hint.HintManagerService took to complete: 0ms
01-20 19:07:08.151 1477 1755 D SystemServerTimingAsync: ssm.onUnlockedUser-0_com.android.server.recoverysystem.RecoverySystemService$Lifecycle
01-20 19:07:08.151 1477 1755 V SystemServerTimingAsync: ssm.onUnlockedUser-0_com.android.server.recoverysystem.RecoverySystemService$Lifecycle took to complete: 0ms
01-20 19:07:08.151 1477 1755 D SystemServerTimingAsync: ssm.onUnlockedUser-0_com.android.server.lights.LightsService
01-20 19:07:08.151 1477 1755 V SystemServerTimingAsync: ssm.onUnlockedUser-0_com.android.server.lights.LightsService took to complete: 0ms
01-20 19:07:08.151 1477 1755 D SystemServerTimingAsync: ssm.onUnlockedUser-0_com.android.server.display.DisplayManagerService
01-20 19:07:08.151 1477 1755 V SystemServerTimingAsync: ssm.onUnlockedUser-0_com.android.server.display.DisplayManagerService took to complete: 0ms
01-20 19:07:08.151 1477 1755 D SystemServerTimingAsync: ssm.onUnlockedUser-0_com.android.server.pm.verify.domain.DomainVerificationService
01-20 19:07:08.151 1477 1755 V SystemServerTimingAsync: ssm.onUnlockedUser-0_com.android.server.pm.verify.domain.DomainVerificationService took to complete: 0ms
01-20 19:07:08.151 1477 1755 D SystemServerTimingAsync: ssm.onUnlockedUser-0_com.android.server.pm.PackageInstallerService$Lifecycle
01-20 19:07:08.151 1477 1755 V SystemServerTimingAsync: ssm.onUnlockedUser-0_com.android.server.pm.PackageInstallerService$Lifecycle took to complete: 0ms
01-20 19:07:08.151 1477 1755 D SystemServerTimingAsync: ssm.onUnlockedUser-0_com.android.server.pm.UserManagerService$LifeCycle
01-20 19:07:08.151 1477 1755 V SystemServerTimingAsync: ssm.onUnlockedUser-0_com.android.server.pm.UserManagerService$LifeCycle took to complete: 0ms
01-20 19:07:08.151 1477 1755 D SystemServerTimingAsync: ssm.onUnlockedUser-0_com.android.server.om.OverlayManagerService
01-20 19:07:08.151 1477 1755 V SystemServerTimingAsync: ssm.onUnlockedUser-0_com.android.server.om.OverlayManagerService took to complete: 0ms
01-20 19:07:08.151 1477 1755 D SystemServerTimingAsync: ssm.onUnlockedUser-0_com.android.server.resources.ResourcesManagerService
01-20 19:07:08.151 1477 1755 V SystemServerTimingAsync: ssm.onUnlockedUser-0_com.android.server.resources.ResourcesManagerService took to complete: 0ms
01-20 19:07:08.151 1477 1755 D SystemServerTimingAsync: ssm.onUnlockedUser-0_com.android.server.sensorprivacy.SensorPrivacyService
01-20 19:07:08.151 1477 1755 V SystemServerTimingAsync: ssm.onUnlockedUser-0_com.android.server.sensorprivacy.SensorPrivacyService took to complete: 0ms
01-20 19:07:08.151 1477 1755 D SystemServerTimingAsync: ssm.onUnlockedUser-0_com.android.server.sensors.SensorService
01-20 19:07:08.151 1477 1755 V SystemServerTimingAsync: ssm.onUnlockedUser-0_com.android.server.sensors.SensorService took to complete: 0ms
01-20 19:07:08.151 1477 1755 D SystemServerTimingAsync: ssm.onUnlockedUser-0_com.android.server.SystemConfigService
01-20 19:07:08.151 1477 1755 V SystemServerTimingAsync: ssm.onUnlockedUser-0_com.android.server.SystemConfigService took to complete: 0ms
01-20 19:07:08.151 1477 1755 D SystemServerTimingAsync: ssm.onUnlockedUser-0_com.android.server.BatteryService
01-20 19:07:08.151 1477 1755 V SystemServerTimingAsync: ssm.onUnlockedUser-0_com.android.server.BatteryService took to complete: 0ms
01-20 19:07:08.151 1477 1755 D SystemServerTimingAsync: ssm.onUnlockedUser-0_com.android.server.usage.UsageStatsService
01-20 19:07:08.151 1477 1755 V SystemServerTimingAsync: ssm.onUnlockedUser-0_com.android.server.usage.UsageStatsService took to complete: 0ms
01-20 19:07:08.151 1477 1755 D SystemServerTimingAsync: ssm.onUnlockedUser-0_com.android.server.webkit.WebViewUpdateService
01-20 19:07:08.151 1477 1755 V SystemServerTimingAsync: ssm.onUnlockedUser-0_com.android.server.webkit.WebViewUpdateService took to complete: 0ms
01-20 19:07:08.152 1477 1755 D SystemServerTimingAsync: ssm.onUnlockedUser-0_com.android.server.CachedDeviceStateService
01-20 19:07:08.152 1477 1755 V SystemServerTimingAsync: ssm.onUnlockedUser-0_com.android.server.CachedDeviceStateService took to complete: 0ms
01-20 19:07:08.152 1477 1755 D SystemServerTimingAsync: ssm.onUnlockedUser-0_com.android.server.BinderCallsStatsService$LifeCycle
01-20 19:07:08.152 1477 1755 V SystemServerTimingAsync: ssm.onUnlockedUser-0_com.android.server.BinderCallsStatsService$LifeCycle took to complete: 0ms
01-20 19:07:08.152 1477 1755 D SystemServerTimingAsync: ssm.onUnlockedUser-0_com.android.server.LooperStatsService$Lifecycle
01-20 19:07:08.152 1477 1755 V SystemServerTimingAsync: ssm.onUnlockedUser-0_com.android.server.LooperStatsService$Lifecycle took to complete: 0ms
01-20 19:07:08.152 1477 1755 D SystemServerTimingAsync: ssm.onUnlockedUser-0_com.android.server.rollback.RollbackManagerService
01-20 19:07:08.152 1477 1755 V SystemServerTimingAsync: ssm.onUnlockedUser-0_com.android.server.rollback.RollbackManagerService took to complete: 0ms
01-20 19:07:08.152 1477 1755 D SystemServerTimingAsync: ssm.onUnlockedUser-0_com.android.server.os.NativeTombstoneManagerService
01-20 19:07:08.152 1477 1755 V SystemServerTimingAsync: ssm.onUnlockedUser-0_com.android.server.os.NativeTombstoneManagerService took to complete: 0ms
01-20 19:07:08.152 1477 1755 D SystemServerTimingAsync: ssm.onUnlockedUser-0_com.android.server.os.BugreportManagerService
01-20 19:07:08.152 1477 1755 V SystemServerTimingAsync: ssm.onUnlockedUser-0_com.android.server.os.BugreportManagerService took to complete: 0ms
01-20 19:07:08.152 1477 1755 D SystemServerTimingAsync: ssm.onUnlockedUser-0_com.android.server.gpu.GpuService
01-20 19:07:08.152 1477 1755 V SystemServerTimingAsync: ssm.onUnlockedUser-0_com.android.server.gpu.GpuService took to complete: 0ms
01-20 19:07:08.152 1477 1755 D SystemServerTimingAsync: ssm.onUnlockedUser-0_com.android.server.security.KeyChainSystemService
01-20 19:07:08.152 1477 1755 V SystemServerTimingAsync: ssm.onUnlockedUser-0_com.android.server.security.KeyChainSystemService took to complete: 0ms
01-20 19:07:08.152 1477 1755 D SystemServerTimingAsync: ssm.onUnlockedUser-0_com.android.server.BinaryTransparencyService
01-20 19:07:08.152 1477 1755 V SystemServerTimingAsync: ssm.onUnlockedUser-0_com.android.server.BinaryTransparencyService took to complete: 0ms
01-20 19:07:08.152 1477 1755 D SystemServerTimingAsync: ssm.onUnlockedUser-0_com.android.server.telecom.TelecomLoaderService
01-20 19:07:08.152 1477 1755 V SystemServerTimingAsync: ssm.onUnlockedUser-0_com.android.server.telecom.TelecomLoaderService took to complete: 0ms
01-20 19:07:08.152 1477 1755 D SystemServerTimingAsync: ssm.onUnlockedUser-0_com.android.server.accounts.AccountManagerService$Lifecycle
01-20 19:07:08.152 1477 1755 V SystemServerTimingAsync: ssm.onUnlockedUser-0_com.android.server.accounts.AccountManagerService$Lifecycle took to complete: 0ms
01-20 19:07:08.152 1477 1755 D SystemServerTimingAsync: ssm.onUnlockedUser-0_com.android.server.content.ContentService$Lifecycle
01-20 19:07:08.152 1477 1755 V SystemServerTimingAsync: ssm.onUnlockedUser-0_com.android.server.content.ContentService$Lifecycle took to complete: 0ms
01-20 19:07:08.152 1477 1755 D SystemServerTimingAsync: ssm.onUnlockedUser-0_com.android.server.DropBoxManagerService
01-20 19:07:08.152 1477 1755 V SystemServerTimingAsync: ssm.onUnlockedUser-0_com.android.server.DropBoxManagerService took to complete: 0ms
01-20 19:07:08.152 1477 1755 D SystemServerTimingAsync: ssm.onUnlockedUser-0_com.android.role.RoleService
01-20 19:07:08.152 1477 1755 V SystemServerTimingAsync: ssm.onUnlockedUser-0_com.android.role.RoleService took to complete: 0ms
01-20 19:07:08.152 1477 1755 D SystemServerTimingAsync: ssm.onUnlockedUser-0_com.android.server.vibrator.VibratorManagerService$Lifecycle
01-20 19:07:08.152 1477 1755 V SystemServerTimingAsync: ssm.onUnlockedUser-0_com.android.server.vibrator.VibratorManagerService$Lifecycle took to complete: 0ms
01-20 19:07:08.152 1477 1755 D SystemServerTimingAsync: ssm.onUnlockedUser-0_com.android.server.tare.InternalResourceService
01-20 19:07:08.152 1477 1755 V SystemServerTimingAsync: ssm.onUnlockedUser-0_com.android.server.tare.InternalResourceService took to complete: 0ms
01-20 19:07:08.152 1477 1755 D SystemServerTimingAsync: ssm.onUnlockedUser-0_com.android.server.alarm.AlarmManagerService
01-20 19:07:08.152 1477 1755 V SystemServerTimingAsync: ssm.onUnlockedUser-0_com.android.server.alarm.AlarmManagerService took to complete: 0ms
01-20 19:07:08.152 1477 1755 D SystemServerTimingAsync: ssm.onUnlockedUser-0_com.android.server.devicestate.DeviceStateManagerService
01-20 19:07:08.152 1477 1755 V SystemServerTimingAsync: ssm.onUnlockedUser-0_com.android.server.devicestate.DeviceStateManagerService took to complete: 0ms
01-20 19:07:08.152 1477 1477 D CompatibilityChangeReporter: Compat change id reported: 168419799; UID 10158; state: DISABLED
01-20 19:07:08.152 1477 1755 D SystemServerTimingAsync: ssm.onUnlockedUser-0_com.android.server.camera.CameraServiceProxy
01-20 19:07:08.152 1477 1755 V SystemServerTimingAsync: ssm.onUnlockedUser-0_com.android.server.camera.CameraServiceProxy took to complete: 0ms
01-20 19:07:08.152 1477 1755 D SystemServerTimingAsync: ssm.onUnlockedUser-0_com.android.server.vr.VrManagerService
01-20 19:07:08.152 1477 1755 V SystemServerTimingAsync: ssm.onUnlockedUser-0_com.android.server.vr.VrManagerService took to complete: 0ms
01-20 19:07:08.152 1477 1755 D SystemServerTimingAsync: ssm.onUnlockedUser-0_com.android.server.bluetooth.BluetoothService
01-20 19:07:08.152 1477 1755 V SystemServerTimingAsync: ssm.onUnlockedUser-0_com.android.server.bluetooth.BluetoothService took to complete: 0ms
01-20 19:07:08.152 1477 1755 D SystemServerTimingAsync: ssm.onUnlockedUser-0_com.android.server.connectivity.IpConnectivityMetrics
01-20 19:07:08.152 1477 1755 V SystemServerTimingAsync: ssm.onUnlockedUser-0_com.android.server.connectivity.IpConnectivityMetrics took to complete: 0ms
01-20 19:07:08.152 1477 1755 D SystemServerTimingAsync: ssm.onUnlockedUser-0_com.android.server.net.watchlist.NetworkWatchlistService$Lifecycle
01-20 19:07:08.152 1477 1755 V SystemServerTimingAsync: ssm.onUnlockedUser-0_com.android.server.net.watchlist.NetworkWatchlistService$Lifecycle took to complete: 0ms
01-20 19:07:08.152 1477 1755 D SystemServerTimingAsync: ssm.onUnlockedUser-0_com.android.server.PinnerService
01-20 19:07:08.152 1477 1755 V SystemServerTimingAsync: ssm.onUnlockedUser-0_com.android.server.PinnerService took to complete: 0ms
01-20 19:07:08.152 1477 1755 D SystemServerTimingAsync: ssm.onUnlockedUser-0_com.android.server.integrity.AppIntegrityManagerService
01-20 19:07:08.152 1477 1755 V SystemServerTimingAsync: ssm.onUnlockedUser-0_com.android.server.integrity.AppIntegrityManagerService took to complete: 0ms
01-20 19:07:08.152 1477 1755 D SystemServerTimingAsync: ssm.onUnlockedUser-0_com.android.server.logcat.LogcatManagerService
01-20 19:07:08.152 1477 1755 V SystemServerTimingAsync: ssm.onUnlockedUser-0_com.android.server.logcat.LogcatManagerService took to complete: 0ms
01-20 19:07:08.152 1477 1755 D SystemServerTimingAsync: ssm.onUnlockedUser-0_com.android.server.inputmethod.InputMethodManagerService$Lifecycle
01-20 19:07:08.152 1477 1755 V SystemServerTimingAsync: ssm.onUnlockedUser-0_com.android.server.inputmethod.InputMethodManagerService$Lifecycle took to complete: 0ms
01-20 19:07:08.152 1477 1755 D SystemServerTimingAsync: ssm.onUnlockedUser-0_com.android.server.accessibility.AccessibilityManagerService$Lifecycle
01-20 19:07:08.152 1477 1755 V SystemServerTimingAsync: ssm.onUnlockedUser-0_com.android.server.accessibility.AccessibilityManagerService$Lifecycle took to complete: 0ms
01-20 19:07:08.152 1477 1755 D SystemServerTimingAsync: ssm.onUnlockedUser-0_com.android.server.StorageManagerService$Lifecycle
01-20 19:07:08.152 1477 1755 V SystemServerTimingAsync: ssm.onUnlockedUser-0_com.android.server.StorageManagerService$Lifecycle took to complete: 0ms
01-20 19:07:08.152 1477 1755 D SystemServerTimingAsync: ssm.onUnlockedUser-0_com.android.server.usage.StorageStatsService$Lifecycle
01-20 19:07:08.152 1477 1755 V SystemServerTimingAsync: ssm.onUnlockedUser-0_com.android.server.usage.StorageStatsService$Lifecycle took to complete: 0ms
01-20 19:07:08.152 1477 1755 D SystemServerTimingAsync: ssm.onUnlockedUser-0_com.android.server.UiModeManagerService
01-20 19:07:08.152 1477 1755 V SystemServerTimingAsync: ssm.onUnlockedUser-0_com.android.server.UiModeManagerService took to complete: 0ms
01-20 19:07:08.152 1477 1755 D SystemServerTimingAsync: ssm.onUnlockedUser-0_com.android.server.locales.LocaleManagerService
01-20 19:07:08.152 1477 1755 V SystemServerTimingAsync: ssm.onUnlockedUser-0_com.android.server.locales.LocaleManagerService took to complete: 0ms
01-20 19:07:08.152 1477 1755 D SystemServerTimingAsync: ssm.onUnlockedUser-0_com.android.server.locksettings.LockSettingsService$Lifecycle
01-20 19:07:08.152 1477 1755 V SystemServerTimingAsync: ssm.onUnlockedUser-0_com.android.server.locksettings.LockSettingsService$Lifecycle took to complete: 0ms
01-20 19:07:08.152 1477 1477 D CompatibilityChangeReporter: Compat change id reported: 273564678; UID 10158; state: DISABLED
01-20 19:07:08.152 1477 1521 D SystemServerTiming: getUserSwitchability-0
01-20 19:07:08.152 1477 1521 D SystemServerTiming: TM.isInCall
01-20 19:07:08.153 1477 1521 V SystemServerTiming: TM.isInCall took to complete: 0ms
01-20 19:07:08.153 1477 1521 D SystemServerTiming: hasUserRestriction-DISALLOW_USER_SWITCH
01-20 19:07:08.153 1477 1521 V SystemServerTiming: hasUserRestriction-DISALLOW_USER_SWITCH took to complete: 0ms
01-20 19:07:08.153 1477 1521 D SystemServerTiming: getInt-ALLOW_USER_SWITCHING_WHEN_SYSTEM_USER_LOCKED
01-20 19:07:08.153 1477 1521 V SystemServerTiming: getInt-ALLOW_USER_SWITCHING_WHEN_SYSTEM_USER_LOCKED took to complete: 0ms
01-20 19:07:08.153 1477 1521 D SystemServerTiming: isUserUnlocked-USER_SYSTEM
01-20 19:07:08.153 1477 1521 V SystemServerTiming: isUserUnlocked-USER_SYSTEM took to complete: 0ms
01-20 19:07:08.153 1477 1521 V SystemServerTiming: getUserSwitchability-0 took to complete: 0ms
01-20 19:07:08.154 1477 1701 I AppWidgetServiceImpl: Processing of handleUserUnlocked u0 took 6 ms
01-20 19:07:08.154 1477 1755 D SystemServerTimingAsync: ssm.onUnlockedUser-0_com.android.server.PersistentDataBlockService
01-20 19:07:08.154 1477 1755 V SystemServerTimingAsync: ssm.onUnlockedUser-0_com.android.server.PersistentDataBlockService took to complete: 0ms
01-20 19:07:08.154 1477 1755 D SystemServerTimingAsync: ssm.onUnlockedUser-0_com.android.server.testharness.TestHarnessModeService
01-20 19:07:08.154 1477 1521 D SystemServerTiming: getUserSwitchability-0
01-20 19:07:08.154 1477 1521 D SystemServerTiming: TM.isInCall
01-20 19:07:08.154 1477 1521 V SystemServerTiming: TM.isInCall took to complete: 1ms
01-20 19:07:08.154 1477 1521 D SystemServerTiming: hasUserRestriction-DISALLOW_USER_SWITCH
01-20 19:07:08.154 1477 1521 V SystemServerTiming: hasUserRestriction-DISALLOW_USER_SWITCH took to complete: 0ms
01-20 19:07:08.154 1477 1521 D SystemServerTiming: getInt-ALLOW_USER_SWITCHING_WHEN_SYSTEM_USER_LOCKED
01-20 19:07:08.154 1477 1521 V SystemServerTiming: getInt-ALLOW_USER_SWITCHING_WHEN_SYSTEM_USER_LOCKED took to complete: 0ms
01-20 19:07:08.154 1477 1521 D SystemServerTiming: isUserUnlocked-USER_SYSTEM
01-20 19:07:08.154 1477 1521 V SystemServerTiming: isUserUnlocked-USER_SYSTEM took to complete: 0ms
01-20 19:07:08.154 1477 1521 V SystemServerTiming: getUserSwitchability-0 took to complete: 1ms
01-20 19:07:08.156 1477 1701 D CompatibilityChangeReporter: Compat change id reported: 203704822; UID 10128; state: DISABLED
01-20 19:07:08.156 1477 1701 D CompatibilityChangeReporter: Compat change id reported: 203704822; UID 10115; state: DISABLED
01-20 19:07:08.156 1477 1701 D CompatibilityChangeReporter: Compat change id reported: 203704822; UID 10114; state: ENABLED
01-20 19:07:08.156 1477 1755 V SystemServerTimingAsync: ssm.onUnlockedUser-0_com.android.server.testharness.TestHarnessModeService took to complete: 0ms
01-20 19:07:08.156 1477 1755 D SystemServerTimingAsync: ssm.onUnlockedUser-0_com.android.server.oemlock.OemLockService
01-20 19:07:08.156 1477 1755 V SystemServerTimingAsync: ssm.onUnlockedUser-0_com.android.server.oemlock.OemLockService took to complete: 0ms
01-20 19:07:08.156 1477 1755 D SystemServerTimingAsync: ssm.onUnlockedUser-0_com.android.server.DeviceIdleController
01-20 19:07:08.156 1477 1755 V SystemServerTimingAsync: ssm.onUnlockedUser-0_com.android.server.DeviceIdleController took to complete: 0ms
01-20 19:07:08.156 1477 1755 D SystemServerTimingAsync: ssm.onUnlockedUser-0_com.android.server.devicepolicy.DevicePolicyManagerService$Lifecycle
01-20 19:07:08.156 1477 1755 V SystemServerTimingAsync: ssm.onUnlockedUser-0_com.android.server.devicepolicy.DevicePolicyManagerService$Lifecycle took to complete: 0ms
01-20 19:07:08.156 1477 1755 D SystemServerTimingAsync: ssm.onUnlockedUser-0_com.android.server.texttospeech.TextToSpeechManagerService
01-20 19:07:08.156 1477 1755 V SystemServerTimingAsync: ssm.onUnlockedUser-0_com.android.server.texttospeech.TextToSpeechManagerService took to complete: 0ms
01-20 19:07:08.156 1477 1755 D SystemServerTimingAsync: ssm.onUnlockedUser-0_com.android.server.ambientcontext.AmbientContextManagerService
01-20 19:07:08.156 1477 1755 V SystemServerTimingAsync: ssm.onUnlockedUser-0_com.android.server.ambientcontext.AmbientContextManagerService took to complete: 0ms
01-20 19:07:08.156 1477 1755 D SystemServerTimingAsync: ssm.onUnlockedUser-0_com.android.server.speech.SpeechRecognitionManagerService
01-20 19:07:08.156 1477 1755 V SystemServerTimingAsync: ssm.onUnlockedUser-0_com.android.server.speech.SpeechRecognitionManagerService took to complete: 0ms
01-20 19:07:08.156 1477 1755 D SystemServerTimingAsync: ssm.onUnlockedUser-0_com.android.server.searchui.SearchUiManagerService
01-20 19:07:08.156 1477 1755 V SystemServerTimingAsync: ssm.onUnlockedUser-0_com.android.server.searchui.SearchUiManagerService took to complete: 0ms
01-20 19:07:08.156 1477 1755 D SystemServerTimingAsync: ssm.onUnlockedUser-0_com.android.server.smartspace.SmartspaceManagerService
01-20 19:07:08.156 1477 1755 V SystemServerTimingAsync: ssm.onUnlockedUser-0_com.android.server.smartspace.SmartspaceManagerService took to complete: 0ms
01-20 19:07:08.156 1477 1755 D SystemServerTimingAsync: ssm.onUnlockedUser-0_com.android.server.graphics.fonts.FontManagerService$Lifecycle
01-20 19:07:08.156 1477 1755 V SystemServerTimingAsync: ssm.onUnlockedUser-0_com.android.server.graphics.fonts.FontManagerService$Lifecycle took to complete: 0ms
01-20 19:07:08.156 1477 1755 D SystemServerTimingAsync: ssm.onUnlockedUser-0_com.android.server.textservices.TextServicesManagerService$Lifecycle
01-20 19:07:08.156 1477 1755 V SystemServerTimingAsync: ssm.onUnlockedUser-0_com.android.server.textservices.TextServicesManagerService$Lifecycle took to complete: 0ms
01-20 19:07:08.156 1477 1755 D SystemServerTimingAsync: ssm.onUnlockedUser-0_com.android.server.textclassifier.TextClassificationManagerService$Lifecycle
01-20 19:07:08.156 1477 1755 V SystemServerTimingAsync: ssm.onUnlockedUser-0_com.android.server.textclassifier.TextClassificationManagerService$Lifecycle took to complete: 0ms
01-20 19:07:08.156 1477 1755 D SystemServerTimingAsync: ssm.onUnlockedUser-0_com.android.server.NetworkScoreService$Lifecycle
01-20 19:07:08.156 1477 1755 V SystemServerTimingAsync: ssm.onUnlockedUser-0_com.android.server.NetworkScoreService$Lifecycle took to complete: 0ms
01-20 19:07:08.156 1477 1755 D SystemServerTimingAsync: ssm.onUnlockedUser-0_com.android.server.NetworkStatsServiceInitializer
01-20 19:07:08.156 1477 1755 V SystemServerTimingAsync: ssm.onUnlockedUser-0_com.android.server.NetworkStatsServiceInitializer took to complete: 0ms
01-20 19:07:08.156 1477 1755 D SystemServerTimingAsync: ssm.onUnlockedUser-0_com.android.server.wifi.WifiService
01-20 19:07:08.156 1477 1755 V SystemServerTimingAsync: ssm.onUnlockedUser-0_com.android.server.wifi.WifiService took to complete: 0ms
01-20 19:07:08.156 1477 1755 D SystemServerTimingAsync: ssm.onUnlockedUser-0_com.android.server.wifi.scanner.WifiScanningService
01-20 19:07:08.156 1477 1755 V SystemServerTimingAsync: ssm.onUnlockedUser-0_com.android.server.wifi.scanner.WifiScanningService took to complete: 0ms
01-20 19:07:08.156 1477 1755 D SystemServerTimingAsync: ssm.onUnlockedUser-0_com.android.server.wifi.p2p.WifiP2pService
01-20 19:07:08.156 1477 1755 V SystemServerTimingAsync: ssm.onUnlockedUser-0_com.android.server.wifi.p2p.WifiP2pService took to complete: 0ms
01-20 19:07:08.156 1477 1755 D SystemServerTimingAsync: ssm.onUnlockedUser-0_com.android.server.ConnectivityServiceInitializer
01-20 19:07:08.156 1477 1755 V SystemServerTimingAsync: ssm.onUnlockedUser-0_com.android.server.ConnectivityServiceInitializer took to complete: 0ms
01-20 19:07:08.156 1477 1755 D SystemServerTimingAsync: ssm.onUnlockedUser-0_com.android.server.notification.NotificationManagerService
01-20 19:07:08.156 1477 1755 V SystemServerTimingAsync: ssm.onUnlockedUser-0_com.android.server.notification.NotificationManagerService took to complete: 0ms
01-20 19:07:08.156 1477 1755 D SystemServerTimingAsync: ssm.onUnlockedUser-0_com.android.server.storage.DeviceStorageMonitorService
01-20 19:07:08.156 1477 1755 V SystemServerTimingAsync: ssm.onUnlockedUser-0_com.android.server.storage.DeviceStorageMonitorService took to complete: 0ms
01-20 19:07:08.156 1477 1755 D SystemServerTimingAsync: ssm.onUnlockedUser-0_com.android.server.location.LocationManagerService$Lifecycle
01-20 19:07:08.156 1477 1755 V SystemServerTimingAsync: ssm.onUnlockedUser-0_com.android.server.location.LocationManagerService$Lifecycle took to complete: 0ms
01-20 19:07:08.156 1477 1755 D SystemServerTimingAsync: ssm.onUnlockedUser-0_com.android.server.timedetector.TimeDetectorService$Lifecycle
01-20 19:07:08.156 1477 1755 V SystemServerTimingAsync: ssm.onUnlockedUser-0_com.android.server.timedetector.TimeDetectorService$Lifecycle took to complete: 0ms
01-20 19:07:08.156 1477 1755 D SystemServerTimingAsync: ssm.onUnlockedUser-0_com.android.server.timezonedetector.TimeZoneDetectorService$Lifecycle
01-20 19:07:08.156 1477 1755 V SystemServerTimingAsync: ssm.onUnlockedUser-0_com.android.server.timezonedetector.TimeZoneDetectorService$Lifecycle took to complete: 0ms
01-20 19:07:08.157 1477 1755 D SystemServerTimingAsync: ssm.onUnlockedUser-0_com.android.server.timezonedetector.location.LocationTimeZoneManagerService$Lifecycle
01-20 19:07:08.157 1477 1755 V SystemServerTimingAsync: ssm.onUnlockedUser-0_com.android.server.timezonedetector.location.LocationTimeZoneManagerService$Lifecycle took to complete: 0ms
01-20 19:07:08.157 1477 1755 D SystemServerTimingAsync: ssm.onUnlockedUser-0_com.android.server.search.SearchManagerService$Lifecycle
01-20 19:07:08.157 1477 1755 V SystemServerTimingAsync: ssm.onUnlockedUser-0_com.android.server.search.SearchManagerService$Lifecycle took to complete: 0ms
01-20 19:07:08.157 1477 1755 D SystemServerTimingAsync: ssm.onUnlockedUser-0_com.android.server.wallpaper.WallpaperManagerService$Lifecycle
01-20 19:07:08.157 1477 1755 V SystemServerTimingAsync: ssm.onUnlockedUser-0_com.android.server.wallpaper.WallpaperManagerService$Lifecycle took to complete: 0ms
01-20 19:07:08.157 1477 1755 D SystemServerTimingAsync: ssm.onUnlockedUser-0_com.android.server.wallpapereffectsgeneration.WallpaperEffectsGenerationManagerService
01-20 19:07:08.157 1477 1755 V SystemServerTimingAsync: ssm.onUnlockedUser-0_com.android.server.wallpapereffectsgeneration.WallpaperEffectsGenerationManagerService took to complete: 0ms
01-20 19:07:08.157 1477 1755 D SystemServerTimingAsync: ssm.onUnlockedUser-0_com.android.server.audio.AudioService$Lifecycle
01-20 19:07:08.157 1477 1755 V SystemServerTimingAsync: ssm.onUnlockedUser-0_com.android.server.audio.AudioService$Lifecycle took to complete: 0ms
01-20 19:07:08.157 1477 1755 D SystemServerTimingAsync: ssm.onUnlockedUser-0_com.android.server.soundtrigger_middleware.SoundTriggerMiddlewareService$Lifecycle
01-20 19:07:08.157 1477 1755 V SystemServerTimingAsync: ssm.onUnlockedUser-0_com.android.server.soundtrigger_middleware.SoundTriggerMiddlewareService$Lifecycle took to complete: 0ms
01-20 19:07:08.157 1477 1755 D SystemServerTimingAsync: ssm.onUnlockedUser-0_com.android.server.DockObserver
01-20 19:07:08.157 1477 1755 V SystemServerTimingAsync: ssm.onUnlockedUser-0_com.android.server.DockObserver took to complete: 0ms
01-20 19:07:08.157 1477 1755 D SystemServerTimingAsync: ssm.onUnlockedUser-0_com.android.server.midi.MidiService$Lifecycle
01-20 19:07:08.157 1477 1755 V SystemServerTimingAsync: ssm.onUnlockedUser-0_com.android.server.midi.MidiService$Lifecycle took to complete: 0ms
01-20 19:07:08.157 1477 1755 D SystemServerTimingAsync: ssm.onUnlockedUser-0_com.android.server.adb.AdbService$Lifecycle
01-20 19:07:08.157 1477 1755 V SystemServerTimingAsync: ssm.onUnlockedUser-0_com.android.server.adb.AdbService$Lifecycle took to complete: 0ms
01-20 19:07:08.157 1477 1755 D SystemServerTimingAsync: ssm.onUnlockedUser-0_com.android.server.usb.UsbService$Lifecycle
01-20 19:07:08.157 1477 1755 V SystemServerTimingAsync: ssm.onUnlockedUser-0_com.android.server.usb.UsbService$Lifecycle took to complete: 0ms
01-20 19:07:08.157 1477 1755 D SystemServerTimingAsync: ssm.onUnlockedUser-0_com.android.server.twilight.TwilightService
01-20 19:07:08.157 1477 1755 V SystemServerTimingAsync: ssm.onUnlockedUser-0_com.android.server.twilight.TwilightService took to complete: 0ms
01-20 19:07:08.157 1477 1755 D SystemServerTimingAsync: ssm.onUnlockedUser-0_com.android.server.display.color.ColorDisplayService
01-20 19:07:08.157 1477 1755 V SystemServerTimingAsync: ssm.onUnlockedUser-0_com.android.server.display.color.ColorDisplayService took to complete: 0ms
01-20 19:07:08.157 1477 1755 D SystemServerTimingAsync: ssm.onUnlockedUser-0_com.android.server.job.JobSchedulerService
01-20 19:07:08.157 1477 1755 V SystemServerTimingAsync: ssm.onUnlockedUser-0_com.android.server.job.JobSchedulerService took to complete: 0ms
01-20 19:07:08.157 1477 1755 D SystemServerTimingAsync: ssm.onUnlockedUser-0_com.android.server.soundtrigger.SoundTriggerService
01-20 19:07:08.157 1477 1755 V SystemServerTimingAsync: ssm.onUnlockedUser-0_com.android.server.soundtrigger.SoundTriggerService took to complete: 0ms
01-20 19:07:08.157 1477 1755 D SystemServerTimingAsync: ssm.onUnlockedUser-0_com.android.server.trust.TrustManagerService
01-20 19:07:08.157 1477 1755 V SystemServerTimingAsync: ssm.onUnlockedUser-0_com.android.server.trust.TrustManagerService took to complete: 0ms
01-20 19:07:08.157 1477 1755 D SystemServerTimingAsync: ssm.onUnlockedUser-0_com.android.server.backup.BackupManagerService$Lifecycle
01-20 19:07:08.157 1477 1755 V SystemServerTimingAsync: ssm.onUnlockedUser-0_com.android.server.backup.BackupManagerService$Lifecycle took to complete: 0ms
01-20 19:07:08.157 1477 1755 D SystemServerTimingAsync: ssm.onUnlockedUser-0_com.android.server.appwidget.AppWidgetService
01-20 19:07:08.157 1477 1520 D CompatibilityChangeReporter: Compat change id reported: 135754954; UID 1000; state: ENABLED
01-20 19:07:08.157 1477 1755 V SystemServerTimingAsync: ssm.onUnlockedUser-0_com.android.server.appwidget.AppWidgetService took to complete: 0ms
01-20 19:07:08.157 1477 1755 D SystemServerTimingAsync: ssm.onUnlockedUser-0_com.android.server.voiceinteraction.VoiceInteractionManagerService
01-20 19:07:08.157 1477 1755 V SystemServerTimingAsync: ssm.onUnlockedUser-0_com.android.server.voiceinteraction.VoiceInteractionManagerService took to complete: 0ms
01-20 19:07:08.157 1477 1755 D SystemServerTimingAsync: ssm.onUnlockedUser-0_com.android.server.apphibernation.AppHibernationService
01-20 19:07:08.157 1477 1755 V SystemServerTimingAsync: ssm.onUnlockedUser-0_com.android.server.apphibernation.AppHibernationService took to complete: 0ms
01-20 19:07:08.159 1477 1755 D SystemServerTimingAsync: ssm.onUnlockedUser-0_com.android.server.GestureLauncherService
01-20 19:07:08.159 1477 1755 V SystemServerTimingAsync: ssm.onUnlockedUser-0_com.android.server.GestureLauncherService took to complete: 0ms
01-20 19:07:08.159 1477 1755 D SystemServerTimingAsync: ssm.onUnlockedUser-0_com.android.server.SensorNotificationService
01-20 19:07:08.159 1477 1755 V SystemServerTimingAsync: ssm.onUnlockedUser-0_com.android.server.SensorNotificationService took to complete: 0ms
01-20 19:07:08.159 1477 1755 D SystemServerTimingAsync: ssm.onUnlockedUser-0_com.android.server.emergency.EmergencyAffordanceService
01-20 19:07:08.159 1477 1755 V SystemServerTimingAsync: ssm.onUnlockedUser-0_com.android.server.emergency.EmergencyAffordanceService took to complete: 0ms
01-20 19:07:08.159 1477 1755 D SystemServerTimingAsync: ssm.onUnlockedUser-0_com.android.server.blob.BlobStoreManagerService
01-20 19:07:08.159 1477 1755 V SystemServerTimingAsync: ssm.onUnlockedUser-0_com.android.server.blob.BlobStoreManagerService took to complete: 0ms
01-20 19:07:08.159 1477 1755 D SystemServerTimingAsync: ssm.onUnlockedUser-0_com.android.server.dreams.DreamManagerService
01-20 19:07:08.159 1477 1755 V SystemServerTimingAsync: ssm.onUnlockedUser-0_com.android.server.dreams.DreamManagerService took to complete: 0ms
01-20 19:07:08.159 1477 1755 D SystemServerTimingAsync: ssm.onUnlockedUser-0_com.android.server.print.PrintManagerService
01-20 19:07:08.159 1477 1755 V SystemServerTimingAsync: ssm.onUnlockedUser-0_com.android.server.print.PrintManagerService took to complete: 0ms
01-20 19:07:08.159 1477 1755 D SystemServerTimingAsync: ssm.onUnlockedUser-0_com.android.server.security.AttestationVerificationManagerService
01-20 19:07:08.159 1477 1755 V SystemServerTimingAsync: ssm.onUnlockedUser-0_com.android.server.security.AttestationVerificationManagerService took to complete: 0ms
01-20 19:07:08.159 1477 1755 D SystemServerTimingAsync: ssm.onUnlockedUser-0_com.android.server.companion.CompanionDeviceManagerService
01-20 19:07:08.159 1477 1755 V SystemServerTimingAsync: ssm.onUnlockedUser-0_com.android.server.companion.CompanionDeviceManagerService took to complete: 0ms
01-20 19:07:08.159 1477 1755 D SystemServerTimingAsync: ssm.onUnlockedUser-0_com.android.server.companion.virtual.VirtualDeviceManagerService
01-20 19:07:08.159 1477 1755 V SystemServerTimingAsync: ssm.onUnlockedUser-0_com.android.server.companion.virtual.VirtualDeviceManagerService took to complete: 0ms
01-20 19:07:08.159 1477 1755 D SystemServerTimingAsync: ssm.onUnlockedUser-0_com.android.server.restrictions.RestrictionsManagerService
01-20 19:07:08.159 1477 1755 V SystemServerTimingAsync: ssm.onUnlockedUser-0_com.android.server.restrictions.RestrictionsManagerService took to complete: 0ms
01-20 19:07:08.159 1477 1755 D SystemServerTimingAsync: ssm.onUnlockedUser-0_com.android.server.media.MediaSessionService
01-20 19:07:08.159 1477 1755 V SystemServerTimingAsync: ssm.onUnlockedUser-0_com.android.server.media.MediaSessionService took to complete: 0ms
01-20 19:07:08.159 1477 1755 D SystemServerTimingAsync: ssm.onUnlockedUser-0_com.android.server.media.MediaResourceMonitorService
01-20 19:07:08.159 1477 1755 V SystemServerTimingAsync: ssm.onUnlockedUser-0_com.android.server.media.MediaResourceMonitorService took to complete: 0ms
01-20 19:07:08.159 1477 1755 D SystemServerTimingAsync: ssm.onUnlockedUser-0_com.android.server.biometrics.sensors.fingerprint.FingerprintService
01-20 19:07:08.159 1477 1755 V SystemServerTimingAsync: ssm.onUnlockedUser-0_com.android.server.biometrics.sensors.fingerprint.FingerprintService took to complete: 0ms
01-20 19:07:08.159 1477 1755 D SystemServerTimingAsync: ssm.onUnlockedUser-0_com.android.server.biometrics.BiometricService
01-20 19:07:08.159 1477 1755 V SystemServerTimingAsync: ssm.onUnlockedUser-0_com.android.server.biometrics.BiometricService took to complete: 0ms
01-20 19:07:08.159 1477 1755 D SystemServerTimingAsync: ssm.onUnlockedUser-0_com.android.server.biometrics.AuthService
01-20 19:07:08.159 1477 1755 V SystemServerTimingAsync: ssm.onUnlockedUser-0_com.android.server.biometrics.AuthService took to complete: 0ms
01-20 19:07:08.159 1477 1755 D SystemServerTimingAsync: ssm.onUnlockedUser-0_com.android.server.pm.ShortcutService$Lifecycle
01-20 19:07:08.159 1477 1755 V SystemServerTimingAsync: ssm.onUnlockedUser-0_com.android.server.pm.ShortcutService$Lifecycle took to complete: 0ms
01-20 19:07:08.159 1477 1755 D SystemServerTimingAsync: ssm.onUnlockedUser-0_com.android.server.pm.LauncherAppsService
01-20 19:07:08.159 1477 1755 V SystemServerTimingAsync: ssm.onUnlockedUser-0_com.android.server.pm.LauncherAppsService took to complete: 0ms
01-20 19:07:08.159 1477 1755 D SystemServerTimingAsync: ssm.onUnlockedUser-0_com.android.server.pm.CrossProfileAppsService
01-20 19:07:08.159 1477 1755 V SystemServerTimingAsync: ssm.onUnlockedUser-0_com.android.server.pm.CrossProfileAppsService took to complete: 0ms
01-20 19:07:08.159 1477 1755 D SystemServerTimingAsync: ssm.onUnlockedUser-0_com.android.server.people.PeopleService
01-20 19:07:08.162 1477 1756 I ActivityManager: Start proc 3118:com.android.nfc/1027 for added application com.android.nfc
01-20 19:07:08.167 1477 1755 V SystemServerTimingAsync: ssm.onUnlockedUser-0_com.android.server.people.PeopleService took to complete: 7ms
01-20 19:07:08.167 1477 1755 D SystemServerTimingAsync: ssm.onUnlockedUser-0_com.android.server.media.metrics.MediaMetricsManagerService
01-20 19:07:08.167 1477 1755 V SystemServerTimingAsync: ssm.onUnlockedUser-0_com.android.server.media.metrics.MediaMetricsManagerService took to complete: 0ms
01-20 19:07:08.167 1477 1755 D SystemServerTimingAsync: ssm.onUnlockedUser-0_com.android.server.media.projection.MediaProjectionManagerService
01-20 19:07:08.167 1477 1755 V SystemServerTimingAsync: ssm.onUnlockedUser-0_com.android.server.media.projection.MediaProjectionManagerService took to complete: 0ms
01-20 19:07:08.167 1477 1755 D SystemServerTimingAsync: ssm.onUnlockedUser-0_com.android.server.slice.SliceManagerService$Lifecycle
01-20 19:07:08.167 1477 1755 V SystemServerTimingAsync: ssm.onUnlockedUser-0_com.android.server.slice.SliceManagerService$Lifecycle took to complete: 0ms
01-20 19:07:08.167 1477 1755 D SystemServerTimingAsync: ssm.onUnlockedUser-0_com.android.server.stats.StatsCompanion$Lifecycle
01-20 19:07:08.167 1477 1755 V SystemServerTimingAsync: ssm.onUnlockedUser-0_com.android.server.stats.StatsCompanion$Lifecycle took to complete: 0ms
01-20 19:07:08.167 1477 1755 D SystemServerTimingAsync: ssm.onUnlockedUser-0_com.android.server.scheduling.RebootReadinessManagerService$Lifecycle
01-20 19:07:08.167 1477 1755 V SystemServerTimingAsync: ssm.onUnlockedUser-0_com.android.server.scheduling.RebootReadinessManagerService$Lifecycle took to complete: 0ms
01-20 19:07:08.167 1477 1755 D SystemServerTimingAsync: ssm.onUnlockedUser-0_com.android.server.stats.pull.StatsPullAtomService
01-20 19:07:08.167 1477 1755 V SystemServerTimingAsync: ssm.onUnlockedUser-0_com.android.server.stats.pull.StatsPullAtomService took to complete: 0ms
