01-20 19:11:41.004 0 0 I binder : 691:691 ioctl c018620c 7ff5f93a30 returned -22
01-20 19:11:43.424 1477 1875 I PowerGroup: Powering off display group due to timeout (groupId= 0, uid= 1000, millisSinceLastUserActivity=30008, lastUserActivityEvent=touch)...
01-20 19:11:43.425 1477 1875 I PowerManagerService: Going to sleep due to timeout (uid 1000, screenOffTimeout=30000, activityTimeoutWM=-1, maxDimRatio=0.20000005, maxDimDur=7000)...
01-20 19:11:43.431 1477 2156 D CompatibilityChangeReporter: Compat change id reported: 156215187; UID 10128; state: DISABLED
01-20 19:11:43.445 1477 1477 D OomAdjuster: Not killing cached processes
01-20 19:11:43.469 1477 2580 D CompatibilityChangeReporter: Compat change id reported: 171306433; UID 10135; state: ENABLED
01-20 19:11:43.544 1477 1875 V DisplayPowerController[0]: Brightness [0.0017629543] reason changing to: 'manual', previous reason: 'manual [ dim ]'.
01-20 19:11:43.544 1477 1875 I DisplayPowerController[0]: BrightnessEvent: disp=0, physDisp=local:0, brt=0.0017629543, initBrt=0.0, rcmdBrt=NaN, preBrt=NaN, lux=0.0, preLux=0.0, hbmMax=1.0, hbmMode=off, rbcStrength=50, powerFactor=1.0, thrmMax=1.0, wasShortTermModelActive=false, flags=, reason=manual, autoBrightness=false
01-20 19:11:43.981 1477 1875 I DisplayPowerController[0]: Blocking screen off
01-20 19:11:43.982 1477 1875 I DisplayPowerController[0]: Unblocked screen off after 1 ms
01-20 19:11:43.995 0 0 I [Display] lge_br_to_bl: br_lvl(0) -> bl_lvl(3) [lge,blmap]
01-20 19:11:43.995 0 0 I mdss_fb_set_backlight: [Display] backlight sent to panel :3
01-20 19:11:44.008 1477 1781 E KernelCpuUidActiveTimeReader: Malformed uid_concurrent_active_time line: L8
01-20 19:11:44.012 1477 1781 E KernelCpuProcStringReader: Error reading /proc/uid_concurrent_policy_time
01-20 19:11:44.012 1477 1781 E KernelCpuProcStringReader: java.nio.charset.MalformedInputException: Input length = 1
01-20 19:11:44.012 1477 1781 E KernelCpuProcStringReader: at java.nio.charset.CoderResult.throwException(CoderResult.java:281)
01-20 19:11:44.012 1477 1781 E KernelCpuProcStringReader: at sun.nio.cs.StreamDecoder.implRead(StreamDecoder.java:372)
01-20 19:11:44.012 1477 1781 E KernelCpuProcStringReader: at sun.nio.cs.StreamDecoder.read(StreamDecoder.java:181)
01-20 19:11:44.012 1477 1781 E KernelCpuProcStringReader: at java.io.InputStreamReader.read(InputStreamReader.java:180)
01-20 19:11:44.012 1477 1781 E KernelCpuProcStringReader: at java.io.BufferedReader.fill(BufferedReader.java:172)
01-20 19:11:44.012 1477 1781 E KernelCpuProcStringReader: at java.io.BufferedReader.read1(BufferedReader.java:223)
01-20 19:11:44.012 1477 1781 E KernelCpuProcStringReader: at java.io.BufferedReader.read(BufferedReader.java:298)
01-20 19:11:44.012 1477 1781 E KernelCpuProcStringReader: at com.android.internal.os.KernelCpuProcStringReader.open(KernelCpuProcStringReader.java:163)
01-20 19:11:44.012 1477 1781 E KernelCpuProcStringReader: at com.android.internal.os.KernelCpuUidTimeReader$KernelCpuUidClusterTimeReader.readDeltaImpl(KernelCpuUidTimeReader.java:881)
01-20 19:11:44.012 1477 1781 E KernelCpuProcStringReader: at com.android.internal.os.KernelCpuUidTimeReader.readDelta(KernelCpuUidTimeReader.java:119)
01-20 19:11:44.012 1477 1781 E KernelCpuProcStringReader: at com.android.internal.os.BatteryStatsImpl.updateCpuTimeLocked(BatteryStatsImpl.java:14965)
01-20 19:11:44.012 1477 1781 E KernelCpuProcStringReader: at com.android.server.am.BatteryExternalStatsWorker.updateExternalStatsLocked(BatteryExternalStatsWorker.java:684)
01-20 19:11:44.012 1477 1781 E KernelCpuProcStringReader: at com.android.server.am.BatteryExternalStatsWorker.-$$Nest$mupdateExternalStatsLocked(Unknown Source:0)
01-20 19:11:44.012 1477 1781 E KernelCpuProcStringReader: at com.android.server.am.BatteryExternalStatsWorker$1.run(BatteryExternalStatsWorker.java:470)
01-20 19:11:44.012 1477 1781 E KernelCpuProcStringReader: at java.util.concurrent.Executors$RunnableAdapter.call(Executors.java:463)
01-20 19:11:44.012 1477 1781 E KernelCpuProcStringReader: at java.util.concurrent.FutureTask.run(FutureTask.java:264)
01-20 19:11:44.012 1477 1781 E KernelCpuProcStringReader: at java.util.concurrent.ScheduledThreadPoolExecutor$ScheduledFutureTask.run(ScheduledThreadPoolExecutor.java:307)
01-20 19:11:44.012 1477 1781 E KernelCpuProcStringReader: at java.util.concurrent.ThreadPoolExecutor.runWorker(ThreadPoolExecutor.java:1137)
01-20 19:11:44.012 1477 1781 E KernelCpuProcStringReader: at java.util.concurrent.ThreadPoolExecutor$Worker.run(ThreadPoolExecutor.java:637)
01-20 19:11:44.012 1477 1781 E KernelCpuProcStringReader: at com.android.server.am.BatteryExternalStatsWorker.lambda$new$0(BatteryExternalStatsWorker.java:91)
01-20 19:11:44.012 1477 1781 E KernelCpuProcStringReader: at com.android.server.am.BatteryExternalStatsWorker$$ExternalSyntheticLambda0.run(Unknown Source:2)
01-20 19:11:44.012 1477 1781 E KernelCpuProcStringReader: at java.lang.Thread.run(Thread.java:1012)
01-20 19:11:44.005 0 0 I [Display] lge_br_to_bl_ex: br_lvl(0) -> bl_lvl(3) [lge,blmap-ex]
01-20 19:11:44.014 1477 1875 D ActivityTaskManager: Top Process State changed to PROCESS_STATE_TOP_SLEEPING
01-20 19:11:44.022 1477 1875 V DisplayPowerController[0]: Brightness [0.0] reason changing to: 'screen_off', previous reason: 'manual'.
01-20 19:11:44.022 1477 1875 I DisplayPowerController[0]: BrightnessEvent: disp=0, physDisp=local:0, brt=0.0, initBrt=0.0017629543, rcmdBrt=NaN, preBrt=NaN, lux=0.0, preLux=0.0, hbmMax=1.0, hbmMode=off, rbcStrength=50, powerFactor=1.0, thrmMax=1.0, wasShortTermModelActive=false, flags=, reason=screen_off, autoBrightness=false
01-20 19:11:44.033 1477 1704 I DisplayDeviceRepository: Display device changed state: "Built-in Screen", OFF
01-20 19:11:44.044 1477 1705 I DisplayDevice: [0] Layerstack set to -1 for local:0
01-20 19:11:44.031 0 0 I mdss_fb_blank_sub: [Display] mdss_fb_blank+0x138/0x178 mode:4
01-20 19:11:44.304 1477 1704 I DisplayDeviceRepository: Display device changed state: "Built-in Screen", OFF
01-20 19:11:44.031 0 0 I mdss_fb_set_backlight: [Display] backlight sent to panel :0
01-20 19:11:44.054 0 0 E [Display] mdss_dsi_blank+: ctrl=0000000000000000 ndx=0 power_state=0
01-20 19:11:44.057 0 0 I [Display] mdss_dsi_panel_off: ctrl=0000000000000000 ndx=0
01-20 19:11:44.208 0 0 I [Display] mdss_dsi_panel_off: -
01-20 19:11:44.208 0 0 I lge_mdss_ambient_config_reset: start
01-20 19:11:44.208 0 0 I [Display] lge_mdss_dsi_bist_release: 0
01-20 19:11:44.208 0 0 I lge_mdss_ambient_config_reset: end
01-20 19:11:44.208 0 0 E [Display] mdss_dsi_blank-: End
01-20 19:11:44.208 0 0 E [Display] mdss_dsi_off+: ctrl=ffffffce0b35a018 ndx=0 power_state=0
01-20 19:11:44.307 1477 1875 I DisplayPowerController[0]: BrightnessEvent: disp=0, physDisp=local:0, brt=0.0, initBrt=0.0, rcmdBrt=NaN, preBrt=NaN, lux=0.0, preLux=0.0, hbmMax=1.0, hbmMode=off, rbcStrength=50, powerFactor=1.0, thrmMax=1.0, wasShortTermModelActive=false, flags=, reason=screen_off, autoBrightness=false
01-20 19:11:44.309 1477 1875 I DreamManagerService: Entering dreamland.
01-20 19:11:44.209 0 0 I [Display] mdss_dsi_panel_power_off: ++
01-20 19:11:44.209 0 0 I [Display] mdss_dsi_panel_reset: enable = 0
01-20 19:11:44.211 0 0 I [Display] mdss_dsi_panel_power_off: --
01-20 19:11:44.211 0 0 E [Display] mdss_dsi_off-:
01-20 19:11:44.214 0 0 E mdss_fb_blank_sub: mdss_fb_blank_sub: -
01-20 19:11:44.214 0 0 I [Touch] ftm4_fb_notifier_callback: fb_blank - prev[0] curr[4]
01-20 19:11:44.314 1477 1875 I PowerManagerService: Dozing...
01-20 19:11:44.214 0 0 I : [Touch] touch_suspend Start
01-20 19:11:44.214 0 0 I [Touch] ftm4_suspend: touch_suspend start
01-20 19:11:44.214 0 0 I [Touch] ftm4_lpwg_mode: Skip lpwg_mode
01-20 19:11:44.214 0 0 I : [Touch] tap2wake Disabled
01-20 19:11:44.214 0 0 I [Touch] ftm4_lpwg: LPWG_UPDATE_ALL: mode[0], screen[OFF], sensor[FAR], qcover[OPEN]
01-20 19:11:44.215 0 0 I [Touch] ftm4_tci1_set: TCI1 disable
01-20 19:11:44.216 0 0 I [Touch] ftm4_tci2_set: TCI2 disable
01-20 19:11:44.217 0 0 I [Touch] ftm4_fail_reason_int_enable: cmd = 127, flag = 0x0000
01-20 19:11:44.217 0 0 I [Touch] ftm4_tap_set: tap gesture disable
01-20 19:11:44.217 0 0 I [Touch] ftm4_lpwg_control: mode = 0
01-20 19:11:44.217 0 0 I [Touch] ftm4_swipe_enable: swipe enable
01-20 19:11:44.242 0 0 I [Touch] ftm4_swipe_set: swipe gesture set (enable = 0x1F : UP-enable DOWN-enable RIGHT-enable LEFT-enable)
01-20 19:11:44.242 0 0 I [Touch] ftm4_gesture_set: gesture enable
01-20 19:11:44.242 0 0 I [Touch] ftm4_set_low_power_mode: start
01-20 19:11:44.294 0 0 I [Touch] ftm4_set_low_power_mode: end
01-20 19:11:44.294 0 0 I : [Touch] touch_suspend End
01-20 19:11:44.323 1477 1701 I DreamController: Starting dream: name=ComponentInfo{com.android.systemui/com.android.systemui.doze.DozeService}, isPreviewMode=false, canDoze=true, userId=0, reason='power manager request'
01-20 19:11:44.448 1477 1875 I DisplayPowerController[0]: BrightnessEvent: disp=0, physDisp=local:0, brt=0.0, initBrt=0.0, rcmdBrt=NaN, preBrt=NaN, lux=0.0, preLux=0.0, hbmMax=1.0, hbmMode=off, rbcStrength=50, powerFactor=1.0, thrmMax=1.0, wasShortTermModelActive=false, flags=, reason=screen_off, autoBrightness=false
01-20 19:11:44.460 1477 1477 I PowerManagerService: onFlip(): Face up.
01-20 19:11:44.579 1477 1875 I DisplayPowerController[0]: Blocking screen on until initial contents have been drawn.
01-20 19:11:44.580 1477 1875 V DisplayPowerController[0]: Brightness [0.0] reason changing to: 'doze_default', previous reason: 'screen_off'.
01-20 19:11:44.580 1477 1875 I DisplayPowerController[0]: BrightnessEvent: disp=0, physDisp=local:0, brt=0.0, initBrt=0.0, rcmdBrt=NaN, preBrt=NaN, lux=0.0, preLux=0.0, hbmMax=1.0, hbmMode=off, rbcStrength=50, powerFactor=1.0, thrmMax=1.0, wasShortTermModelActive=false, flags=, reason=doze_default, autoBrightness=false
01-20 19:11:44.581 1477 1704 I DisplayDeviceRepository: Display device changed state: "Built-in Screen", DOZE
01-20 19:11:44.586 1477 1705 I DisplayDevice: [0] Layerstack set to 0 for local:0
01-20 19:11:44.625 1477 1701 I UsbPortManager: USB HAL HIDL version: 10
01-20 19:11:44.646 1477 3517 D SystemServerTiming: getUserSwitchability-0
01-20 19:11:44.646 1477 3517 D SystemServerTiming: TM.isInCall
01-20 19:11:44.646 1477 2147 D SystemServerTiming: getUserSwitchability-0
01-20 19:11:44.646 1477 2147 D SystemServerTiming: TM.isInCall
01-20 19:11:44.646 1477 2147 V SystemServerTiming: TM.isInCall took to complete: 1ms
01-20 19:11:44.647 1477 2147 D SystemServerTiming: hasUserRestriction-DISALLOW_USER_SWITCH
01-20 19:11:44.647 1477 3517 V SystemServerTiming: TM.isInCall took to complete: 1ms
01-20 19:11:44.647 1477 3517 D SystemServerTiming: hasUserRestriction-DISALLOW_USER_SWITCH
01-20 19:11:44.647 1477 2147 V SystemServerTiming: hasUserRestriction-DISALLOW_USER_SWITCH took to complete: 0ms
01-20 19:11:44.647 1477 2147 D SystemServerTiming: getInt-ALLOW_USER_SWITCHING_WHEN_SYSTEM_USER_LOCKED
01-20 19:11:44.647 1477 3517 V SystemServerTiming: hasUserRestriction-DISALLOW_USER_SWITCH took to complete: 0ms
01-20 19:11:44.647 1477 2147 V SystemServerTiming: getInt-ALLOW_USER_SWITCHING_WHEN_SYSTEM_USER_LOCKED took to complete: 0ms
01-20 19:11:44.647 1477 2147 D SystemServerTiming: isUserUnlocked-USER_SYSTEM
01-20 19:11:44.647 1477 3517 D SystemServerTiming: getInt-ALLOW_USER_SWITCHING_WHEN_SYSTEM_USER_LOCKED
01-20 19:11:44.647 1477 2147 V SystemServerTiming: isUserUnlocked-USER_SYSTEM took to complete: 0ms
01-20 19:11:44.647 1477 3517 V SystemServerTiming: getInt-ALLOW_USER_SWITCHING_WHEN_SYSTEM_USER_LOCKED took to complete: 0ms
01-20 19:11:44.647 1477 3517 D SystemServerTiming: isUserUnlocked-USER_SYSTEM
01-20 19:11:44.647 1477 2147 V SystemServerTiming: getUserSwitchability-0 took to complete: 1ms
01-20 19:11:44.647 1477 3517 V SystemServerTiming: isUserUnlocked-USER_SYSTEM took to complete: 0ms
01-20 19:11:44.647 1477 3517 V SystemServerTiming: getUserSwitchability-0 took to complete: 1ms
01-20 19:11:44.648 1477 1875 I DisplayPowerController[0]: Unblocked screen on after 69 ms
01-20 19:11:44.649 1477 1875 I DisplayPowerController[0]: BrightnessEvent: disp=0, physDisp=local:0, brt=0.0, initBrt=0.0, rcmdBrt=NaN, preBrt=NaN, lux=0.0, preLux=0.0, hbmMax=1.0, hbmMode=off, rbcStrength=50, powerFactor=1.0, thrmMax=1.0, wasShortTermModelActive=false, flags=, reason=doze_default, autoBrightness=false
01-20 19:11:44.581 0 0 I mdss_fb_blank_sub: [Display] mdss_fb_blank+0x138/0x178 mode:1
01-20 19:11:44.590 0 0 E [Display] mdss_dsi_on+: ctrl=0000000000000000 ndx=0 cur_power_state=0
01-20 19:11:44.590 0 0 I [Display] mdss_dsi_panel_power_on: ++
01-20 19:11:44.594 0 0 I [Display] mdss_dsi_panel_power_on: --
01-20 19:11:44.597 0 0 I [Display] mdss_dsi_panel_reset: enable = 1
01-20 19:11:44.600 0 0 E i2c-msm-v2 c17a000.i2c: NACK: slave not responding, ensure its powered: msgs(n:1 cur:0 tx) bc(rx:0 tx:4) mode:FIFO slv_addr:0x28 MSTR_STS:0x0d1300c8 OPER:0x00000090
01-20 19:11:44.600 0 0 E pn547_dev_write: i2c_master_send returned -107
01-20 19:11:44.619 0 0 E [Display] mdss_dsi_on-:
01-20 19:11:44.619 0 0 E [Display] mdss_dsi_unblank+: ctrl=0000000000000000 ndx=0 cur_power_state=1 ctrl_state=4
01-20 19:11:44.620 0 0 I [Display] mdss_dsi_panel_on: ndx=0
01-20 19:11:44.845 0 0 I mdss_panel_dsc_prepare_pps_buf: [Display] pic_height : 2880, partial_height : 0
01-20 19:11:44.856 0 0 I [Display] lge_display_control_store_joan: lge,mdss-dsi-disp-ctrl-command-1:0x07, lge,mdss-dsi-disp-ctrl-command-2:0x1c
01-20 19:11:44.857 0 0 I [Display] lge_set_screen_mode: color_manager_status 1 color_manager_mode 3
01-20 19:11:44.873 0 0 I [Display] lge_bc_dim_set: DIM : ON, FRAME : 2
01-20 19:11:44.873 0 0 I [Display] mdss_dsi_panel_on: -
01-20 19:11:44.874 0 0 E [Display] mdss_dsi_unblank-:
01-20 19:11:44.975 0 0 E [Display] mdss_dsi_blank+: ctrl=0000000000000000 ndx=0 power_state=2
01-20 19:11:44.981 0 0 I : [Ambient] request enter doze-suspend
01-20 19:11:44.981 0 0 I [Display] lge_mdss_sw43402_prepare_cmds: current resolution(1440 x 2880)
01-20 19:11:44.981 0 0 I [Display] lge_mdss_sw43402_prepare_cmds: AODCTL : 0x18
01-20 19:11:44.981 0 0 I [Display] lge_mdss_sw43402_prepare_cmds: cmd_index = 3, vertical partial area (0x00, 0x00, 0x0b, 0x3f)
01-20 19:11:44.981 0 0 I [Display] lge_mdss_sw43402_prepare_cmds: cmd_index = 3, horizontal partial area (0x00)
01-20 19:11:44.981 0 0 I mdss_panel_dsc_prepare_pps_buf: [Display] pic_height : 2880, partial_height : 2880
01-20 19:11:45.175 0 0 E [Display] mdss_dsi_blank-: End
01-20 19:11:45.175 0 0 E [Display] mdss_dsi_off+: ctrl=ffffffce0b35a018 ndx=0 power_state=2
01-20 19:11:45.175 0 0 E [Display] mdss_dsi_off-:
01-20 19:11:45.179 0 0 E mdss_fb_blank_sub: mdss_fb_blank_sub: -
01-20 19:11:45.179 0 0 I [Touch] ftm4_fb_notifier_callback: fb_blank - prev[4] curr[1]
01-20 19:11:45.186 1477 1704 I DisplayDeviceRepository: Display device changed state: "Built-in Screen", DOZE
01-20 19:11:45.197 1477 1875 I DisplayPowerController[0]: BrightnessEvent: disp=0, physDisp=local:0, brt=0.0, initBrt=0.0, rcmdBrt=NaN, preBrt=NaN, lux=0.0, preLux=0.0, hbmMax=1.0, hbmMode=off, rbcStrength=50, powerFactor=1.0, thrmMax=1.0, wasShortTermModelActive=false, flags=, reason=doze_default, autoBrightness=false
01-20 19:11:45.205 0 0 I [Display] lge_br_to_bl: br_lvl(40) -> bl_lvl(45) [lge,blmap]
01-20 19:11:45.205 0 0 F bl_enable_time:
01-20 19:11:45.195
01-20 19:11:45.205 0 0 I [Display] lge_br_to_bl_ex: br_lvl(40) -> bl_lvl(69) [lge,blmap-ex]
01-20 19:11:45.205 0 0 I [Display] mdss_fb_set_backlight_ex: backlight sent to panel :69
01-20 19:11:45.273 0 0 I lge_mdss_ambient_post_change_partial_area: (freeze:0) (store:0) (hoz:0) (ver:0)
01-20 19:11:45.333 0 0 I lge_mdss_ambient_post_change_partial_area: (freeze:0) (store:0) (hoz:0) (ver:0)
01-20 19:11:45.374 0 0 I lge_mdss_ambient_post_change_partial_area: (freeze:0) (store:0) (hoz:0) (ver:0)
01-20 19:11:45.503 0 0 I lge_mdss_ambient_post_change_partial_area: (freeze:0) (store:0) (hoz:0) (ver:0)
01-20 19:11:45.636 0 0 I lge_mdss_ambient_post_change_partial_area: (freeze:0) (store:0) (hoz:0) (ver:0)
01-20 19:11:45.777 0 0 I lge_mdss_ambient_post_change_partial_area: (freeze:0) (store:0) (hoz:0) (ver:0)
01-20 19:11:45.875 0 0 I lge_mdss_ambient_post_change_partial_area: (freeze:0) (store:0) (hoz:0) (ver:0)
01-20 19:11:46.006 0 0 I binder : 691:691 ioctl c018620c 7ff5f93a30 returned -22
01-20 19:11:46.006 0 0 I lge_mdss_ambient_post_change_partial_area: (freeze:0) (store:0) (hoz:0) (ver:0)
01-20 19:11:46.106 0 0 I lge_mdss_ambient_post_change_partial_area: (freeze:0) (store:0) (hoz:0) (ver:0)
01-20 19:11:46.236 0 0 I lge_mdss_ambient_post_change_partial_area: (freeze:0) (store:0) (hoz:0) (ver:0)
01-20 19:11:46.333 0 0 I lge_mdss_ambient_post_change_partial_area: (freeze:0) (store:0) (hoz:0) (ver:0)
01-20 19:11:46.463 0 0 I lge_mdss_ambient_post_change_partial_area: (freeze:0) (store:0) (hoz:0) (ver:0)
01-20 19:11:46.594 0 0 I lge_mdss_ambient_post_change_partial_area: (freeze:0) (store:0) (hoz:0) (ver:0)
01-20 19:11:46.615 0 0 E pn547_dev_read: no more interrupt after 2000ms (0)!
01-20 19:11:46.696 0 0 I lge_mdss_ambient_post_change_partial_area: (freeze:0) (store:0) (hoz:0) (ver:0)
01-20 19:11:46.834 0 0 I lge_mdss_ambient_post_change_partial_area: (freeze:0) (store:0) (hoz:0) (ver:0)
01-20 19:11:46.965 0 0 I lge_mdss_ambient_post_change_partial_area: (freeze:0) (store:0) (hoz:0) (ver:0)
01-20 19:11:47.064 0 0 I lge_mdss_ambient_post_change_partial_area: (freeze:0) (store:0) (hoz:0) (ver:0)
01-20 19:11:47.197 0 0 I lge_mdss_ambient_post_change_partial_area: (freeze:0) (store:0) (hoz:0) (ver:0)
01-20 19:11:47.297 0 0 I lge_mdss_ambient_post_change_partial_area: (freeze:0) (store:0) (hoz:0) (ver:0)
01-20 19:11:47.427 0 0 I lge_mdss_ambient_post_change_partial_area: (freeze:0) (store:0) (hoz:0) (ver:0)
01-20 19:11:47.527 0 0 I lge_mdss_ambient_post_change_partial_area: (freeze:0) (store:0) (hoz:0) (ver:0)
01-20 19:11:47.586 0 0 I pet_watchdog [enable: 1, jiffies : 4294967396, delay_time : 1000]
01-20 19:11:47.666 0 0 I lge_mdss_ambient_post_change_partial_area: (freeze:0) (store:0) (hoz:0) (ver:0)
01-20 19:11:47.765 0 0 I lge_mdss_ambient_post_change_partial_area: (freeze:0) (store:0) (hoz:0) (ver:0)
01-20 19:11:47.897 0 0 I lge_mdss_ambient_post_change_partial_area: (freeze:0) (store:0) (hoz:0) (ver:0)
01-20 19:11:48.027 0 0 I lge_mdss_ambient_post_change_partial_area: (freeze:0) (store:0) (hoz:0) (ver:0)
01-20 19:11:48.125 0 0 I lge_mdss_ambient_post_change_partial_area: (freeze:0) (store:0) (hoz:0) (ver:0)
01-20 19:11:48.256 0 0 I lge_mdss_ambient_post_change_partial_area: (freeze:0) (store:0) (hoz:0) (ver:0)
01-20 19:11:48.354 0 0 I lge_mdss_ambient_post_change_partial_area: (freeze:0) (store:0) (hoz:0) (ver:0)
01-20 19:11:48.476 1477 1755 D OomAdjuster: Not killing cached processes
01-20 19:11:48.495 1477 1477 D BiometricService: Sensor ID(0), oemStrength: 15, updatedStrength: 15, modality 2, state: 0, cookie: 0, sensorId 0, hasEnrollments: false cannot participate in Keystore operations
01-20 19:11:48.497 767 767 I keystore2: keystore2::authorization: on_lock_screen_event(LockScreenEvent(1), user_id=0, password.is_some()=false, unlocking_sids=Some([]))
01-20 19:11:48.498 767 767 I keystore2: keystore2::super_key: Locking screen bound for user 0 sids []
01-20 19:11:48.493 0 0 I lge_mdss_ambient_post_change_partial_area: (freeze:0) (store:0) (hoz:0) (ver:0)
01-20 19:11:48.527 1477 3517 D SystemServerTiming: getUserSwitchability-0
01-20 19:11:48.527 1477 3517 D SystemServerTiming: TM.isInCall
01-20 19:11:48.527 1477 3517 V SystemServerTiming: TM.isInCall took to complete: 1ms
01-20 19:11:48.527 1477 3517 D SystemServerTiming: hasUserRestriction-DISALLOW_USER_SWITCH
01-20 19:11:48.527 1477 3517 V SystemServerTiming: hasUserRestriction-DISALLOW_USER_SWITCH took to complete: 0ms
01-20 19:11:48.527 1477 3517 D SystemServerTiming: getInt-ALLOW_USER_SWITCHING_WHEN_SYSTEM_USER_LOCKED
01-20 19:11:48.527 1477 3517 V SystemServerTiming: getInt-ALLOW_USER_SWITCHING_WHEN_SYSTEM_USER_LOCKED took to complete: 0ms
01-20 19:11:48.527 1477 3517 D SystemServerTiming: isUserUnlocked-USER_SYSTEM
01-20 19:11:48.527 1477 3517 V SystemServerTiming: isUserUnlocked-USER_SYSTEM took to complete: 0ms
01-20 19:11:48.527 1477 3517 V SystemServerTiming: getUserSwitchability-0 took to complete: 1ms
01-20 19:11:48.583 0 0 I : [bm] monitoring
01-20 19:11:48.583 0 0 I lge_mdss_ambient_post_change_partial_area: (freeze:0) (store:0) (hoz:0) (ver:0)
01-20 19:11:48.653 0 0 I lge_mdss_ambient_post_change_partial_area: (freeze:0) (store:0) (hoz:0) (ver:0)
01-20 19:11:48.663 0 0 I IDTP9223: idtp9223_monitor: [USB]1 [ALV]0 [OD2]0 [QIPMA]0 [VOUT]00
01-20 19:11:48.703 0 0 I lge_mdss_ambient_post_change_partial_area: (freeze:0) (store:0) (hoz:0) (ver:0)
01-20 19:11:48.754 1477 1701 I UsbPortManager: USB HAL HIDL version: 10
01-20 19:11:48.853 0 0 I lge_mdss_ambient_post_change_partial_area: (freeze:0) (store:0) (hoz:0) (ver:0)
01-20 19:11:48.985 0 0 I lge_mdss_ambient_post_change_partial_area: (freeze:0) (store:0) (hoz:0) (ver:0)
01-20 19:11:49.113 0 0 I lge_mdss_ambient_post_change_partial_area: (freeze:0) (store:0) (hoz:0) (ver:0)
01-20 19:11:49.156 0 0 I lge_mdss_ambient_post_change_partial_area: (freeze:0) (store:0) (hoz:0) (ver:0)
01-20 19:11:49.229 0 0 E : [TM] XO, 31,PA0, 30,PA1, 30,QUIET, 29,VTS,292
01-20 19:11:49.283 0 0 I lge_mdss_ambient_post_change_partial_area: (freeze:0) (store:0) (hoz:0) (ver:0)
01-20 19:11:49.417 0 0 I lge_mdss_ambient_post_change_partial_area: (freeze:0) (store:0) (hoz:0) (ver:0)
01-20 19:11:49.514 0 0 I lge_mdss_ambient_post_change_partial_area: (freeze:0) (store:0) (hoz:0) (ver:0)
01-20 19:11:49.656 0 0 I lge_mdss_ambient_post_change_partial_area: (freeze:0) (store:0) (hoz:0) (ver:0)
01-20 19:11:49.754 0 0 I lge_mdss_ambient_post_change_partial_area: (freeze:0) (store:0) (hoz:0) (ver:0)
01-20 19:11:49.887 0 0 I lge_mdss_ambient_post_change_partial_area: (freeze:0) (store:0) (hoz:0) (ver:0)
01-20 19:11:49.984 0 0 I lge_mdss_ambient_post_change_partial_area: (freeze:0) (store:0) (hoz:0) (ver:0)
01-20 19:11:50.087 0 0 I lge_mdss_ambient_post_change_partial_area: (freeze:0) (store:0) (hoz:0) (ver:0)
01-20 19:11:50.214 0 0 I lge_mdss_ambient_post_change_partial_area: (freeze:0) (store:0) (hoz:0) (ver:0)
01-20 19:11:50.344 0 0 I lge_mdss_ambient_post_change_partial_area: (freeze:0) (store:0) (hoz:0) (ver:0)
01-20 19:11:50.447 0 0 I lge_mdss_ambient_post_change_partial_area: (freeze:0) (store:0) (hoz:0) (ver:0)
01-20 19:11:50.587 0 0 I lge_mdss_ambient_post_change_partial_area: (freeze:0) (store:0) (hoz:0) (ver:0)
01-20 19:11:50.677 0 0 I lge_mdss_ambient_post_change_partial_area: (freeze:0) (store:0) (hoz:0) (ver:0)
01-20 19:11:50.816 0 0 I lge_mdss_ambient_post_change_partial_area: (freeze:0) (store:0) (hoz:0) (ver:0)
01-20 19:11:50.917 0 0 I lge_mdss_ambient_post_change_partial_area: (freeze:0) (store:0) (hoz:0) (ver:0)
01-20 19:11:51.005 0 0 I binder : 691:691 ioctl c018620c 7ff5f93a30 returned -22
01-20 19:11:51.044 0 0 I lge_mdss_ambient_post_change_partial_area: (freeze:0) (store:0) (hoz:0) (ver:0)
01-20 19:11:51.146 0 0 I lge_mdss_ambient_post_change_partial_area: (freeze:0) (store:0) (hoz:0) (ver:0)
01-20 19:11:51.274 0 0 I lge_mdss_ambient_post_change_partial_area: (freeze:0) (store:0) (hoz:0) (ver:0)
01-20 19:11:51.376 0 0 I lge_mdss_ambient_post_change_partial_area: (freeze:0) (store:0) (hoz:0) (ver:0)
01-20 19:11:51.505 0 0 I lge_mdss_ambient_post_change_partial_area: (freeze:0) (store:0) (hoz:0) (ver:0)
01-20 19:11:51.647 0 0 I lge_mdss_ambient_post_change_partial_area: (freeze:0) (store:0) (hoz:0) (ver:0)
01-20 19:11:51.777 0 0 I lge_mdss_ambient_post_change_partial_area: (freeze:0) (store:0) (hoz:0) (ver:0)
01-20 19:11:51.874 0 0 I lge_mdss_ambient_post_change_partial_area: (freeze:0) (store:0) (hoz:0) (ver:0)
01-20 19:11:52.004 0 0 I lge_mdss_ambient_post_change_partial_area: (freeze:0) (store:0) (hoz:0) (ver:0)
01-20 19:11:52.104 0 0 I lge_mdss_ambient_post_change_partial_area: (freeze:0) (store:0) (hoz:0) (ver:0)
01-20 19:11:52.208 0 0 I lge_mdss_ambient_post_change_partial_area: (freeze:0) (store:0) (hoz:0) (ver:0)
01-20 19:11:52.334 0 0 I lge_mdss_ambient_post_change_partial_area: (freeze:0) (store:0) (hoz:0) (ver:0)
01-20 19:11:52.436 0 0 I lge_mdss_ambient_post_change_partial_area: (freeze:0) (store:0) (hoz:0) (ver:0)
01-20 19:11:52.496 0 0 W healthd : battery l=100 v=4387 t=28.9 h=2 st=5 c=-127929 fc=2752000 cc=23 chg=u
01-20 19:11:52.504 2241 2776 D PowerUI : can't show warning due to - plugged: true status unknown: false
01-20 19:11:52.563 0 0 I lge_mdss_ambient_post_change_partial_area: (freeze:0) (store:0) (hoz:0) (ver:0)
01-20 19:11:52.604 0 0 I lge_mdss_ambient_post_change_partial_area: (freeze:0) (store:0) (hoz:0) (ver:0)
01-20 19:11:52.764 0 0 I lge_mdss_ambient_post_change_partial_area: (freeze:0) (store:0) (hoz:0) (ver:0)
01-20 19:11:52.865 0 0 I lge_mdss_ambient_post_change_partial_area: (freeze:0) (store:0) (hoz:0) (ver:0)
01-20 19:11:53.006 0 0 I lge_mdss_ambient_post_change_partial_area: (freeze:0) (store:0) (hoz:0) (ver:0)
01-20 19:11:53.104 0 0 I lge_mdss_ambient_post_change_partial_area: (freeze:0) (store:0) (hoz:0) (ver:0)
01-20 19:11:53.238 0 0 I lge_mdss_ambient_post_change_partial_area: (freeze:0) (store:0) (hoz:0) (ver:0)
01-20 19:11:53.336 0 0 I lge_mdss_ambient_post_change_partial_area: (freeze:0) (store:0) (hoz:0) (ver:0)
01-20 19:11:53.466 0 0 I lge_mdss_ambient_post_change_partial_area: (freeze:0) (store:0) (hoz:0) (ver:0)
01-20 19:11:53.566 0 0 I lge_mdss_ambient_post_change_partial_area: (freeze:0) (store:0) (hoz:0) (ver:0)
01-20 19:11:53.693 0 0 I lge_mdss_ambient_post_change_partial_area: (freeze:0) (store:0) (hoz:0) (ver:0)
01-20 19:11:53.824 0 0 I lge_mdss_ambient_post_change_partial_area: (freeze:0) (store:0) (hoz:0) (ver:0)
01-20 19:11:53.936 0 0 I lge_mdss_ambient_post_change_partial_area: (freeze:0) (store:0) (hoz:0) (ver:0)
01-20 19:11:54.066 0 0 I lge_mdss_ambient_post_change_partial_area: (freeze:0) (store:0) (hoz:0) (ver:0)
01-20 19:11:54.197 0 0 I lge_mdss_ambient_post_change_partial_area: (freeze:0) (store:0) (hoz:0) (ver:0)
01-20 19:11:54.297 0 0 I lge_mdss_ambient_post_change_partial_area: (freeze:0) (store:0) (hoz:0) (ver:0)
01-20 19:11:54.426 0 0 I lge_mdss_ambient_post_change_partial_area: (freeze:0) (store:0) (hoz:0) (ver:0)
01-20 19:11:54.524 0 0 I lge_mdss_ambient_post_change_partial_area: (freeze:0) (store:0) (hoz:0) (ver:0)
01-20 19:11:54.657 0 0 I lge_mdss_ambient_post_change_partial_area: (freeze:0) (store:0) (hoz:0) (ver:0)
01-20 19:11:54.755 0 0 I lge_mdss_ambient_post_change_partial_area: (freeze:0) (store:0) (hoz:0) (ver:0)
01-20 19:11:54.896 0 0 I lge_mdss_ambient_post_change_partial_area: (freeze:0) (store:0) (hoz:0) (ver:0)
01-20 19:11:54.997 0 0 I lge_mdss_ambient_post_change_partial_area: (freeze:0) (store:0) (hoz:0) (ver:0)
01-20 19:11:55.096 0 0 I lge_mdss_ambient_post_change_partial_area: (freeze:0) (store:0) (hoz:0) (ver:0)
01-20 19:11:55.224 0 0 I lge_mdss_ambient_post_change_partial_area: (freeze:0) (store:0) (hoz:0) (ver:0)
01-20 19:11:55.327 0 0 I lge_mdss_ambient_post_change_partial_area: (freeze:0) (store:0) (hoz:0) (ver:0)
01-20 19:11:55.455 0 0 I lge_mdss_ambient_post_change_partial_area: (freeze:0) (store:0) (hoz:0) (ver:0)
01-20 19:11:55.587 0 0 I lge_mdss_ambient_post_change_partial_area: (freeze:0) (store:0) (hoz:0) (ver:0)
01-20 19:11:55.687 0 0 I lge_mdss_ambient_post_change_partial_area: (freeze:0) (store:0) (hoz:0) (ver:0)
01-20 19:11:55.826 0 0 I lge_mdss_ambient_post_change_partial_area: (freeze:0) (store:0) (hoz:0) (ver:0)
01-20 19:11:55.926 0 0 I lge_mdss_ambient_post_change_partial_area: (freeze:0) (store:0) (hoz:0) (ver:0)
01-20 19:11:56.003 0 0 I binder : 691:691 ioctl c018620c 7ff5f93a30 returned -22
01-20 19:11:56.055 0 0 I lge_mdss_ambient_post_change_partial_area: (freeze:0) (store:0) (hoz:0) (ver:0)
01-20 19:11:56.157 0 0 I lge_mdss_ambient_post_change_partial_area: (freeze:0) (store:0) (hoz:0) (ver:0)
01-20 19:11:56.286 0 0 I lge_mdss_ambient_post_change_partial_area: (freeze:0) (store:0) (hoz:0) (ver:0)
01-20 19:11:56.388 0 0 I lge_mdss_ambient_post_change_partial_area: (freeze:0) (store:0) (hoz:0) (ver:0)
01-20 19:11:56.516 0 0 I lge_mdss_ambient_post_change_partial_area: (freeze:0) (store:0) (hoz:0) (ver:0)
01-20 19:11:56.614 0 0 I lge_mdss_ambient_post_change_partial_area: (freeze:0) (store:0) (hoz:0) (ver:0)
01-20 19:11:56.747 0 0 I lge_mdss_ambient_post_change_partial_area: (freeze:0) (store:0) (hoz:0) (ver:0)
01-20 19:11:56.847 0 0 I lge_mdss_ambient_post_change_partial_area: (freeze:0) (store:0) (hoz:0) (ver:0)
01-20 19:11:56.987 0 0 I lge_mdss_ambient_post_change_partial_area: (freeze:0) (store:0) (hoz:0) (ver:0)
01-20 19:11:57.085 0 0 I lge_mdss_ambient_post_change_partial_area: (freeze:0) (store:0) (hoz:0) (ver:0)
01-20 19:11:57.216 0 0 I lge_mdss_ambient_post_change_partial_area: (freeze:0) (store:0) (hoz:0) (ver:0)
01-20 19:11:57.314 0 0 I lge_mdss_ambient_post_change_partial_area: (freeze:0) (store:0) (hoz:0) (ver:0)
01-20 19:11:57.445 0 0 I lge_mdss_ambient_post_change_partial_area: (freeze:0) (store:0) (hoz:0) (ver:0)
01-20 19:11:57.544 0 0 I lge_mdss_ambient_post_change_partial_area: (freeze:0) (store:0) (hoz:0) (ver:0)
01-20 19:11:57.609 0 0 I pet_watchdog [enable: 1, jiffies : 4294968398, delay_time : 1000]
01-20 19:11:57.625 0 0 I AWAKE : effective vote is now 1 voted by POLLING_LOGGER_VOTER,1
01-20 19:11:57.676 0 0 I lge_mdss_ambient_post_change_partial_area: (freeze:0) (store:0) (hoz:0) (ver:0)
01-20 19:11:57.774 0 0 I lge_mdss_ambient_post_change_partial_area: (freeze:0) (store:0) (hoz:0) (ver:0)
01-20 19:11:57.814 0 0 I PMINFO : [CSV] cSYS:100, cMNT:100.0, cCHG:2760, cLRN:2752, iBAT:-126, vBAT:4387, vPRD:4402, vOCV:4362, vUSB:4960, iUSB:211, vWLC:0, iWCL:0, AiCL:500, tSYS:289, tORI:310, tVTS:292, rTOT:377441, rESR:172363, rSLW:205078, CYCLE:23, BATID:101, sBATT:988, sCCSW:1003, sCC:-827
01-20 19:11:57.814 0 0 I PMINFO : [VOT] IUSB:500(USB_PSY_VOTER), IBAT:2200(VENEER_VOTER_IBAT), IDC:900(DEFAULT_VOTER), FLOAT:4400(BATT_PROFILE_VOTER), CHDIS:0(DEFAULT_VOTER), PLDIS:1(PL_FCC_LOW_VOTER)
01-20 19:11:57.814 0 0 I PMINFO : [CHG] NAME:USB2, STAT:FULL(ret)/CHARGING(ori)/TAPER(reg), PATH:0x95 [QNI] en=0(sts=0x10, ctrl=0xE7), pt_en=0(sts=0x10), pt_t=298
01-20 19:11:57.907 0 0 I lge_mdss_ambient_post_change_partial_area: (freeze:0) (store:0) (hoz:0) (ver:0)
01-20 19:11:58.005 0 0 I lge_mdss_ambient_post_change_partial_area: (freeze:0) (store:0) (hoz:0) (ver:0)
01-20 19:11:58.107 0 0 I lge_mdss_ambient_post_change_partial_area: (freeze:0) (store:0) (hoz:0) (ver:0)
01-20 19:11:58.244 0 0 I lge_mdss_ambient_post_change_partial_area: (freeze:0) (store:0) (hoz:0) (ver:0)
01-20 19:11:58.296 0 0 I PMINFO : [USB] REAL:USB, VNOW:4941, TPMI:317, TSMB:-1, IUSB:193(now)<=500(set)<=500(cap), IBAT:-126(now):=2200(pmi)+0(smb)<=2200(cap), PRLL:CHGEN(0)/PINEN(0)/SUSPN(1), [OVR] LATCHED:0, AFTAPSD:0, USBMODE:0x02
01-20 19:11:58.296 0 0 I PMINFO : --------------------------------------------------------------------------------------???-END.
01-20 19:11:58.296 0 0 I AWAKE : effective vote is now 0 voted by POLLING_LOGGER_VOTER,1
01-20 19:11:58.347 0 0 I lge_mdss_ambient_post_change_partial_area: (freeze:0) (store:0) (hoz:0) (ver:0)
01-20 19:11:58.476 0 0 I lge_mdss_ambient_post_change_partial_area: (freeze:0) (store:0) (hoz:0) (ver:0)
01-20 19:11:58.501 767 4232 I keystore2: keystore2::watchdog: Watchdog thread idle -> terminating. Have a great day.
01-20 19:11:58.576 0 0 I lge_mdss_ambient_post_change_partial_area: (freeze:0) (store:0) (hoz:0) (ver:0)
01-20 19:11:58.584 0 0 I : [bm] monitoring
01-20 19:11:58.708 0 0 I lge_mdss_ambient_post_change_partial_area: (freeze:0) (store:0) (hoz:0) (ver:0)
01-20 19:11:58.806 0 0 I lge_mdss_ambient_post_change_partial_area: (freeze:0) (store:0) (hoz:0) (ver:0)
01-20 19:11:58.937 0 0 I lge_mdss_ambient_post_change_partial_area: (freeze:0) (store:0) (hoz:0) (ver:0)
01-20 19:11:59.036 0 0 I lge_mdss_ambient_post_change_partial_area: (freeze:0) (store:0) (hoz:0) (ver:0)
01-20 19:11:59.164 0 0 I lge_mdss_ambient_post_change_partial_area: (freeze:0) (store:0) (hoz:0) (ver:0)
01-20 19:11:59.267 0 0 I lge_mdss_ambient_post_change_partial_area: (freeze:0) (store:0) (hoz:0) (ver:0)
01-20 19:11:59.407 0 0 I lge_mdss_ambient_post_change_partial_area: (freeze:0) (store:0) (hoz:0) (ver:0)
01-20 19:11:59.504 0 0 I lge_mdss_ambient_post_change_partial_area: (freeze:0) (store:0) (hoz:0) (ver:0)
01-20 19:11:59.636 0 0 I lge_mdss_ambient_post_change_partial_area: (freeze:0) (store:0) (hoz:0) (ver:0)
01-20 19:11:59.734 0 0 I lge_mdss_ambient_post_change_partial_area: (freeze:0) (store:0) (hoz:0) (ver:0)
01-20 19:11:59.866 0 0 I lge_mdss_ambient_post_change_partial_area: (freeze:0) (store:0) (hoz:0) (ver:0)
01-20 19:11:59.964 0 0 I lge_mdss_ambient_post_change_partial_area: (freeze:0) (store:0) (hoz:0) (ver:0)
01-20 19:12:00.093 0 0 I lge_mdss_ambient_post_change_partial_area: (freeze:0) (store:0) (hoz:0) (ver:0)
01-20 19:12:00.167 0 0 I lge_mdss_ambient_post_change_partial_area: (freeze:0) (store:0) (hoz:0) (ver:0)
01-20 19:12:00.263 0 0 I lge_mdss_ambient_post_change_partial_area: (freeze:0) (store:0) (hoz:0) (ver:0)
01-20 19:12:00.394 0 0 I lge_mdss_ambient_post_change_partial_area: (freeze:0) (store:0) (hoz:0) (ver:0)
01-20 19:12:00.494 0 0 I lge_mdss_ambient_post_change_partial_area: (freeze:0) (store:0) (hoz:0) (ver:0)
01-20 19:12:00.626 0 0 I lge_mdss_ambient_post_change_partial_area: (freeze:0) (store:0) (hoz:0) (ver:0)
01-20 19:12:00.726 0 0 I lge_mdss_ambient_post_change_partial_area: (freeze:0) (store:0) (hoz:0) (ver:0)
01-20 19:12:00.866 0 0 I lge_mdss_ambient_post_change_partial_area: (freeze:0) (store:0) (hoz:0) (ver:0)
01-20 19:12:00.956 0 0 I lge_mdss_ambient_post_change_partial_area: (freeze:0) (store:0) (hoz:0) (ver:0)
01-20 19:12:01.004 0 0 I binder : 691:691 ioctl c018620c 7ff5f93a30 returned -22
01-20 19:12:01.097 0 0 I lge_mdss_ambient_post_change_partial_area: (freeze:0) (store:0) (hoz:0) (ver:0)
01-20 19:12:01.193 0 0 I lge_mdss_ambient_post_change_partial_area: (freeze:0) (store:0) (hoz:0) (ver:0)
01-20 19:12:01.323 0 0 I lge_mdss_ambient_post_change_partial_area: (freeze:0) (store:0) (hoz:0) (ver:0)
01-20 19:12:01.427 0 0 I lge_mdss_ambient_post_change_partial_area: (freeze:0) (store:0) (hoz:0) (ver:0)
01-20 19:12:01.554 0 0 I lge_mdss_ambient_post_change_partial_area: (freeze:0) (store:0) (hoz:0) (ver:0)
01-20 19:12:01.687 0 0 I lge_mdss_ambient_post_change_partial_area: (freeze:0) (store:0) (hoz:0) (ver:0)
01-20 19:12:01.826 0 0 I lge_mdss_ambient_post_change_partial_area: (freeze:0) (store:0) (hoz:0) (ver:0)
01-20 19:12:01.926 0 0 I lge_mdss_ambient_post_change_partial_area: (freeze:0) (store:0) (hoz:0) (ver:0)
01-20 19:12:02.026 0 0 I lge_mdss_ambient_post_change_partial_area: (freeze:0) (store:0) (hoz:0) (ver:0)
01-20 19:12:02.156 0 0 I lge_mdss_ambient_post_change_partial_area: (freeze:0) (store:0) (hoz:0) (ver:0)
01-20 19:12:02.287 0 0 I lge_mdss_ambient_post_change_partial_area: (freeze:0) (store:0) (hoz:0) (ver:0)
01-20 19:12:02.385 0 0 I lge_mdss_ambient_post_change_partial_area: (freeze:0) (store:0) (hoz:0) (ver:0)
01-20 19:12:02.516 0 0 I lge_mdss_ambient_post_change_partial_area: (freeze:0) (store:0) (hoz:0) (ver:0)
01-20 19:12:02.614 0 0 I lge_mdss_ambient_post_change_partial_area: (freeze:0) (store:0) (hoz:0) (ver:0)
01-20 19:12:02.758 0 0 I lge_mdss_ambient_post_change_partial_area: (freeze:0) (store:0) (hoz:0) (ver:0)
01-20 19:12:02.886 0 0 I lge_mdss_ambient_post_change_partial_area: (freeze:0) (store:0) (hoz:0) (ver:0)
01-20 19:12:02.984 0 0 I lge_mdss_ambient_post_change_partial_area: (freeze:0) (store:0) (hoz:0) (ver:0)
01-20 19:12:03.116 0 0 I lge_mdss_ambient_post_change_partial_area: (freeze:0) (store:0) (hoz:0) (ver:0)
01-20 19:12:03.214 0 0 I lge_mdss_ambient_post_change_partial_area: (freeze:0) (store:0) (hoz:0) (ver:0)
01-20 19:12:03.347 0 0 I lge_mdss_ambient_post_change_partial_area: (freeze:0) (store:0) (hoz:0) (ver:0)
01-20 19:12:03.487 0 0 I lge_mdss_ambient_post_change_partial_area: (freeze:0) (store:0) (hoz:0) (ver:0)
01-20 19:12:03.576 0 0 I lge_mdss_ambient_post_change_partial_area: (freeze:0) (store:0) (hoz:0) (ver:0)
01-20 19:12:03.716 0 0 I lge_mdss_ambient_post_change_partial_area: (freeze:0) (store:0) (hoz:0) (ver:0)
01-20 19:12:03.814 0 0 I lge_mdss_ambient_post_change_partial_area: (freeze:0) (store:0) (hoz:0) (ver:0)
01-20 19:12:03.946 0 0 I lge_mdss_ambient_post_change_partial_area: (freeze:0) (store:0) (hoz:0) (ver:0)
01-20 19:12:04.076 0 0 I lge_mdss_ambient_post_change_partial_area: (freeze:0) (store:0) (hoz:0) (ver:0)
01-20 19:12:04.177 0 0 I lge_mdss_ambient_post_change_partial_area: (freeze:0) (store:0) (hoz:0) (ver:0)
01-20 19:12:04.307 0 0 I lge_mdss_ambient_post_change_partial_area: (freeze:0) (store:0) (hoz:0) (ver:0)
01-20 19:12:04.407 0 0 I lge_mdss_ambient_post_change_partial_area: (freeze:0) (store:0) (hoz:0) (ver:0)
01-20 19:12:04.546 0 0 I lge_mdss_ambient_post_change_partial_area: (freeze:0) (store:0) (hoz:0) (ver:0)
01-20 19:12:04.636 0 0 I lge_mdss_ambient_post_change_partial_area: (freeze:0) (store:0) (hoz:0) (ver:0)
01-20 19:12:04.776 0 0 I lge_mdss_ambient_post_change_partial_area: (freeze:0) (store:0) (hoz:0) (ver:0)
01-20 19:12:04.876 0 0 I lge_mdss_ambient_post_change_partial_area: (freeze:0) (store:0) (hoz:0) (ver:0)
01-20 19:12:05.007 0 0 I lge_mdss_ambient_post_change_partial_area: (freeze:0) (store:0) (hoz:0) (ver:0)
01-20 19:12:05.137 0 0 I lge_mdss_ambient_post_change_partial_area: (freeze:0) (store:0) (hoz:0) (ver:0)
01-20 19:12:05.236 0 0 I lge_mdss_ambient_post_change_partial_area: (freeze:0) (store:0) (hoz:0) (ver:0)
01-20 19:12:05.375 0 0 I lge_mdss_ambient_post_change_partial_area: (freeze:0) (store:0) (hoz:0) (ver:0)
01-20 19:12:05.467 0 0 I lge_mdss_ambient_post_change_partial_area: (freeze:0) (store:0) (hoz:0) (ver:0)
01-20 19:12:05.604 0 0 I lge_mdss_ambient_post_change_partial_area: (freeze:0) (store:0) (hoz:0) (ver:0)
01-20 19:12:05.736 0 0 I lge_mdss_ambient_post_change_partial_area: (freeze:0) (store:0) (hoz:0) (ver:0)
01-20 19:12:05.834 0 0 I lge_mdss_ambient_post_change_partial_area: (freeze:0) (store:0) (hoz:0) (ver:0)
01-20 19:12:05.966 0 0 I lge_mdss_ambient_post_change_partial_area: (freeze:0) (store:0) (hoz:0) (ver:0)
01-20 19:12:06.005 0 0 I binder : 691:691 ioctl c018620c 7ff5f93a30 returned -22
01-20 19:12:06.064 0 0 I lge_mdss_ambient_post_change_partial_area: (freeze:0) (store:0) (hoz:0) (ver:0)
01-20 19:12:06.197 0 0 I lge_mdss_ambient_post_change_partial_area: (freeze:0) (store:0) (hoz:0) (ver:0)
01-20 19:12:06.294 0 0 I lge_mdss_ambient_post_change_partial_area: (freeze:0) (store:0) (hoz:0) (ver:0)
01-20 19:12:06.438 0 0 I lge_mdss_ambient_post_change_partial_area: (freeze:0) (store:0) (hoz:0) (ver:0)
01-20 19:12:06.535 0 0 I lge_mdss_ambient_post_change_partial_area: (freeze:0) (store:0) (hoz:0) (ver:0)
01-20 19:12:06.665 0 0 I lge_mdss_ambient_post_change_partial_area: (freeze:0) (store:0) (hoz:0) (ver:0)
01-20 19:12:06.797 0 0 I lge_mdss_ambient_post_change_partial_area: (freeze:0) (store:0) (hoz:0) (ver:0)
01-20 19:12:06.894 0 0 I lge_mdss_ambient_post_change_partial_area: (freeze:0) (store:0) (hoz:0) (ver:0)
01-20 19:12:07.026 0 0 I lge_mdss_ambient_post_change_partial_area: (freeze:0) (store:0) (hoz:0) (ver:0)
01-20 19:12:07.126 0 0 I lge_mdss_ambient_post_change_partial_area: (freeze:0) (store:0) (hoz:0) (ver:0)
01-20 19:12:07.268 0 0 I lge_mdss_ambient_post_change_partial_area: (freeze:0) (store:0) (hoz:0) (ver:0)
01-20 19:12:07.356 0 0 I lge_mdss_ambient_post_change_partial_area: (freeze:0) (store:0) (hoz:0) (ver:0)
01-20 19:12:07.496 0 0 I lge_mdss_ambient_post_change_partial_area: (freeze:0) (store:0) (hoz:0) (ver:0)
01-20 19:12:07.594 0 0 I lge_mdss_ambient_post_change_partial_area: (freeze:0) (store:0) (hoz:0) (ver:0)
01-20 19:12:07.629 0 0 I pet_watchdog [enable: 1, jiffies : 4294969400, delay_time : 1000]
01-20 19:12:07.733 0 0 I lge_mdss_ambient_post_change_partial_area: (freeze:0) (store:0) (hoz:0) (ver:0)
01-20 19:12:07.826 0 0 I lge_mdss_ambient_post_change_partial_area: (freeze:0) (store:0) (hoz:0) (ver:0)
01-20 19:12:07.956 0 0 I lge_mdss_ambient_post_change_partial_area: (freeze:0) (store:0) (hoz:0) (ver:0)
01-20 19:12:08.057 0 0 I lge_mdss_ambient_post_change_partial_area: (freeze:0) (store:0) (hoz:0) (ver:0)
01-20 19:12:08.187 0 0 I lge_mdss_ambient_post_change_partial_area: (freeze:0) (store:0) (hoz:0) (ver:0)
01-20 19:12:08.287 0 0 I lge_mdss_ambient_post_change_partial_area: (freeze:0) (store:0) (hoz:0) (ver:0)
01-20 19:12:08.427 0 0 I lge_mdss_ambient_post_change_partial_area: (freeze:0) (store:0) (hoz:0) (ver:0)
01-20 19:12:08.527 0 0 I lge_mdss_ambient_post_change_partial_area: (freeze:0) (store:0) (hoz:0) (ver:0)
01-20 19:12:08.584 0 0 I : [bm] monitoring
01-20 19:12:08.654 0 0 I lge_mdss_ambient_post_change_partial_area: (freeze:0) (store:0) (hoz:0) (ver:0)
01-20 19:12:08.788 0 0 I lge_mdss_ambient_post_change_partial_area: (freeze:0) (store:0) (hoz:0) (ver:0)
01-20 19:12:08.885 0 0 I lge_mdss_ambient_post_change_partial_area: (freeze:0) (store:0) (hoz:0) (ver:0)
01-20 19:12:09.016 0 0 I lge_mdss_ambient_post_change_partial_area: (freeze:0) (store:0) (hoz:0) (ver:0)
01-20 19:12:09.114 0 0 I lge_mdss_ambient_post_change_partial_area: (freeze:0) (store:0) (hoz:0) (ver:0)
01-20 19:12:09.244 0 0 I lge_mdss_ambient_post_change_partial_area: (freeze:0) (store:0) (hoz:0) (ver:0)
01-20 19:12:09.386 0 0 I lge_mdss_ambient_post_change_partial_area: (freeze:0) (store:0) (hoz:0) (ver:0)
01-20 19:12:09.486 0 0 I lge_mdss_ambient_post_change_partial_area: (freeze:0) (store:0) (hoz:0) (ver:0)
01-20 19:12:09.613 0 0 I lge_mdss_ambient_post_change_partial_area: (freeze:0) (store:0) (hoz:0) (ver:0)
01-20 19:12:09.714 0 0 I lge_mdss_ambient_post_change_partial_area: (freeze:0) (store:0) (hoz:0) (ver:0)
01-20 19:12:09.846 0 0 I lge_mdss_ambient_post_change_partial_area: (freeze:0) (store:0) (hoz:0) (ver:0)
01-20 19:12:09.944 0 0 I lge_mdss_ambient_post_change_partial_area: (freeze:0) (store:0) (hoz:0) (ver:0)
01-20 19:12:10.076 0 0 I lge_mdss_ambient_post_change_partial_area: (freeze:0) (store:0) (hoz:0) (ver:0)
01-20 19:12:10.176 0 0 I lge_mdss_ambient_post_change_partial_area: (freeze:0) (store:0) (hoz:0) (ver:0)
01-20 19:12:10.317 0 0 I lge_mdss_ambient_post_change_partial_area: (freeze:0) (store:0) (hoz:0) (ver:0)
01-20 19:12:10.406 0 0 I lge_mdss_ambient_post_change_partial_area: (freeze:0) (store:0) (hoz:0) (ver:0)
01-20 19:12:10.546 0 0 I lge_mdss_ambient_post_change_partial_area: (freeze:0) (store:0) (hoz:0) (ver:0)
01-20 19:12:10.644 0 0 I lge_mdss_ambient_post_change_partial_area: (freeze:0) (store:0) (hoz:0) (ver:0)
01-20 19:12:10.777 0 0 I lge_mdss_ambient_post_change_partial_area: (freeze:0) (store:0) (hoz:0) (ver:0)
01-20 19:12:10.874 0 0 I lge_mdss_ambient_post_change_partial_area: (freeze:0) (store:0) (hoz:0) (ver:0)
01-20 19:12:11.006 0 0 I binder : 691:691 ioctl c018620c 7ff5f93a30 returned -22
01-20 19:12:11.007 0 0 I lge_mdss_ambient_post_change_partial_area: (freeze:0) (store:0) (hoz:0) (ver:0)
01-20 19:12:11.106 0 0 I lge_mdss_ambient_post_change_partial_area: (freeze:0) (store:0) (hoz:0) (ver:0)
01-20 19:12:11.237 0 0 I lge_mdss_ambient_post_change_partial_area: (freeze:0) (store:0) (hoz:0) (ver:0)
01-20 19:12:11.377 0 0 I lge_mdss_ambient_post_change_partial_area: (freeze:0) (store:0) (hoz:0) (ver:0)
01-20 19:12:11.477 0 0 I lge_mdss_ambient_post_change_partial_area: (freeze:0) (store:0) (hoz:0) (ver:0)
01-20 19:12:11.606 0 0 I lge_mdss_ambient_post_change_partial_area: (freeze:0) (store:0) (hoz:0) (ver:0)
01-20 19:12:11.706 0 0 I lge_mdss_ambient_post_change_partial_area: (freeze:0) (store:0) (hoz:0) (ver:0)
01-20 19:12:11.836 0 0 I lge_mdss_ambient_post_change_partial_area: (freeze:0) (store:0) (hoz:0) (ver:0)
01-20 19:12:11.967 0 0 I lge_mdss_ambient_post_change_partial_area: (freeze:0) (store:0) (hoz:0) (ver:0)
01-20 19:12:12.064 0 0 I lge_mdss_ambient_post_change_partial_area: (freeze:0) (store:0) (hoz:0) (ver:0)
01-20 19:12:12.104 0 0 I PMI : smblib_handle_wdog_bark: IRQ: wdog-bark
01-20 19:12:12.167 0 0 I lge_mdss_ambient_post_change_partial_area: (freeze:0) (store:0) (hoz:0) (ver:0)
01-20 19:12:12.295 0 0 I lge_mdss_ambient_post_change_partial_area: (freeze:0) (store:0) (hoz:0) (ver:0)
01-20 19:12:12.395 0 0 I lge_mdss_ambient_post_change_partial_area: (freeze:0) (store:0) (hoz:0) (ver:0)
01-20 19:12:12.536 0 0 I lge_mdss_ambient_post_change_partial_area: (freeze:0) (store:0) (hoz:0) (ver:0)
01-20 19:12:12.667 0 0 I lge_mdss_ambient_post_change_partial_area: (freeze:0) (store:0) (hoz:0) (ver:0)
01-20 19:12:12.764 0 0 I lge_mdss_ambient_post_change_partial_area: (freeze:0) (store:0) (hoz:0) (ver:0)
01-20 19:12:12.897 0 0 I lge_mdss_ambient_post_change_partial_area: (freeze:0) (store:0) (hoz:0) (ver:0)
01-20 19:12:12.995 0 0 I lge_mdss_ambient_post_change_partial_area: (freeze:0) (store:0) (hoz:0) (ver:0)
01-20 19:12:13.126 0 0 I lge_mdss_ambient_post_change_partial_area: (freeze:0) (store:0) (hoz:0) (ver:0)
01-20 19:12:13.225 0 0 I lge_mdss_ambient_post_change_partial_area: (freeze:0) (store:0) (hoz:0) (ver:0)
01-20 19:12:13.366 0 0 I lge_mdss_ambient_post_change_partial_area: (freeze:0) (store:0) (hoz:0) (ver:0)
01-20 19:12:13.464 0 0 I lge_mdss_ambient_post_change_partial_area: (freeze:0) (store:0) (hoz:0) (ver:0)
01-20 19:12:13.596 0 0 I lge_mdss_ambient_post_change_partial_area: (freeze:0) (store:0) (hoz:0) (ver:0)
01-20 19:12:13.695 0 0 I lge_mdss_ambient_post_change_partial_area: (freeze:0) (store:0) (hoz:0) (ver:0)
01-20 19:12:13.826 0 0 I lge_mdss_ambient_post_change_partial_area: (freeze:0) (store:0) (hoz:0) (ver:0)
01-20 19:12:13.927 0 0 I lge_mdss_ambient_post_change_partial_area: (freeze:0) (store:0) (hoz:0) (ver:0)
01-20 19:12:14.055 0 0 I lge_mdss_ambient_post_change_partial_area: (freeze:0) (store:0) (hoz:0) (ver:0)
01-20 19:12:14.156 0 0 I lge_mdss_ambient_post_change_partial_area: (freeze:0) (store:0) (hoz:0) (ver:0)
01-20 19:12:14.286 0 0 I lge_mdss_ambient_post_change_partial_area: (freeze:0) (store:0) (hoz:0) (ver:0)
01-20 19:12:14.386 0 0 I lge_mdss_ambient_post_change_partial_area: (freeze:0) (store:0) (hoz:0) (ver:0)
01-20 19:12:14.528 0 0 I lge_mdss_ambient_post_change_partial_area: (freeze:0) (store:0) (hoz:0) (ver:0)
01-20 19:12:14.625 0 0 I lge_mdss_ambient_post_change_partial_area: (freeze:0) (store:0) (hoz:0) (ver:0)
01-20 19:12:14.756 0 0 I lge_mdss_ambient_post_change_partial_area: (freeze:0) (store:0) (hoz:0) (ver:0)
01-20 19:12:14.857 0 0 I lge_mdss_ambient_post_change_partial_area: (freeze:0) (store:0) (hoz:0) (ver:0)
01-20 19:12:14.986 0 0 I lge_mdss_ambient_post_change_partial_area: (freeze:0) (store:0) (hoz:0) (ver:0)
01-20 19:12:15.117 0 0 I lge_mdss_ambient_post_change_partial_area: (freeze:0) (store:0) (hoz:0) (ver:0)
01-20 19:12:15.214 0 0 I lge_mdss_ambient_post_change_partial_area: (freeze:0) (store:0) (hoz:0) (ver:0)
01-20 19:12:15.317 0 0 I lge_mdss_ambient_post_change_partial_area: (freeze:0) (store:0) (hoz:0) (ver:0)
01-20 19:12:15.444 0 0 I lge_mdss_ambient_post_change_partial_area: (freeze:0) (store:0) (hoz:0) (ver:0)
01-20 19:12:15.547 0 0 I lge_mdss_ambient_post_change_partial_area: (freeze:0) (store:0) (hoz:0) (ver:0)
01-20 19:12:15.687 0 0 I lge_mdss_ambient_post_change_partial_area: (freeze:0) (store:0) (hoz:0) (ver:0)
01-20 19:12:15.817 0 0 I lge_mdss_ambient_post_change_partial_area: (freeze:0) (store:0) (hoz:0) (ver:0)
01-20 19:12:15.914 0 0 I lge_mdss_ambient_post_change_partial_area: (freeze:0) (store:0) (hoz:0) (ver:0)
01-20 19:12:16.005 0 0 I binder : 691:691 ioctl c018620c 7ff5f93a30 returned -22
01-20 19:12:16.046 0 0 I lge_mdss_ambient_post_change_partial_area: (freeze:0) (store:0) (hoz:0) (ver:0)
01-20 19:12:16.144 0 0 I lge_mdss_ambient_post_change_partial_area: (freeze:0) (store:0) (hoz:0) (ver:0)
01-20 19:12:16.277 0 0 I lge_mdss_ambient_post_change_partial_area: (freeze:0) (store:0) (hoz:0) (ver:0)
01-20 19:12:16.374 0 0 I lge_mdss_ambient_post_change_partial_area: (freeze:0) (store:0) (hoz:0) (ver:0)
01-20 19:12:16.516 0 0 I lge_mdss_ambient_post_change_partial_area: (freeze:0) (store:0) (hoz:0) (ver:0)
01-20 19:12:16.614 0 0 I lge_mdss_ambient_post_change_partial_area: (freeze:0) (store:0) (hoz:0) (ver:0)
01-20 19:12:16.748 0 0 I lge_mdss_ambient_post_change_partial_area: (freeze:0) (store:0) (hoz:0) (ver:0)
01-20 19:12:16.845 0 0 I lge_mdss_ambient_post_change_partial_area: (freeze:0) (store:0) (hoz:0) (ver:0)
01-20 19:12:16.976 0 0 I lge_mdss_ambient_post_change_partial_area: (freeze:0) (store:0) (hoz:0) (ver:0)
01-20 19:12:17.074 0 0 I lge_mdss_ambient_post_change_partial_area: (freeze:0) (store:0) (hoz:0) (ver:0)
01-20 19:12:17.206 0 0 I lge_mdss_ambient_post_change_partial_area: (freeze:0) (store:0) (hoz:0) (ver:0)
01-20 19:12:17.304 0 0 I lge_mdss_ambient_post_change_partial_area: (freeze:0) (store:0) (hoz:0) (ver:0)
01-20 19:12:17.437 0 0 I lge_mdss_ambient_post_change_partial_area: (freeze:0) (store:0) (hoz:0) (ver:0)
01-20 19:12:17.577 0 0 I lge_mdss_ambient_post_change_partial_area: (freeze:0) (store:0) (hoz:0) (ver:0)
01-20 19:12:17.663 0 0 I pet_watchdog [enable: 1, jiffies : 4294970403, delay_time : 1000]
01-20 19:12:17.675 0 0 I lge_mdss_ambient_post_change_partial_area: (freeze:0) (store:0) (hoz:0) (ver:0)
01-20 19:12:17.775 0 0 I lge_mdss_ambient_post_change_partial_area: (freeze:0) (store:0) (hoz:0) (ver:0)
01-20 19:12:17.906 0 0 I lge_mdss_ambient_post_change_partial_area: (freeze:0) (store:0) (hoz:0) (ver:0)
01-20 19:12:18.004 0 0 I lge_mdss_ambient_post_change_partial_area: (freeze:0) (store:0) (hoz:0) (ver:0)
01-20 19:12:18.136 0 0 I lge_mdss_ambient_post_change_partial_area: (freeze:0) (store:0) (hoz:0) (ver:0)
01-20 19:12:18.267 0 0 I lge_mdss_ambient_post_change_partial_area: (freeze:0) (store:0) (hoz:0) (ver:0)
