01-20 19:07:07.690 1477 1704 D StorageManagerService: unlockUserKey: 0 isFileEncryptedNativeOrEmulated: false hasSecret: false
01-20 19:07:07.691 1477 1704 D SystemServerTiming: finishUserUnlocking-0
01-20 19:07:07.691 1477 1704 W ActivityManager: UserLifecycleEvent 5 received without an active userJourneySession.
01-20 19:07:07.691 1477 1704 D ActivityManager: Started unlocking user 0
01-20 19:07:07.691 1477 1704 D ActivityManager: Unlocking user 0 progress 0
01-20 19:07:07.691 1477 1704 D ActivityManager: Unlocking user 0 progress 5
01-20 19:07:07.691 1477 1704 V SystemServerTiming: finishUserUnlocking-0 took to complete: 1ms
01-20 19:07:07.691 1477 1701 D SystemServerTiming: UM.onBeforeUnlockUser-0
01-20 19:07:07.691 1477 1701 D SystemServerTiming: prepareUserData-0
01-20 19:07:07.692 702 702 D vold : fscrypt_prepare_user_storage for volume null, user 0, serial 0, flags 2
01-20 19:07:07.692 702 702 D vold : Preparing: /data/system_ce/0
01-20 19:07:07.692 702 702 D vold : Preparing: /data/vendor_ce/0
01-20 19:07:07.692 1477 1704 V ActivityManagerTiming: FinishBooting took to complete: 110ms
01-20 19:07:07.693 702 702 D vold : Preparing: /data/media/0
01-20 19:07:07.693 702 702 D vold : Preparing: /data/misc_ce/0
01-20 19:07:07.693 702 702 D vold : Preparing: /data/data
01-20 19:07:07.693 702 702 D vold : Starting restorecon of /data/system_ce/0
01-20 19:07:07.694 1477 1704 D ColorDisplayService: setUp: currentUser=0
01-20 19:07:07.696 1477 1704 D ColorDisplayService: onNightDisplayAutoModeChanged: autoMode=0
01-20 19:07:07.696 1477 1704 I ColorDisplayService: Turning off night display
01-20 19:07:07.696 1477 1704 D ColorDisplayService: Setting bright color reduction level: 50
01-20 19:07:07.696 1477 1704 I ColorDisplayService: Turning off reduce bright colors
01-20 19:07:07.696 1477 1875 I DisplayPowerController[0]: BrightnessEvent: disp=0, physDisp=local:0, brt=0.0017629543, initBrt=0.0017629543, rcmdBrt=NaN, preBrt=NaN, lux=0.0, preLux=0.0, hbmMax=1.0, hbmMode=off, rbcStrength=50, powerFactor=1.0, thrmMax=1.0, wasShortTermModelActive=false, flags=, reason=manual, autoBrightness=false
01-20 19:07:07.700 702 702 D vold : Finished restorecon of /data/system_ce/0
01-20 19:07:07.700 702 702 D vold : Starting restorecon of /data/vendor_ce/0
01-20 19:07:07.703 702 702 D vold : Finished restorecon of /data/vendor_ce/0
01-20 19:07:07.703 702 702 D vold : Starting restorecon of /data/misc_ce/0
01-20 19:07:07.707 702 702 D vold : Finished restorecon of /data/misc_ce/0
01-20 19:07:07.707 702 702 D vold : /system/bin/vold_prepare_subdirs
01-20 19:07:07.707 702 702 D vold : prepare
01-20 19:07:07.707 702 702 D vold :
01-20 19:07:07.707 702 702 D vold : 0
01-20 19:07:07.707 702 702 D vold : 2
01-20 19:07:07.717 1477 1839 D CompatibilityChangeReporter: Compat change id reported: 168419799; UID 10131; state: DISABLED
01-20 19:07:07.724 1477 1839 D CompatibilityChangeReporter: Compat change id reported: 273564678; UID 10131; state: DISABLED
01-20 19:07:07.742 1477 1781 W BatteryExternalStatsWorker: error reading Bluetooth stats: 9
01-20 19:07:07.770 1477 1520 D CompatibilityChangeReporter: Compat change id reported: 135634846; UID 1001; state: DISABLED
01-20 19:07:07.770 1477 1520 D CompatibilityChangeReporter: Compat change id reported: 177438394; UID 1001; state: DISABLED
01-20 19:07:07.770 1477 1520 D CompatibilityChangeReporter: Compat change id reported: 135772972; UID 1001; state: DISABLED
01-20 19:07:07.770 1477 1520 D CompatibilityChangeReporter: Compat change id reported: 135754954; UID 1001; state: DISABLED
01-20 19:07:07.779 1477 1781 E KernelCpuUidActiveTimeReader: Malformed uid_concurrent_active_time line: L8
01-20 19:07:07.780 1477 1781 E KernelCpuProcStringReader: Error reading /proc/uid_concurrent_policy_time
01-20 19:07:07.780 1477 1781 E KernelCpuProcStringReader: java.nio.charset.MalformedInputException: Input length = 1
01-20 19:07:07.780 1477 1781 E KernelCpuProcStringReader: at java.nio.charset.CoderResult.throwException(CoderResult.java:281)
01-20 19:07:07.780 1477 1781 E KernelCpuProcStringReader: at sun.nio.cs.StreamDecoder.implRead(StreamDecoder.java:372)
01-20 19:07:07.780 1477 1781 E KernelCpuProcStringReader: at sun.nio.cs.StreamDecoder.read(StreamDecoder.java:181)
01-20 19:07:07.780 1477 1781 E KernelCpuProcStringReader: at java.io.InputStreamReader.read(InputStreamReader.java:180)
01-20 19:07:07.780 1477 1781 E KernelCpuProcStringReader: at java.io.BufferedReader.fill(BufferedReader.java:172)
01-20 19:07:07.780 1477 1781 E KernelCpuProcStringReader: at java.io.BufferedReader.read1(BufferedReader.java:223)
01-20 19:07:07.780 1477 1781 E KernelCpuProcStringReader: at java.io.BufferedReader.read(BufferedReader.java:298)
01-20 19:07:07.780 1477 1781 E KernelCpuProcStringReader: at com.android.internal.os.KernelCpuProcStringReader.open(KernelCpuProcStringReader.java:163)
01-20 19:07:07.780 1477 1781 E KernelCpuProcStringReader: at com.android.internal.os.KernelCpuUidTimeReader$KernelCpuUidClusterTimeReader.readDeltaImpl(KernelCpuUidTimeReader.java:881)
01-20 19:07:07.780 1477 1781 E KernelCpuProcStringReader: at com.android.internal.os.KernelCpuUidTimeReader.readDelta(KernelCpuUidTimeReader.java:119)
01-20 19:07:07.780 1477 1781 E KernelCpuProcStringReader: at com.android.internal.os.BatteryStatsImpl.updateCpuTimeLocked(BatteryStatsImpl.java:14965)
01-20 19:07:07.780 1477 1781 E KernelCpuProcStringReader: at com.android.server.am.BatteryExternalStatsWorker.updateExternalStatsLocked(BatteryExternalStatsWorker.java:684)
01-20 19:07:07.780 1477 1781 E KernelCpuProcStringReader: at com.android.server.am.BatteryExternalStatsWorker.-$$Nest$mupdateExternalStatsLocked(Unknown Source:0)
01-20 19:07:07.780 1477 1781 E KernelCpuProcStringReader: at com.android.server.am.BatteryExternalStatsWorker$1.run(BatteryExternalStatsWorker.java:470)
01-20 19:07:07.780 1477 1781 E KernelCpuProcStringReader: at java.util.concurrent.Executors$RunnableAdapter.call(Executors.java:463)
01-20 19:07:07.780 1477 1781 E KernelCpuProcStringReader: at java.util.concurrent.FutureTask.run(FutureTask.java:264)
01-20 19:07:07.780 1477 1781 E KernelCpuProcStringReader: at java.util.concurrent.ScheduledThreadPoolExecutor$ScheduledFutureTask.run(ScheduledThreadPoolExecutor.java:307)
01-20 19:07:07.780 1477 1781 E KernelCpuProcStringReader: at java.util.concurrent.ThreadPoolExecutor.runWorker(ThreadPoolExecutor.java:1137)
01-20 19:07:07.780 1477 1781 E KernelCpuProcStringReader: at java.util.concurrent.ThreadPoolExecutor$Worker.run(ThreadPoolExecutor.java:637)
01-20 19:07:07.780 1477 1781 E KernelCpuProcStringReader: at com.android.server.am.BatteryExternalStatsWorker.lambda$new$0(BatteryExternalStatsWorker.java:91)
01-20 19:07:07.780 1477 1781 E KernelCpuProcStringReader: at com.android.server.am.BatteryExternalStatsWorker$$ExternalSyntheticLambda0.run(Unknown Source:2)
01-20 19:07:07.780 1477 1781 E KernelCpuProcStringReader: at java.lang.Thread.run(Thread.java:1012)
01-20 19:07:07.781 1477 1701 V UserDataPreparer: Found /data/user/0 with serial number 0
01-20 19:07:07.781 1477 1701 V UserDataPreparer: Found /data/system_ce/0 with serial number 0
01-20 19:07:07.782 1477 1701 D UserDataPreparer: Setting property: sys.user.0.ce_available=true
01-20 19:07:07.782 1477 1756 I ActivityManager: Start proc 3027:com.qualcomm.qcrilmsgtunnel/1001 for broadcast {com.qualcomm.qcrilmsgtunnel/com.qualcomm.qcrilmsgtunnel.QcrilMsgTunnelAutoboot}
01-20 19:07:07.782 1477 1701 V SystemServerTiming: prepareUserData-0 took to complete: 91ms
01-20 19:07:07.782 1477 1701 D SystemServerTiming: reconcileAppsData-0
01-20 19:07:07.782 1477 1701 V PackageManager: reconcileAppsData for null u0 0x2 migrateAppData=false
01-20 19:07:07.786 1477 1701 W PackageManager: Skipping preparing app data for com.android.sdksandbox
01-20 19:07:07.835 1477 1477 W NotificationHistory: Attempted to add notif for locked/gone/disabled user 0
01-20 19:07:07.886 2241 3051 W ActivityThread: Failed to find provider info for media (user not unlocked)
01-20 19:07:07.919 1477 2580 D CompatibilityChangeReporter: Compat change id reported: 168419799; UID 10109; state: DISABLED
01-20 19:07:07.919 1477 2580 D CompatibilityChangeReporter: Compat change id reported: 273564678; UID 10109; state: DISABLED
01-20 19:07:07.930 1477 2580 D CompatibilityChangeReporter: Compat change id reported: 168419799; UID 1001; state: DISABLED
01-20 19:07:07.930 1477 2580 D CompatibilityChangeReporter: Compat change id reported: 273564678; UID 1001; state: DISABLED
01-20 19:07:07.937 1477 2467 D CompatibilityChangeReporter: Compat change id reported: 135634846; UID 10134; state: DISABLED
01-20 19:07:07.938 1477 2467 D CompatibilityChangeReporter: Compat change id reported: 177438394; UID 10134; state: DISABLED
01-20 19:07:07.938 1477 2467 D CompatibilityChangeReporter: Compat change id reported: 135772972; UID 10134; state: DISABLED
01-20 19:07:07.939 1477 2467 D CompatibilityChangeReporter: Compat change id reported: 135754954; UID 10134; state: ENABLED
01-20 19:07:07.939 1477 1756 D CompatibilityChangeReporter: Compat change id reported: 143937733; UID 10134; state: ENABLED
01-20 19:07:07.950 1477 1756 I ActivityManager: Start proc 3073:org.protonaosp.deviceconfig/u0a134 for broadcast {org.protonaosp.deviceconfig/org.protonaosp.deviceconfig.BootReceiver}
01-20 19:07:07.957 1477 2580 D CompatibilityChangeReporter: Compat change id reported: 161145287; UID 10109; state: DISABLED
01-20 19:07:07.993 1477 2580 D CompatibilityChangeReporter: Compat change id reported: 168419799; UID 10134; state: DISABLED
01-20 19:07:07.993 1477 2580 D CompatibilityChangeReporter: Compat change id reported: 273564678; UID 10134; state: DISABLED
01-20 19:07:08.019 1477 1701 V PackageManager: reconcileAppsData finished 211 packages
01-20 19:07:08.019 1477 1701 V SystemServerTiming: reconcileAppsData-0 took to complete: 236ms
01-20 19:07:08.019 1477 1701 V SystemServerTiming: UM.onBeforeUnlockUser-0 took to complete: 327ms
01-20 19:07:08.019 1477 1701 I ActivityManager: User 0 state changed from RUNNING_LOCKED to RUNNING_UNLOCKING
01-20 19:07:08.024 1477 1701 D ActivityManager: Unlocking user 0 progress 20
01-20 19:07:08.024 1477 1701 W Looper : Slow dispatch took 332ms android.fg h=android.os.Handler c=com.android.server.am.UserController$$ExternalSyntheticLambda5@b2f9d5d m=0
01-20 19:07:08.024 1477 1701 W Looper : Slow delivery took 332ms android.fg h=android.os.Handler c=com.android.server.am.UserController$$ExternalSyntheticLambda13@82686d2 m=0
01-20 19:07:08.024 1477 1755 D SystemServerTimingAsync: ssm.UnlockingUser-0
01-20 19:07:08.024 1477 1755 I SystemServiceManager: Calling onUnlockingUser 0
01-20 19:07:08.024 1477 1755 D SystemServerTimingAsync: ssm.onUnlockingUser-0_com.android.server.security.FileIntegrityService
01-20 19:07:08.024 1477 1755 V SystemServerTimingAsync: ssm.onUnlockingUser-0_com.android.server.security.FileIntegrityService took to complete: 0ms
01-20 19:07:08.024 1477 1755 D SystemServerTimingAsync: ssm.onUnlockingUser-0_com.android.server.pm.Installer
01-20 19:07:08.024 1477 1755 V SystemServerTimingAsync: ssm.onUnlockingUser-0_com.android.server.pm.Installer took to complete: 0ms
01-20 19:07:08.024 1477 1755 D SystemServerTimingAsync: ssm.onUnlockingUser-0_com.android.server.os.DeviceIdentifiersPolicyService
01-20 19:07:08.024 1477 1755 V SystemServerTimingAsync: ssm.onUnlockingUser-0_com.android.server.os.DeviceIdentifiersPolicyService took to complete: 0ms
01-20 19:07:08.024 1477 1755 D SystemServerTimingAsync: ssm.onUnlockingUser-0_com.android.server.uri.UriGrantsManagerService$Lifecycle
01-20 19:07:08.024 1477 1755 V SystemServerTimingAsync: ssm.onUnlockingUser-0_com.android.server.uri.UriGrantsManagerService$Lifecycle took to complete: 0ms
01-20 19:07:08.024 1477 1755 D SystemServerTimingAsync: ssm.onUnlockingUser-0_com.android.server.powerstats.PowerStatsService
01-20 19:07:08.024 1477 1755 V SystemServerTimingAsync: ssm.onUnlockingUser-0_com.android.server.powerstats.PowerStatsService took to complete: 0ms
01-20 19:07:08.024 1477 1755 D SystemServerTimingAsync: ssm.onUnlockingUser-0_com.android.server.wm.ActivityTaskManagerService$Lifecycle
01-20 19:07:08.024 1477 1755 V SystemServerTimingAsync: ssm.onUnlockingUser-0_com.android.server.wm.ActivityTaskManagerService$Lifecycle took to complete: 0ms
01-20 19:07:08.024 1477 1755 D SystemServerTimingAsync: ssm.onUnlockingUser-0_com.android.server.am.ActivityManagerService$Lifecycle
01-20 19:07:08.024 1477 1755 V SystemServerTimingAsync: ssm.onUnlockingUser-0_com.android.server.am.ActivityManagerService$Lifecycle took to complete: 0ms
01-20 19:07:08.024 1477 1755 D SystemServerTimingAsync: ssm.onUnlockingUser-0_com.android.server.pm.DataLoaderManagerService
01-20 19:07:08.024 1477 1755 V SystemServerTimingAsync: ssm.onUnlockingUser-0_com.android.server.pm.DataLoaderManagerService took to complete: 0ms
01-20 19:07:08.024 1477 1755 D SystemServerTimingAsync: ssm.onUnlockingUser-0_com.android.server.power.PowerManagerService
01-20 19:07:08.024 1477 1755 V SystemServerTimingAsync: ssm.onUnlockingUser-0_com.android.server.power.PowerManagerService took to complete: 0ms
01-20 19:07:08.024 1477 1755 D SystemServerTimingAsync: ssm.onUnlockingUser-0_com.android.server.power.ThermalManagerService
01-20 19:07:08.024 1477 1755 V SystemServerTimingAsync: ssm.onUnlockingUser-0_com.android.server.power.ThermalManagerService took to complete: 0ms
01-20 19:07:08.024 1477 1755 D SystemServerTimingAsync: ssm.onUnlockingUser-0_com.android.server.power.hint.HintManagerService
01-20 19:07:08.024 1477 1755 V SystemServerTimingAsync: ssm.onUnlockingUser-0_com.android.server.power.hint.HintManagerService took to complete: 0ms
01-20 19:07:08.024 1477 1755 D SystemServerTimingAsync: ssm.onUnlockingUser-0_com.android.server.recoverysystem.RecoverySystemService$Lifecycle
01-20 19:07:08.024 1477 1755 V SystemServerTimingAsync: ssm.onUnlockingUser-0_com.android.server.recoverysystem.RecoverySystemService$Lifecycle took to complete: 0ms
01-20 19:07:08.024 1477 1755 D SystemServerTimingAsync: ssm.onUnlockingUser-0_com.android.server.lights.LightsService
01-20 19:07:08.025 1477 1755 V SystemServerTimingAsync: ssm.onUnlockingUser-0_com.android.server.lights.LightsService took to complete: 0ms
01-20 19:07:08.025 1477 1755 D SystemServerTimingAsync: ssm.onUnlockingUser-0_com.android.server.display.DisplayManagerService
01-20 19:07:08.025 1477 1755 V SystemServerTimingAsync: ssm.onUnlockingUser-0_com.android.server.display.DisplayManagerService took to complete: 0ms
01-20 19:07:08.025 1477 1755 D SystemServerTimingAsync: ssm.onUnlockingUser-0_com.android.server.pm.verify.domain.DomainVerificationService
01-20 19:07:08.025 1477 1755 V SystemServerTimingAsync: ssm.onUnlockingUser-0_com.android.server.pm.verify.domain.DomainVerificationService took to complete: 0ms
01-20 19:07:08.025 1477 1755 D SystemServerTimingAsync: ssm.onUnlockingUser-0_com.android.server.pm.PackageInstallerService$Lifecycle
01-20 19:07:08.025 1477 1755 V SystemServerTimingAsync: ssm.onUnlockingUser-0_com.android.server.pm.PackageInstallerService$Lifecycle took to complete: 0ms
01-20 19:07:08.025 1477 1755 D SystemServerTimingAsync: ssm.onUnlockingUser-0_com.android.server.pm.UserManagerService$LifeCycle
01-20 19:07:08.025 1477 1755 V SystemServerTimingAsync: ssm.onUnlockingUser-0_com.android.server.pm.UserManagerService$LifeCycle took to complete: 0ms
01-20 19:07:08.025 1477 1755 D SystemServerTimingAsync: ssm.onUnlockingUser-0_com.android.server.om.OverlayManagerService
01-20 19:07:08.025 1477 1755 V SystemServerTimingAsync: ssm.onUnlockingUser-0_com.android.server.om.OverlayManagerService took to complete: 0ms
01-20 19:07:08.025 1477 1755 D SystemServerTimingAsync: ssm.onUnlockingUser-0_com.android.server.resources.ResourcesManagerService
01-20 19:07:08.025 1477 1755 V SystemServerTimingAsync: ssm.onUnlockingUser-0_com.android.server.resources.ResourcesManagerService took to complete: 0ms
01-20 19:07:08.025 1477 1755 D SystemServerTimingAsync: ssm.onUnlockingUser-0_com.android.server.sensorprivacy.SensorPrivacyService
01-20 19:07:08.025 1477 1755 V SystemServerTimingAsync: ssm.onUnlockingUser-0_com.android.server.sensorprivacy.SensorPrivacyService took to complete: 0ms
01-20 19:07:08.025 1477 1755 D SystemServerTimingAsync: ssm.onUnlockingUser-0_com.android.server.sensors.SensorService
01-20 19:07:08.025 1477 1755 V SystemServerTimingAsync: ssm.onUnlockingUser-0_com.android.server.sensors.SensorService took to complete: 0ms
01-20 19:07:08.025 1477 1755 D SystemServerTimingAsync: ssm.onUnlockingUser-0_com.android.server.SystemConfigService
01-20 19:07:08.025 1477 1755 V SystemServerTimingAsync: ssm.onUnlockingUser-0_com.android.server.SystemConfigService took to complete: 0ms
01-20 19:07:08.025 1477 1755 D SystemServerTimingAsync: ssm.onUnlockingUser-0_com.android.server.BatteryService
01-20 19:07:08.025 1477 1755 V SystemServerTimingAsync: ssm.onUnlockingUser-0_com.android.server.BatteryService took to complete: 0ms
01-20 19:07:08.025 1477 1755 D SystemServerTimingAsync: ssm.onUnlockingUser-0_com.android.server.usage.UsageStatsService
01-20 19:07:08.025 1477 1755 V SystemServerTimingAsync: ssm.onUnlockingUser-0_com.android.server.usage.UsageStatsService took to complete: 0ms
01-20 19:07:08.025 1477 1755 D SystemServerTimingAsync: ssm.onUnlockingUser-0_com.android.server.webkit.WebViewUpdateService
01-20 19:07:08.025 1477 1755 V SystemServerTimingAsync: ssm.onUnlockingUser-0_com.android.server.webkit.WebViewUpdateService took to complete: 0ms
01-20 19:07:08.025 1477 1755 D SystemServerTimingAsync: ssm.onUnlockingUser-0_com.android.server.CachedDeviceStateService
01-20 19:07:08.025 1477 1755 V SystemServerTimingAsync: ssm.onUnlockingUser-0_com.android.server.CachedDeviceStateService took to complete: 0ms
01-20 19:07:08.025 1477 1755 D SystemServerTimingAsync: ssm.onUnlockingUser-0_com.android.server.BinderCallsStatsService$LifeCycle
01-20 19:07:08.025 1477 1755 V SystemServerTimingAsync: ssm.onUnlockingUser-0_com.android.server.BinderCallsStatsService$LifeCycle took to complete: 0ms
01-20 19:07:08.025 1477 1755 D SystemServerTimingAsync: ssm.onUnlockingUser-0_com.android.server.LooperStatsService$Lifecycle
01-20 19:07:08.025 1477 1755 V SystemServerTimingAsync: ssm.onUnlockingUser-0_com.android.server.LooperStatsService$Lifecycle took to complete: 0ms
01-20 19:07:08.025 1477 1755 D SystemServerTimingAsync: ssm.onUnlockingUser-0_com.android.server.rollback.RollbackManagerService
01-20 19:07:08.025 1477 1755 V SystemServerTimingAsync: ssm.onUnlockingUser-0_com.android.server.rollback.RollbackManagerService took to complete: 1ms
01-20 19:07:08.025 1477 1755 D SystemServerTimingAsync: ssm.onUnlockingUser-0_com.android.server.os.NativeTombstoneManagerService
01-20 19:07:08.025 1477 1755 V SystemServerTimingAsync: ssm.onUnlockingUser-0_com.android.server.os.NativeTombstoneManagerService took to complete: 0ms
01-20 19:07:08.025 1477 1755 D SystemServerTimingAsync: ssm.onUnlockingUser-0_com.android.server.os.BugreportManagerService
01-20 19:07:08.025 1477 1755 V SystemServerTimingAsync: ssm.onUnlockingUser-0_com.android.server.os.BugreportManagerService took to complete: 0ms
01-20 19:07:08.025 1477 1755 D SystemServerTimingAsync: ssm.onUnlockingUser-0_com.android.server.gpu.GpuService
01-20 19:07:08.025 1477 1755 V SystemServerTimingAsync: ssm.onUnlockingUser-0_com.android.server.gpu.GpuService took to complete: 0ms
01-20 19:07:08.026 1477 1755 D SystemServerTimingAsync: ssm.onUnlockingUser-0_com.android.server.security.KeyChainSystemService
01-20 19:07:08.026 1477 1755 V SystemServerTimingAsync: ssm.onUnlockingUser-0_com.android.server.security.KeyChainSystemService took to complete: 0ms
01-20 19:07:08.026 1477 1755 D SystemServerTimingAsync: ssm.onUnlockingUser-0_com.android.server.BinaryTransparencyService
01-20 19:07:08.026 1477 1755 V SystemServerTimingAsync: ssm.onUnlockingUser-0_com.android.server.BinaryTransparencyService took to complete: 0ms
01-20 19:07:08.026 1477 1755 D SystemServerTimingAsync: ssm.onUnlockingUser-0_com.android.server.telecom.TelecomLoaderService
01-20 19:07:08.026 1477 1755 V SystemServerTimingAsync: ssm.onUnlockingUser-0_com.android.server.telecom.TelecomLoaderService took to complete: 0ms
01-20 19:07:08.026 1477 1755 D SystemServerTimingAsync: ssm.onUnlockingUser-0_com.android.server.accounts.AccountManagerService$Lifecycle
01-20 19:07:08.026 1477 1755 V SystemServerTimingAsync: ssm.onUnlockingUser-0_com.android.server.accounts.AccountManagerService$Lifecycle took to complete: 0ms
01-20 19:07:08.026 1477 1755 D SystemServerTimingAsync: ssm.onUnlockingUser-0_com.android.server.content.ContentService$Lifecycle
01-20 19:07:08.026 1477 1755 V SystemServerTimingAsync: ssm.onUnlockingUser-0_com.android.server.content.ContentService$Lifecycle took to complete: 0ms
01-20 19:07:08.026 1477 1755 D SystemServerTimingAsync: ssm.onUnlockingUser-0_com.android.server.DropBoxManagerService
01-20 19:07:08.026 1477 1755 V SystemServerTimingAsync: ssm.onUnlockingUser-0_com.android.server.DropBoxManagerService took to complete: 0ms
01-20 19:07:08.026 1477 1755 D SystemServerTimingAsync: ssm.onUnlockingUser-0_com.android.role.RoleService
01-20 19:07:08.026 1477 1755 V SystemServerTimingAsync: ssm.onUnlockingUser-0_com.android.role.RoleService took to complete: 0ms
01-20 19:07:08.026 1477 1755 D SystemServerTimingAsync: ssm.onUnlockingUser-0_com.android.server.vibrator.VibratorManagerService$Lifecycle
01-20 19:07:08.026 1477 1755 V SystemServerTimingAsync: ssm.onUnlockingUser-0_com.android.server.vibrator.VibratorManagerService$Lifecycle took to complete: 0ms
01-20 19:07:08.026 1477 1755 D SystemServerTimingAsync: ssm.onUnlockingUser-0_com.android.server.tare.InternalResourceService
01-20 19:07:08.026 1477 1755 V SystemServerTimingAsync: ssm.onUnlockingUser-0_com.android.server.tare.InternalResourceService took to complete: 0ms
01-20 19:07:08.026 1477 1755 D SystemServerTimingAsync: ssm.onUnlockingUser-0_com.android.server.alarm.AlarmManagerService
01-20 19:07:08.026 1477 1755 V SystemServerTimingAsync: ssm.onUnlockingUser-0_com.android.server.alarm.AlarmManagerService took to complete: 0ms
01-20 19:07:08.026 1477 1755 D SystemServerTimingAsync: ssm.onUnlockingUser-0_com.android.server.devicestate.DeviceStateManagerService
01-20 19:07:08.026 1477 1755 V SystemServerTimingAsync: ssm.onUnlockingUser-0_com.android.server.devicestate.DeviceStateManagerService took to complete: 0ms
01-20 19:07:08.026 1477 1755 D SystemServerTimingAsync: ssm.onUnlockingUser-0_com.android.server.camera.CameraServiceProxy
01-20 19:07:08.026 1477 1755 V SystemServerTimingAsync: ssm.onUnlockingUser-0_com.android.server.camera.CameraServiceProxy took to complete: 0ms
01-20 19:07:08.026 1477 1755 D SystemServerTimingAsync: ssm.onUnlockingUser-0_com.android.server.vr.VrManagerService
01-20 19:07:08.026 1477 1755 V SystemServerTimingAsync: ssm.onUnlockingUser-0_com.android.server.vr.VrManagerService took to complete: 0ms
01-20 19:07:08.026 1477 1755 D SystemServerTimingAsync: ssm.onUnlockingUser-0_com.android.server.bluetooth.BluetoothService
01-20 19:07:08.026 1477 1755 V SystemServerTimingAsync: ssm.onUnlockingUser-0_com.android.server.bluetooth.BluetoothService took to complete: 1ms
01-20 19:07:08.026 1477 1755 D SystemServerTimingAsync: ssm.onUnlockingUser-0_com.android.server.connectivity.IpConnectivityMetrics
01-20 19:07:08.026 1477 1755 V SystemServerTimingAsync: ssm.onUnlockingUser-0_com.android.server.connectivity.IpConnectivityMetrics took to complete: 0ms
01-20 19:07:08.026 1477 1755 D SystemServerTimingAsync: ssm.onUnlockingUser-0_com.android.server.net.watchlist.NetworkWatchlistService$Lifecycle
01-20 19:07:08.026 1477 1755 V SystemServerTimingAsync: ssm.onUnlockingUser-0_com.android.server.net.watchlist.NetworkWatchlistService$Lifecycle took to complete: 0ms
01-20 19:07:08.026 1477 1755 D SystemServerTimingAsync: ssm.onUnlockingUser-0_com.android.server.PinnerService
01-20 19:07:08.026 1477 1755 V SystemServerTimingAsync: ssm.onUnlockingUser-0_com.android.server.PinnerService took to complete: 0ms
01-20 19:07:08.026 1477 1755 D SystemServerTimingAsync: ssm.onUnlockingUser-0_com.android.server.integrity.AppIntegrityManagerService
01-20 19:07:08.026 1477 1755 V SystemServerTimingAsync: ssm.onUnlockingUser-0_com.android.server.integrity.AppIntegrityManagerService took to complete: 0ms
01-20 19:07:08.026 1477 1755 D SystemServerTimingAsync: ssm.onUnlockingUser-0_com.android.server.logcat.LogcatManagerService
01-20 19:07:08.026 1477 1755 V SystemServerTimingAsync: ssm.onUnlockingUser-0_com.android.server.logcat.LogcatManagerService took to complete: 0ms
01-20 19:07:08.026 1477 1755 D SystemServerTimingAsync: ssm.onUnlockingUser-0_com.android.server.inputmethod.InputMethodManagerService$Lifecycle
01-20 19:07:08.026 1477 1755 V SystemServerTimingAsync: ssm.onUnlockingUser-0_com.android.server.inputmethod.InputMethodManagerService$Lifecycle took to complete: 0ms
01-20 19:07:08.026 1477 1755 D SystemServerTimingAsync: ssm.onUnlockingUser-0_com.android.server.accessibility.AccessibilityManagerService$Lifecycle
01-20 19:07:08.026 1477 1755 V SystemServerTimingAsync: ssm.onUnlockingUser-0_com.android.server.accessibility.AccessibilityManagerService$Lifecycle took to complete: 0ms
01-20 19:07:08.026 1477 1755 D SystemServerTimingAsync: ssm.onUnlockingUser-0_com.android.server.StorageManagerService$Lifecycle
01-20 19:07:08.027 1477 1755 D StorageManagerService: onUnlockUser 0
01-20 19:07:08.027 1477 1755 I StorageSessionController: On user unlock 0
01-20 19:07:08.027 1477 1755 I StorageSessionController: Initialialising...
01-20 19:07:08.028 702 702 I vold : onUserStarted: 0
01-20 19:07:08.032 1477 2580 I BroadcastQueue: BOOT_COMPLETED_BROADCAST_COMPLETION_LATENCY_REPORTED action:android.intent.action.LOCKED_BOOT_COMPLETED dispatchLatency:2 completeLatency:342 dispatchRealLatency:2 completeRealLatency:342 receiversSize:8 userId:0 userType:android.os.usertype.full.SYSTEM
01-20 19:07:08.032 1477 1701 W Looper : Drained
01-20 19:07:08.034 1477 2467 V StorageManagerService: Found primary storage at VolumeInfo{emulated;0}:
01-20 19:07:08.034 1477 2467 V StorageManagerService: type=EMULATED diskId=null partGuid= mountFlags=0 mountUserId=0
01-20 19:07:08.034 1477 2467 V StorageManagerService: state=UNMOUNTED
01-20 19:07:08.034 1477 2467 V StorageManagerService: fsType=null fsUuid=null fsLabel=null
01-20 19:07:08.034 1477 2467 V StorageManagerService: path=null internalPath=null
01-20 19:07:08.034 1477 2158 I StorageManagerService: Mounting volume VolumeInfo{emulated;0}:
01-20 19:07:08.034 1477 2158 I StorageManagerService: type=EMULATED diskId=null partGuid= mountFlags=PRIMARY|VISIBLE_FOR_WRITE
01-20 19:07:08.034 1477 2158 I StorageManagerService: mountUserId=0 state=UNMOUNTED
01-20 19:07:08.034 1477 2158 I StorageManagerService: fsType=null fsUuid=null fsLabel=null
01-20 19:07:08.034 1477 2158 I StorageManagerService: path=null internalPath=null
01-20 19:07:08.036 1477 1755 V SystemServerTimingAsync: ssm.onUnlockingUser-0_com.android.server.StorageManagerService$Lifecycle took to complete: 9ms
01-20 19:07:08.036 702 702 I vold : Executing sdcardfs
01-20 19:07:08.036 1477 1755 D SystemServerTimingAsync: ssm.onUnlockingUser-0_com.android.server.usage.StorageStatsService$Lifecycle
01-20 19:07:08.036 1477 1755 V SystemServerTimingAsync: ssm.onUnlockingUser-0_com.android.server.usage.StorageStatsService$Lifecycle took to complete: 0ms
01-20 19:07:08.036 1477 1755 D SystemServerTimingAsync: ssm.onUnlockingUser-0_com.android.server.UiModeManagerService
01-20 19:07:08.036 1477 1755 V SystemServerTimingAsync: ssm.onUnlockingUser-0_com.android.server.UiModeManagerService took to complete: 0ms
01-20 19:07:08.036 1477 1755 D SystemServerTimingAsync: ssm.onUnlockingUser-0_com.android.server.locales.LocaleManagerService
01-20 19:07:08.036 1477 1755 V SystemServerTimingAsync: ssm.onUnlockingUser-0_com.android.server.locales.LocaleManagerService took to complete: 0ms
01-20 19:07:08.036 1477 1755 D SystemServerTimingAsync: ssm.onUnlockingUser-0_com.android.server.locksettings.LockSettingsService$Lifecycle
01-20 19:07:08.036 1477 1755 V SystemServerTimingAsync: ssm.onUnlockingUser-0_com.android.server.locksettings.LockSettingsService$Lifecycle took to complete: 0ms
01-20 19:07:08.036 1477 1755 D SystemServerTimingAsync: ssm.onUnlockingUser-0_com.android.server.PersistentDataBlockService
01-20 19:07:08.036 1477 1755 V SystemServerTimingAsync: ssm.onUnlockingUser-0_com.android.server.PersistentDataBlockService took to complete: 0ms
01-20 19:07:08.036 1477 1755 D SystemServerTimingAsync: ssm.onUnlockingUser-0_com.android.server.testharness.TestHarnessModeService
01-20 19:07:08.036 1477 1755 V SystemServerTimingAsync: ssm.onUnlockingUser-0_com.android.server.testharness.TestHarnessModeService took to complete: 0ms
01-20 19:07:08.036 1477 1755 D SystemServerTimingAsync: ssm.onUnlockingUser-0_com.android.server.oemlock.OemLockService
01-20 19:07:08.036 1477 1755 V SystemServerTimingAsync: ssm.onUnlockingUser-0_com.android.server.oemlock.OemLockService took to complete: 0ms
01-20 19:07:08.036 1477 1755 D SystemServerTimingAsync: ssm.onUnlockingUser-0_com.android.server.DeviceIdleController
01-20 19:07:08.036 1477 1755 V SystemServerTimingAsync: ssm.onUnlockingUser-0_com.android.server.DeviceIdleController took to complete: 0ms
01-20 19:07:08.036 1477 1755 D SystemServerTimingAsync: ssm.onUnlockingUser-0_com.android.server.devicepolicy.DevicePolicyManagerService$Lifecycle
01-20 19:07:08.037 702 702 D vold : Waiting for sdcardfs to spin up...
01-20 19:07:08.039 1477 1755 V SystemServerTimingAsync: ssm.onUnlockingUser-0_com.android.server.devicepolicy.DevicePolicyManagerService$Lifecycle took to complete: 3ms
01-20 19:07:08.039 1477 1755 D SystemServerTimingAsync: ssm.onUnlockingUser-0_com.android.server.texttospeech.TextToSpeechManagerService
01-20 19:07:08.040 1477 1755 V SystemServerTimingAsync: ssm.onUnlockingUser-0_com.android.server.texttospeech.TextToSpeechManagerService took to complete: 0ms
01-20 19:07:08.040 1477 1755 D SystemServerTimingAsync: ssm.onUnlockingUser-0_com.android.server.ambientcontext.AmbientContextManagerService
01-20 19:07:08.040 1477 1755 D AmbientContextManagerService: onServiceRemoved
01-20 19:07:08.041 1477 1755 D AmbientContextManagerPerUserService: Trying to cancel the remote request. Reason: Service destroyed.
01-20 19:07:08.041 1477 1755 V SystemServerTimingAsync: ssm.onUnlockingUser-0_com.android.server.ambientcontext.AmbientContextManagerService took to complete: 1ms
01-20 19:07:08.041 1477 1755 D SystemServerTimingAsync: ssm.onUnlockingUser-0_com.android.server.speech.SpeechRecognitionManagerService
01-20 19:07:08.041 1477 1755 V SystemServerTimingAsync: ssm.onUnlockingUser-0_com.android.server.speech.SpeechRecognitionManagerService took to complete: 0ms
01-20 19:07:08.041 1477 1755 D SystemServerTimingAsync: ssm.onUnlockingUser-0_com.android.server.searchui.SearchUiManagerService
01-20 19:07:08.041 1477 1755 V SystemServerTimingAsync: ssm.onUnlockingUser-0_com.android.server.searchui.SearchUiManagerService took to complete: 1ms
01-20 19:07:08.041 1477 1755 D SystemServerTimingAsync: ssm.onUnlockingUser-0_com.android.server.smartspace.SmartspaceManagerService
01-20 19:07:08.041 1477 1755 V SystemServerTimingAsync: ssm.onUnlockingUser-0_com.android.server.smartspace.SmartspaceManagerService took to complete: 0ms
01-20 19:07:08.041 1477 1755 D SystemServerTimingAsync: ssm.onUnlockingUser-0_com.android.server.graphics.fonts.FontManagerService$Lifecycle
01-20 19:07:08.041 1477 1755 V SystemServerTimingAsync: ssm.onUnlockingUser-0_com.android.server.graphics.fonts.FontManagerService$Lifecycle took to complete: 0ms
01-20 19:07:08.041 1477 1755 D SystemServerTimingAsync: ssm.onUnlockingUser-0_com.android.server.textservices.TextServicesManagerService$Lifecycle
01-20 19:07:08.044 1477 2156 W InputMethodManagerService: Illegal subtype state: old subtype = null, new subtype = android.view.inputmethod.InputMethodSubtype@c9194f97
01-20 19:07:08.044 1477 1755 V SystemServerTimingAsync: ssm.onUnlockingUser-0_com.android.server.textservices.TextServicesManagerService$Lifecycle took to complete: 3ms
01-20 19:07:08.044 1477 1755 D SystemServerTimingAsync: ssm.onUnlockingUser-0_com.android.server.textclassifier.TextClassificationManagerService$Lifecycle
01-20 19:07:08.045 1477 1755 V SystemServerTimingAsync: ssm.onUnlockingUser-0_com.android.server.textclassifier.TextClassificationManagerService$Lifecycle took to complete: 0ms
01-20 19:07:08.045 1477 1755 D SystemServerTimingAsync: ssm.onUnlockingUser-0_com.android.server.NetworkScoreService$Lifecycle
01-20 19:07:08.045 1477 1755 V SystemServerTimingAsync: ssm.onUnlockingUser-0_com.android.server.NetworkScoreService$Lifecycle took to complete: 0ms
01-20 19:07:08.045 1477 1755 D SystemServerTimingAsync: ssm.onUnlockingUser-0_com.android.server.NetworkStatsServiceInitializer
01-20 19:07:08.045 1477 1755 V SystemServerTimingAsync: ssm.onUnlockingUser-0_com.android.server.NetworkStatsServiceInitializer took to complete: 0ms
01-20 19:07:08.045 1477 1755 D SystemServerTimingAsync: ssm.onUnlockingUser-0_com.android.server.wifi.WifiService
01-20 19:07:08.045 1477 1755 V SystemServerTimingAsync: ssm.onUnlockingUser-0_com.android.server.wifi.WifiService took to complete: 0ms
01-20 19:07:08.045 1477 1755 D SystemServerTimingAsync: ssm.onUnlockingUser-0_com.android.server.wifi.scanner.WifiScanningService
01-20 19:07:08.045 1477 1755 V SystemServerTimingAsync: ssm.onUnlockingUser-0_com.android.server.wifi.scanner.WifiScanningService took to complete: 0ms
01-20 19:07:08.045 1477 1755 D SystemServerTimingAsync: ssm.onUnlockingUser-0_com.android.server.wifi.p2p.WifiP2pService
01-20 19:07:08.045 1477 1755 V SystemServerTimingAsync: ssm.onUnlockingUser-0_com.android.server.wifi.p2p.WifiP2pService took to complete: 0ms
01-20 19:07:08.045 1477 1755 D SystemServerTimingAsync: ssm.onUnlockingUser-0_com.android.server.ConnectivityServiceInitializer
01-20 19:07:08.045 1477 1755 V SystemServerTimingAsync: ssm.onUnlockingUser-0_com.android.server.ConnectivityServiceInitializer took to complete: 0ms
01-20 19:07:08.045 1477 1755 D SystemServerTimingAsync: ssm.onUnlockingUser-0_com.android.server.notification.NotificationManagerService
01-20 19:07:08.045 1477 1755 V SystemServerTimingAsync: ssm.onUnlockingUser-0_com.android.server.notification.NotificationManagerService took to complete: 0ms
01-20 19:07:08.045 1477 1755 D SystemServerTimingAsync: ssm.onUnlockingUser-0_com.android.server.storage.DeviceStorageMonitorService
01-20 19:07:08.045 1477 1755 V SystemServerTimingAsync: ssm.onUnlockingUser-0_com.android.server.storage.DeviceStorageMonitorService took to complete: 0ms
01-20 19:07:08.045 1477 1755 D SystemServerTimingAsync: ssm.onUnlockingUser-0_com.android.server.location.LocationManagerService$Lifecycle
01-20 19:07:08.045 1477 1755 V SystemServerTimingAsync: ssm.onUnlockingUser-0_com.android.server.location.LocationManagerService$Lifecycle took to complete: 0ms
01-20 19:07:08.045 1477 1755 D SystemServerTimingAsync: ssm.onUnlockingUser-0_com.android.server.timedetector.TimeDetectorService$Lifecycle
01-20 19:07:08.045 1477 1755 V SystemServerTimingAsync: ssm.onUnlockingUser-0_com.android.server.timedetector.TimeDetectorService$Lifecycle took to complete: 0ms
01-20 19:07:08.045 1477 1755 D SystemServerTimingAsync: ssm.onUnlockingUser-0_com.android.server.timezonedetector.TimeZoneDetectorService$Lifecycle
01-20 19:07:08.045 1477 1755 V SystemServerTimingAsync: ssm.onUnlockingUser-0_com.android.server.timezonedetector.TimeZoneDetectorService$Lifecycle took to complete: 0ms
01-20 19:07:08.045 1477 1755 D SystemServerTimingAsync: ssm.onUnlockingUser-0_com.android.server.timezonedetector.location.LocationTimeZoneManagerService$Lifecycle
01-20 19:07:08.045 1477 1755 V SystemServerTimingAsync: ssm.onUnlockingUser-0_com.android.server.timezonedetector.location.LocationTimeZoneManagerService$Lifecycle took to complete: 0ms
01-20 19:07:08.045 1477 1755 D SystemServerTimingAsync: ssm.onUnlockingUser-0_com.android.server.search.SearchManagerService$Lifecycle
01-20 19:07:08.045 1477 1755 V SystemServerTimingAsync: ssm.onUnlockingUser-0_com.android.server.search.SearchManagerService$Lifecycle took to complete: 0ms
01-20 19:07:08.045 1477 1755 D SystemServerTimingAsync: ssm.onUnlockingUser-0_com.android.server.wallpaper.WallpaperManagerService$Lifecycle
01-20 19:07:08.045 1477 1755 V SystemServerTimingAsync: ssm.onUnlockingUser-0_com.android.server.wallpaper.WallpaperManagerService$Lifecycle took to complete: 0ms
01-20 19:07:08.045 1477 1755 D SystemServerTimingAsync: ssm.onUnlockingUser-0_com.android.server.wallpapereffectsgeneration.WallpaperEffectsGenerationManagerService
01-20 19:07:08.046 1477 1755 V SystemServerTimingAsync: ssm.onUnlockingUser-0_com.android.server.wallpapereffectsgeneration.WallpaperEffectsGenerationManagerService took to complete: 0ms
01-20 19:07:08.046 1477 1755 D SystemServerTimingAsync: ssm.onUnlockingUser-0_com.android.server.audio.AudioService$Lifecycle
01-20 19:07:08.046 1477 1755 V SystemServerTimingAsync: ssm.onUnlockingUser-0_com.android.server.audio.AudioService$Lifecycle took to complete: 0ms
01-20 19:07:08.046 1477 1755 D SystemServerTimingAsync: ssm.onUnlockingUser-0_com.android.server.soundtrigger_middleware.SoundTriggerMiddlewareService$Lifecycle
01-20 19:07:08.046 1477 1755 V SystemServerTimingAsync: ssm.onUnlockingUser-0_com.android.server.soundtrigger_middleware.SoundTriggerMiddlewareService$Lifecycle took to complete: 0ms
01-20 19:07:08.046 1477 1755 D SystemServerTimingAsync: ssm.onUnlockingUser-0_com.android.server.DockObserver
01-20 19:07:08.046 1477 1755 V SystemServerTimingAsync: ssm.onUnlockingUser-0_com.android.server.DockObserver took to complete: 0ms
01-20 19:07:08.046 1477 1755 D SystemServerTimingAsync: ssm.onUnlockingUser-0_com.android.server.midi.MidiService$Lifecycle
01-20 19:07:08.046 1477 1755 V SystemServerTimingAsync: ssm.onUnlockingUser-0_com.android.server.midi.MidiService$Lifecycle took to complete: 1ms
01-20 19:07:08.046 1477 1755 D SystemServerTimingAsync: ssm.onUnlockingUser-0_com.android.server.adb.AdbService$Lifecycle
01-20 19:07:08.046 1477 1755 V SystemServerTimingAsync: ssm.onUnlockingUser-0_com.android.server.adb.AdbService$Lifecycle took to complete: 0ms
01-20 19:07:08.046 1477 1755 D SystemServerTimingAsync: ssm.onUnlockingUser-0_com.android.server.usb.UsbService$Lifecycle
01-20 19:07:08.046 1477 1755 V SystemServerTimingAsync: ssm.onUnlockingUser-0_com.android.server.usb.UsbService$Lifecycle took to complete: 0ms
01-20 19:07:08.046 1477 1755 D SystemServerTimingAsync: ssm.onUnlockingUser-0_com.android.server.twilight.TwilightService
01-20 19:07:08.046 1477 1755 V SystemServerTimingAsync: ssm.onUnlockingUser-0_com.android.server.twilight.TwilightService took to complete: 0ms
01-20 19:07:08.046 1477 1755 D SystemServerTimingAsync: ssm.onUnlockingUser-0_com.android.server.display.color.ColorDisplayService
01-20 19:07:08.046 1477 1755 V SystemServerTimingAsync: ssm.onUnlockingUser-0_com.android.server.display.color.ColorDisplayService took to complete: 0ms
01-20 19:07:08.046 1477 1755 D SystemServerTimingAsync: ssm.onUnlockingUser-0_com.android.server.job.JobSchedulerService
01-20 19:07:08.046 1477 1755 V SystemServerTimingAsync: ssm.onUnlockingUser-0_com.android.server.job.JobSchedulerService took to complete: 0ms
01-20 19:07:08.046 1477 1755 D SystemServerTimingAsync: ssm.onUnlockingUser-0_com.android.server.soundtrigger.SoundTriggerService
01-20 19:07:08.046 1477 1755 V SystemServerTimingAsync: ssm.onUnlockingUser-0_com.android.server.soundtrigger.SoundTriggerService took to complete: 0ms
01-20 19:07:08.047 1477 1755 D SystemServerTimingAsync: ssm.onUnlockingUser-0_com.android.server.trust.TrustManagerService
01-20 19:07:08.047 1477 1755 V SystemServerTimingAsync: ssm.onUnlockingUser-0_com.android.server.trust.TrustManagerService took to complete: 0ms
01-20 19:07:08.047 1477 1755 D SystemServerTimingAsync: ssm.onUnlockingUser-0_com.android.server.backup.BackupManagerService$Lifecycle
01-20 19:07:08.047 1477 1755 V SystemServerTimingAsync: ssm.onUnlockingUser-0_com.android.server.backup.BackupManagerService$Lifecycle took to complete: 0ms
01-20 19:07:08.047 1477 1755 D SystemServerTimingAsync: ssm.onUnlockingUser-0_com.android.server.appwidget.AppWidgetService
01-20 19:07:08.047 1477 1755 V SystemServerTimingAsync: ssm.onUnlockingUser-0_com.android.server.appwidget.AppWidgetService took to complete: 0ms
01-20 19:07:08.047 1477 1755 D SystemServerTimingAsync: ssm.onUnlockingUser-0_com.android.server.voiceinteraction.VoiceInteractionManagerService
01-20 19:07:08.047 1477 1755 W VoiceInteractionManager: no available voice recognition services found for user 0
01-20 19:07:08.047 1477 1755 V SystemServerTimingAsync: ssm.onUnlockingUser-0_com.android.server.voiceinteraction.VoiceInteractionManagerService took to complete: 1ms
01-20 19:07:08.047 1477 1755 D SystemServerTimingAsync: ssm.onUnlockingUser-0_com.android.server.apphibernation.AppHibernationService
01-20 19:07:08.047 1477 1755 V SystemServerTimingAsync: ssm.onUnlockingUser-0_com.android.server.apphibernation.AppHibernationService took to complete: 0ms
01-20 19:07:08.047 1477 1755 D SystemServerTimingAsync: ssm.onUnlockingUser-0_com.android.server.GestureLauncherService
01-20 19:07:08.047 1477 1755 V SystemServerTimingAsync: ssm.onUnlockingUser-0_com.android.server.GestureLauncherService took to complete: 0ms
01-20 19:07:08.047 1477 1755 D SystemServerTimingAsync: ssm.onUnlockingUser-0_com.android.server.SensorNotificationService
01-20 19:07:08.047 1477 1755 V SystemServerTimingAsync: ssm.onUnlockingUser-0_com.android.server.SensorNotificationService took to complete: 0ms
01-20 19:07:08.047 1477 1755 D SystemServerTimingAsync: ssm.onUnlockingUser-0_com.android.server.emergency.EmergencyAffordanceService
01-20 19:07:08.048 1477 1755 V SystemServerTimingAsync: ssm.onUnlockingUser-0_com.android.server.emergency.EmergencyAffordanceService took to complete: 0ms
01-20 19:07:08.048 1477 1755 D SystemServerTimingAsync: ssm.onUnlockingUser-0_com.android.server.blob.BlobStoreManagerService
01-20 19:07:08.048 1477 1755 V SystemServerTimingAsync: ssm.onUnlockingUser-0_com.android.server.blob.BlobStoreManagerService took to complete: 0ms
01-20 19:07:08.048 1477 1755 D SystemServerTimingAsync: ssm.onUnlockingUser-0_com.android.server.dreams.DreamManagerService
01-20 19:07:08.048 1477 1755 V SystemServerTimingAsync: ssm.onUnlockingUser-0_com.android.server.dreams.DreamManagerService took to complete: 0ms
01-20 19:07:08.048 1477 1755 D SystemServerTimingAsync: ssm.onUnlockingUser-0_com.android.server.print.PrintManagerService
01-20 19:07:08.048 1477 3008 I HibernationStateDiskStore: No hibernation file on disk for file /data/system_ce/0/hibernation/states
01-20 19:07:08.048 1477 1755 V SystemServerTimingAsync: ssm.onUnlockingUser-0_com.android.server.print.PrintManagerService took to complete: 1ms
01-20 19:07:08.048 1477 1755 D SystemServerTimingAsync: ssm.onUnlockingUser-0_com.android.server.security.AttestationVerificationManagerService
01-20 19:07:08.048 1477 1755 V SystemServerTimingAsync: ssm.onUnlockingUser-0_com.android.server.security.AttestationVerificationManagerService took to complete: 0ms
01-20 19:07:08.048 1477 1755 D SystemServerTimingAsync: ssm.onUnlockingUser-0_com.android.server.companion.CompanionDeviceManagerService
01-20 19:07:08.048 1477 1755 V SystemServerTimingAsync: ssm.onUnlockingUser-0_com.android.server.companion.CompanionDeviceManagerService took to complete: 0ms
01-20 19:07:08.048 1477 1755 D SystemServerTimingAsync: ssm.onUnlockingUser-0_com.android.server.companion.virtual.VirtualDeviceManagerService
01-20 19:07:08.048 1477 1755 V SystemServerTimingAsync: ssm.onUnlockingUser-0_com.android.server.companion.virtual.VirtualDeviceManagerService took to complete: 0ms
01-20 19:07:08.048 1477 1755 D SystemServerTimingAsync: ssm.onUnlockingUser-0_com.android.server.restrictions.RestrictionsManagerService
01-20 19:07:08.048 1477 1755 V SystemServerTimingAsync: ssm.onUnlockingUser-0_com.android.server.restrictions.RestrictionsManagerService took to complete: 0ms
01-20 19:07:08.048 1477 1755 D SystemServerTimingAsync: ssm.onUnlockingUser-0_com.android.server.media.MediaSessionService
01-20 19:07:08.048 1477 1755 V SystemServerTimingAsync: ssm.onUnlockingUser-0_com.android.server.media.MediaSessionService took to complete: 0ms
01-20 19:07:08.048 1477 1755 D SystemServerTimingAsync: ssm.onUnlockingUser-0_com.android.server.media.MediaResourceMonitorService
01-20 19:07:08.048 1477 1755 V SystemServerTimingAsync: ssm.onUnlockingUser-0_com.android.server.media.MediaResourceMonitorService took to complete: 0ms
01-20 19:07:08.048 1477 1755 D SystemServerTimingAsync: ssm.onUnlockingUser-0_com.android.server.biometrics.sensors.fingerprint.FingerprintService
01-20 19:07:08.048 1477 1755 V SystemServerTimingAsync: ssm.onUnlockingUser-0_com.android.server.biometrics.sensors.fingerprint.FingerprintService took to complete: 0ms
01-20 19:07:08.048 1477 1755 D SystemServerTimingAsync: ssm.onUnlockingUser-0_com.android.server.biometrics.BiometricService
01-20 19:07:08.048 1477 1755 V SystemServerTimingAsync: ssm.onUnlockingUser-0_com.android.server.biometrics.BiometricService took to complete: 0ms
01-20 19:07:08.048 1477 1755 D SystemServerTimingAsync: ssm.onUnlockingUser-0_com.android.server.biometrics.AuthService
01-20 19:07:08.048 1477 1755 V SystemServerTimingAsync: ssm.onUnlockingUser-0_com.android.server.biometrics.AuthService took to complete: 0ms
01-20 19:07:08.048 1477 1755 D SystemServerTimingAsync: ssm.onUnlockingUser-0_com.android.server.pm.ShortcutService$Lifecycle
01-20 19:07:08.049 1477 1755 V SystemServerTimingAsync: ssm.onUnlockingUser-0_com.android.server.pm.ShortcutService$Lifecycle took to complete: 0ms
01-20 19:07:08.049 1477 1755 D SystemServerTimingAsync: ssm.onUnlockingUser-0_com.android.server.pm.LauncherAppsService
01-20 19:07:08.049 1477 1755 V SystemServerTimingAsync: ssm.onUnlockingUser-0_com.android.server.pm.LauncherAppsService took to complete: 0ms
01-20 19:07:08.049 1477 1755 D SystemServerTimingAsync: ssm.onUnlockingUser-0_com.android.server.pm.CrossProfileAppsService
01-20 19:07:08.049 1477 1755 V SystemServerTimingAsync: ssm.onUnlockingUser-0_com.android.server.pm.CrossProfileAppsService took to complete: 0ms
01-20 19:07:08.049 1477 1755 D SystemServerTimingAsync: ssm.onUnlockingUser-0_com.android.server.people.PeopleService
01-20 19:07:08.049 1477 1755 V SystemServerTimingAsync: ssm.onUnlockingUser-0_com.android.server.people.PeopleService took to complete: 0ms
01-20 19:07:08.049 1477 1755 D SystemServerTimingAsync: ssm.onUnlockingUser-0_com.android.server.media.metrics.MediaMetricsManagerService
01-20 19:07:08.049 1477 1755 V SystemServerTimingAsync: ssm.onUnlockingUser-0_com.android.server.media.metrics.MediaMetricsManagerService took to complete: 0ms
01-20 19:07:08.049 1477 1755 D SystemServerTimingAsync: ssm.onUnlockingUser-0_com.android.server.media.projection.MediaProjectionManagerService
01-20 19:07:08.049 1477 1755 V SystemServerTimingAsync: ssm.onUnlockingUser-0_com.android.server.media.projection.MediaProjectionManagerService took to complete: 0ms
01-20 19:07:08.049 1477 2208 I BackupManagerService: Starting service for user: 0
01-20 19:07:08.056 1477 1755 D SystemServerTimingAsync: ssm.onUnlockingUser-0_com.android.server.slice.SliceManagerService$Lifecycle
01-20 19:07:08.056 1477 1755 V SystemServerTimingAsync: ssm.onUnlockingUser-0_com.android.server.slice.SliceManagerService$Lifecycle took to complete: 0ms
01-20 19:07:08.056 1477 1755 D SystemServerTimingAsync: ssm.onUnlockingUser-0_com.android.server.stats.StatsCompanion$Lifecycle
01-20 19:07:08.056 1477 1755 V SystemServerTimingAsync: ssm.onUnlockingUser-0_com.android.server.stats.StatsCompanion$Lifecycle took to complete: 0ms
01-20 19:07:08.056 1477 1755 D SystemServerTimingAsync: ssm.onUnlockingUser-0_com.android.server.scheduling.RebootReadinessManagerService$Lifecycle
01-20 19:07:08.056 1477 1755 V SystemServerTimingAsync: ssm.onUnlockingUser-0_com.android.server.scheduling.RebootReadinessManagerService$Lifecycle took to complete: 0ms
01-20 19:07:08.056 1477 1755 D SystemServerTimingAsync: ssm.onUnlockingUser-0_com.android.server.stats.pull.StatsPullAtomService
01-20 19:07:08.056 1477 1755 V SystemServerTimingAsync: ssm.onUnlockingUser-0_com.android.server.stats.pull.StatsPullAtomService took to complete: 0ms
01-20 19:07:08.056 1477 1755 D SystemServerTimingAsync: ssm.onUnlockingUser-0_com.android.server.stats.bootstrap.StatsBootstrapAtomService$Lifecycle
01-20 19:07:08.056 1477 1755 V SystemServerTimingAsync: ssm.onUnlockingUser-0_com.android.server.stats.bootstrap.StatsBootstrapAtomService$Lifecycle took to complete: 0ms
01-20 19:07:08.056 1477 1755 D SystemServerTimingAsync: ssm.onUnlockingUser-0_com.android.server.incident.IncidentCompanionService
01-20 19:07:08.056 1477 1755 V SystemServerTimingAsync: ssm.onUnlockingUser-0_com.android.server.incident.IncidentCompanionService took to complete: 0ms
01-20 19:07:08.056 1477 1755 D SystemServerTimingAsync: ssm.onUnlockingUser-0_com.android.server.sdksandbox.SdkSandboxManagerService$Lifecycle
01-20 19:07:08.056 1477 1755 V SystemServerTimingAsync: ssm.onUnlockingUser-0_com.android.server.sdksandbox.SdkSandboxManagerService$Lifecycle took to complete: 0ms
01-20 19:07:08.058 1477 1755 D SystemServerTimingAsync: ssm.onUnlockingUser-0_com.android.server.adservices.AdServicesManagerService$Lifecycle
01-20 19:07:08.058 1477 1755 V SystemServerTimingAsync: ssm.onUnlockingUser-0_com.android.server.adservices.AdServicesManagerService$Lifecycle took to complete: 0ms
01-20 19:07:08.058 1477 1755 D SystemServerTimingAsync: ssm.onUnlockingUser-0_com.android.server.MmsServiceBroker
