01-20 19:07:13.186 1477 3842 D SystemServerTimingAsync: ssm.onCompletedEventUser-0_{|Unlocked|}_com.android.server.textclassifier.TextClassificationManagerService$Lifecycle
01-20 19:07:13.186 1477 3842 V SystemServerTimingAsync: ssm.onCompletedEventUser-0_{|Unlocked|}_com.android.server.textclassifier.TextClassificationManagerService$Lifecycle took to complete: 0ms
01-20 19:07:13.186 1477 3843 D SystemServerTimingAsync: ssm.onCompletedEventUser-0_{|Unlocked|}_com.android.server.textservices.TextServicesManagerService$Lifecycle
01-20 19:07:13.186 1477 3844 V SystemServerTimingAsync: ssm.onCompletedEventUser-0_{|Unlocked|}_com.android.server.integrity.AppIntegrityManagerService took to complete: 0ms
01-20 19:07:13.186 1477 3843 V SystemServerTimingAsync: ssm.onCompletedEventUser-0_{|Unlocked|}_com.android.server.textservices.TextServicesManagerService$Lifecycle took to complete: 0ms
01-20 19:07:13.186 1477 3844 D SystemServerTimingAsync: ssm.onCompletedEventUser-0_{|Unlocked|}_com.android.server.NetworkStatsServiceInitializer
01-20 19:07:13.186 1477 3843 D SystemServerTimingAsync: ssm.onCompletedEventUser-0_{|Unlocked|}_com.android.server.wifi.WifiService
01-20 19:07:13.186 1477 3842 D SystemServerTimingAsync: ssm.onCompletedEventUser-0_{|Unlocked|}_com.android.server.NetworkScoreService$Lifecycle
01-20 19:07:13.186 1477 3843 V SystemServerTimingAsync: ssm.onCompletedEventUser-0_{|Unlocked|}_com.android.server.wifi.WifiService took to complete: 0ms
01-20 19:07:13.186 1477 3842 V SystemServerTimingAsync: ssm.onCompletedEventUser-0_{|Unlocked|}_com.android.server.NetworkScoreService$Lifecycle took to complete: 0ms
01-20 19:07:13.186 1477 3843 D SystemServerTimingAsync: ssm.onCompletedEventUser-0_{|Unlocked|}_com.android.server.wifi.scanner.WifiScanningService
01-20 19:07:13.186 1477 3844 V SystemServerTimingAsync: ssm.onCompletedEventUser-0_{|Unlocked|}_com.android.server.NetworkStatsServiceInitializer took to complete: 0ms
01-20 19:07:13.186 1477 3843 V SystemServerTimingAsync: ssm.onCompletedEventUser-0_{|Unlocked|}_com.android.server.wifi.scanner.WifiScanningService took to complete: 0ms
01-20 19:07:13.186 1477 3844 D SystemServerTimingAsync: ssm.onCompletedEventUser-0_{|Unlocked|}_com.android.server.ConnectivityServiceInitializer
01-20 19:07:13.186 1477 3843 D SystemServerTimingAsync: ssm.onCompletedEventUser-0_{|Unlocked|}_com.android.server.notification.NotificationManagerService
01-20 19:07:13.186 1477 3842 D SystemServerTimingAsync: ssm.onCompletedEventUser-0_{|Unlocked|}_com.android.server.wifi.p2p.WifiP2pService
01-20 19:07:13.186 1477 3843 V SystemServerTimingAsync: ssm.onCompletedEventUser-0_{|Unlocked|}_com.android.server.notification.NotificationManagerService took to complete: 0ms
01-20 19:07:13.186 1477 3844 V SystemServerTimingAsync: ssm.onCompletedEventUser-0_{|Unlocked|}_com.android.server.ConnectivityServiceInitializer took to complete: 0ms
01-20 19:07:13.186 1477 3843 D SystemServerTimingAsync: ssm.onCompletedEventUser-0_{|Unlocked|}_com.android.server.storage.DeviceStorageMonitorService
01-20 19:07:13.186 1477 3842 V SystemServerTimingAsync: ssm.onCompletedEventUser-0_{|Unlocked|}_com.android.server.wifi.p2p.WifiP2pService took to complete: 0ms
01-20 19:07:13.186 1477 3843 V SystemServerTimingAsync: ssm.onCompletedEventUser-0_{|Unlocked|}_com.android.server.storage.DeviceStorageMonitorService took to complete: 0ms
01-20 19:07:13.186 1477 3842 D SystemServerTimingAsync: ssm.onCompletedEventUser-0_{|Unlocked|}_com.android.server.timedetector.TimeDetectorService$Lifecycle
01-20 19:07:13.186 1477 3843 D SystemServerTimingAsync: ssm.onCompletedEventUser-0_{|Unlocked|}_com.android.server.timezonedetector.TimeZoneDetectorService$Lifecycle
01-20 19:07:13.186 1477 3844 D SystemServerTimingAsync: ssm.onCompletedEventUser-0_{|Unlocked|}_com.android.server.location.LocationManagerService$Lifecycle
01-20 19:07:13.186 1477 3843 V SystemServerTimingAsync: ssm.onCompletedEventUser-0_{|Unlocked|}_com.android.server.timezonedetector.TimeZoneDetectorService$Lifecycle took to complete: 0ms
01-20 19:07:13.186 1477 3842 V SystemServerTimingAsync: ssm.onCompletedEventUser-0_{|Unlocked|}_com.android.server.timedetector.TimeDetectorService$Lifecycle took to complete: 0ms
01-20 19:07:13.186 1477 3843 D SystemServerTimingAsync: ssm.onCompletedEventUser-0_{|Unlocked|}_com.android.server.timezonedetector.location.LocationTimeZoneManagerService$Lifecycle
01-20 19:07:13.186 1477 3844 V SystemServerTimingAsync: ssm.onCompletedEventUser-0_{|Unlocked|}_com.android.server.location.LocationManagerService$Lifecycle took to complete: 0ms
01-20 19:07:13.186 1477 3843 V SystemServerTimingAsync: ssm.onCompletedEventUser-0_{|Unlocked|}_com.android.server.timezonedetector.location.LocationTimeZoneManagerService$Lifecycle took to complete: 0ms
01-20 19:07:13.186 1477 3844 D SystemServerTimingAsync: ssm.onCompletedEventUser-0_{|Unlocked|}_com.android.server.wallpaper.WallpaperManagerService$Lifecycle
01-20 19:07:13.186 1477 3843 D SystemServerTimingAsync: ssm.onCompletedEventUser-0_{|Unlocked|}_com.android.server.wallpapereffectsgeneration.WallpaperEffectsGenerationManagerService
01-20 19:07:13.186 1477 3844 V SystemServerTimingAsync: ssm.onCompletedEventUser-0_{|Unlocked|}_com.android.server.wallpaper.WallpaperManagerService$Lifecycle took to complete: 0ms
01-20 19:07:13.186 1477 3843 V SystemServerTimingAsync: ssm.onCompletedEventUser-0_{|Unlocked|}_com.android.server.wallpapereffectsgeneration.WallpaperEffectsGenerationManagerService took to complete: 0ms
01-20 19:07:13.186 1477 3844 D SystemServerTimingAsync: ssm.onCompletedEventUser-0_{|Unlocked|}_com.android.server.audio.AudioService$Lifecycle
01-20 19:07:13.186 1477 3843 D SystemServerTimingAsync: ssm.onCompletedEventUser-0_{|Unlocked|}_com.android.server.soundtrigger_middleware.SoundTriggerMiddlewareService$Lifecycle
01-20 19:07:13.186 1477 3842 D SystemServerTimingAsync: ssm.onCompletedEventUser-0_{|Unlocked|}_com.android.server.search.SearchManagerService$Lifecycle
01-20 19:07:13.186 1477 3843 V SystemServerTimingAsync: ssm.onCompletedEventUser-0_{|Unlocked|}_com.android.server.soundtrigger_middleware.SoundTriggerMiddlewareService$Lifecycle took to complete: 0ms
01-20 19:07:13.186 1477 3844 V SystemServerTimingAsync: ssm.onCompletedEventUser-0_{|Unlocked|}_com.android.server.audio.AudioService$Lifecycle took to complete: 0ms
01-20 19:07:13.186 1477 3843 D SystemServerTimingAsync: ssm.onCompletedEventUser-0_{|Unlocked|}_com.android.server.DockObserver
01-20 19:07:13.187 1477 3842 V SystemServerTimingAsync: ssm.onCompletedEventUser-0_{|Unlocked|}_com.android.server.search.SearchManagerService$Lifecycle took to complete: 0ms
01-20 19:07:13.187 1477 3843 V SystemServerTimingAsync: ssm.onCompletedEventUser-0_{|Unlocked|}_com.android.server.DockObserver took to complete: 0ms
01-20 19:07:13.187 1477 3842 D SystemServerTimingAsync: ssm.onCompletedEventUser-0_{|Unlocked|}_com.android.server.adb.AdbService$Lifecycle
01-20 19:07:13.187 1477 3843 D SystemServerTimingAsync: ssm.onCompletedEventUser-0_{|Unlocked|}_com.android.server.usb.UsbService$Lifecycle
01-20 19:07:13.187 1477 3844 D SystemServerTimingAsync: ssm.onCompletedEventUser-0_{|Unlocked|}_com.android.server.midi.MidiService$Lifecycle
01-20 19:07:13.187 1477 3843 V SystemServerTimingAsync: ssm.onCompletedEventUser-0_{|Unlocked|}_com.android.server.usb.UsbService$Lifecycle took to complete: 0ms
01-20 19:07:13.187 1477 3842 V SystemServerTimingAsync: ssm.onCompletedEventUser-0_{|Unlocked|}_com.android.server.adb.AdbService$Lifecycle took to complete: 0ms
01-20 19:07:13.187 1477 3843 D SystemServerTimingAsync: ssm.onCompletedEventUser-0_{|Unlocked|}_com.android.server.twilight.TwilightService
01-20 19:07:13.187 1477 3844 V SystemServerTimingAsync: ssm.onCompletedEventUser-0_{|Unlocked|}_com.android.server.midi.MidiService$Lifecycle took to complete: 0ms
01-20 19:07:13.187 1477 3843 V SystemServerTimingAsync: ssm.onCompletedEventUser-0_{|Unlocked|}_com.android.server.twilight.TwilightService took to complete: 0ms
01-20 19:07:13.187 1477 3844 D SystemServerTimingAsync: ssm.onCompletedEventUser-0_{|Unlocked|}_com.android.server.job.JobSchedulerService
01-20 19:07:13.187 1477 3843 D SystemServerTimingAsync: ssm.onCompletedEventUser-0_{|Unlocked|}_com.android.server.soundtrigger.SoundTriggerService
01-20 19:07:13.187 1477 3843 V SystemServerTimingAsync: ssm.onCompletedEventUser-0_{|Unlocked|}_com.android.server.soundtrigger.SoundTriggerService took to complete: 0ms
01-20 19:07:13.187 1477 3843 D SystemServerTimingAsync: ssm.onCompletedEventUser-0_{|Unlocked|}_com.android.server.trust.TrustManagerService
01-20 19:07:13.187 1477 3843 V SystemServerTimingAsync: ssm.onCompletedEventUser-0_{|Unlocked|}_com.android.server.trust.TrustManagerService took to complete: 0ms
01-20 19:07:13.187 1477 3843 D SystemServerTimingAsync: ssm.onCompletedEventUser-0_{|Unlocked|}_com.android.server.backup.BackupManagerService$Lifecycle
01-20 19:07:13.187 1477 3843 V SystemServerTimingAsync: ssm.onCompletedEventUser-0_{|Unlocked|}_com.android.server.backup.BackupManagerService$Lifecycle took to complete: 0ms
01-20 19:07:13.187 1477 3842 D SystemServerTimingAsync: ssm.onCompletedEventUser-0_{|Unlocked|}_com.android.server.display.color.ColorDisplayService
01-20 19:07:13.187 1477 3843 D SystemServerTimingAsync: ssm.onCompletedEventUser-0_{|Unlocked|}_com.android.server.appwidget.AppWidgetService
01-20 19:07:13.187 1477 3843 V SystemServerTimingAsync: ssm.onCompletedEventUser-0_{|Unlocked|}_com.android.server.appwidget.AppWidgetService took to complete: 0ms
01-20 19:07:13.187 1477 3843 D SystemServerTimingAsync: ssm.onCompletedEventUser-0_{|Unlocked|}_com.android.server.voiceinteraction.VoiceInteractionManagerService
01-20 19:07:13.187 1477 3843 V SystemServerTimingAsync: ssm.onCompletedEventUser-0_{|Unlocked|}_com.android.server.voiceinteraction.VoiceInteractionManagerService took to complete: 0ms
01-20 19:07:13.187 1477 3843 D SystemServerTimingAsync: ssm.onCompletedEventUser-0_{|Unlocked|}_com.android.server.apphibernation.AppHibernationService
01-20 19:07:13.187 1477 3843 V SystemServerTimingAsync: ssm.onCompletedEventUser-0_{|Unlocked|}_com.android.server.apphibernation.AppHibernationService took to complete: 0ms
01-20 19:07:13.187 1477 3843 D SystemServerTimingAsync: ssm.onCompletedEventUser-0_{|Unlocked|}_com.android.server.GestureLauncherService
01-20 19:07:13.187 1477 3843 V SystemServerTimingAsync: ssm.onCompletedEventUser-0_{|Unlocked|}_com.android.server.GestureLauncherService took to complete: 0ms
01-20 19:07:13.187 1477 3843 D SystemServerTimingAsync: ssm.onCompletedEventUser-0_{|Unlocked|}_com.android.server.SensorNotificationService
01-20 19:07:13.187 1477 3843 V SystemServerTimingAsync: ssm.onCompletedEventUser-0_{|Unlocked|}_com.android.server.SensorNotificationService took to complete: 0ms
01-20 19:07:13.187 1477 3843 D SystemServerTimingAsync: ssm.onCompletedEventUser-0_{|Unlocked|}_com.android.server.emergency.EmergencyAffordanceService
01-20 19:07:13.187 1477 3843 V SystemServerTimingAsync: ssm.onCompletedEventUser-0_{|Unlocked|}_com.android.server.emergency.EmergencyAffordanceService took to complete: 0ms
01-20 19:07:13.187 1477 3843 D SystemServerTimingAsync: ssm.onCompletedEventUser-0_{|Unlocked|}_com.android.server.blob.BlobStoreManagerService
01-20 19:07:13.187 1477 3843 V SystemServerTimingAsync: ssm.onCompletedEventUser-0_{|Unlocked|}_com.android.server.blob.BlobStoreManagerService took to complete: 0ms
01-20 19:07:13.187 1477 3843 D SystemServerTimingAsync: ssm.onCompletedEventUser-0_{|Unlocked|}_com.android.server.dreams.DreamManagerService
01-20 19:07:13.187 1477 3843 V SystemServerTimingAsync: ssm.onCompletedEventUser-0_{|Unlocked|}_com.android.server.dreams.DreamManagerService took to complete: 0ms
01-20 19:07:13.187 1477 3843 D SystemServerTimingAsync: ssm.onCompletedEventUser-0_{|Unlocked|}_com.android.server.print.PrintManagerService
01-20 19:07:13.187 1477 3843 V SystemServerTimingAsync: ssm.onCompletedEventUser-0_{|Unlocked|}_com.android.server.print.PrintManagerService took to complete: 0ms
01-20 19:07:13.187 1477 3843 D SystemServerTimingAsync: ssm.onCompletedEventUser-0_{|Unlocked|}_com.android.server.security.AttestationVerificationManagerService
01-20 19:07:13.187 1477 3843 V SystemServerTimingAsync: ssm.onCompletedEventUser-0_{|Unlocked|}_com.android.server.security.AttestationVerificationManagerService took to complete: 0ms
01-20 19:07:13.187 1477 3843 D SystemServerTimingAsync: ssm.onCompletedEventUser-0_{|Unlocked|}_com.android.server.companion.CompanionDeviceManagerService
01-20 19:07:13.187 1477 3843 V SystemServerTimingAsync: ssm.onCompletedEventUser-0_{|Unlocked|}_com.android.server.companion.CompanionDeviceManagerService took to complete: 0ms
01-20 19:07:13.187 1477 3843 D SystemServerTimingAsync: ssm.onCompletedEventUser-0_{|Unlocked|}_com.android.server.companion.virtual.VirtualDeviceManagerService
01-20 19:07:13.187 1477 3843 V SystemServerTimingAsync: ssm.onCompletedEventUser-0_{|Unlocked|}_com.android.server.companion.virtual.VirtualDeviceManagerService took to complete: 0ms
01-20 19:07:13.188 1477 3843 D SystemServerTimingAsync: ssm.onCompletedEventUser-0_{|Unlocked|}_com.android.server.restrictions.RestrictionsManagerService
01-20 19:07:13.188 1477 3843 V SystemServerTimingAsync: ssm.onCompletedEventUser-0_{|Unlocked|}_com.android.server.restrictions.RestrictionsManagerService took to complete: 0ms
01-20 19:07:13.188 1477 3843 D SystemServerTimingAsync: ssm.onCompletedEventUser-0_{|Unlocked|}_com.android.server.media.MediaSessionService
01-20 19:07:13.188 1477 3843 V SystemServerTimingAsync: ssm.onCompletedEventUser-0_{|Unlocked|}_com.android.server.media.MediaSessionService took to complete: 0ms
01-20 19:07:13.188 1477 3843 D SystemServerTimingAsync: ssm.onCompletedEventUser-0_{|Unlocked|}_com.android.server.media.MediaResourceMonitorService
01-20 19:07:13.188 1477 3843 V SystemServerTimingAsync: ssm.onCompletedEventUser-0_{|Unlocked|}_com.android.server.media.MediaResourceMonitorService took to complete: 0ms
01-20 19:07:13.188 1477 3842 V SystemServerTimingAsync: ssm.onCompletedEventUser-0_{|Unlocked|}_com.android.server.display.color.ColorDisplayService took to complete: 0ms
01-20 19:07:13.188 1477 3843 D SystemServerTimingAsync: ssm.onCompletedEventUser-0_{|Unlocked|}_com.android.server.biometrics.sensors.fingerprint.FingerprintService
01-20 19:07:13.188 1477 3842 D SystemServerTimingAsync: ssm.onCompletedEventUser-0_{|Unlocked|}_com.android.server.biometrics.BiometricService
01-20 19:07:13.188 1477 3843 V SystemServerTimingAsync: ssm.onCompletedEventUser-0_{|Unlocked|}_com.android.server.biometrics.sensors.fingerprint.FingerprintService took to complete: 0ms
01-20 19:07:13.188 1477 3844 V SystemServerTimingAsync: ssm.onCompletedEventUser-0_{|Unlocked|}_com.android.server.job.JobSchedulerService took to complete: 1ms
01-20 19:07:13.188 1477 3843 D SystemServerTimingAsync: ssm.onCompletedEventUser-0_{|Unlocked|}_com.android.server.biometrics.AuthService
01-20 19:07:13.188 1477 3842 V SystemServerTimingAsync: ssm.onCompletedEventUser-0_{|Unlocked|}_com.android.server.biometrics.BiometricService took to complete: 0ms
01-20 19:07:13.188 1477 3843 V SystemServerTimingAsync: ssm.onCompletedEventUser-0_{|Unlocked|}_com.android.server.biometrics.AuthService took to complete: 0ms
01-20 19:07:13.188 1477 3842 D SystemServerTimingAsync: ssm.onCompletedEventUser-0_{|Unlocked|}_com.android.server.pm.LauncherAppsService
01-20 19:07:13.188 1477 3843 D SystemServerTimingAsync: ssm.onCompletedEventUser-0_{|Unlocked|}_com.android.server.pm.CrossProfileAppsService
01-20 19:07:13.188 1477 3844 D SystemServerTimingAsync: ssm.onCompletedEventUser-0_{|Unlocked|}_com.android.server.pm.ShortcutService$Lifecycle
01-20 19:07:13.188 1477 3843 V SystemServerTimingAsync: ssm.onCompletedEventUser-0_{|Unlocked|}_com.android.server.pm.CrossProfileAppsService took to complete: 0ms
01-20 19:07:13.188 1477 3842 V SystemServerTimingAsync: ssm.onCompletedEventUser-0_{|Unlocked|}_com.android.server.pm.LauncherAppsService took to complete: 0ms
01-20 19:07:13.188 1477 3843 D SystemServerTimingAsync: ssm.onCompletedEventUser-0_{|Unlocked|}_com.android.server.people.PeopleService
01-20 19:07:13.188 1477 3844 V SystemServerTimingAsync: ssm.onCompletedEventUser-0_{|Unlocked|}_com.android.server.pm.ShortcutService$Lifecycle took to complete: 0ms
01-20 19:07:13.188 1477 3843 V SystemServerTimingAsync: ssm.onCompletedEventUser-0_{|Unlocked|}_com.android.server.people.PeopleService took to complete: 0ms
01-20 19:07:13.188 1477 3844 D SystemServerTimingAsync: ssm.onCompletedEventUser-0_{|Unlocked|}_com.android.server.media.projection.MediaProjectionManagerService
01-20 19:07:13.188 1477 3843 D SystemServerTimingAsync: ssm.onCompletedEventUser-0_{|Unlocked|}_com.android.server.slice.SliceManagerService$Lifecycle
01-20 19:07:13.188 1477 3842 D SystemServerTimingAsync: ssm.onCompletedEventUser-0_{|Unlocked|}_com.android.server.media.metrics.MediaMetricsManagerService
01-20 19:07:13.188 1477 3843 V SystemServerTimingAsync: ssm.onCompletedEventUser-0_{|Unlocked|}_com.android.server.slice.SliceManagerService$Lifecycle took to complete: 0ms
01-20 19:07:13.188 1477 3844 V SystemServerTimingAsync: ssm.onCompletedEventUser-0_{|Unlocked|}_com.android.server.media.projection.MediaProjectionManagerService took to complete: 0ms
01-20 19:07:13.188 1477 3843 D SystemServerTimingAsync: ssm.onCompletedEventUser-0_{|Unlocked|}_com.android.server.stats.StatsCompanion$Lifecycle
01-20 19:07:13.188 1477 3844 D SystemServerTimingAsync: ssm.onCompletedEventUser-0_{|Unlocked|}_com.android.server.scheduling.RebootReadinessManagerService$Lifecycle
01-20 19:07:13.188 1477 3843 V SystemServerTimingAsync: ssm.onCompletedEventUser-0_{|Unlocked|}_com.android.server.stats.StatsCompanion$Lifecycle took to complete: 0ms
01-20 19:07:13.188 1477 3842 V SystemServerTimingAsync: ssm.onCompletedEventUser-0_{|Unlocked|}_com.android.server.media.metrics.MediaMetricsManagerService took to complete: 0ms
01-20 19:07:13.188 1477 3843 D SystemServerTimingAsync: ssm.onCompletedEventUser-0_{|Unlocked|}_com.android.server.stats.pull.StatsPullAtomService
01-20 19:07:13.188 1477 3844 V SystemServerTimingAsync: ssm.onCompletedEventUser-0_{|Unlocked|}_com.android.server.scheduling.RebootReadinessManagerService$Lifecycle took to complete: 0ms
01-20 19:07:13.188 1477 3843 V SystemServerTimingAsync: ssm.onCompletedEventUser-0_{|Unlocked|}_com.android.server.stats.pull.StatsPullAtomService took to complete: 0ms
01-20 19:07:13.188 1477 3844 D SystemServerTimingAsync: ssm.onCompletedEventUser-0_{|Unlocked|}_com.android.server.incident.IncidentCompanionService
01-20 19:07:13.188 1477 3843 D SystemServerTimingAsync: ssm.onCompletedEventUser-0_{|Unlocked|}_com.android.server.sdksandbox.SdkSandboxManagerService$Lifecycle
01-20 19:07:13.188 1477 3842 D SystemServerTimingAsync: ssm.onCompletedEventUser-0_{|Unlocked|}_com.android.server.stats.bootstrap.StatsBootstrapAtomService$Lifecycle
01-20 19:07:13.188 1477 3843 V SystemServerTimingAsync: ssm.onCompletedEventUser-0_{|Unlocked|}_com.android.server.sdksandbox.SdkSandboxManagerService$Lifecycle took to complete: 0ms
01-20 19:07:13.188 1477 3844 V SystemServerTimingAsync: ssm.onCompletedEventUser-0_{|Unlocked|}_com.android.server.incident.IncidentCompanionService took to complete: 0ms
01-20 19:07:13.188 1477 3843 D SystemServerTimingAsync: ssm.onCompletedEventUser-0_{|Unlocked|}_com.android.server.adservices.AdServicesManagerService$Lifecycle
01-20 19:07:13.188 1477 3842 V SystemServerTimingAsync: ssm.onCompletedEventUser-0_{|Unlocked|}_com.android.server.stats.bootstrap.StatsBootstrapAtomService$Lifecycle took to complete: 0ms
01-20 19:07:13.188 1477 3843 V SystemServerTimingAsync: ssm.onCompletedEventUser-0_{|Unlocked|}_com.android.server.adservices.AdServicesManagerService$Lifecycle took to complete: 0ms
01-20 19:07:13.188 1477 3842 D SystemServerTimingAsync: ssm.onCompletedEventUser-0_{|Unlocked|}_com.android.server.autofill.AutofillManagerService
01-20 19:07:13.188 1477 3843 D SystemServerTimingAsync: ssm.onCompletedEventUser-0_{|Unlocked|}_com.android.server.clipboard.ClipboardService
01-20 19:07:13.189 1477 3844 D SystemServerTimingAsync: ssm.onCompletedEventUser-0_{|Unlocked|}_com.android.server.MmsServiceBroker
01-20 19:07:13.189 1477 3843 V SystemServerTimingAsync: ssm.onCompletedEventUser-0_{|Unlocked|}_com.android.server.clipboard.ClipboardService took to complete: 0ms
01-20 19:07:13.189 1477 3842 V SystemServerTimingAsync: ssm.onCompletedEventUser-0_{|Unlocked|}_com.android.server.autofill.AutofillManagerService took to complete: 0ms
01-20 19:07:13.189 1477 3843 D SystemServerTimingAsync: ssm.onCompletedEventUser-0_{|Unlocked|}_com.android.server.appbinding.AppBindingService$Lifecycle
01-20 19:07:13.189 1477 3844 V SystemServerTimingAsync: ssm.onCompletedEventUser-0_{|Unlocked|}_com.android.server.MmsServiceBroker took to complete: 0ms
01-20 19:07:13.189 1477 3843 V SystemServerTimingAsync: ssm.onCompletedEventUser-0_{|Unlocked|}_com.android.server.appbinding.AppBindingService$Lifecycle took to complete: 0ms
01-20 19:07:13.189 1477 3842 D SystemServerTimingAsync: ssm.onCompletedEventUser-0_{|Unlocked|}_com.android.server.tracing.TracingServiceProxy
01-20 19:07:13.189 1477 3842 V SystemServerTimingAsync: ssm.onCompletedEventUser-0_{|Unlocked|}_com.android.server.tracing.TracingServiceProxy took to complete: 0ms
01-20 19:07:13.189 1477 3843 D SystemServerTimingAsync: ssm.onCompletedEventUser-0_{|Unlocked|}_org.lineageos.platform.internal.LineageHardwareService
01-20 19:07:13.189 1477 3842 D SystemServerTimingAsync: ssm.onCompletedEventUser-0_{|Unlocked|}_org.lineageos.platform.internal.display.LiveDisplayService
01-20 19:07:13.189 1477 3843 V SystemServerTimingAsync: ssm.onCompletedEventUser-0_{|Unlocked|}_org.lineageos.platform.internal.LineageHardwareService took to complete: 0ms
01-20 19:07:13.189 1477 3843 D SystemServerTimingAsync: ssm.onCompletedEventUser-0_{|Unlocked|}_org.lineageos.platform.internal.TrustInterfaceService
01-20 19:07:13.189 1477 3843 V SystemServerTimingAsync: ssm.onCompletedEventUser-0_{|Unlocked|}_org.lineageos.platform.internal.TrustInterfaceService took to complete: 0ms
01-20 19:07:13.189 1477 3843 D SystemServerTimingAsync: ssm.onCompletedEventUser-0_{|Unlocked|}_org.lineageos.platform.internal.LineageSettingsService
01-20 19:07:13.189 1477 3843 V SystemServerTimingAsync: ssm.onCompletedEventUser-0_{|Unlocked|}_org.lineageos.platform.internal.LineageSettingsService took to complete: 0ms
01-20 19:07:13.189 1477 3843 D SystemServerTimingAsync: ssm.onCompletedEventUser-0_{|Unlocked|}_org.lineageos.platform.internal.LineageGlobalActionsService
01-20 19:07:13.189 1477 3843 V SystemServerTimingAsync: ssm.onCompletedEventUser-0_{|Unlocked|}_org.lineageos.platform.internal.LineageGlobalActionsService took to complete: 0ms
01-20 19:07:13.189 1477 3843 D SystemServerTimingAsync: ssm.onCompletedEventUser-0_{|Unlocked|}_org.lineageos.platform.internal.health.HealthInterfaceService
01-20 19:07:13.189 1477 3843 V SystemServerTimingAsync: ssm.onCompletedEventUser-0_{|Unlocked|}_org.lineageos.platform.internal.health.HealthInterfaceService took to complete: 0ms
01-20 19:07:13.189 1477 3843 D SystemServerTimingAsync: ssm.onCompletedEventUser-0_{|Unlocked|}_com.android.server.policy.PermissionPolicyService
01-20 19:07:13.189 1477 3843 V SystemServerTimingAsync: ssm.onCompletedEventUser-0_{|Unlocked|}_com.android.server.policy.PermissionPolicyService took to complete: 0ms
01-20 19:07:13.189 1477 3843 D SystemServerTimingAsync: ssm.onCompletedEventUser-0_{|Unlocked|}_com.android.server.pm.StagingManager$Lifecycle
01-20 19:07:13.189 1477 3843 V SystemServerTimingAsync: ssm.onCompletedEventUser-0_{|Unlocked|}_com.android.server.pm.StagingManager$Lifecycle took to complete: 1ms
01-20 19:07:13.189 1477 3843 D SystemServerTimingAsync: ssm.onCompletedEventUser-0_{|Unlocked|}_com.android.server.app.GameManagerService$Lifecycle
01-20 19:07:13.189 1477 3843 V SystemServerTimingAsync: ssm.onCompletedEventUser-0_{|Unlocked|}_com.android.server.app.GameManagerService$Lifecycle took to complete: 0ms
01-20 19:07:13.189 1477 3843 D SystemServerTimingAsync: ssm.onCompletedEventUser-0_{|Unlocked|}_com.android.safetycenter.SafetyCenterService
01-20 19:07:13.189 1477 3843 V SystemServerTimingAsync: ssm.onCompletedEventUser-0_{|Unlocked|}_com.android.safetycenter.SafetyCenterService took to complete: 0ms
01-20 19:07:13.189 1477 3843 D SystemServerTimingAsync: ssm.onCompletedEventUser-0_{|Unlocked|}_com.android.server.appsearch.AppSearchModule$Lifecycle
01-20 19:07:13.189 1477 3843 V SystemServerTimingAsync: ssm.onCompletedEventUser-0_{|Unlocked|}_com.android.server.appsearch.AppSearchModule$Lifecycle took to complete: 0ms
01-20 19:07:13.189 1477 3843 D SystemServerTimingAsync: ssm.onCompletedEventUser-0_{|Unlocked|}_com.android.server.media.MediaCommunicationService
01-20 19:07:13.189 1477 3843 V SystemServerTimingAsync: ssm.onCompletedEventUser-0_{|Unlocked|}_com.android.server.media.MediaCommunicationService took to complete: 0ms
01-20 19:07:13.189 1477 3843 D SystemServerTimingAsync: ssm.onCompletedEventUser-0_{|Unlocked|}_com.android.server.compat.overrides.AppCompatOverridesService$Lifecycle
01-20 19:07:13.189 1477 3843 V SystemServerTimingAsync: ssm.onCompletedEventUser-0_{|Unlocked|}_com.android.server.compat.overrides.AppCompatOverridesService$Lifecycle took to complete: 0ms
01-20 19:07:13.194 1477 3844 D SystemServerTimingAsync: ssm.onCompletedEventUser-0_{|Unlocked|}_org.lineageos.platform.internal.ProfileManagerService
01-20 19:07:13.194 1477 3844 V SystemServerTimingAsync: ssm.onCompletedEventUser-0_{|Unlocked|}_org.lineageos.platform.internal.ProfileManagerService took to complete: 0ms
01-20 19:07:13.194 1477 3842 V SystemServerTimingAsync: ssm.onCompletedEventUser-0_{|Unlocked|}_org.lineageos.platform.internal.display.LiveDisplayService took to complete: 0ms
01-20 19:07:13.194 1477 1755 V SystemServerTimingAsync: ssm.CompletedEventUser-0 took to complete: 21ms
01-20 19:07:14.581 1477 2728 W ContextImpl: Calling a method in the system process without a qualified user: android.app.ContextImpl.sendBroadcastMultiplePermissions:1222 com.android.server.TelephonyRegistry.broadcastServiceStateChanged:3111 com.android.server.TelephonyRegistry.notifyServiceStateForPhoneId:1616 com.android.internal.telephony.ITelephonyRegistry$Stub.onTransact:492 android.os.Binder.execTransactInternal:1280
01-20 19:07:14.582 1477 2728 W ContextImpl: Calling a method in the system process without a qualified user: android.app.ContextImpl.sendBroadcastMultiplePermissions:1272 android.content.Context.sendBroadcastMultiplePermissions:2272 com.android.server.TelephonyRegistry.broadcastServiceStateChanged:3114 com.android.server.TelephonyRegistry.notifyServiceStateForPhoneId:1616 com.android.internal.telephony.ITelephonyRegistry$Stub.onTransact:492
01-20 19:07:14.585 1477 1755 D OomAdjuster: Not killing cached processes
01-20 19:07:14.586 1477 2728 W ContextImpl: Calling a method in the system process without a qualified user: android.app.ContextImpl.sendBroadcastMultiplePermissions:1272 com.android.server.TelephonyRegistry.broadcastServiceStateChanged:3121 com.android.server.TelephonyRegistry.notifyServiceStateForPhoneId:1616 com.android.internal.telephony.ITelephonyRegistry$Stub.onTransact:492 android.os.Binder.execTransactInternal:1280
01-20 19:07:14.589 1477 2728 W ContextImpl: Calling a method in the system process without a qualified user: android.app.ContextImpl.sendBroadcastMultiplePermissions:1272 com.android.server.TelephonyRegistry.broadcastServiceStateChanged:3126 com.android.server.TelephonyRegistry.notifyServiceStateForPhoneId:1616 com.android.internal.telephony.ITelephonyRegistry$Stub.onTransact:492 android.os.Binder.execTransactInternal:1280
01-20 19:07:14.591 1477 1755 W BroadcastQueue: Appop Denial: receiving Intent { act=android.intent.action.SERVICE_STATE flg=0x1000010 (has extras) } to ProcessRecord{d39a49b 2241:com.android.systemui/u0a135} (pid=2241, uid=10135) excludes appop android:read_phone_state due to sender android (uid 1001)
01-20 19:07:14.602 1477 2467 D CompatibilityChangeReporter: Compat change id reported: 181658987; UID 1000; state: ENABLED
01-20 19:07:14.639 1477 2728 W BroadcastQueue: Permission Denial: receiving Intent { act=android.intent.action.SERVICE_STATE flg=0x1000010 (has extras) } to com.android.cellbroadcastreceiver.module/com.android.cellbroadcastreceiver.CellBroadcastReceiver requires android.permission.READ_PHONE_STATE due to sender android (uid 1001)
01-20 19:07:14.661 1477 2467 W ContextImpl: Calling a method in the system process without a qualified user: android.app.ContextImpl.sendBroadcastMultiplePermissions:1272 android.content.Context.sendBroadcastMultiplePermissions:2272 com.android.server.TelephonyRegistry.broadcastDataConnectionStateChanged:3281 com.android.server.TelephonyRegistry.notifyDataConnectionForSubscriber:2036 com.android.internal.telephony.ITelephonyRegistry$Stub.onTransact:571
01-20 19:07:14.665 1477 1755 W BroadcastQueue: Appop Denial: receiving Intent { act=android.intent.action.ANY_DATA_STATE flg=0x10 (has extras) } to ProcessRecord{4bef431 3131:.dataservices/1001} (pid=3131, uid=1001) excludes appop android:read_phone_state due to sender android (uid 1001)
01-20 19:07:14.749 1477 2612 W ContextImpl: Calling a method in the system process without a qualified user: android.app.ContextImpl.sendBroadcastMultiplePermissions:1272 android.content.Context.sendBroadcastMultiplePermissions:2272 com.android.server.TelephonyRegistry.broadcastDataConnectionStateChanged:3281 com.android.server.TelephonyRegistry.notifyDataConnectionForSubscriber:2036 com.android.internal.telephony.ITelephonyRegistry$Stub.onTransact:571
01-20 19:07:14.750 1477 1755 W BroadcastQueue: Appop Denial: receiving Intent { act=android.intent.action.ANY_DATA_STATE flg=0x10 (has extras) } to ProcessRecord{4bef431 3131:.dataservices/1001} (pid=3131, uid=1001) excludes appop android:read_phone_state due to sender android (uid 1001)
01-20 19:07:14.794 1477 2728 W ContextImpl: Calling a method in the system process without a qualified user: android.app.ContextImpl.sendBroadcastMultiplePermissions:1222 com.android.server.TelephonyRegistry.broadcastServiceStateChanged:3111 com.android.server.TelephonyRegistry.notifyServiceStateForPhoneId:1616 com.android.internal.telephony.ITelephonyRegistry$Stub.onTransact:492 android.os.Binder.execTransactInternal:1280
01-20 19:07:14.796 1477 2728 W ContextImpl: Calling a method in the system process without a qualified user: android.app.ContextImpl.sendBroadcastMultiplePermissions:1272 android.content.Context.sendBroadcastMultiplePermissions:2272 com.android.server.TelephonyRegistry.broadcastServiceStateChanged:3114 com.android.server.TelephonyRegistry.notifyServiceStateForPhoneId:1616 com.android.internal.telephony.ITelephonyRegistry$Stub.onTransact:492
01-20 19:07:14.797 1477 2728 W ContextImpl: Calling a method in the system process without a qualified user: android.app.ContextImpl.sendBroadcastMultiplePermissions:1272 com.android.server.TelephonyRegistry.broadcastServiceStateChanged:3121 com.android.server.TelephonyRegistry.notifyServiceStateForPhoneId:1616 com.android.internal.telephony.ITelephonyRegistry$Stub.onTransact:492 android.os.Binder.execTransactInternal:1280
01-20 19:07:14.798 1477 1755 W BroadcastQueue: Permission Denial: receiving Intent { act=android.intent.action.SERVICE_STATE flg=0x1000010 (has extras) } to com.android.cellbroadcastreceiver.module/com.android.cellbroadcastreceiver.CellBroadcastReceiver requires android.permission.READ_PHONE_STATE due to sender android (uid 1001)
01-20 19:07:14.798 1477 2728 W ContextImpl: Calling a method in the system process without a qualified user: android.app.ContextImpl.sendBroadcastMultiplePermissions:1272 com.android.server.TelephonyRegistry.broadcastServiceStateChanged:3126 com.android.server.TelephonyRegistry.notifyServiceStateForPhoneId:1616 com.android.internal.telephony.ITelephonyRegistry$Stub.onTransact:492 android.os.Binder.execTransactInternal:1280
01-20 19:07:14.799 1477 1755 W BroadcastQueue: Appop Denial: receiving Intent { act=android.intent.action.SERVICE_STATE flg=0x1000010 (has extras) } to ProcessRecord{d39a49b 2241:com.android.systemui/u0a135} (pid=2241, uid=10135) excludes appop android:read_phone_state due to sender android (uid 1001)
01-20 19:07:15.202 1477 2728 W ContextImpl: Calling a method in the system process without a qualified user: android.app.ContextImpl.sendBroadcastMultiplePermissions:1222 com.android.server.TelephonyRegistry.broadcastServiceStateChanged:3111 com.android.server.TelephonyRegistry.notifyServiceStateForPhoneId:1616 com.android.internal.telephony.ITelephonyRegistry$Stub.onTransact:492 android.os.Binder.execTransactInternal:1280
01-20 19:07:15.203 1477 2728 W ContextImpl: Calling a method in the system process without a qualified user: android.app.ContextImpl.sendBroadcastMultiplePermissions:1272 android.content.Context.sendBroadcastMultiplePermissions:2272 com.android.server.TelephonyRegistry.broadcastServiceStateChanged:3114 com.android.server.TelephonyRegistry.notifyServiceStateForPhoneId:1616 com.android.internal.telephony.ITelephonyRegistry$Stub.onTransact:492
01-20 19:07:15.203 1477 2728 W ContextImpl: Calling a method in the system process without a qualified user: android.app.ContextImpl.sendBroadcastMultiplePermissions:1272 com.android.server.TelephonyRegistry.broadcastServiceStateChanged:3121 com.android.server.TelephonyRegistry.notifyServiceStateForPhoneId:1616 com.android.internal.telephony.ITelephonyRegistry$Stub.onTransact:492 android.os.Binder.execTransactInternal:1280
01-20 19:07:15.205 1477 2728 W ContextImpl: Calling a method in the system process without a qualified user: android.app.ContextImpl.sendBroadcastMultiplePermissions:1272 com.android.server.TelephonyRegistry.broadcastServiceStateChanged:3126 com.android.server.TelephonyRegistry.notifyServiceStateForPhoneId:1616 com.android.internal.telephony.ITelephonyRegistry$Stub.onTransact:492 android.os.Binder.execTransactInternal:1280
01-20 19:07:15.206 1477 1755 W BroadcastQueue: Permission Denial: receiving Intent { act=android.intent.action.SERVICE_STATE flg=0x1000010 (has extras) } to com.android.cellbroadcastreceiver.module/com.android.cellbroadcastreceiver.CellBroadcastReceiver requires android.permission.READ_PHONE_STATE due to sender android (uid 1001)
01-20 19:07:15.207 1477 1755 W BroadcastQueue: Appop Denial: receiving Intent { act=android.intent.action.SERVICE_STATE flg=0x1000010 (has extras) } to ProcessRecord{d39a49b 2241:com.android.systemui/u0a135} (pid=2241, uid=10135) excludes appop android:read_phone_state due to sender android (uid 1001)
01-20 19:07:15.256 1477 2728 W ContextImpl: Calling a method in the system process without a qualified user: android.app.ContextImpl.sendBroadcastMultiplePermissions:1272 android.content.Context.sendBroadcastMultiplePermissions:2272 com.android.server.TelephonyRegistry.broadcastDataConnectionStateChanged:3281 com.android.server.TelephonyRegistry.notifyDataConnectionForSubscriber:2036 com.android.internal.telephony.ITelephonyRegistry$Stub.onTransact:571
01-20 19:07:15.257 1477 1755 W BroadcastQueue: Appop Denial: receiving Intent { act=android.intent.action.ANY_DATA_STATE flg=0x10 (has extras) } to ProcessRecord{4bef431 3131:.dataservices/1001} (pid=3131, uid=1001) excludes appop android:read_phone_state due to sender android (uid 1001)
01-20 19:07:15.338 1477 2612 W ContextImpl: Calling a method in the system process without a qualified user: android.app.ContextImpl.sendBroadcastMultiplePermissions:1272 android.content.Context.sendBroadcastMultiplePermissions:2272 com.android.server.TelephonyRegistry.broadcastDataConnectionStateChanged:3281 com.android.server.TelephonyRegistry.notifyDataConnectionForSubscriber:2036 com.android.internal.telephony.ITelephonyRegistry$Stub.onTransact:571
01-20 19:07:15.340 1477 1755 W BroadcastQueue: Appop Denial: receiving Intent { act=android.intent.action.ANY_DATA_STATE flg=0x10 (has extras) } to ProcessRecord{4bef431 3131:.dataservices/1001} (pid=3131, uid=1001) excludes appop android:read_phone_state due to sender android (uid 1001)
01-20 19:07:15.350 1477 1755 D CompatibilityChangeReporter: Compat change id reported: 168419799; UID 10077; state: DISABLED
01-20 19:07:15.350 1477 1755 D CompatibilityChangeReporter: Compat change id reported: 273564678; UID 10077; state: DISABLED
01-20 19:07:15.355 1477 2728 D CompatibilityChangeReporter: Compat change id reported: 194532703; UID 10077; state: ENABLED
01-20 19:07:15.389 1477 2467 W ContextImpl: Calling a method in the system process without a qualified user: android.app.ContextImpl.sendBroadcastMultiplePermissions:1222 com.android.server.TelephonyRegistry.broadcastServiceStateChanged:3111 com.android.server.TelephonyRegistry.notifyServiceStateForPhoneId:1616 com.android.internal.telephony.ITelephonyRegistry$Stub.onTransact:492 android.os.Binder.execTransactInternal:1280
01-20 19:07:15.391 1477 2467 W ContextImpl: Calling a method in the system process without a qualified user: android.app.ContextImpl.sendBroadcastMultiplePermissions:1272 android.content.Context.sendBroadcastMultiplePermissions:2272 com.android.server.TelephonyRegistry.broadcastServiceStateChanged:3114 com.android.server.TelephonyRegistry.notifyServiceStateForPhoneId:1616 com.android.internal.telephony.ITelephonyRegistry$Stub.onTransact:492
01-20 19:07:15.393 1477 2467 W ContextImpl: Calling a method in the system process without a qualified user: android.app.ContextImpl.sendBroadcastMultiplePermissions:1272 com.android.server.TelephonyRegistry.broadcastServiceStateChanged:3121 com.android.server.TelephonyRegistry.notifyServiceStateForPhoneId:1616 com.android.internal.telephony.ITelephonyRegistry$Stub.onTransact:492 android.os.Binder.execTransactInternal:1280
01-20 19:07:15.394 1477 2467 W ContextImpl: Calling a method in the system process without a qualified user: android.app.ContextImpl.sendBroadcastMultiplePermissions:1272 com.android.server.TelephonyRegistry.broadcastServiceStateChanged:3126 com.android.server.TelephonyRegistry.notifyServiceStateForPhoneId:1616 com.android.internal.telephony.ITelephonyRegistry$Stub.onTransact:492 android.os.Binder.execTransactInternal:1280
01-20 19:07:15.395 1477 1755 W BroadcastQueue: Permission Denial: receiving Intent { act=android.intent.action.SERVICE_STATE flg=0x1000010 (has extras) } to com.android.cellbroadcastreceiver.module/com.android.cellbroadcastreceiver.CellBroadcastReceiver requires android.permission.READ_PHONE_STATE due to sender android (uid 1001)
01-20 19:07:15.396 1477 1755 W BroadcastQueue: Appop Denial: receiving Intent { act=android.intent.action.SERVICE_STATE flg=0x1000010 (has extras) } to ProcessRecord{d39a49b 2241:com.android.systemui/u0a135} (pid=2241, uid=10135) excludes appop android:read_phone_state due to sender android (uid 1001) --------- beginning of kernel
01-20 19:07:15.658 0 0 E __validate_layers: layer:2 validation failed ret=-22
01-20 19:07:15.658 0 0 E mdss_fb_atomic_commit_ioctl: atomic commit failed ret:-22
01-20 19:07:15.675 0 0 E __layer_param_check: invalid source image img flag=0 wh=1472x96 rect=0,0,720,2832
01-20 19:07:15.675 0 0 E __validate_layers: layer:2 validation failed ret=-22
01-20 19:07:15.675 0 0 E mdss_fb_atomic_commit_ioctl: atomic commit failed ret:-22
01-20 19:07:15.692 0 0 E __layer_param_check: invalid source image img flag=0 wh=1472x96 rect=0,0,720,2832
01-20 19:07:15.692 0 0 E __validate_layers: layer:2 validation failed ret=-22
01-20 19:07:15.692 0 0 E mdss_fb_atomic_commit_ioctl: atomic commit failed ret:-22
01-20 19:07:15.709 0 0 E __layer_param_check: invalid source image img flag=0 wh=1472x96 rect=0,0,720,2816
01-20 19:07:15.709 0 0 E __validate_layers: layer:2 validation failed ret=-22
01-20 19:07:15.709 0 0 E mdss_fb_atomic_commit_ioctl: atomic commit failed ret:-22
01-20 19:07:15.742 0 0 E __layer_param_check: invalid source image img flag=0 wh=1472x96 rect=0,0,720,2816
01-20 19:07:15.743 0 0 E __validate_layers: layer:2 validation failed ret=-22
01-20 19:07:15.743 0 0 E mdss_fb_atomic_commit_ioctl: atomic commit failed ret:-22
01-20 19:07:15.776 0 0 E __layer_param_check: invalid source image img flag=0 wh=1472x96 rect=0,0,720,2816
01-20 19:07:15.776 0 0 E __validate_layers: layer:2 validation failed ret=-22
01-20 19:07:15.776 0 0 E mdss_fb_atomic_commit_ioctl: atomic commit failed ret:-22
01-20 19:07:15.809 0 0 E __layer_param_check: invalid source image img flag=0 wh=1472x96 rect=0,0,720,2816
01-20 19:07:15.809 0 0 E __validate_layers: layer:2 validation failed ret=-22
01-20 19:07:15.809 0 0 E mdss_fb_atomic_commit_ioctl: atomic commit failed ret:-22
01-20 19:07:15.842 0 0 E __layer_param_check: invalid source image img flag=0 wh=1472x96 rect=0,0,720,2800
01-20 19:07:15.842 0 0 E __validate_layers: layer:2 validation failed ret=-22
01-20 19:07:15.842 0 0 E mdss_fb_atomic_commit_ioctl: atomic commit failed ret:-22
01-20 19:07:15.875 0 0 E __layer_param_check: invalid source image img flag=0 wh=1472x96 rect=0,0,720,2800
01-20 19:07:15.875 0 0 E __validate_layers: layer:2 validation failed ret=-22
01-20 19:07:15.875 0 0 E mdss_fb_atomic_commit_ioctl: atomic commit failed ret:-22
01-20 19:07:15.892 0 0 E __layer_param_check: invalid source image img flag=0 wh=1472x96 rect=0,0,720,2800
01-20 19:07:15.892 0 0 E __validate_layers: layer:2 validation failed ret=-22
01-20 19:07:15.892 0 0 E mdss_fb_atomic_commit_ioctl: atomic commit failed ret:-22
01-20 19:07:15.926 0 0 E __layer_param_check: invalid source image img flag=0 wh=1472x96 rect=0,0,720,2800
01-20 19:07:15.926 0 0 E __validate_layers: layer:2 validation failed ret=-22
01-20 19:07:15.927 0 0 E mdss_fb_atomic_commit_ioctl: atomic commit failed ret:-22
01-20 19:07:15.959 0 0 E __layer_param_check: invalid source image img flag=0 wh=1472x96 rect=0,0,720,2784
01-20 19:07:15.959 0 0 E __validate_layers: layer:2 validation failed ret=-22
01-20 19:07:15.959 0 0 E mdss_fb_atomic_commit_ioctl: atomic commit failed ret:-22
01-20 19:07:15.991 0 0 E __layer_param_check: invalid source image img flag=0 wh=1472x96 rect=0,0,720,2784
01-20 19:07:15.991 0 0 E __validate_layers: layer:2 validation failed ret=-22
01-20 19:07:15.991 0 0 E mdss_fb_atomic_commit_ioctl: atomic commit failed ret:-22
01-20 19:07:16.003 0 0 I binder : 691:691 ioctl c018620c 7ff5f93a30 returned -22
01-20 19:07:16.007 0 0 E __layer_param_check: invalid source image img flag=0 wh=1472x96 rect=0,0,720,2784
01-20 19:07:16.007 0 0 E __validate_layers: layer:2 validation failed ret=-22
01-20 19:07:16.007 0 0 E mdss_fb_atomic_commit_ioctl: atomic commit failed ret:-22
01-20 19:07:16.024 0 0 E __layer_param_check: invalid source image img flag=0 wh=1472x96 rect=0,0,720,2784
01-20 19:07:16.024 0 0 E __validate_layers: layer:2 validation failed ret=-22
01-20 19:07:16.024 0 0 E mdss_fb_atomic_commit_ioctl: atomic commit failed ret:-22
01-20 19:07:16.040 0 0 E __layer_param_check: invalid source image img flag=0 wh=1472x96 rect=0,0,720,2784
01-20 19:07:16.040 0 0 E __validate_layers: layer:2 validation failed ret=-22
01-20 19:07:16.040 0 0 E mdss_fb_atomic_commit_ioctl: atomic commit failed ret:-22
01-20 19:07:16.162 1477 1875 V DisplayPowerController[0]: Brightness [0.0] reason changing to: 'manual [ dim ]', previous reason: 'manual'.
01-20 19:07:16.162 1477 1875 I DisplayPowerController[0]: BrightnessEvent: disp=0, physDisp=local:0, brt=0.0, initBrt=0.0017629543, rcmdBrt=NaN, preBrt=NaN, lux=0.0, preLux=0.0, hbmMax=1.0, hbmMode=off, rbcStrength=50, powerFactor=1.0, thrmMax=1.0, wasShortTermModelActive=false, flags=, reason=manual [ dim ], autoBrightness=false
01-20 19:07:16.251 1477 1875 I DisplayPowerController[0]: BrightnessEvent: disp=0, physDisp=local:0, brt=0.0, initBrt=0.0, rcmdBrt=NaN, preBrt=NaN, lux=0.0, preLux=0.0, hbmMax=1.0, hbmMode=off, rbcStrength=50, powerFactor=1.0, thrmMax=1.0, wasShortTermModelActive=false, flags=, reason=manual [ dim ], autoBrightness=false
01-20 19:07:16.267 1477 1875 I DisplayPowerController[0]: BrightnessEvent: disp=0, physDisp=local:0, brt=0.0, initBrt=0.0, rcmdBrt=NaN, preBrt=NaN, lux=0.0, preLux=0.0, hbmMax=1.0, hbmMode=off, rbcStrength=50, powerFactor=1.0, thrmMax=1.0, wasShortTermModelActive=false, flags=, reason=manual [ dim ], autoBrightness=false
01-20 19:07:16.658 0 0 E __layer_param_check: invalid source image img flag=0 wh=1472x96 rect=0,0,720,2880
01-20 19:07:16.658 0 0 E __validate_layers: layer:2 validation failed ret=-22
01-20 19:07:16.658 0 0 E mdss_fb_atomic_commit_ioctl: atomic commit failed ret:-22
01-20 19:07:17.006 0 0 I pet_watchdog [enable: 1, jiffies : 4294940338, delay_time : 1000]
01-20 19:07:17.248 0 0 I : [Touch] 1 finger pressed:<0>( 559,1766, 43)
01-20 19:07:17.261 1477 1875 V DisplayPowerController[0]: Brightness [0.0017629543] reason changing to: 'manual', previous reason: 'manual [ dim ]'.
01-20 19:07:17.261 1477 1875 I DisplayPowerController[0]: BrightnessEvent: disp=0, physDisp=local:0, brt=0.0017629543, initBrt=0.0, rcmdBrt=NaN, preBrt=NaN, lux=0.0, preLux=0.0, hbmMax=1.0, hbmMode=off, rbcStrength=50, powerFactor=1.0, thrmMax=1.0, wasShortTermModelActive=false, flags=, reason=manual, autoBrightness=false
01-20 19:07:17.362 1477 1875 I DisplayPowerController[0]: BrightnessEvent: disp=0, physDisp=local:0, brt=0.0017629543, initBrt=0.0017629543, rcmdBrt=NaN, preBrt=NaN, lux=0.0, preLux=0.0, hbmMax=1.0, hbmMode=off, rbcStrength=50, powerFactor=1.0, thrmMax=1.0, wasShortTermModelActive=false, flags=, reason=manual, autoBrightness=false
01-20 19:07:17.369 0 0 I : [Touch] finger released:<0>( 421, 974, 49)
01-20 19:07:17.440 2241 2241 W ActivityThread: getPackageInfo() called with an older ApplicationInfo than the cached version for package android
01-20 19:07:17.441 2241 2241 W ActivityThread: getPackageInfo() called with an older ApplicationInfo than the cached version for package android
01-20 19:07:17.441 2241 2241 W ActivityThread: getPackageInfo() called with an older ApplicationInfo than the cached version for package android
01-20 19:07:17.442 2241 2241 W ActivityThread: getPackageInfo() called with an older ApplicationInfo than the cached version for package android
01-20 19:07:17.442 2241 2241 W ActivityThread: getPackageInfo() called with an older ApplicationInfo than the cached version for package android
01-20 19:07:17.493 0 0 W : IRQ5 no longer affine to CPU5
01-20 19:07:17.674 0 0 W : IRQ5 no longer affine to CPU7
01-20 19:07:18.023 0 0 I PMI : smblib_pl_enable_work: timer expired, enabling parallel
01-20 19:07:18.023 0 0 I AWAKE : effective vote is now 0 voted by PL_DELAY_VOTER,0
01-20 19:07:18.085 0 0 I : [Touch] 1 finger pressed:<0>( 376,1495, 46)
01-20 19:07:18.097 0 0 F tspdrv : ! ImmVibeSPI_ForceOut_AmpDisable.
01-20 19:07:18.365 0 0 F tspdrv : ! ImmVibeSPI_ForceOut_AmpDisable.
01-20 19:07:18.368 0 0 F tspdrv : ! ImmVibeSPI_ForceOut_AmpDisable.
01-20 19:07:18.509 0 0 E : [TM] XO, 35,PA0, 33,PA1, 34,QUIET, 31,VTS,316
01-20 19:07:18.563 0 0 F tspdrv : ! ImmVibeSPI_ForceOut_AmpDisable.
01-20 19:07:18.567 0 0 F tspdrv : ! ImmVibeSPI_ForceOut_AmpDisable.
01-20 19:07:18.583 0 0 I IDTP9223: idtp9223_monitor: [USB]1 [ALV]0 [OD2]0 [QIPMA]0 [VOUT]00
01-20 19:07:18.583 0 0 I AWAKE : effective vote is now 1 voted by POLLING_LOGGER_VOTER,1
01-20 19:07:18.584 0 0 I : [bm] monitoring
01-20 19:07:18.768 0 0 I PMINFO : [CSV] cSYS:100, cMNT:100.0, cCHG:2749, cLRN:2752, iBAT:-207, vBAT:4386, vPRD:4384, vOCV:4357, vUSB:4863, iUSB:368, vWLC:0, iWCL:0, AiCL:500, tSYS:297, tORI:320, tVTS:316, rTOT:371093, rESR:172851, rSLW:198242, CYCLE:23, BATID:101, sBATT:984, sCCSW:998, sCC:-831
01-20 19:07:18.768 0 0 I PMINFO : [VOT] IUSB:500(USB_PSY_VOTER), IBAT:2200(VENEER_VOTER_IBAT), IDC:900(DEFAULT_VOTER), FLOAT:4400(BATT_PROFILE_VOTER), CHDIS:0(DEFAULT_VOTER), PLDIS:1(PL_FCC_LOW_VOTER)
01-20 19:07:18.768 0 0 I PMINFO : [CHG] NAME:USB2, STAT:FULL(ret)/CHARGING(ori)/TAPER(reg), PATH:0x95 [QNI] en=0(sts=0x10, ctrl=0xE7), pt_en=0(sts=0x10), pt_t=298
01-20 19:07:18.812 0 0 F tspdrv : ! ImmVibeSPI_ForceOut_AmpDisable.
01-20 19:07:18.816 0 0 F tspdrv : ! ImmVibeSPI_ForceOut_AmpDisable.
01-20 19:07:18.914 0 0 I PMINFO : [USB] REAL:USB, VNOW:4843, TPMI:356, TSMB:-1, IUSB:455(now)<=500(set)<=500(cap), IBAT:-207(now):=2200(pmi)+0(smb)<=2200(cap), PRLL:CHGEN(0)/PINEN(0)/SUSPN(1), [OVR] LATCHED:0, AFTAPSD:0, USBMODE:0x02
01-20 19:07:18.914 0 0 I PMINFO : --------------------------------------------------------------------------------------???-END.
01-20 19:07:18.914 0 0 I AWAKE : effective vote is now 0 voted by POLLING_LOGGER_VOTER,1
01-20 19:07:19.094 0 0 F tspdrv : ! ImmVibeSPI_ForceOut_AmpDisable.
01-20 19:07:19.097 0 0 F tspdrv : ! ImmVibeSPI_ForceOut_AmpDisable.
01-20 19:07:19.493 0 0 F tspdrv : ! ImmVibeSPI_ForceOut_AmpDisable.
01-20 19:07:19.495 0 0 F tspdrv : ! ImmVibeSPI_ForceOut_AmpDisable.
01-20 19:07:19.689 0 0 I : [Touch] finger released:<0>( 221,1771, 55)
01-20 19:07:19.698 1477 3517 D LockSettingsService: spBasedDoVerifyCredential: user=0 hasEnrolledBiometrics=false
01-20 19:07:19.717 1477 2147 D OomAdjuster: Not killing cached processes
01-20 19:07:19.790 1477 1477 D CompatibilityChangeReporter: Compat change id reported: 135634846; UID 10145; state: DISABLED
01-20 19:07:19.791 1477 1477 D CompatibilityChangeReporter: Compat change id reported: 177438394; UID 10145; state: DISABLED
01-20 19:07:19.791 1477 1477 D CompatibilityChangeReporter: Compat change id reported: 135772972; UID 10145; state: DISABLED
01-20 19:07:19.791 1477 1477 D CompatibilityChangeReporter: Compat change id reported: 135754954; UID 10145; state: ENABLED
01-20 19:07:19.793 1477 1756 D CompatibilityChangeReporter: Compat change id reported: 143937733; UID 10145; state: ENABLED
