01-20 19:07:03.864 1477 1753 I PackageWatchdog: Saving observer state to file
01-20 19:07:03.865 1477 1477 V SystemServerTiming: OnBootPhase_600_com.android.server.power.PowerManagerService took to complete: 1ms
01-20 19:07:03.865 1477 1477 D SystemServerTiming: OnBootPhase_600_com.android.server.power.ThermalManagerService
01-20 19:07:03.865 1477 1477 V SystemServerTiming: OnBootPhase_600_com.android.server.power.ThermalManagerService took to complete: 0ms
01-20 19:07:03.865 1477 1477 D SystemServerTiming: OnBootPhase_600_com.android.server.power.hint.HintManagerService
01-20 19:07:03.865 1477 1477 V SystemServerTiming: OnBootPhase_600_com.android.server.power.hint.HintManagerService took to complete: 0ms
01-20 19:07:03.865 1477 1477 D SystemServerTiming: OnBootPhase_600_com.android.server.recoverysystem.RecoverySystemService$Lifecycle
01-20 19:07:03.865 1477 1477 V SystemServerTiming: OnBootPhase_600_com.android.server.recoverysystem.RecoverySystemService$Lifecycle took to complete: 0ms
01-20 19:07:03.865 1477 1477 D SystemServerTiming: OnBootPhase_600_com.android.server.lights.LightsService
01-20 19:07:03.865 1477 1477 V SystemServerTiming: OnBootPhase_600_com.android.server.lights.LightsService took to complete: 0ms
01-20 19:07:03.865 1477 1477 D SystemServerTiming: OnBootPhase_600_com.android.server.display.DisplayManagerService
01-20 19:07:03.865 1477 1477 V SystemServerTiming: OnBootPhase_600_com.android.server.display.DisplayManagerService took to complete: 0ms
01-20 19:07:03.865 1477 1477 D SystemServerTiming: OnBootPhase_600_com.android.server.pm.verify.domain.DomainVerificationService
01-20 19:07:03.865 1477 1477 V SystemServerTiming: OnBootPhase_600_com.android.server.pm.verify.domain.DomainVerificationService took to complete: 0ms
01-20 19:07:03.865 1477 1477 D SystemServerTiming: OnBootPhase_600_com.android.server.pm.PackageInstallerService$Lifecycle
01-20 19:07:03.865 1477 1477 V SystemServerTiming: OnBootPhase_600_com.android.server.pm.PackageInstallerService$Lifecycle took to complete: 0ms
01-20 19:07:03.865 1477 1477 D SystemServerTiming: OnBootPhase_600_com.android.server.pm.UserManagerService$LifeCycle
01-20 19:07:03.865 1477 1477 V SystemServerTiming: OnBootPhase_600_com.android.server.pm.UserManagerService$LifeCycle took to complete: 0ms
01-20 19:07:03.865 1477 1477 D SystemServerTiming: OnBootPhase_600_com.android.server.om.OverlayManagerService
01-20 19:07:03.865 1477 1477 V SystemServerTiming: OnBootPhase_600_com.android.server.om.OverlayManagerService took to complete: 0ms
01-20 19:07:03.865 1477 1477 D SystemServerTiming: OnBootPhase_600_com.android.server.resources.ResourcesManagerService
01-20 19:07:03.865 1477 1477 V SystemServerTiming: OnBootPhase_600_com.android.server.resources.ResourcesManagerService took to complete: 0ms
01-20 19:07:03.865 1477 1477 D SystemServerTiming: OnBootPhase_600_com.android.server.sensorprivacy.SensorPrivacyService
01-20 19:07:03.865 1477 1477 V SystemServerTiming: OnBootPhase_600_com.android.server.sensorprivacy.SensorPrivacyService took to complete: 0ms
01-20 19:07:03.865 1477 1477 D SystemServerTiming: OnBootPhase_600_com.android.server.sensors.SensorService
01-20 19:07:03.865 1477 1477 V SystemServerTiming: OnBootPhase_600_com.android.server.sensors.SensorService took to complete: 0ms
01-20 19:07:03.865 1477 1477 D SystemServerTiming: OnBootPhase_600_com.android.server.SystemConfigService
01-20 19:07:03.865 1477 1477 V SystemServerTiming: OnBootPhase_600_com.android.server.SystemConfigService took to complete: 0ms
01-20 19:07:03.865 1477 1477 D SystemServerTiming: OnBootPhase_600_com.android.server.BatteryService
01-20 19:07:03.865 1477 1477 V SystemServerTiming: OnBootPhase_600_com.android.server.BatteryService took to complete: 0ms
01-20 19:07:03.865 1477 1477 D SystemServerTiming: OnBootPhase_600_com.android.server.usage.UsageStatsService
01-20 19:07:03.865 1477 1477 V SystemServerTiming: OnBootPhase_600_com.android.server.usage.UsageStatsService took to complete: 0ms
01-20 19:07:03.865 1477 1477 D SystemServerTiming: OnBootPhase_600_com.android.server.webkit.WebViewUpdateService
01-20 19:07:03.865 1477 1477 V SystemServerTiming: OnBootPhase_600_com.android.server.webkit.WebViewUpdateService took to complete: 0ms
01-20 19:07:03.865 1477 1477 D SystemServerTiming: OnBootPhase_600_com.android.server.CachedDeviceStateService
01-20 19:07:03.865 1477 1477 V SystemServerTiming: OnBootPhase_600_com.android.server.CachedDeviceStateService took to complete: 0ms
01-20 19:07:03.865 1477 1477 D SystemServerTiming: OnBootPhase_600_com.android.server.BinderCallsStatsService$LifeCycle
01-20 19:07:03.865 1477 1477 V SystemServerTiming: OnBootPhase_600_com.android.server.BinderCallsStatsService$LifeCycle took to complete: 0ms
01-20 19:07:03.865 1477 1477 D SystemServerTiming: OnBootPhase_600_com.android.server.LooperStatsService$Lifecycle
01-20 19:07:03.865 1477 1477 V SystemServerTiming: OnBootPhase_600_com.android.server.LooperStatsService$Lifecycle took to complete: 0ms
01-20 19:07:03.865 1477 1477 D SystemServerTiming: OnBootPhase_600_com.android.server.rollback.RollbackManagerService
01-20 19:07:03.865 1477 1477 V SystemServerTiming: OnBootPhase_600_com.android.server.rollback.RollbackManagerService took to complete: 0ms
01-20 19:07:03.865 1477 1477 D SystemServerTiming: OnBootPhase_600_com.android.server.os.NativeTombstoneManagerService
01-20 19:07:03.865 1477 1477 V SystemServerTiming: OnBootPhase_600_com.android.server.os.NativeTombstoneManagerService took to complete: 0ms
01-20 19:07:03.865 1477 1477 D SystemServerTiming: OnBootPhase_600_com.android.server.os.BugreportManagerService
01-20 19:07:03.865 1477 1477 V SystemServerTiming: OnBootPhase_600_com.android.server.os.BugreportManagerService took to complete: 0ms
01-20 19:07:03.865 1477 1477 D SystemServerTiming: OnBootPhase_600_com.android.server.gpu.GpuService
01-20 19:07:03.865 1477 1477 V SystemServerTiming: OnBootPhase_600_com.android.server.gpu.GpuService took to complete: 0ms
01-20 19:07:03.865 1477 1477 D SystemServerTiming: OnBootPhase_600_com.android.server.security.KeyChainSystemService
01-20 19:07:03.865 1477 1477 V SystemServerTiming: OnBootPhase_600_com.android.server.security.KeyChainSystemService took to complete: 0ms
01-20 19:07:03.865 1477 1477 D SystemServerTiming: OnBootPhase_600_com.android.server.BinaryTransparencyService
01-20 19:07:03.865 1477 1477 V SystemServerTiming: OnBootPhase_600_com.android.server.BinaryTransparencyService took to complete: 0ms
01-20 19:07:03.865 1477 1477 D SystemServerTiming: OnBootPhase_600_com.android.server.telecom.TelecomLoaderService
01-20 19:07:03.865 1477 1477 V SystemServerTiming: OnBootPhase_600_com.android.server.telecom.TelecomLoaderService took to complete: 0ms
01-20 19:07:03.865 1477 1477 D SystemServerTiming: OnBootPhase_600_com.android.server.accounts.AccountManagerService$Lifecycle
01-20 19:07:03.865 1477 1477 V SystemServerTiming: OnBootPhase_600_com.android.server.accounts.AccountManagerService$Lifecycle took to complete: 0ms
01-20 19:07:03.865 1477 1477 D SystemServerTiming: OnBootPhase_600_com.android.server.content.ContentService$Lifecycle
01-20 19:07:03.865 1477 1477 V SystemServerTiming: OnBootPhase_600_com.android.server.content.ContentService$Lifecycle took to complete: 0ms
01-20 19:07:03.865 1477 1477 D SystemServerTiming: OnBootPhase_600_com.android.server.DropBoxManagerService
01-20 19:07:03.865 1477 1477 V SystemServerTiming: OnBootPhase_600_com.android.server.DropBoxManagerService took to complete: 0ms
01-20 19:07:03.865 1477 1477 D SystemServerTiming: OnBootPhase_600_com.android.role.RoleService
01-20 19:07:03.865 1477 1477 V SystemServerTiming: OnBootPhase_600_com.android.role.RoleService took to complete: 0ms
01-20 19:07:03.865 1477 1477 D SystemServerTiming: OnBootPhase_600_com.android.server.vibrator.VibratorManagerService$Lifecycle
01-20 19:07:03.865 1477 1477 V SystemServerTiming: OnBootPhase_600_com.android.server.vibrator.VibratorManagerService$Lifecycle took to complete: 0ms
01-20 19:07:03.865 1477 1477 D SystemServerTiming: OnBootPhase_600_com.android.server.tare.InternalResourceService
01-20 19:07:03.865 1477 1477 V SystemServerTiming: OnBootPhase_600_com.android.server.tare.InternalResourceService took to complete: 0ms
01-20 19:07:03.865 1477 1477 D SystemServerTiming: OnBootPhase_600_com.android.server.alarm.AlarmManagerService
01-20 19:07:03.865 1477 1477 V SystemServerTiming: OnBootPhase_600_com.android.server.alarm.AlarmManagerService took to complete: 0ms
01-20 19:07:03.866 1477 1477 D SystemServerTiming: OnBootPhase_600_com.android.server.devicestate.DeviceStateManagerService
01-20 19:07:03.866 1477 1477 V SystemServerTiming: OnBootPhase_600_com.android.server.devicestate.DeviceStateManagerService took to complete: 0ms
01-20 19:07:03.866 1477 1477 D SystemServerTiming: OnBootPhase_600_com.android.server.camera.CameraServiceProxy
01-20 19:07:03.866 1477 1477 V SystemServerTiming: OnBootPhase_600_com.android.server.camera.CameraServiceProxy took to complete: 0ms
01-20 19:07:03.866 1477 1477 D SystemServerTiming: OnBootPhase_600_com.android.server.vr.VrManagerService
01-20 19:07:03.866 1477 1477 V SystemServerTiming: OnBootPhase_600_com.android.server.vr.VrManagerService took to complete: 0ms
01-20 19:07:03.866 1477 1477 D SystemServerTiming: OnBootPhase_600_com.android.server.bluetooth.BluetoothService
01-20 19:07:03.866 1477 1477 V SystemServerTiming: OnBootPhase_600_com.android.server.bluetooth.BluetoothService took to complete: 0ms
01-20 19:07:03.866 1477 1477 D SystemServerTiming: OnBootPhase_600_com.android.server.connectivity.IpConnectivityMetrics
01-20 19:07:03.866 1477 1477 V SystemServerTiming: OnBootPhase_600_com.android.server.connectivity.IpConnectivityMetrics took to complete: 0ms
01-20 19:07:03.866 1477 1477 D SystemServerTiming: OnBootPhase_600_com.android.server.net.watchlist.NetworkWatchlistService$Lifecycle
01-20 19:07:03.866 1477 1477 V SystemServerTiming: OnBootPhase_600_com.android.server.net.watchlist.NetworkWatchlistService$Lifecycle took to complete: 0ms
01-20 19:07:03.866 1477 1477 D SystemServerTiming: OnBootPhase_600_com.android.server.PinnerService
01-20 19:07:03.866 1477 1477 V SystemServerTiming: OnBootPhase_600_com.android.server.PinnerService took to complete: 0ms
01-20 19:07:03.866 1477 1477 D SystemServerTiming: OnBootPhase_600_com.android.server.integrity.AppIntegrityManagerService
01-20 19:07:03.866 1477 1477 V SystemServerTiming: OnBootPhase_600_com.android.server.integrity.AppIntegrityManagerService took to complete: 0ms
01-20 19:07:03.866 1477 1477 D SystemServerTiming: OnBootPhase_600_com.android.server.logcat.LogcatManagerService
01-20 19:07:03.866 1477 1477 V SystemServerTiming: OnBootPhase_600_com.android.server.logcat.LogcatManagerService took to complete: 0ms
01-20 19:07:03.866 1477 1477 D SystemServerTiming: OnBootPhase_600_com.android.server.inputmethod.InputMethodManagerService$Lifecycle
01-20 19:07:03.866 1477 1477 V SystemServerTiming: OnBootPhase_600_com.android.server.inputmethod.InputMethodManagerService$Lifecycle took to complete: 0ms
01-20 19:07:03.866 1477 1477 D SystemServerTiming: OnBootPhase_600_com.android.server.accessibility.AccessibilityManagerService$Lifecycle
01-20 19:07:03.867 1477 1477 V SystemServerTiming: OnBootPhase_600_com.android.server.accessibility.AccessibilityManagerService$Lifecycle took to complete: 1ms
01-20 19:07:03.867 1477 1477 D SystemServerTiming: OnBootPhase_600_com.android.server.StorageManagerService$Lifecycle
01-20 19:07:03.867 1477 1477 V SystemServerTiming: OnBootPhase_600_com.android.server.StorageManagerService$Lifecycle took to complete: 0ms
01-20 19:07:03.867 1477 1477 D SystemServerTiming: OnBootPhase_600_com.android.server.usage.StorageStatsService$Lifecycle
01-20 19:07:03.867 1477 1477 V SystemServerTiming: OnBootPhase_600_com.android.server.usage.StorageStatsService$Lifecycle took to complete: 0ms
01-20 19:07:03.867 1477 1477 D SystemServerTiming: OnBootPhase_600_com.android.server.UiModeManagerService
01-20 19:07:03.867 1477 1477 V SystemServerTiming: OnBootPhase_600_com.android.server.UiModeManagerService took to complete: 0ms
01-20 19:07:03.867 1477 1477 D SystemServerTiming: OnBootPhase_600_com.android.server.locales.LocaleManagerService
01-20 19:07:03.867 1477 1477 V SystemServerTiming: OnBootPhase_600_com.android.server.locales.LocaleManagerService took to complete: 0ms
01-20 19:07:03.867 1477 1477 D SystemServerTiming: OnBootPhase_600_com.android.server.locksettings.LockSettingsService$Lifecycle
01-20 19:07:03.867 1477 1477 V SystemServerTiming: OnBootPhase_600_com.android.server.locksettings.LockSettingsService$Lifecycle took to complete: 0ms
01-20 19:07:03.867 1477 1477 D SystemServerTiming: OnBootPhase_600_com.android.server.PersistentDataBlockService
01-20 19:07:03.867 1477 1477 V SystemServerTiming: OnBootPhase_600_com.android.server.PersistentDataBlockService took to complete: 0ms
01-20 19:07:03.867 1477 1477 D SystemServerTiming: OnBootPhase_600_com.android.server.testharness.TestHarnessModeService
01-20 19:07:03.867 1477 1477 V SystemServerTiming: OnBootPhase_600_com.android.server.testharness.TestHarnessModeService took to complete: 0ms
01-20 19:07:03.867 1477 1477 D SystemServerTiming: OnBootPhase_600_com.android.server.oemlock.OemLockService
01-20 19:07:03.867 1477 1477 V SystemServerTiming: OnBootPhase_600_com.android.server.oemlock.OemLockService took to complete: 0ms
01-20 19:07:03.867 1477 1477 D SystemServerTiming: OnBootPhase_600_com.android.server.DeviceIdleController
01-20 19:07:03.867 1477 1477 V SystemServerTiming: OnBootPhase_600_com.android.server.DeviceIdleController took to complete: 0ms
01-20 19:07:03.867 1477 1477 D SystemServerTiming: OnBootPhase_600_com.android.server.devicepolicy.DevicePolicyManagerService$Lifecycle
01-20 19:07:03.867 1477 1477 V SystemServerTiming: OnBootPhase_600_com.android.server.devicepolicy.DevicePolicyManagerService$Lifecycle took to complete: 0ms
01-20 19:07:03.867 1477 1477 D SystemServerTiming: OnBootPhase_600_com.android.server.texttospeech.TextToSpeechManagerService
01-20 19:07:03.867 1477 1477 V SystemServerTiming: OnBootPhase_600_com.android.server.texttospeech.TextToSpeechManagerService took to complete: 0ms
01-20 19:07:03.867 1477 1477 D SystemServerTiming: OnBootPhase_600_com.android.server.ambientcontext.AmbientContextManagerService
01-20 19:07:03.867 1477 1477 V SystemServerTiming: OnBootPhase_600_com.android.server.ambientcontext.AmbientContextManagerService took to complete: 0ms
01-20 19:07:03.867 1477 1477 D SystemServerTiming: OnBootPhase_600_com.android.server.speech.SpeechRecognitionManagerService
01-20 19:07:03.867 1477 1477 V SystemServerTiming: OnBootPhase_600_com.android.server.speech.SpeechRecognitionManagerService took to complete: 0ms
01-20 19:07:03.867 1477 1477 D SystemServerTiming: OnBootPhase_600_com.android.server.searchui.SearchUiManagerService
01-20 19:07:03.867 1477 1477 V SystemServerTiming: OnBootPhase_600_com.android.server.searchui.SearchUiManagerService took to complete: 0ms
01-20 19:07:03.867 1477 1477 D SystemServerTiming: OnBootPhase_600_com.android.server.smartspace.SmartspaceManagerService
01-20 19:07:03.867 1477 1477 V SystemServerTiming: OnBootPhase_600_com.android.server.smartspace.SmartspaceManagerService took to complete: 0ms
01-20 19:07:03.867 1477 1477 D SystemServerTiming: OnBootPhase_600_com.android.server.graphics.fonts.FontManagerService$Lifecycle
01-20 19:07:03.867 1477 1477 V SystemServerTiming: OnBootPhase_600_com.android.server.graphics.fonts.FontManagerService$Lifecycle took to complete: 0ms
01-20 19:07:03.867 1477 1477 D SystemServerTiming: OnBootPhase_600_com.android.server.textservices.TextServicesManagerService$Lifecycle
01-20 19:07:03.867 1477 1477 V SystemServerTiming: OnBootPhase_600_com.android.server.textservices.TextServicesManagerService$Lifecycle took to complete: 0ms
01-20 19:07:03.867 1477 1477 D SystemServerTiming: OnBootPhase_600_com.android.server.textclassifier.TextClassificationManagerService$Lifecycle
01-20 19:07:03.867 1477 1477 V SystemServerTiming: OnBootPhase_600_com.android.server.textclassifier.TextClassificationManagerService$Lifecycle took to complete: 0ms
01-20 19:07:03.867 1477 1477 D SystemServerTiming: OnBootPhase_600_com.android.server.NetworkScoreService$Lifecycle
01-20 19:07:03.867 1477 1477 V SystemServerTiming: OnBootPhase_600_com.android.server.NetworkScoreService$Lifecycle took to complete: 0ms
01-20 19:07:03.867 1477 1477 D SystemServerTiming: OnBootPhase_600_com.android.server.NetworkStatsServiceInitializer
01-20 19:07:03.867 1477 1477 V SystemServerTiming: OnBootPhase_600_com.android.server.NetworkStatsServiceInitializer took to complete: 0ms
01-20 19:07:03.867 1477 1477 D SystemServerTiming: OnBootPhase_600_com.android.server.wifi.WifiService
01-20 19:07:03.867 1477 1477 V SystemServerTiming: OnBootPhase_600_com.android.server.wifi.WifiService took to complete: 0ms
01-20 19:07:03.867 1477 1477 D SystemServerTiming: OnBootPhase_600_com.android.server.wifi.scanner.WifiScanningService
01-20 19:07:03.867 1477 1477 V SystemServerTiming: OnBootPhase_600_com.android.server.wifi.scanner.WifiScanningService took to complete: 0ms
01-20 19:07:03.867 1477 1477 D SystemServerTiming: OnBootPhase_600_com.android.server.wifi.p2p.WifiP2pService
01-20 19:07:03.868 1477 1477 V SystemServerTiming: OnBootPhase_600_com.android.server.wifi.p2p.WifiP2pService took to complete: 0ms
01-20 19:07:03.868 1477 1477 D SystemServerTiming: OnBootPhase_600_com.android.server.ConnectivityServiceInitializer
01-20 19:07:03.868 2241 2241 V WindowManagerShell: Adding init callback for BubbleController
01-20 19:07:03.869 1477 1477 V SystemServerTiming: OnBootPhase_600_com.android.server.ConnectivityServiceInitializer took to complete: 2ms
01-20 19:07:03.869 1477 1477 D SystemServerTiming: OnBootPhase_600_com.android.server.notification.NotificationManagerService
01-20 19:07:03.871 1477 1477 V SystemServerTiming: OnBootPhase_600_com.android.server.notification.NotificationManagerService took to complete: 2ms
01-20 19:07:03.871 1477 1477 D SystemServerTiming: OnBootPhase_600_com.android.server.storage.DeviceStorageMonitorService
01-20 19:07:03.871 1477 1477 V SystemServerTiming: OnBootPhase_600_com.android.server.storage.DeviceStorageMonitorService took to complete: 0ms
01-20 19:07:03.871 1477 1477 D SystemServerTiming: OnBootPhase_600_com.android.server.location.LocationManagerService$Lifecycle
01-20 19:07:03.875 2241 2241 V WindowManagerShell: Adding init callback for SplitScreenController
01-20 19:07:03.876 1477 2147 D CompatibilityChangeReporter: Compat change id reported: 161145287; UID 10135; state: DISABLED
01-20 19:07:03.882 2241 2241 V WindowManagerShell: Adding init callback for PipTouchHandler
01-20 19:07:03.882 2241 2241 V WindowManagerShell: Adding init callback for DevicePostureController
01-20 19:07:03.882 2241 2241 V WindowManagerShell: Adding init callback for TabletopModeController
01-20 19:07:03.883 2241 2241 V WindowManagerShell: Adding init callback for PipController
01-20 19:07:03.884 2241 2241 V WindowManagerShell: Adding init callback for FullscreenTaskListener
01-20 19:07:03.888 2241 2241 V WindowManagerShell: Adding init callback for StartingWindowController
01-20 19:07:03.889 2241 2241 V WindowManagerShell: Adding init callback for ProtoLogController
01-20 19:07:03.890 2241 2241 V WindowManagerShell: Adding init callback for KidsModeTaskOrganizer
01-20 19:07:03.891 2241 2241 V WindowManagerShell: Adding init callback for BackAnimationController
01-20 19:07:03.891 2241 2241 V WindowManagerShell: Initializing Shell Components: 23
01-20 19:07:03.892 2241 2241 V WindowManagerShell: DisplayChangeController init took 1ms
01-20 19:07:03.896 2241 2241 V WindowManagerShell: DisplayController init took 4ms
01-20 19:07:03.897 2241 2241 V WindowManagerShell: DisplayInsetsController init took 1ms
01-20 19:07:03.897 2241 2241 V WindowManagerShell: DisplayImeController init took 0ms
01-20 19:07:03.897 2241 2241 V WindowManagerShell: Adding dump callback for ShellController
01-20 19:07:03.898 2241 2241 V WindowManagerShell: ShellController init took 0ms
01-20 19:07:03.898 2241 2241 V WindowManagerShell: DragAndDropController init took 0ms
01-20 19:07:03.898 2241 2241 V WindowManagerShell: Adding command class compatui for CompatUIShellCommandHandler
01-20 19:07:03.898 2241 2241 V WindowManagerShell: CompatUIController init took 1ms
01-20 19:07:03.898 2241 2241 V WindowManagerShell: Adding external interface from RecentTasksController with key extra_shell_recent_tasks
01-20 19:07:03.898 2241 2241 V WindowManagerShell: Adding dump callback for RecentTasksController
01-20 19:07:03.898 2241 2241 V WindowManagerShell: RecentTasksController init took 0ms
01-20 19:07:03.898 2241 2241 V WindowManagerShell: Adding dump callback for ShellTaskOrganizer
01-20 19:07:03.900 2241 2241 V WindowManagerShell: ShellTaskOrganizer init took 1ms
01-20 19:07:03.900 2241 2241 V WindowManagerShell: Adding dump callback for OneHandedController
01-20 19:07:03.906 2241 2241 V WindowManagerShell: Adding external interface from OneHandedController with key extra_shell_one_handed
01-20 19:07:03.906 2241 2241 V WindowManagerShell: OneHandedController init took 7ms
01-20 19:07:03.908 2241 2241 V WindowManagerShell: DefaultTransitionHandler init took 2ms
01-20 19:07:03.908 2241 2241 V WindowManagerShell: Adding external interface from Transitions with key extra_shell_shell_transitions
01-20 19:07:03.909 1477 1477 V SystemServerTiming: OnBootPhase_600_com.android.server.location.LocationManagerService$Lifecycle took to complete: 37ms
01-20 19:07:03.909 1477 1477 D SystemServerTiming: OnBootPhase_600_com.android.server.timedetector.TimeDetectorService$Lifecycle
01-20 19:07:03.909 1477 1477 V SystemServerTiming: OnBootPhase_600_com.android.server.timedetector.TimeDetectorService$Lifecycle took to complete: 0ms
01-20 19:07:03.909 1477 1477 D SystemServerTiming: OnBootPhase_600_com.android.server.timezonedetector.TimeZoneDetectorService$Lifecycle
01-20 19:07:03.909 1477 1477 V SystemServerTiming: OnBootPhase_600_com.android.server.timezonedetector.TimeZoneDetectorService$Lifecycle took to complete: 0ms
01-20 19:07:03.909 1477 1477 D SystemServerTiming: OnBootPhase_600_com.android.server.timezonedetector.location.LocationTimeZoneManagerService$Lifecycle
01-20 19:07:03.909 1477 1477 V SystemServerTiming: OnBootPhase_600_com.android.server.timezonedetector.location.LocationTimeZoneManagerService$Lifecycle took to complete: 0ms
01-20 19:07:03.909 1477 1477 D SystemServerTiming: OnBootPhase_600_com.android.server.search.SearchManagerService$Lifecycle
01-20 19:07:03.909 1477 1477 V SystemServerTiming: OnBootPhase_600_com.android.server.search.SearchManagerService$Lifecycle took to complete: 0ms
01-20 19:07:03.909 1477 1477 D SystemServerTiming: OnBootPhase_600_com.android.server.wallpaper.WallpaperManagerService$Lifecycle
01-20 19:07:03.909 1477 1477 D WallpaperManagerService: Wallpaper_switch-user-0
01-20 19:07:03.909 2241 2241 V WindowManagerShell: Transitions init took 1ms
01-20 19:07:03.909 1477 1477 V WallpaperManagerService: bindWallpaperComponentLocked: componentName=ComponentInfo{com.android.systemui/com.android.systemui.wallpapers.ImageWallpaper}
01-20 19:07:03.909 1477 1477 D WallpaperManagerService: WPMS.bindWallpaperComponentLocked-ComponentInfo{com.android.systemui/com.android.systemui.wallpapers.ImageWallpaper}
01-20 19:07:03.911 1477 1477 V WallpaperManagerService: WPMS.bindWallpaperComponentLocked-ComponentInfo{com.android.systemui/com.android.systemui.wallpapers.ImageWallpaper} took to complete: 2ms
01-20 19:07:03.911 1477 1477 V WallpaperManagerService: Wallpaper_switch-user-0 took to complete: 2ms
01-20 19:07:03.911 1477 1477 V SystemServerTiming: OnBootPhase_600_com.android.server.wallpaper.WallpaperManagerService$Lifecycle took to complete: 3ms
01-20 19:07:03.911 1477 1477 D SystemServerTiming: OnBootPhase_600_com.android.server.wallpapereffectsgeneration.WallpaperEffectsGenerationManagerService
01-20 19:07:03.911 1477 1477 V SystemServerTiming: OnBootPhase_600_com.android.server.wallpapereffectsgeneration.WallpaperEffectsGenerationManagerService took to complete: 0ms
01-20 19:07:03.911 1477 1477 D SystemServerTiming: OnBootPhase_600_com.android.server.audio.AudioService$Lifecycle
01-20 19:07:03.911 1477 1477 V SystemServerTiming: OnBootPhase_600_com.android.server.audio.AudioService$Lifecycle took to complete: 0ms
01-20 19:07:03.911 1477 1477 D SystemServerTiming: OnBootPhase_600_com.android.server.soundtrigger_middleware.SoundTriggerMiddlewareService$Lifecycle
01-20 19:07:03.911 1477 1477 V SystemServerTiming: OnBootPhase_600_com.android.server.soundtrigger_middleware.SoundTriggerMiddlewareService$Lifecycle took to complete: 0ms
01-20 19:07:03.911 1477 1477 D SystemServerTiming: OnBootPhase_600_com.android.server.DockObserver
01-20 19:07:03.911 1477 1477 V SystemServerTiming: OnBootPhase_600_com.android.server.DockObserver took to complete: 0ms
01-20 19:07:03.911 1477 1477 D SystemServerTiming: OnBootPhase_600_com.android.server.midi.MidiService$Lifecycle
01-20 19:07:03.911 1477 1477 V SystemServerTiming: OnBootPhase_600_com.android.server.midi.MidiService$Lifecycle took to complete: 0ms
01-20 19:07:03.911 1477 1477 D SystemServerTiming: OnBootPhase_600_com.android.server.adb.AdbService$Lifecycle
01-20 19:07:03.911 1477 1477 V SystemServerTiming: OnBootPhase_600_com.android.server.adb.AdbService$Lifecycle took to complete: 0ms
01-20 19:07:03.911 1477 1477 D SystemServerTiming: OnBootPhase_600_com.android.server.usb.UsbService$Lifecycle
01-20 19:07:03.911 1477 1477 V SystemServerTiming: OnBootPhase_600_com.android.server.usb.UsbService$Lifecycle took to complete: 0ms
01-20 19:07:03.911 1477 1477 D SystemServerTiming: OnBootPhase_600_com.android.server.twilight.TwilightService
01-20 19:07:03.911 1477 1477 V SystemServerTiming: OnBootPhase_600_com.android.server.twilight.TwilightService took to complete: 0ms
01-20 19:07:03.911 1477 1477 D SystemServerTiming: OnBootPhase_600_com.android.server.display.color.ColorDisplayService
01-20 19:07:03.911 1477 1477 V SystemServerTiming: OnBootPhase_600_com.android.server.display.color.ColorDisplayService took to complete: 0ms
01-20 19:07:03.911 1477 1477 D SystemServerTiming: OnBootPhase_600_com.android.server.job.JobSchedulerService
01-20 19:07:03.912 2241 2241 V WindowManagerShell: Adding dump callback for BubbleController
01-20 19:07:03.912 2241 2241 V WindowManagerShell: BubbleController init took 3ms
01-20 19:07:03.912 2241 2241 V WindowManagerShell: Adding dump callback for SplitScreenController
01-20 19:07:03.912 2241 2241 V WindowManagerShell: Adding command class splitscreen for SplitScreenController
01-20 19:07:03.912 2241 2241 V WindowManagerShell: Adding external interface from SplitScreenController with key extra_shell_split_screen
01-20 19:07:03.913 1477 1477 V SystemServerTiming: OnBootPhase_600_com.android.server.job.JobSchedulerService took to complete: 1ms
01-20 19:07:03.913 1477 1477 D SystemServerTiming: OnBootPhase_600_com.android.server.soundtrigger.SoundTriggerService
01-20 19:07:03.913 1477 1477 D SoundTriggerService: onBootPhase: 600 : false
01-20 19:07:03.913 1477 1477 V SystemServerTiming: OnBootPhase_600_com.android.server.soundtrigger.SoundTriggerService took to complete: 1ms
01-20 19:07:03.913 1477 1477 D SystemServerTiming: OnBootPhase_600_com.android.server.trust.TrustManagerService
01-20 19:07:03.921 2241 2241 V WindowManagerShell: addHandler: StageCoordinator
01-20 19:07:03.921 2241 2241 V WindowManagerShell: SplitScreenController init took 9ms
01-20 19:07:03.926 1477 1477 V SystemServerTiming: OnBootPhase_600_com.android.server.trust.TrustManagerService took to complete: 13ms
01-20 19:07:03.926 1477 1477 D SystemServerTiming: OnBootPhase_600_com.android.server.backup.BackupManagerService$Lifecycle
01-20 19:07:03.926 1477 1477 V SystemServerTiming: OnBootPhase_600_com.android.server.backup.BackupManagerService$Lifecycle took to complete: 0ms
01-20 19:07:03.926 1477 1477 D SystemServerTiming: OnBootPhase_600_com.android.server.appwidget.AppWidgetService
01-20 19:07:03.926 1477 1477 V SystemServerTiming: OnBootPhase_600_com.android.server.appwidget.AppWidgetService took to complete: 0ms
01-20 19:07:03.926 1477 1477 D SystemServerTiming: OnBootPhase_600_com.android.server.voiceinteraction.VoiceInteractionManagerService
01-20 19:07:03.928 1477 1477 V SystemServerTiming: OnBootPhase_600_com.android.server.voiceinteraction.VoiceInteractionManagerService took to complete: 1ms
01-20 19:07:03.928 1477 1477 D SystemServerTiming: OnBootPhase_600_com.android.server.apphibernation.AppHibernationService
01-20 19:07:03.928 1477 1477 V SystemServerTiming: OnBootPhase_600_com.android.server.apphibernation.AppHibernationService took to complete: 0ms
01-20 19:07:03.928 1477 1477 D SystemServerTiming: OnBootPhase_600_com.android.server.GestureLauncherService
01-20 19:07:03.928 1477 1477 V SystemServerTiming: OnBootPhase_600_com.android.server.GestureLauncherService took to complete: 1ms
01-20 19:07:03.928 1477 1477 D SystemServerTiming: OnBootPhase_600_com.android.server.SensorNotificationService
01-20 19:07:03.929 1477 1477 V SystemServerTiming: OnBootPhase_600_com.android.server.SensorNotificationService took to complete: 1ms
01-20 19:07:03.929 1477 1477 D SystemServerTiming: OnBootPhase_600_com.android.server.emergency.EmergencyAffordanceService
01-20 19:07:03.930 1477 1477 V SystemServerTiming: OnBootPhase_600_com.android.server.emergency.EmergencyAffordanceService took to complete: 1ms
01-20 19:07:03.930 1477 1477 D SystemServerTiming: OnBootPhase_600_com.android.server.blob.BlobStoreManagerService
01-20 19:07:03.931 2241 2241 V WindowManagerShell: PipTouchHandler init took 10ms
01-20 19:07:03.931 2241 2241 V WindowManagerShell: DevicePostureController init took 0ms
01-20 19:07:03.931 2241 2241 V WindowManagerShell: TabletopModeController init took 0ms
01-20 19:07:03.932 2241 2241 V WindowManagerShell: Adding dump callback for PipController
01-20 19:07:03.937 2241 2241 V WindowManagerShell: Adding external interface from PipController with key extra_shell_pip
01-20 19:07:03.937 2241 2241 V WindowManagerShell: PipController init took 6ms
01-20 19:07:03.938 2241 2241 V WindowManagerShell: FullscreenTaskListener init took 1ms
01-20 19:07:03.938 2241 2241 V WindowManagerShell: Adding external interface from StartingWindowController with key extra_shell_starting_window
01-20 19:07:03.938 2241 2241 V WindowManagerShell: StartingWindowController init took 0ms
01-20 19:07:03.938 2241 2241 V WindowManagerShell: Adding command class protolog for ProtoLogController
01-20 19:07:03.938 2241 2241 V WindowManagerShell: ProtoLogController init took 0ms
01-20 19:07:03.938 2241 2241 V WindowManagerShell: Adding dump callback for KidsModeTaskOrganizer
01-20 19:07:03.939 1477 1477 V SystemServerTiming: OnBootPhase_600_com.android.server.blob.BlobStoreManagerService took to complete: 9ms
01-20 19:07:03.939 1477 1477 D SystemServerTiming: OnBootPhase_600_com.android.server.dreams.DreamManagerService
01-20 19:07:03.940 1477 1477 V SystemServerTiming: OnBootPhase_600_com.android.server.dreams.DreamManagerService took to complete: 1ms
01-20 19:07:03.940 2241 2241 V WindowManagerShell: KidsModeTaskOrganizer init took 2ms
01-20 19:07:03.940 1477 1477 D SystemServerTiming: OnBootPhase_600_com.android.server.print.PrintManagerService
01-20 19:07:03.940 1477 1477 V SystemServerTiming: OnBootPhase_600_com.android.server.print.PrintManagerService took to complete: 0ms
01-20 19:07:03.940 1477 1477 D SystemServerTiming: OnBootPhase_600_com.android.server.security.AttestationVerificationManagerService
01-20 19:07:03.940 1477 1477 V SystemServerTiming: OnBootPhase_600_com.android.server.security.AttestationVerificationManagerService took to complete: 0ms
01-20 19:07:03.940 1477 1477 D SystemServerTiming: OnBootPhase_600_com.android.server.companion.CompanionDeviceManagerService
01-20 19:07:03.940 1477 1477 V SystemServerTiming: OnBootPhase_600_com.android.server.companion.CompanionDeviceManagerService took to complete: 0ms
01-20 19:07:03.940 1477 1477 D SystemServerTiming: OnBootPhase_600_com.android.server.companion.virtual.VirtualDeviceManagerService
01-20 19:07:03.940 1477 1477 V SystemServerTiming: OnBootPhase_600_com.android.server.companion.virtual.VirtualDeviceManagerService took to complete: 0ms
01-20 19:07:03.940 1477 1477 D SystemServerTiming: OnBootPhase_600_com.android.server.restrictions.RestrictionsManagerService
01-20 19:07:03.940 1477 1477 V SystemServerTiming: OnBootPhase_600_com.android.server.restrictions.RestrictionsManagerService took to complete: 0ms
01-20 19:07:03.940 1477 1477 D SystemServerTiming: OnBootPhase_600_com.android.server.media.MediaSessionService
01-20 19:07:03.940 1477 1477 V SystemServerTiming: OnBootPhase_600_com.android.server.media.MediaSessionService took to complete: 0ms
01-20 19:07:03.940 1477 1477 D SystemServerTiming: OnBootPhase_600_com.android.server.media.MediaResourceMonitorService
01-20 19:07:03.940 1477 1477 V SystemServerTiming: OnBootPhase_600_com.android.server.media.MediaResourceMonitorService took to complete: 0ms
01-20 19:07:03.940 1477 1477 D SystemServerTiming: OnBootPhase_600_com.android.server.biometrics.sensors.fingerprint.FingerprintService
01-20 19:07:03.940 1477 1477 V SystemServerTiming: OnBootPhase_600_com.android.server.biometrics.sensors.fingerprint.FingerprintService took to complete: 0ms
01-20 19:07:03.940 1477 1477 D SystemServerTiming: OnBootPhase_600_com.android.server.biometrics.BiometricService
01-20 19:07:03.940 1477 1477 V SystemServerTiming: OnBootPhase_600_com.android.server.biometrics.BiometricService took to complete: 0ms
01-20 19:07:03.940 1477 1477 D SystemServerTiming: OnBootPhase_600_com.android.server.biometrics.AuthService
01-20 19:07:03.940 1477 1477 V SystemServerTiming: OnBootPhase_600_com.android.server.biometrics.AuthService took to complete: 0ms
01-20 19:07:03.940 1477 1477 D SystemServerTiming: OnBootPhase_600_com.android.server.pm.ShortcutService$Lifecycle
01-20 19:07:03.940 1477 1477 V SystemServerTiming: OnBootPhase_600_com.android.server.pm.ShortcutService$Lifecycle took to complete: 0ms
01-20 19:07:03.940 1477 1477 D SystemServerTiming: OnBootPhase_600_com.android.server.pm.LauncherAppsService
01-20 19:07:03.940 1477 1477 V SystemServerTiming: OnBootPhase_600_com.android.server.pm.LauncherAppsService took to complete: 0ms
01-20 19:07:03.940 1477 1477 D SystemServerTiming: OnBootPhase_600_com.android.server.pm.CrossProfileAppsService
01-20 19:07:03.940 1477 1477 V SystemServerTiming: OnBootPhase_600_com.android.server.pm.CrossProfileAppsService took to complete: 0ms
01-20 19:07:03.940 1477 1477 D SystemServerTiming: OnBootPhase_600_com.android.server.people.PeopleService
01-20 19:07:03.940 1477 1477 V SystemServerTiming: OnBootPhase_600_com.android.server.people.PeopleService took to complete: 0ms
01-20 19:07:03.940 1477 1477 D SystemServerTiming: OnBootPhase_600_com.android.server.media.metrics.MediaMetricsManagerService
01-20 19:07:03.940 1477 1477 V SystemServerTiming: OnBootPhase_600_com.android.server.media.metrics.MediaMetricsManagerService took to complete: 0ms
01-20 19:07:03.940 1477 1477 D SystemServerTiming: OnBootPhase_600_com.android.server.media.projection.MediaProjectionManagerService
01-20 19:07:03.940 1477 1477 V SystemServerTiming: OnBootPhase_600_com.android.server.media.projection.MediaProjectionManagerService took to complete: 0ms
01-20 19:07:03.940 1477 1477 D SystemServerTiming: OnBootPhase_600_com.android.server.slice.SliceManagerService$Lifecycle
01-20 19:07:03.940 1477 1477 V SystemServerTiming: OnBootPhase_600_com.android.server.slice.SliceManagerService$Lifecycle took to complete: 0ms
01-20 19:07:03.940 1477 1477 D SystemServerTiming: OnBootPhase_600_com.android.server.stats.StatsCompanion$Lifecycle
01-20 19:07:03.941 2241 2241 D ShellBackPreview: Back animation enabled=false
01-20 19:07:03.941 2241 2241 V WindowManagerShell: Adding external interface from BackAnimationController with key extra_shell_back_animation
01-20 19:07:03.941 2241 2241 V WindowManagerShell: BackAnimationController init took 0ms
01-20 19:07:03.948 1477 1477 V SystemServerTiming: OnBootPhase_600_com.android.server.stats.StatsCompanion$Lifecycle took to complete: 8ms
01-20 19:07:03.948 1477 1477 D SystemServerTiming: OnBootPhase_600_com.android.server.scheduling.RebootReadinessManagerService$Lifecycle
01-20 19:07:03.948 1477 1477 V SystemServerTiming: OnBootPhase_600_com.android.server.scheduling.RebootReadinessManagerService$Lifecycle took to complete: 0ms
01-20 19:07:03.948 1477 1477 D SystemServerTiming: OnBootPhase_600_com.android.server.stats.pull.StatsPullAtomService
01-20 19:07:03.948 1477 1477 V SystemServerTiming: OnBootPhase_600_com.android.server.stats.pull.StatsPullAtomService took to complete: 0ms
01-20 19:07:03.948 1477 1477 D SystemServerTiming: OnBootPhase_600_com.android.server.stats.bootstrap.StatsBootstrapAtomService$Lifecycle
01-20 19:07:03.948 1477 1477 V SystemServerTiming: OnBootPhase_600_com.android.server.stats.bootstrap.StatsBootstrapAtomService$Lifecycle took to complete: 0ms
01-20 19:07:03.948 1477 1477 D SystemServerTiming: OnBootPhase_600_com.android.server.incident.IncidentCompanionService
01-20 19:07:03.948 1477 1477 V SystemServerTiming: OnBootPhase_600_com.android.server.incident.IncidentCompanionService took to complete: 0ms
01-20 19:07:03.948 1477 1477 D SystemServerTiming: OnBootPhase_600_com.android.server.sdksandbox.SdkSandboxManagerService$Lifecycle
01-20 19:07:03.948 1477 1477 V SystemServerTiming: OnBootPhase_600_com.android.server.sdksandbox.SdkSandboxManagerService$Lifecycle took to complete: 0ms
01-20 19:07:03.948 1477 1477 D SystemServerTiming: OnBootPhase_600_com.android.server.adservices.AdServicesManagerService$Lifecycle
01-20 19:07:03.948 1477 1477 V SystemServerTiming: OnBootPhase_600_com.android.server.adservices.AdServicesManagerService$Lifecycle took to complete: 0ms
01-20 19:07:03.948 1477 1477 D SystemServerTiming: OnBootPhase_600_com.android.server.MmsServiceBroker
01-20 19:07:03.948 1477 1477 V SystemServerTiming: OnBootPhase_600_com.android.server.MmsServiceBroker took to complete: 0ms
01-20 19:07:03.948 1477 1477 D SystemServerTiming: OnBootPhase_600_com.android.server.autofill.AutofillManagerService
01-20 19:07:03.949 1477 1477 V SystemServerTiming: OnBootPhase_600_com.android.server.autofill.AutofillManagerService took to complete: 0ms
01-20 19:07:03.949 1477 1477 D SystemServerTiming: OnBootPhase_600_com.android.server.clipboard.ClipboardService
01-20 19:07:03.949 1477 1477 V SystemServerTiming: OnBootPhase_600_com.android.server.clipboard.ClipboardService took to complete: 0ms
01-20 19:07:03.949 1477 1477 D SystemServerTiming: OnBootPhase_600_com.android.server.appbinding.AppBindingService$Lifecycle
01-20 19:07:03.949 1477 1477 V SystemServerTiming: OnBootPhase_600_com.android.server.appbinding.AppBindingService$Lifecycle took to complete: 1ms
01-20 19:07:03.949 1477 1477 D SystemServerTiming: OnBootPhase_600_com.android.server.tracing.TracingServiceProxy
01-20 19:07:03.949 1477 1477 V SystemServerTiming: OnBootPhase_600_com.android.server.tracing.TracingServiceProxy took to complete: 0ms
01-20 19:07:03.949 1477 1477 D SystemServerTiming: OnBootPhase_600_org.lineageos.platform.internal.ProfileManagerService
01-20 19:07:03.949 1477 1477 V SystemServerTiming: OnBootPhase_600_org.lineageos.platform.internal.ProfileManagerService took to complete: 0ms
01-20 19:07:03.949 1477 1477 D SystemServerTiming: OnBootPhase_600_org.lineageos.platform.internal.LineageHardwareService
01-20 19:07:03.949 1477 1477 V SystemServerTiming: OnBootPhase_600_org.lineageos.platform.internal.LineageHardwareService took to complete: 0ms
01-20 19:07:03.949 1477 1477 D SystemServerTiming: OnBootPhase_600_org.lineageos.platform.internal.display.LiveDisplayService
01-20 19:07:03.949 1477 1477 V SystemServerTiming: OnBootPhase_600_org.lineageos.platform.internal.display.LiveDisplayService took to complete: 0ms
01-20 19:07:03.949 1477 1477 D SystemServerTiming: OnBootPhase_600_org.lineageos.platform.internal.TrustInterfaceService
01-20 19:07:03.949 1477 1477 V SystemServerTiming: OnBootPhase_600_org.lineageos.platform.internal.TrustInterfaceService took to complete: 0ms
01-20 19:07:03.949 1477 1477 D SystemServerTiming: OnBootPhase_600_org.lineageos.platform.internal.LineageSettingsService
01-20 19:07:03.949 1477 1477 V SystemServerTiming: OnBootPhase_600_org.lineageos.platform.internal.LineageSettingsService took to complete: 0ms
01-20 19:07:03.949 1477 1477 D SystemServerTiming: OnBootPhase_600_org.lineageos.platform.internal.LineageGlobalActionsService
01-20 19:07:03.949 1477 1477 V SystemServerTiming: OnBootPhase_600_org.lineageos.platform.internal.LineageGlobalActionsService took to complete: 0ms
01-20 19:07:03.949 1477 1477 D SystemServerTiming: OnBootPhase_600_org.lineageos.platform.internal.health.HealthInterfaceService
01-20 19:07:03.949 1477 1477 V SystemServerTiming: OnBootPhase_600_org.lineageos.platform.internal.health.HealthInterfaceService took to complete: 0ms
01-20 19:07:03.949 1477 1477 D SystemServerTiming: OnBootPhase_600_com.android.server.policy.PermissionPolicyService
01-20 19:07:03.949 1477 1477 V SystemServerTiming: OnBootPhase_600_com.android.server.policy.PermissionPolicyService took to complete: 0ms
01-20 19:07:03.949 1477 1477 D SystemServerTiming: OnBootPhase_600_com.android.server.pm.StagingManager$Lifecycle
01-20 19:07:03.949 1477 1477 V SystemServerTiming: OnBootPhase_600_com.android.server.pm.StagingManager$Lifecycle took to complete: 0ms
01-20 19:07:03.949 1477 1477 D SystemServerTiming: OnBootPhase_600_com.android.server.app.GameManagerService$Lifecycle
01-20 19:07:03.949 1477 1477 V SystemServerTiming: OnBootPhase_600_com.android.server.app.GameManagerService$Lifecycle took to complete: 0ms
01-20 19:07:03.949 1477 1477 D SystemServerTiming: OnBootPhase_600_com.android.safetycenter.SafetyCenterService
01-20 19:07:03.949 1477 1477 V SystemServerTiming: OnBootPhase_600_com.android.safetycenter.SafetyCenterService took to complete: 0ms
01-20 19:07:03.949 1477 1477 D SystemServerTiming: OnBootPhase_600_com.android.server.appsearch.AppSearchModule$Lifecycle
01-20 19:07:03.949 1477 1477 V SystemServerTiming: OnBootPhase_600_com.android.server.appsearch.AppSearchModule$Lifecycle took to complete: 0ms
01-20 19:07:03.949 1477 1477 D SystemServerTiming: OnBootPhase_600_com.android.server.media.MediaCommunicationService
01-20 19:07:03.949 1477 1477 V SystemServerTiming: OnBootPhase_600_com.android.server.media.MediaCommunicationService took to complete: 0ms
01-20 19:07:03.949 1477 1477 D SystemServerTiming: OnBootPhase_600_com.android.server.compat.overrides.AppCompatOverridesService$Lifecycle
01-20 19:07:03.949 1477 1477 V SystemServerTiming: OnBootPhase_600_com.android.server.compat.overrides.AppCompatOverridesService$Lifecycle took to complete: 0ms
01-20 19:07:03.949 1477 1477 V SystemServerTiming: OnBootPhase_600 took to complete: 86ms
01-20 19:07:03.949 1477 1477 V SystemServerTiming: PhaseThirdPartyAppsCanStart took to complete: 86ms
01-20 19:07:03.949 1477 1477 D SystemServerTiming: StartNetworkStack
01-20 19:07:03.949 1477 1477 D ConnectivityModuleConnector: Starting networking module android.net.INetworkStackConnector
01-20 19:07:03.949 1477 1477 D ConnectivityModuleConnector: Starting networking module in network_stack process
01-20 19:07:03.950 1477 1753 D StatsPullAtomService: Registering NetworkStats pullers with statsd
01-20 19:07:03.951 1477 1477 D CompatibilityChangeReporter: Compat change id reported: 135634846; UID 1073; state: DISABLED
01-20 19:07:03.952 1477 1477 D CompatibilityChangeReporter: Compat change id reported: 177438394; UID 1073; state: DISABLED
01-20 19:07:03.952 1477 1477 D CompatibilityChangeReporter: Compat change id reported: 135772972; UID 1073; state: DISABLED
01-20 19:07:03.952 1477 1477 D CompatibilityChangeReporter: Compat change id reported: 135754954; UID 1073; state: ENABLED
01-20 19:07:03.952 1477 1477 D ConnectivityModuleConnector: Networking module service start requested
01-20 19:07:03.952 1477 1477 V SystemServerTiming: StartNetworkStack took to complete: 3ms
01-20 19:07:03.952 1477 1477 D SystemServerTiming: StartTethering
01-20 19:07:03.952 1477 1477 D ConnectivityModuleConnector: Starting networking module android.net.ITetheringConnector
01-20 19:07:03.953 1477 1477 D ConnectivityModuleConnector: Starting networking module in network_stack process
01-20 19:07:03.953 1477 1477 D ConnectivityModuleConnector: Networking module service start requested
01-20 19:07:03.953 1477 1477 V SystemServerTiming: StartTethering took to complete: 1ms
01-20 19:07:03.953 1477 1477 D SystemServerTiming: MakeCountryDetectionServiceReady
01-20 19:07:03.953 1477 1477 V SystemServerTiming: MakeCountryDetectionServiceReady took to complete: 0ms
01-20 19:07:03.953 1477 1477 D SystemServerTiming: MakeNetworkTimeUpdateReady
01-20 19:07:03.956 1477 1477 V SystemServerTiming: MakeNetworkTimeUpdateReady took to complete: 3ms
01-20 19:07:03.957 1477 1477 D SystemServerTiming: MakeInputManagerServiceReady
01-20 19:07:03.958 1477 1477 I ActivityTaskManager: Config changes=4100 {1.0 ?mcc?mnc [en_CA] ldltr sw427dp w427dp h853dp 540dpi nrml long hdr port night finger -keyb/v/h -nav/h winConfig={ mBounds=Rect(0, 0 - 1440, 2880) mAppBounds=Rect(0, 0 - 1440, 2880) mMaxBounds=Rect(0, 0 - 1440, 2880) mDisplayRotation=ROTATION_0 mWindowingMode=fullscreen mDisplayWindowingMode=fullscreen mActivityType=undefined mAlwaysOnTop=undefined mRotation=ROTATION_0} s.12 fontWeightAdjustment=0}
01-20 19:07:03.960 1477 1477 I WindowManager: Override config changes=4100 {1.0 ?mcc?mnc [en_CA] ldltr sw427dp w427dp h853dp 540dpi nrml long hdr port night finger -keyb/v/h -nav/h winConfig={ mBounds=Rect(0, 0 - 1440, 2880) mAppBounds=Rect(0, 0 - 1440, 2880) mMaxBounds=Rect(0, 0 - 1440, 2880) mDisplayRotation=ROTATION_0 mWindowingMode=fullscreen mDisplayWindowingMode=fullscreen mActivityType=undefined mAlwaysOnTop=undefined mRotation=ROTATION_0} s.12 fontWeightAdjustment=0} for displayId=0
01-20 19:07:03.966 1477 1477 V SystemServerTiming: MakeInputManagerServiceReady took to complete: 9ms
01-20 19:07:03.966 1477 1477 D SystemServerTiming: MakeTelephonyRegistryReady
01-20 19:07:03.966 1477 1477 V SystemServerTiming: MakeTelephonyRegistryReady took to complete: 0ms
01-20 19:07:03.966 1477 1477 D SystemServerTiming: MakeMediaRouterServiceReady
01-20 19:07:03.966 1477 1477 I MR2ServiceImpl: switchUser | user: 0
01-20 19:07:03.966 1477 1477 V SystemServerTiming: MakeMediaRouterServiceReady took to complete: 0ms
01-20 19:07:03.967 1477 1477 D SystemServerTiming: MakeMmsServiceReady
01-20 19:07:03.967 1477 1477 I MmsServiceBroker: Delay connecting to MmsService until an API is called
01-20 19:07:03.967 1477 1477 V SystemServerTiming: MakeMmsServiceReady took to complete: 0ms
01-20 19:07:03.967 1477 1477 D SystemServerTiming: IncidentDaemonReady
01-20 19:07:03.972 1477 1477 V SystemServerTiming: IncidentDaemonReady took to complete: 6ms
01-20 19:07:03.972 1477 1477 D SystemServerTiming: OdsignStatsLogger
01-20 19:07:03.972 1477 1477 V SystemServerTiming: OdsignStatsLogger took to complete: 0ms
01-20 19:07:03.972 1477 1477 D SystemServerTiming: getCurrentUser
01-20 19:07:03.972 1477 1477 I ActivityManager: Current user:0
01-20 19:07:03.972 1477 1477 V SystemServerTiming: getCurrentUser took to complete: 0ms
01-20 19:07:03.972 1477 1477 D SystemServerTiming: ActivityManagerStartApps
01-20 19:07:03.972 1477 1477 D SystemServerTiming: ssm.StartUser-0
01-20 19:07:03.972 1477 1477 I SystemServiceManager: Calling onStartUser 0
01-20 19:07:03.972 1477 1477 D SystemServerTiming: ssm.onStartUser-0_com.android.server.security.FileIntegrityService
01-20 19:07:03.972 1477 1477 V SystemServerTiming: ssm.onStartUser-0_com.android.server.security.FileIntegrityService took to complete: 0ms
01-20 19:07:03.972 1477 1477 D SystemServerTiming: ssm.onStartUser-0_com.android.server.pm.Installer
01-20 19:07:03.972 1477 1477 V SystemServerTiming: ssm.onStartUser-0_com.android.server.pm.Installer took to complete: 0ms
01-20 19:07:03.972 1477 1477 D SystemServerTiming: ssm.onStartUser-0_com.android.server.os.DeviceIdentifiersPolicyService
01-20 19:07:03.972 1477 1477 V SystemServerTiming: ssm.onStartUser-0_com.android.server.os.DeviceIdentifiersPolicyService took to complete: 0ms
01-20 19:07:03.972 1477 1477 D SystemServerTiming: ssm.onStartUser-0_com.android.server.uri.UriGrantsManagerService$Lifecycle
01-20 19:07:03.972 1477 1477 V SystemServerTiming: ssm.onStartUser-0_com.android.server.uri.UriGrantsManagerService$Lifecycle took to complete: 0ms
01-20 19:07:03.972 1477 1477 D SystemServerTiming: ssm.onStartUser-0_com.android.server.powerstats.PowerStatsService
01-20 19:07:03.972 1477 1477 V SystemServerTiming: ssm.onStartUser-0_com.android.server.powerstats.PowerStatsService took to complete: 0ms
01-20 19:07:03.972 1477 1477 D SystemServerTiming: ssm.onStartUser-0_com.android.server.wm.ActivityTaskManagerService$Lifecycle
01-20 19:07:03.972 1477 1477 V SystemServerTiming: ssm.onStartUser-0_com.android.server.wm.ActivityTaskManagerService$Lifecycle took to complete: 0ms
01-20 19:07:03.972 1477 1477 D SystemServerTiming: ssm.onStartUser-0_com.android.server.am.ActivityManagerService$Lifecycle
01-20 19:07:03.972 1477 1477 V SystemServerTiming: ssm.onStartUser-0_com.android.server.am.ActivityManagerService$Lifecycle took to complete: 0ms
01-20 19:07:03.972 1477 1477 D SystemServerTiming: ssm.onStartUser-0_com.android.server.pm.DataLoaderManagerService
01-20 19:07:03.972 1477 1477 V SystemServerTiming: ssm.onStartUser-0_com.android.server.pm.DataLoaderManagerService took to complete: 0ms
