01-20 19:07:03.188 1477 1477 V SystemServerTiming: StartColorDisplay took to complete: 1ms
01-20 19:07:03.188 1477 1477 D SystemServerTiming: StartJobScheduler
01-20 19:07:03.189 1477 1708 W StorageManagerService: No primary storage defined yet; hacking together a stub
01-20 19:07:03.189 1477 1477 I SystemServiceManager: Starting com.android.server.job.JobSchedulerService
01-20 19:07:03.193 1477 1477 D JobStore: Start tag: job-info
01-20 19:07:03.195 1477 1708 D UsbPortManager: Querying USB HAL version
01-20 19:07:03.196 1477 1477 I JobStore: Read 6 jobs
01-20 19:07:03.206 1477 1701 E SystemServiceRegistry: Manager wrapper not available: usb
01-20 19:07:03.206 1477 1477 V HistoricalRegistry: Interaction before persistence initialized
01-20 19:07:03.206 1477 1477 V HistoricalRegistry: Interaction before persistence initialized
01-20 19:07:03.207 1477 1708 I UsbPortManager: USB HAL HIDL present
01-20 19:07:03.207 1477 1477 V SystemServerTiming: StartJobScheduler took to complete: 19ms
01-20 19:07:03.207 1477 1477 D SystemServerTiming: StartSoundTrigger
01-20 19:07:03.207 1477 1477 I SystemServiceManager: Starting com.android.server.soundtrigger.SoundTriggerService
01-20 19:07:03.208 1477 1755 I DropBoxManagerService: add tag=system_server_wtf isTagEnabled=true flags=0x2
01-20 19:07:03.208 1477 1477 V SystemServerTiming: StartSoundTrigger took to complete: 1ms
01-20 19:07:03.208 1477 1477 D SystemServerTiming: StartTrustManager
01-20 19:07:03.208 1477 1477 I SystemServiceManager: Starting com.android.server.trust.TrustManagerService
01-20 19:07:03.209 1477 1752 I UsbPortManager: Usb hal service started android.hardware.usb@1.0::IUsb default
01-20 19:07:03.210 1477 1477 V SystemServerTiming: StartTrustManager took to complete: 1ms
01-20 19:07:03.210 1477 1477 D SystemServerTiming: StartBackupManager
01-20 19:07:03.210 1477 1477 I SystemServiceManager: Starting com.android.server.backup.BackupManagerService$Lifecycle
01-20 19:07:03.211 1477 1708 D UsbPortManager: getInstance done
01-20 19:07:03.213 1477 1708 D SystemServerInitThreadPool: Finished executing UsbService$Lifecycle#onStart
01-20 19:07:03.213 1477 1708 V SystemServerTimingAsync: InitThreadPoolExec:UsbService$Lifecycle#onStart took to complete: 31ms
01-20 19:07:03.215 1477 1477 V SystemServerTiming: StartBackupManager took to complete: 6ms
01-20 19:07:03.215 1477 1477 D SystemServerTiming: StartAppWidgetService
01-20 19:07:03.215 1477 1477 I SystemServiceManager: Starting com.android.server.appwidget.AppWidgetService
01-20 19:07:03.224 1477 1477 V SystemServerTiming: StartAppWidgetService took to complete: 9ms
01-20 19:07:03.224 1477 1477 D SystemServerTiming: StartVoiceRecognitionManager
01-20 19:07:03.224 1477 1477 I SystemServiceManager: Starting com.android.server.voiceinteraction.VoiceInteractionManagerService
01-20 19:07:03.236 1477 1477 V SystemServerTiming: StartVoiceRecognitionManager took to complete: 11ms
01-20 19:07:03.236 809 809 V ZygoteInitTiming_lazy: PreloadClasses took to complete: 831ms
01-20 19:07:03.236 1477 1477 D SystemServerTiming: StartAppHibernationService
01-20 19:07:03.236 1477 1477 I SystemServiceManager: Starting com.android.server.apphibernation.AppHibernationService
01-20 19:07:03.238 1477 1477 V SystemServerTiming: StartAppHibernationService took to complete: 3ms
01-20 19:07:03.238 1477 1477 D SystemServerTiming: StartGestureLauncher
01-20 19:07:03.238 1477 1477 I SystemServiceManager: Starting com.android.server.GestureLauncherService
01-20 19:07:03.238 1477 1477 V SystemServerTiming: StartGestureLauncher took to complete: 0ms
01-20 19:07:03.238 1477 1477 D SystemServerTiming: StartSensorNotification
01-20 19:07:03.238 1477 1477 I SystemServiceManager: Starting com.android.server.SensorNotificationService
01-20 19:07:03.239 1477 1477 V SystemServerTiming: StartSensorNotification took to complete: 0ms
01-20 19:07:03.239 1477 1477 D SystemServerTiming: StartDiskStatsService
01-20 19:07:03.240 1477 1477 D CompatibilityChangeReporter: Compat change id reported: 194532703; UID 1000; state: ENABLED
01-20 19:07:03.240 1477 1477 D CompatibilityChangeReporter: Compat change id reported: 194532703; UID 1000; state: DISABLED
01-20 19:07:03.241 1477 1477 V SystemServerTiming: StartDiskStatsService took to complete: 3ms
01-20 19:07:03.242 1477 1477 D SystemServerTiming: RuntimeService
01-20 19:07:03.242 1477 1477 V SystemServerTiming: RuntimeService took to complete: 1ms
01-20 19:07:03.242 1477 1477 D SystemServerTiming: StartNetworkTimeUpdateService
01-20 19:07:03.243 1477 1477 V SystemServerTiming: StartNetworkTimeUpdateService took to complete: 1ms
01-20 19:07:03.243 1477 1477 D SystemServerTiming: CertBlacklister
01-20 19:07:03.244 1477 1477 V SystemServerTiming: CertBlacklister took to complete: 1ms
01-20 19:07:03.244 1477 1477 D SystemServerTiming: StartEmergencyAffordanceService
01-20 19:07:03.244 1477 1477 I SystemServiceManager: Starting com.android.server.emergency.EmergencyAffordanceService
01-20 19:07:03.245 1477 1477 V SystemServerTiming: StartEmergencyAffordanceService took to complete: 1ms
01-20 19:07:03.245 1477 1477 D SystemServerTiming: startBlobStoreManagerService
01-20 19:07:03.245 1477 1477 I SystemServiceManager: Starting com.android.server.blob.BlobStoreManagerService
01-20 19:07:03.256 1477 1477 V SystemServerTiming: startBlobStoreManagerService took to complete: 11ms
01-20 19:07:03.256 1477 1477 D SystemServerTiming: StartDreamManager
01-20 19:07:03.257 1477 1477 I SystemServiceManager: Starting com.android.server.dreams.DreamManagerService
01-20 19:07:03.258 1477 1477 V SystemServerTiming: StartDreamManager took to complete: 2ms
01-20 19:07:03.258 1477 1477 D SystemServerTiming: AddGraphicsStatsService
01-20 19:07:03.259 809 809 V ZygoteInitTiming_lazy: CacheNonBootClasspathClassLoaders took to complete: 24ms
01-20 19:07:03.265 1477 1477 V SystemServerTiming: AddGraphicsStatsService took to complete: 7ms
01-20 19:07:03.265 1477 1755 I DropBoxManagerService: add tag=system_server_wtf isTagEnabled=true flags=0x2
01-20 19:07:03.265 1477 1477 D SystemServerTiming: StartPrintManager
01-20 19:07:03.265 1477 1477 I SystemServiceManager: Starting com.android.server.print.PrintManagerService
01-20 19:07:03.266 1477 1477 V SystemServerTiming: StartPrintManager took to complete: 1ms
01-20 19:07:03.266 1477 1477 D SystemServerTiming: StartAttestationVerificationService
01-20 19:07:03.266 1477 1477 I SystemServiceManager: Starting com.android.server.security.AttestationVerificationManagerService
01-20 19:07:03.267 1477 1477 D AVF : Started
01-20 19:07:03.267 1477 1477 V SystemServerTiming: StartAttestationVerificationService took to complete: 1ms
01-20 19:07:03.268 1477 1477 D SystemServerTiming: StartCompanionDeviceManager
01-20 19:07:03.268 1477 1477 I SystemServiceManager: Starting com.android.server.companion.CompanionDeviceManagerService
01-20 19:07:03.268 1477 1477 I CompanionDevice_PersistentDataStore: Reading associations for user 0 from disk
01-20 19:07:03.269 1477 1477 V SystemServerTiming: StartCompanionDeviceManager took to complete: 2ms
01-20 19:07:03.270 1477 1477 D SystemServerTiming: StartVirtualDeviceManager
01-20 19:07:03.270 1477 1477 I SystemServiceManager: Starting com.android.server.companion.virtual.VirtualDeviceManagerService
01-20 19:07:03.270 1477 1477 V SystemServerTiming: StartVirtualDeviceManager took to complete: 1ms
01-20 19:07:03.270 1477 1477 D SystemServerTiming: StartRestrictionManager
01-20 19:07:03.270 1477 1477 I SystemServiceManager: Starting com.android.server.restrictions.RestrictionsManagerService
01-20 19:07:03.271 1477 1477 V SystemServerTiming: StartRestrictionManager took to complete: 1ms
01-20 19:07:03.271 1477 1477 D SystemServerTiming: StartMediaSessionService
01-20 19:07:03.271 1477 1477 I SystemServiceManager: Starting com.android.server.media.MediaSessionService
01-20 19:07:03.273 1477 1477 V SystemServerTiming: StartMediaSessionService took to complete: 2ms
01-20 19:07:03.273 1477 1477 D SystemServerTiming: StartMediaResourceMonitor
01-20 19:07:03.273 1477 1477 I SystemServiceManager: Starting com.android.server.media.MediaResourceMonitorService
01-20 19:07:03.274 1477 1477 V SystemServerTiming: StartMediaResourceMonitor took to complete: 0ms
01-20 19:07:03.274 1477 1477 D SystemServerTiming: StartMediaRouterService
01-20 19:07:03.274 1477 1477 V HistoricalRegistry: Interaction before persistence initialized
01-20 19:07:03.276 1477 1477 V SystemServerTiming: StartMediaRouterService took to complete: 3ms
01-20 19:07:03.276 1477 1477 D SystemServerTiming: StartFingerprintSensor
01-20 19:07:03.276 1477 1477 I SystemServiceManager: Starting com.android.server.biometrics.sensors.fingerprint.FingerprintService
01-20 19:07:03.278 1477 1477 V SystemServerTiming: StartFingerprintSensor took to complete: 1ms
01-20 19:07:03.278 1477 1477 D SystemServerTiming: StartBiometricService
01-20 19:07:03.278 1477 1477 I SystemServiceManager: Starting com.android.server.biometrics.BiometricService
01-20 19:07:03.279 1477 1477 V SystemServerTiming: StartBiometricService took to complete: 2ms
01-20 19:07:03.279 1477 1477 D SystemServerTiming: StartAuthService
01-20 19:07:03.279 1477 1477 I SystemServiceManager: Starting com.android.server.biometrics.AuthService
01-20 19:07:03.280 1477 1477 D AuthService: Registering HIDL ID: 0 Modality: 2 Strength: 15
01-20 19:07:03.285 1477 1477 V SystemServerTiming: StartAuthService took to complete: 5ms
01-20 19:07:03.285 1477 1477 D SystemServerTiming: StartDynamicCodeLoggingService
01-20 19:07:03.286 1477 1477 V SystemServerTiming: StartDynamicCodeLoggingService took to complete: 1ms
01-20 19:07:03.286 1477 1477 D SystemServerTiming: StartPruneInstantAppsJobService
01-20 19:07:03.286 1477 1477 V SystemServerTiming: StartPruneInstantAppsJobService took to complete: 0ms
01-20 19:07:03.286 1477 1477 D SystemServerTiming: StartShortcutServiceLifecycle
01-20 19:07:03.287 1477 1477 I SystemServiceManager: Starting com.android.server.pm.ShortcutService$Lifecycle
01-20 19:07:03.288 1477 1477 V HistoricalRegistry: Interaction before persistence initialized
01-20 19:07:03.289 1477 1477 V SystemServerTiming: StartShortcutServiceLifecycle took to complete: 2ms
01-20 19:07:03.289 1477 1477 D SystemServerTiming: StartLauncherAppsService
01-20 19:07:03.289 1477 1477 I SystemServiceManager: Starting com.android.server.pm.LauncherAppsService
01-20 19:07:03.291 809 809 V ZygoteInitTiming_lazy: PreloadResources took to complete: 31ms
01-20 19:07:03.291 1477 1477 V SystemServerTiming: StartLauncherAppsService took to complete: 2ms
01-20 19:07:03.291 1477 1477 D SystemServerTiming: StartCrossProfileAppsService
01-20 19:07:03.291 1477 1477 I SystemServiceManager: Starting com.android.server.pm.CrossProfileAppsService
01-20 19:07:03.292 1477 1477 V SystemServerTiming: StartCrossProfileAppsService took to complete: 0ms
01-20 19:07:03.292 1477 1477 D SystemServerTiming: StartPeopleService
01-20 19:07:03.292 1477 1477 I SystemServiceManager: Starting com.android.server.people.PeopleService
01-20 19:07:03.293 1477 1477 V SystemServerTiming: StartPeopleService took to complete: 0ms
01-20 19:07:03.293 1477 1477 D SystemServerTiming: StartMediaMetricsManager
01-20 19:07:03.293 1477 1477 I SystemServiceManager: Starting com.android.server.media.metrics.MediaMetricsManagerService
01-20 19:07:03.294 1477 1477 V SystemServerTiming: StartMediaMetricsManager took to complete: 1ms
01-20 19:07:03.294 1477 1477 D SystemServerTiming: StartMediaProjectionManager
01-20 19:07:03.294 1477 1477 I SystemServiceManager: Starting com.android.server.media.projection.MediaProjectionManagerService
01-20 19:07:03.296 1477 2216 D BiometricService: Registering ID: 0 Modality: 2 Strength: 15
01-20 19:07:03.296 1477 2216 D BiometricStrengthController: updateStrengths: revert sensorId=0 to oemStrength=15
01-20 19:07:03.296 1477 2216 D BiometricService/Sensor: updateStrength: Before(ID(0), oemStrength: 15, updatedStrength: 15, modality 2, state: 0, cookie: 0) After(ID(0), oemStrength: 15, updatedStrength: 15, modality 2, state: 0, cookie: 0)
01-20 19:07:03.298 1477 1477 V SystemServerTiming: StartMediaProjectionManager took to complete: 4ms
01-20 19:07:03.298 1477 1477 D SystemServerTiming: StartSliceManagerService
01-20 19:07:03.298 1477 1477 I SystemServiceManager: Starting com.android.server.slice.SliceManagerService$Lifecycle
01-20 19:07:03.302 1477 1477 V SystemServerTiming: StartSliceManagerService took to complete: 3ms
01-20 19:07:03.302 1477 1477 D SystemServerTiming: StartStatsCompanion
01-20 19:07:03.302 1477 1477 I SystemServiceManager: Starting com.android.server.stats.StatsCompanion$Lifecycle
01-20 19:07:03.307 1477 1477 V SystemServerTiming: StartStatsCompanion took to complete: 5ms
01-20 19:07:03.307 1477 1477 D SystemServerTiming: StartRebootReadinessManagerService
01-20 19:07:03.307 1477 1477 I SystemServiceManager: Starting com.android.server.scheduling.RebootReadinessManagerService$Lifecycle
01-20 19:07:03.314 1477 1477 V SystemServerTiming: StartRebootReadinessManagerService took to complete: 8ms
01-20 19:07:03.314 1477 1477 D SystemServerTiming: StartStatsPullAtomService
01-20 19:07:03.314 1477 1477 I SystemServiceManager: Starting com.android.server.stats.pull.StatsPullAtomService
01-20 19:07:03.314 1477 1477 V SystemServerTiming: StartStatsPullAtomService took to complete: 0ms
01-20 19:07:03.314 1477 1477 D SystemServerTiming: StatsBootstrapAtomService
01-20 19:07:03.314 1477 1477 I SystemServiceManager: Starting com.android.server.stats.bootstrap.StatsBootstrapAtomService$Lifecycle
01-20 19:07:03.315 1477 1477 V SystemServerTiming: StatsBootstrapAtomService took to complete: 1ms
01-20 19:07:03.315 1477 1477 D SystemServerTiming: StartIncidentCompanionService
01-20 19:07:03.315 1477 1477 I SystemServiceManager: Starting com.android.server.incident.IncidentCompanionService
01-20 19:07:03.316 1477 1477 V SystemServerTiming: StartIncidentCompanionService took to complete: 0ms
01-20 19:07:03.316 1477 1477 D SystemServerTiming: StarSdkSandboxManagerService
01-20 19:07:03.317 1477 1477 I SystemServiceManager: Starting com.android.server.sdksandbox.SdkSandboxManagerService$Lifecycle
01-20 19:07:03.322 1477 1477 V SystemServerTiming: StarSdkSandboxManagerService took to complete: 7ms
01-20 19:07:03.322 1477 1477 D SystemServerTiming: StartAdServicesManagerService
01-20 19:07:03.323 1477 1477 I SystemServiceManager: Starting com.android.server.adservices.AdServicesManagerService$Lifecycle
01-20 19:07:03.323 1477 1477 V SystemServerTiming: StartAdServicesManagerService took to complete: 1ms
01-20 19:07:03.323 1477 1477 D SystemServerTiming: StartMmsService
01-20 19:07:03.323 1477 1477 I SystemServiceManager: Starting com.android.server.MmsServiceBroker
01-20 19:07:03.325 1477 1477 V SystemServerTiming: StartMmsService took to complete: 2ms
01-20 19:07:03.325 1477 1477 D SystemServerTiming: StartAutoFillService
01-20 19:07:03.325 1477 1477 I SystemServiceManager: Starting com.android.server.autofill.AutofillManagerService
01-20 19:07:03.330 1477 1477 V SystemServerTiming: StartAutoFillService took to complete: 5ms
01-20 19:07:03.330 1477 1477 D SystemServer: TranslationService not defined by OEM
01-20 19:07:03.330 1477 1477 D SystemServerTiming: StartClipboardService
01-20 19:07:03.330 1477 1477 I SystemServiceManager: Starting com.android.server.clipboard.ClipboardService
01-20 19:07:03.333 1477 1477 V SystemServerTiming: StartClipboardService took to complete: 3ms
01-20 19:07:03.333 1477 1477 D SystemServerTiming: AppServiceManager
01-20 19:07:03.333 1477 1477 I SystemServiceManager: Starting com.android.server.appbinding.AppBindingService$Lifecycle
01-20 19:07:03.335 1477 1477 V SystemServerTiming: AppServiceManager took to complete: 2ms
01-20 19:07:03.335 1477 1477 D SystemServerTiming: startTracingServiceProxy
01-20 19:07:03.335 1477 1477 I SystemServiceManager: Starting com.android.server.tracing.TracingServiceProxy
01-20 19:07:03.340 1477 1477 V SystemServerTiming: startTracingServiceProxy took to complete: 5ms
01-20 19:07:03.341 1477 1477 I LineageSystemServer: Attempting to start service org.lineageos.platform.internal.ProfileManagerService
01-20 19:07:03.343 1477 1477 I LineageSystemServer: Starting service org.lineageos.platform.internal.ProfileManagerService
01-20 19:07:03.343 1477 1477 I SystemServiceManager: Starting org.lineageos.platform.internal.ProfileManagerService
01-20 19:07:03.344 1477 1477 I LineageSystemServer: Attempting to start service org.lineageos.platform.internal.LineageHardwareService
01-20 19:07:03.345 1477 1477 I LineageSystemServer: Starting service org.lineageos.platform.internal.LineageHardwareService
01-20 19:07:03.345 1477 1477 I SystemServiceManager: Starting org.lineageos.platform.internal.LineageHardwareService
01-20 19:07:03.346 1477 1477 I LineageSystemServer: Attempting to start service org.lineageos.platform.internal.display.LiveDisplayService
01-20 19:07:03.349 1477 1477 I LineageSystemServer: Starting service org.lineageos.platform.internal.display.LiveDisplayService
01-20 19:07:03.349 1477 1477 I SystemServiceManager: Starting org.lineageos.platform.internal.display.LiveDisplayService
01-20 19:07:03.352 1477 1477 I LineageSystemServer: Attempting to start service org.lineageos.platform.internal.TrustInterfaceService
01-20 19:07:03.352 1477 1477 I LineageSystemServer: Starting service org.lineageos.platform.internal.TrustInterfaceService
01-20 19:07:03.352 1477 1477 I SystemServiceManager: Starting org.lineageos.platform.internal.TrustInterfaceService
01-20 19:07:03.353 1477 1477 I LineageSystemServer: Attempting to start service org.lineageos.platform.internal.LineageSettingsService
01-20 19:07:03.353 1477 1477 I LineageSystemServer: Starting service org.lineageos.platform.internal.LineageSettingsService
01-20 19:07:03.353 1477 1477 I SystemServiceManager: Starting org.lineageos.platform.internal.LineageSettingsService
01-20 19:07:03.353 1477 1477 I LineageSystemServer: Attempting to start service org.lineageos.platform.internal.LineageGlobalActionsService
01-20 19:07:03.354 1477 1477 I LineageSystemServer: Starting service org.lineageos.platform.internal.LineageGlobalActionsService
01-20 19:07:03.354 1477 1477 I SystemServiceManager: Starting org.lineageos.platform.internal.LineageGlobalActionsService
01-20 19:07:03.354 1477 1477 I LineageSystemServer: Attempting to start service org.lineageos.platform.internal.health.HealthInterfaceService
01-20 19:07:03.355 1477 1477 I LineageSystemServer: Starting service org.lineageos.platform.internal.health.HealthInterfaceService
01-20 19:07:03.355 1477 1477 I SystemServiceManager: Starting org.lineageos.platform.internal.health.HealthInterfaceService
01-20 19:07:03.359 1477 1477 D SystemServerTiming: MakeLockSettingsServiceReady
01-20 19:07:03.363 1477 1477 I SyntheticPasswordManager: Device does not support weaver
01-20 19:07:03.363 1477 1477 I LockSettingsService: Device doesn't implement AuthSecret HAL
01-20 19:07:03.364 1477 1477 V SystemServerTiming: MakeLockSettingsServiceReady took to complete: 5ms
01-20 19:07:03.364 1477 1477 D SystemServerTiming: StartBootPhaseLockSettingsReady
01-20 19:07:03.364 1477 1477 I SystemServiceManager: Starting phase 480
01-20 19:07:03.364 1477 1477 D SystemServerTiming: OnBootPhase_480
01-20 19:07:03.364 1477 1477 D SystemServerTiming: OnBootPhase_480_com.android.server.security.FileIntegrityService
01-20 19:07:03.364 1477 1477 V SystemServerTiming: OnBootPhase_480_com.android.server.security.FileIntegrityService took to complete: 0ms
01-20 19:07:03.364 1477 1477 D SystemServerTiming: OnBootPhase_480_com.android.server.pm.Installer
01-20 19:07:03.364 1477 1477 V SystemServerTiming: OnBootPhase_480_com.android.server.pm.Installer took to complete: 0ms
01-20 19:07:03.364 1477 1477 D SystemServerTiming: OnBootPhase_480_com.android.server.os.DeviceIdentifiersPolicyService
01-20 19:07:03.364 1477 1477 V SystemServerTiming: OnBootPhase_480_com.android.server.os.DeviceIdentifiersPolicyService took to complete: 0ms
01-20 19:07:03.364 1477 1477 D SystemServerTiming: OnBootPhase_480_com.android.server.uri.UriGrantsManagerService$Lifecycle
01-20 19:07:03.364 1477 1477 V SystemServerTiming: OnBootPhase_480_com.android.server.uri.UriGrantsManagerService$Lifecycle took to complete: 0ms
01-20 19:07:03.364 1477 1477 D SystemServerTiming: OnBootPhase_480_com.android.server.powerstats.PowerStatsService
01-20 19:07:03.364 1477 1477 V SystemServerTiming: OnBootPhase_480_com.android.server.powerstats.PowerStatsService took to complete: 0ms
01-20 19:07:03.364 1477 1477 D SystemServerTiming: OnBootPhase_480_com.android.server.wm.ActivityTaskManagerService$Lifecycle
01-20 19:07:03.364 1477 1477 V SystemServerTiming: OnBootPhase_480_com.android.server.wm.ActivityTaskManagerService$Lifecycle took to complete: 0ms
01-20 19:07:03.364 1477 1477 D SystemServerTiming: OnBootPhase_480_com.android.server.am.ActivityManagerService$Lifecycle
01-20 19:07:03.364 1477 1477 V SystemServerTiming: OnBootPhase_480_com.android.server.am.ActivityManagerService$Lifecycle took to complete: 0ms
01-20 19:07:03.364 1477 1477 D SystemServerTiming: OnBootPhase_480_com.android.server.pm.DataLoaderManagerService
01-20 19:07:03.364 1477 1477 V SystemServerTiming: OnBootPhase_480_com.android.server.pm.DataLoaderManagerService took to complete: 0ms
01-20 19:07:03.364 1477 1477 D SystemServerTiming: OnBootPhase_480_com.android.server.power.PowerManagerService
01-20 19:07:03.364 1477 1477 V SystemServerTiming: OnBootPhase_480_com.android.server.power.PowerManagerService took to complete: 0ms
01-20 19:07:03.364 1477 1477 D SystemServerTiming: OnBootPhase_480_com.android.server.power.ThermalManagerService
01-20 19:07:03.364 1477 1477 V SystemServerTiming: OnBootPhase_480_com.android.server.power.ThermalManagerService took to complete: 0ms
01-20 19:07:03.365 1477 1477 D SystemServerTiming: OnBootPhase_480_com.android.server.power.hint.HintManagerService
01-20 19:07:03.365 1477 1477 V SystemServerTiming: OnBootPhase_480_com.android.server.power.hint.HintManagerService took to complete: 0ms
01-20 19:07:03.365 1477 1477 D SystemServerTiming: OnBootPhase_480_com.android.server.recoverysystem.RecoverySystemService$Lifecycle
01-20 19:07:03.365 1477 1477 V SystemServerTiming: OnBootPhase_480_com.android.server.recoverysystem.RecoverySystemService$Lifecycle took to complete: 0ms
01-20 19:07:03.365 1477 1477 D SystemServerTiming: OnBootPhase_480_com.android.server.lights.LightsService
01-20 19:07:03.365 1477 1477 V SystemServerTiming: OnBootPhase_480_com.android.server.lights.LightsService took to complete: 0ms
01-20 19:07:03.365 1477 1477 D SystemServerTiming: OnBootPhase_480_com.android.server.display.DisplayManagerService
01-20 19:07:03.365 1477 1477 V SystemServerTiming: OnBootPhase_480_com.android.server.display.DisplayManagerService took to complete: 0ms
01-20 19:07:03.365 1477 1477 D SystemServerTiming: OnBootPhase_480_com.android.server.pm.verify.domain.DomainVerificationService
01-20 19:07:03.365 1477 1477 V SystemServerTiming: OnBootPhase_480_com.android.server.pm.verify.domain.DomainVerificationService took to complete: 0ms
01-20 19:07:03.365 1477 1477 D SystemServerTiming: OnBootPhase_480_com.android.server.pm.PackageInstallerService$Lifecycle
01-20 19:07:03.365 1477 1477 V SystemServerTiming: OnBootPhase_480_com.android.server.pm.PackageInstallerService$Lifecycle took to complete: 0ms
01-20 19:07:03.365 1477 1477 D SystemServerTiming: OnBootPhase_480_com.android.server.pm.UserManagerService$LifeCycle
01-20 19:07:03.365 1477 1477 V SystemServerTiming: OnBootPhase_480_com.android.server.pm.UserManagerService$LifeCycle took to complete: 0ms
01-20 19:07:03.365 1477 1477 D SystemServerTiming: OnBootPhase_480_com.android.server.om.OverlayManagerService
01-20 19:07:03.365 1477 1477 V SystemServerTiming: OnBootPhase_480_com.android.server.om.OverlayManagerService took to complete: 0ms
01-20 19:07:03.365 1477 1477 D SystemServerTiming: OnBootPhase_480_com.android.server.resources.ResourcesManagerService
01-20 19:07:03.365 1477 1477 V SystemServerTiming: OnBootPhase_480_com.android.server.resources.ResourcesManagerService took to complete: 0ms
01-20 19:07:03.365 1477 1477 D SystemServerTiming: OnBootPhase_480_com.android.server.sensorprivacy.SensorPrivacyService
01-20 19:07:03.365 1477 1477 V SystemServerTiming: OnBootPhase_480_com.android.server.sensorprivacy.SensorPrivacyService took to complete: 0ms
01-20 19:07:03.365 1477 1477 D SystemServerTiming: OnBootPhase_480_com.android.server.sensors.SensorService
01-20 19:07:03.365 1477 1477 V SystemServerTiming: OnBootPhase_480_com.android.server.sensors.SensorService took to complete: 0ms
01-20 19:07:03.365 1477 1477 D SystemServerTiming: OnBootPhase_480_com.android.server.SystemConfigService
01-20 19:07:03.365 1477 1477 V SystemServerTiming: OnBootPhase_480_com.android.server.SystemConfigService took to complete: 0ms
01-20 19:07:03.365 1477 1477 D SystemServerTiming: OnBootPhase_480_com.android.server.BatteryService
01-20 19:07:03.365 1477 1477 V SystemServerTiming: OnBootPhase_480_com.android.server.BatteryService took to complete: 0ms
01-20 19:07:03.365 1477 1477 D SystemServerTiming: OnBootPhase_480_com.android.server.usage.UsageStatsService
01-20 19:07:03.365 1477 1477 V SystemServerTiming: OnBootPhase_480_com.android.server.usage.UsageStatsService took to complete: 0ms
01-20 19:07:03.365 1477 1477 D SystemServerTiming: OnBootPhase_480_com.android.server.webkit.WebViewUpdateService
01-20 19:07:03.365 1477 1477 V SystemServerTiming: OnBootPhase_480_com.android.server.webkit.WebViewUpdateService took to complete: 0ms
01-20 19:07:03.365 1477 1477 D SystemServerTiming: OnBootPhase_480_com.android.server.CachedDeviceStateService
01-20 19:07:03.365 1477 1477 V SystemServerTiming: OnBootPhase_480_com.android.server.CachedDeviceStateService took to complete: 0ms
01-20 19:07:03.365 1477 1477 D SystemServerTiming: OnBootPhase_480_com.android.server.BinderCallsStatsService$LifeCycle
01-20 19:07:03.365 1477 1477 V SystemServerTiming: OnBootPhase_480_com.android.server.BinderCallsStatsService$LifeCycle took to complete: 0ms
01-20 19:07:03.365 1477 1477 D SystemServerTiming: OnBootPhase_480_com.android.server.LooperStatsService$Lifecycle
01-20 19:07:03.365 1477 1477 V SystemServerTiming: OnBootPhase_480_com.android.server.LooperStatsService$Lifecycle took to complete: 0ms
01-20 19:07:03.365 1477 1477 D SystemServerTiming: OnBootPhase_480_com.android.server.rollback.RollbackManagerService
01-20 19:07:03.365 1477 1477 V SystemServerTiming: OnBootPhase_480_com.android.server.rollback.RollbackManagerService took to complete: 0ms
01-20 19:07:03.365 1477 1477 D SystemServerTiming: OnBootPhase_480_com.android.server.os.NativeTombstoneManagerService
01-20 19:07:03.365 1477 1477 V SystemServerTiming: OnBootPhase_480_com.android.server.os.NativeTombstoneManagerService took to complete: 0ms
01-20 19:07:03.365 1477 1477 D SystemServerTiming: OnBootPhase_480_com.android.server.os.BugreportManagerService
01-20 19:07:03.365 1477 1477 V SystemServerTiming: OnBootPhase_480_com.android.server.os.BugreportManagerService took to complete: 0ms
01-20 19:07:03.365 1477 1477 D SystemServerTiming: OnBootPhase_480_com.android.server.gpu.GpuService
01-20 19:07:03.365 1477 1477 V SystemServerTiming: OnBootPhase_480_com.android.server.gpu.GpuService took to complete: 0ms
01-20 19:07:03.365 1477 1477 D SystemServerTiming: OnBootPhase_480_com.android.server.security.KeyChainSystemService
01-20 19:07:03.365 1477 1477 V SystemServerTiming: OnBootPhase_480_com.android.server.security.KeyChainSystemService took to complete: 0ms
01-20 19:07:03.365 1477 1477 D SystemServerTiming: OnBootPhase_480_com.android.server.BinaryTransparencyService
01-20 19:07:03.365 1477 1477 V SystemServerTiming: OnBootPhase_480_com.android.server.BinaryTransparencyService took to complete: 0ms
01-20 19:07:03.365 1477 1477 D SystemServerTiming: OnBootPhase_480_com.android.server.telecom.TelecomLoaderService
01-20 19:07:03.365 1477 1477 V SystemServerTiming: OnBootPhase_480_com.android.server.telecom.TelecomLoaderService took to complete: 0ms
01-20 19:07:03.365 1477 1477 D SystemServerTiming: OnBootPhase_480_com.android.server.accounts.AccountManagerService$Lifecycle
01-20 19:07:03.365 1477 1477 V SystemServerTiming: OnBootPhase_480_com.android.server.accounts.AccountManagerService$Lifecycle took to complete: 0ms
01-20 19:07:03.365 1477 1477 D SystemServerTiming: OnBootPhase_480_com.android.server.content.ContentService$Lifecycle
01-20 19:07:03.365 1477 1477 V SystemServerTiming: OnBootPhase_480_com.android.server.content.ContentService$Lifecycle took to complete: 0ms
01-20 19:07:03.365 1477 1477 D SystemServerTiming: OnBootPhase_480_com.android.server.DropBoxManagerService
01-20 19:07:03.365 1477 1477 V SystemServerTiming: OnBootPhase_480_com.android.server.DropBoxManagerService took to complete: 0ms
01-20 19:07:03.365 1477 1477 D SystemServerTiming: OnBootPhase_480_com.android.role.RoleService
01-20 19:07:03.365 1477 1477 V SystemServerTiming: OnBootPhase_480_com.android.role.RoleService took to complete: 0ms
01-20 19:07:03.365 1477 1477 D SystemServerTiming: OnBootPhase_480_com.android.server.vibrator.VibratorManagerService$Lifecycle
01-20 19:07:03.365 1477 1477 V SystemServerTiming: OnBootPhase_480_com.android.server.vibrator.VibratorManagerService$Lifecycle took to complete: 0ms
01-20 19:07:03.365 1477 1477 D SystemServerTiming: OnBootPhase_480_com.android.server.tare.InternalResourceService
01-20 19:07:03.365 1477 1477 V SystemServerTiming: OnBootPhase_480_com.android.server.tare.InternalResourceService took to complete: 0ms
01-20 19:07:03.365 1477 1477 D SystemServerTiming: OnBootPhase_480_com.android.server.alarm.AlarmManagerService
01-20 19:07:03.365 1477 1477 V SystemServerTiming: OnBootPhase_480_com.android.server.alarm.AlarmManagerService took to complete: 0ms
01-20 19:07:03.365 1477 1477 D SystemServerTiming: OnBootPhase_480_com.android.server.devicestate.DeviceStateManagerService
01-20 19:07:03.365 1477 1477 V SystemServerTiming: OnBootPhase_480_com.android.server.devicestate.DeviceStateManagerService took to complete: 0ms
01-20 19:07:03.365 1477 1477 D SystemServerTiming: OnBootPhase_480_com.android.server.camera.CameraServiceProxy
01-20 19:07:03.365 1477 1477 V SystemServerTiming: OnBootPhase_480_com.android.server.camera.CameraServiceProxy took to complete: 0ms
01-20 19:07:03.365 1477 1477 D SystemServerTiming: OnBootPhase_480_com.android.server.vr.VrManagerService
01-20 19:07:03.365 1477 1477 V SystemServerTiming: OnBootPhase_480_com.android.server.vr.VrManagerService took to complete: 0ms
01-20 19:07:03.365 1477 1477 D SystemServerTiming: OnBootPhase_480_com.android.server.bluetooth.BluetoothService
01-20 19:07:03.365 1477 1477 V SystemServerTiming: OnBootPhase_480_com.android.server.bluetooth.BluetoothService took to complete: 0ms
01-20 19:07:03.365 1477 1477 D SystemServerTiming: OnBootPhase_480_com.android.server.connectivity.IpConnectivityMetrics
01-20 19:07:03.365 1477 1477 V SystemServerTiming: OnBootPhase_480_com.android.server.connectivity.IpConnectivityMetrics took to complete: 0ms
01-20 19:07:03.365 1477 1477 D SystemServerTiming: OnBootPhase_480_com.android.server.net.watchlist.NetworkWatchlistService$Lifecycle
01-20 19:07:03.365 1477 1477 V SystemServerTiming: OnBootPhase_480_com.android.server.net.watchlist.NetworkWatchlistService$Lifecycle took to complete: 0ms
01-20 19:07:03.365 1477 1477 D SystemServerTiming: OnBootPhase_480_com.android.server.PinnerService
01-20 19:07:03.365 1477 1477 V SystemServerTiming: OnBootPhase_480_com.android.server.PinnerService took to complete: 0ms
01-20 19:07:03.365 1477 1477 D SystemServerTiming: OnBootPhase_480_com.android.server.integrity.AppIntegrityManagerService
01-20 19:07:03.365 1477 1477 V SystemServerTiming: OnBootPhase_480_com.android.server.integrity.AppIntegrityManagerService took to complete: 0ms
01-20 19:07:03.365 1477 1477 D SystemServerTiming: OnBootPhase_480_com.android.server.logcat.LogcatManagerService
01-20 19:07:03.365 1477 1477 V SystemServerTiming: OnBootPhase_480_com.android.server.logcat.LogcatManagerService took to complete: 0ms
01-20 19:07:03.365 1477 1477 D SystemServerTiming: OnBootPhase_480_com.android.server.inputmethod.InputMethodManagerService$Lifecycle
01-20 19:07:03.365 1477 1477 V SystemServerTiming: OnBootPhase_480_com.android.server.inputmethod.InputMethodManagerService$Lifecycle took to complete: 0ms
01-20 19:07:03.365 1477 1477 D SystemServerTiming: OnBootPhase_480_com.android.server.accessibility.AccessibilityManagerService$Lifecycle
01-20 19:07:03.365 1477 1477 V SystemServerTiming: OnBootPhase_480_com.android.server.accessibility.AccessibilityManagerService$Lifecycle took to complete: 0ms
01-20 19:07:03.365 1477 1477 D SystemServerTiming: OnBootPhase_480_com.android.server.StorageManagerService$Lifecycle
01-20 19:07:03.365 1477 1477 V SystemServerTiming: OnBootPhase_480_com.android.server.StorageManagerService$Lifecycle took to complete: 0ms
01-20 19:07:03.365 1477 1477 D SystemServerTiming: OnBootPhase_480_com.android.server.usage.StorageStatsService$Lifecycle
01-20 19:07:03.365 1477 1477 V SystemServerTiming: OnBootPhase_480_com.android.server.usage.StorageStatsService$Lifecycle took to complete: 0ms
01-20 19:07:03.365 1477 1477 D SystemServerTiming: OnBootPhase_480_com.android.server.UiModeManagerService
01-20 19:07:03.365 1477 1477 V SystemServerTiming: OnBootPhase_480_com.android.server.UiModeManagerService took to complete: 0ms
01-20 19:07:03.365 1477 1477 D SystemServerTiming: OnBootPhase_480_com.android.server.locales.LocaleManagerService
01-20 19:07:03.365 1477 1477 V SystemServerTiming: OnBootPhase_480_com.android.server.locales.LocaleManagerService took to complete: 0ms
01-20 19:07:03.365 1477 1477 D SystemServerTiming: OnBootPhase_480_com.android.server.locksettings.LockSettingsService$Lifecycle
01-20 19:07:03.365 1477 1477 V SystemServerTiming: OnBootPhase_480_com.android.server.locksettings.LockSettingsService$Lifecycle took to complete: 0ms
01-20 19:07:03.365 1477 1477 D SystemServerTiming: OnBootPhase_480_com.android.server.PersistentDataBlockService
01-20 19:07:03.365 1477 1477 V SystemServerTiming: OnBootPhase_480_com.android.server.PersistentDataBlockService took to complete: 0ms
01-20 19:07:03.365 1477 1477 D SystemServerTiming: OnBootPhase_480_com.android.server.testharness.TestHarnessModeService
01-20 19:07:03.365 1477 1477 V SystemServerTiming: OnBootPhase_480_com.android.server.testharness.TestHarnessModeService took to complete: 0ms
01-20 19:07:03.365 1477 1477 D SystemServerTiming: OnBootPhase_480_com.android.server.oemlock.OemLockService
01-20 19:07:03.365 1477 1477 V SystemServerTiming: OnBootPhase_480_com.android.server.oemlock.OemLockService took to complete: 0ms
01-20 19:07:03.365 1477 1477 D SystemServerTiming: OnBootPhase_480_com.android.server.DeviceIdleController
01-20 19:07:03.365 1477 1477 V SystemServerTiming: OnBootPhase_480_com.android.server.DeviceIdleController took to complete: 0ms
01-20 19:07:03.365 1477 1477 D SystemServerTiming: OnBootPhase_480_com.android.server.devicepolicy.DevicePolicyManagerService$Lifecycle
01-20 19:07:03.371 1477 1477 I UsbPortManager: USB HAL HIDL version: 10
01-20 19:07:03.371 1477 1477 V SystemServerTiming: OnBootPhase_480_com.android.server.devicepolicy.DevicePolicyManagerService$Lifecycle took to complete: 6ms
01-20 19:07:03.371 1477 2123 D SystemServerTimingAsync: InitThreadPoolExec:DevicePolicyManager
01-20 19:07:03.371 1477 1477 D SystemServerTiming: OnBootPhase_480_com.android.server.texttospeech.TextToSpeechManagerService
01-20 19:07:03.371 1477 2123 D SystemServerInitThreadPool: Started executing DevicePolicyManager
01-20 19:07:03.371 1477 1477 V SystemServerTiming: OnBootPhase_480_com.android.server.texttospeech.TextToSpeechManagerService took to complete: 0ms
01-20 19:07:03.371 1477 1477 D SystemServerTiming: OnBootPhase_480_com.android.server.ambientcontext.AmbientContextManagerService
01-20 19:07:03.371 1477 1477 V SystemServerTiming: OnBootPhase_480_com.android.server.ambientcontext.AmbientContextManagerService took to complete: 0ms
01-20 19:07:03.371 1477 1477 D SystemServerTiming: OnBootPhase_480_com.android.server.speech.SpeechRecognitionManagerService
01-20 19:07:03.371 1477 1477 V SystemServerTiming: OnBootPhase_480_com.android.server.speech.SpeechRecognitionManagerService took to complete: 0ms
01-20 19:07:03.371 1477 1477 D SystemServerTiming: OnBootPhase_480_com.android.server.searchui.SearchUiManagerService
01-20 19:07:03.371 1477 1477 V SystemServerTiming: OnBootPhase_480_com.android.server.searchui.SearchUiManagerService took to complete: 0ms
01-20 19:07:03.371 1477 1477 D SystemServerTiming: OnBootPhase_480_com.android.server.smartspace.SmartspaceManagerService
01-20 19:07:03.371 1477 1477 V SystemServerTiming: OnBootPhase_480_com.android.server.smartspace.SmartspaceManagerService took to complete: 0ms
01-20 19:07:03.371 1477 1477 D SystemServerTiming: OnBootPhase_480_com.android.server.graphics.fonts.FontManagerService$Lifecycle
01-20 19:07:03.371 1477 1477 V SystemServerTiming: OnBootPhase_480_com.android.server.graphics.fonts.FontManagerService$Lifecycle took to complete: 0ms
01-20 19:07:03.371 1477 1477 D SystemServerTiming: OnBootPhase_480_com.android.server.textservices.TextServicesManagerService$Lifecycle
01-20 19:07:03.371 1477 1477 V SystemServerTiming: OnBootPhase_480_com.android.server.textservices.TextServicesManagerService$Lifecycle took to complete: 0ms
01-20 19:07:03.371 1477 2123 D SystemServerInitThreadPool: Finished executing DevicePolicyManager
01-20 19:07:03.371 1477 2123 V SystemServerTimingAsync: InitThreadPoolExec:DevicePolicyManager took to complete: 0ms
01-20 19:07:03.371 1477 1477 D SystemServerTiming: OnBootPhase_480_com.android.server.textclassifier.TextClassificationManagerService$Lifecycle
01-20 19:07:03.371 1477 1477 V SystemServerTiming: OnBootPhase_480_com.android.server.textclassifier.TextClassificationManagerService$Lifecycle took to complete: 0ms
01-20 19:07:03.371 1477 1477 D SystemServerTiming: OnBootPhase_480_com.android.server.NetworkScoreService$Lifecycle
01-20 19:07:03.372 1477 1477 V SystemServerTiming: OnBootPhase_480_com.android.server.NetworkScoreService$Lifecycle took to complete: 0ms
01-20 19:07:03.372 1477 1477 D SystemServerTiming: OnBootPhase_480_com.android.server.NetworkStatsServiceInitializer
01-20 19:07:03.372 1477 1477 V SystemServerTiming: OnBootPhase_480_com.android.server.NetworkStatsServiceInitializer took to complete: 0ms
01-20 19:07:03.372 1477 1477 D SystemServerTiming: OnBootPhase_480_com.android.server.wifi.WifiService
01-20 19:07:03.372 1477 1477 V SystemServerTiming: OnBootPhase_480_com.android.server.wifi.WifiService took to complete: 0ms
01-20 19:07:03.372 1477 1477 D SystemServerTiming: OnBootPhase_480_com.android.server.wifi.scanner.WifiScanningService
01-20 19:07:03.372 1477 1477 V SystemServerTiming: OnBootPhase_480_com.android.server.wifi.scanner.WifiScanningService took to complete: 0ms
01-20 19:07:03.372 1477 1477 D SystemServerTiming: OnBootPhase_480_com.android.server.wifi.p2p.WifiP2pService
01-20 19:07:03.372 1477 1477 V SystemServerTiming: OnBootPhase_480_com.android.server.wifi.p2p.WifiP2pService took to complete: 0ms
01-20 19:07:03.372 1477 1477 D SystemServerTiming: OnBootPhase_480_com.android.server.ConnectivityServiceInitializer
01-20 19:07:03.372 1477 1477 V SystemServerTiming: OnBootPhase_480_com.android.server.ConnectivityServiceInitializer took to complete: 0ms
01-20 19:07:03.372 1477 1477 D SystemServerTiming: OnBootPhase_480_com.android.server.notification.NotificationManagerService
01-20 19:07:03.372 1477 1477 V SystemServerTiming: OnBootPhase_480_com.android.server.notification.NotificationManagerService took to complete: 0ms
01-20 19:07:03.372 1477 1477 D SystemServerTiming: OnBootPhase_480_com.android.server.storage.DeviceStorageMonitorService
01-20 19:07:03.372 1477 1477 V SystemServerTiming: OnBootPhase_480_com.android.server.storage.DeviceStorageMonitorService took to complete: 0ms
01-20 19:07:03.372 1477 1477 D SystemServerTiming: OnBootPhase_480_com.android.server.location.LocationManagerService$Lifecycle
01-20 19:07:03.372 1477 1477 V SystemServerTiming: OnBootPhase_480_com.android.server.location.LocationManagerService$Lifecycle took to complete: 0ms
01-20 19:07:03.372 1477 1477 D SystemServerTiming: OnBootPhase_480_com.android.server.timedetector.TimeDetectorService$Lifecycle
01-20 19:07:03.372 1477 1477 V SystemServerTiming: OnBootPhase_480_com.android.server.timedetector.TimeDetectorService$Lifecycle took to complete: 0ms
01-20 19:07:03.372 1477 1477 D SystemServerTiming: OnBootPhase_480_com.android.server.timezonedetector.TimeZoneDetectorService$Lifecycle
01-20 19:07:03.372 1477 1477 V SystemServerTiming: OnBootPhase_480_com.android.server.timezonedetector.TimeZoneDetectorService$Lifecycle took to complete: 0ms
01-20 19:07:03.372 1477 1477 D SystemServerTiming: OnBootPhase_480_com.android.server.timezonedetector.location.LocationTimeZoneManagerService$Lifecycle
01-20 19:07:03.372 1477 1477 V SystemServerTiming: OnBootPhase_480_com.android.server.timezonedetector.location.LocationTimeZoneManagerService$Lifecycle took to complete: 0ms
01-20 19:07:03.372 1477 1477 D SystemServerTiming: OnBootPhase_480_com.android.server.search.SearchManagerService$Lifecycle
01-20 19:07:03.372 1477 1477 V SystemServerTiming: OnBootPhase_480_com.android.server.search.SearchManagerService$Lifecycle took to complete: 0ms
01-20 19:07:03.372 1477 1477 D SystemServerTiming: OnBootPhase_480_com.android.server.wallpaper.WallpaperManagerService$Lifecycle
01-20 19:07:03.372 1477 1477 V SystemServerTiming: OnBootPhase_480_com.android.server.wallpaper.WallpaperManagerService$Lifecycle took to complete: 0ms
01-20 19:07:03.372 1477 1477 D SystemServerTiming: OnBootPhase_480_com.android.server.wallpapereffectsgeneration.WallpaperEffectsGenerationManagerService
01-20 19:07:03.372 1477 1477 V SystemServerTiming: OnBootPhase_480_com.android.server.wallpapereffectsgeneration.WallpaperEffectsGenerationManagerService took to complete: 0ms
01-20 19:07:03.372 1477 1477 D SystemServerTiming: OnBootPhase_480_com.android.server.audio.AudioService$Lifecycle
01-20 19:07:03.372 1477 1477 V SystemServerTiming: OnBootPhase_480_com.android.server.audio.AudioService$Lifecycle took to complete: 0ms
01-20 19:07:03.372 1477 1477 D SystemServerTiming: OnBootPhase_480_com.android.server.soundtrigger_middleware.SoundTriggerMiddlewareService$Lifecycle
01-20 19:07:03.372 1477 1477 V SystemServerTiming: OnBootPhase_480_com.android.server.soundtrigger_middleware.SoundTriggerMiddlewareService$Lifecycle took to complete: 0ms
01-20 19:07:03.372 1477 1477 D SystemServerTiming: OnBootPhase_480_com.android.server.DockObserver
01-20 19:07:03.372 1477 1477 V SystemServerTiming: OnBootPhase_480_com.android.server.DockObserver took to complete: 0ms
01-20 19:07:03.372 1477 1477 D SystemServerTiming: OnBootPhase_480_com.android.server.midi.MidiService$Lifecycle
01-20 19:07:03.372 1477 1477 V SystemServerTiming: OnBootPhase_480_com.android.server.midi.MidiService$Lifecycle took to complete: 0ms
01-20 19:07:03.372 1477 1477 D SystemServerTiming: OnBootPhase_480_com.android.server.adb.AdbService$Lifecycle
01-20 19:07:03.372 1477 1477 V SystemServerTiming: OnBootPhase_480_com.android.server.adb.AdbService$Lifecycle took to complete: 0ms
01-20 19:07:03.372 1477 1477 D SystemServerTiming: OnBootPhase_480_com.android.server.usb.UsbService$Lifecycle
01-20 19:07:03.372 1477 1477 V SystemServerTiming: OnBootPhase_480_com.android.server.usb.UsbService$Lifecycle took to complete: 0ms
01-20 19:07:03.372 1477 1477 D SystemServerTiming: OnBootPhase_480_com.android.server.twilight.TwilightService
01-20 19:07:03.372 1477 1477 V SystemServerTiming: OnBootPhase_480_com.android.server.twilight.TwilightService took to complete: 0ms
01-20 19:07:03.372 1477 1477 D SystemServerTiming: OnBootPhase_480_com.android.server.display.color.ColorDisplayService
01-20 19:07:03.372 1477 1477 V SystemServerTiming: OnBootPhase_480_com.android.server.display.color.ColorDisplayService took to complete: 0ms
01-20 19:07:03.372 1477 1477 D SystemServerTiming: OnBootPhase_480_com.android.server.job.JobSchedulerService
01-20 19:07:03.372 1477 1477 V SystemServerTiming: OnBootPhase_480_com.android.server.job.JobSchedulerService took to complete: 0ms
01-20 19:07:03.372 1477 1477 D SystemServerTiming: OnBootPhase_480_com.android.server.soundtrigger.SoundTriggerService
01-20 19:07:03.372 1477 1477 D SoundTriggerService: onBootPhase: 480 : false
01-20 19:07:03.372 1477 1477 V SystemServerTiming: OnBootPhase_480_com.android.server.soundtrigger.SoundTriggerService took to complete: 0ms
01-20 19:07:03.372 1477 1477 D SystemServerTiming: OnBootPhase_480_com.android.server.trust.TrustManagerService
01-20 19:07:03.372 1477 1477 V SystemServerTiming: OnBootPhase_480_com.android.server.trust.TrustManagerService took to complete: 0ms
01-20 19:07:03.373 1477 1477 D SystemServerTiming: OnBootPhase_480_com.android.server.backup.BackupManagerService$Lifecycle
01-20 19:07:03.373 1477 1477 V SystemServerTiming: OnBootPhase_480_com.android.server.backup.BackupManagerService$Lifecycle took to complete: 0ms
01-20 19:07:03.373 1477 1477 D SystemServerTiming: OnBootPhase_480_com.android.server.appwidget.AppWidgetService
01-20 19:07:03.373 1477 1477 V SystemServerTiming: OnBootPhase_480_com.android.server.appwidget.AppWidgetService took to complete: 0ms
01-20 19:07:03.373 1477 1477 D SystemServerTiming: OnBootPhase_480_com.android.server.voiceinteraction.VoiceInteractionManagerService
01-20 19:07:03.373 1477 1477 V SystemServerTiming: OnBootPhase_480_com.android.server.voiceinteraction.VoiceInteractionManagerService took to complete: 0ms
01-20 19:07:03.373 1477 1477 D SystemServerTiming: OnBootPhase_480_com.android.server.apphibernation.AppHibernationService
01-20 19:07:03.373 1477 1477 V SystemServerTiming: OnBootPhase_480_com.android.server.apphibernation.AppHibernationService took to complete: 0ms
01-20 19:07:03.373 1477 1477 D SystemServerTiming: OnBootPhase_480_com.android.server.GestureLauncherService
01-20 19:07:03.373 1477 1477 V SystemServerTiming: OnBootPhase_480_com.android.server.GestureLauncherService took to complete: 0ms
01-20 19:07:03.373 1477 1477 D SystemServerTiming: OnBootPhase_480_com.android.server.SensorNotificationService
01-20 19:07:03.373 1477 1477 V SystemServerTiming: OnBootPhase_480_com.android.server.SensorNotificationService took to complete: 0ms
01-20 19:07:03.373 1477 1477 D SystemServerTiming: OnBootPhase_480_com.android.server.emergency.EmergencyAffordanceService
01-20 19:07:03.373 1477 1477 V SystemServerTiming: OnBootPhase_480_com.android.server.emergency.EmergencyAffordanceService took to complete: 0ms
01-20 19:07:03.373 1477 1477 D SystemServerTiming: OnBootPhase_480_com.android.server.blob.BlobStoreManagerService
01-20 19:07:03.373 1477 1477 V SystemServerTiming: OnBootPhase_480_com.android.server.blob.BlobStoreManagerService took to complete: 0ms
01-20 19:07:03.373 1477 1477 D SystemServerTiming: OnBootPhase_480_com.android.server.dreams.DreamManagerService
01-20 19:07:03.373 1477 1477 V SystemServerTiming: OnBootPhase_480_com.android.server.dreams.DreamManagerService took to complete: 0ms
01-20 19:07:03.373 1477 1477 D SystemServerTiming: OnBootPhase_480_com.android.server.print.PrintManagerService
01-20 19:07:03.373 1477 1477 V SystemServerTiming: OnBootPhase_480_com.android.server.print.PrintManagerService took to complete: 0ms
01-20 19:07:03.373 1477 1477 D SystemServerTiming: OnBootPhase_480_com.android.server.security.AttestationVerificationManagerService
01-20 19:07:03.373 1477 1477 V SystemServerTiming: OnBootPhase_480_com.android.server.security.AttestationVerificationManagerService took to complete: 0ms
01-20 19:07:03.373 1477 1477 D SystemServerTiming: OnBootPhase_480_com.android.server.companion.CompanionDeviceManagerService
01-20 19:07:03.373 1477 1477 V SystemServerTiming: OnBootPhase_480_com.android.server.companion.CompanionDeviceManagerService took to complete: 0ms
01-20 19:07:03.373 1477 1477 D SystemServerTiming: OnBootPhase_480_com.android.server.companion.virtual.VirtualDeviceManagerService
01-20 19:07:03.373 1477 1477 V SystemServerTiming: OnBootPhase_480_com.android.server.companion.virtual.VirtualDeviceManagerService took to complete: 0ms
01-20 19:07:03.373 1477 1477 D SystemServerTiming: OnBootPhase_480_com.android.server.restrictions.RestrictionsManagerService
01-20 19:07:03.373 1477 1477 V SystemServerTiming: OnBootPhase_480_com.android.server.restrictions.RestrictionsManagerService took to complete: 0ms
01-20 19:07:03.373 1477 1477 D SystemServerTiming: OnBootPhase_480_com.android.server.media.MediaSessionService
01-20 19:07:03.373 1477 1477 V SystemServerTiming: OnBootPhase_480_com.android.server.media.MediaSessionService took to complete: 0ms
01-20 19:07:03.373 1477 1477 D SystemServerTiming: OnBootPhase_480_com.android.server.media.MediaResourceMonitorService
01-20 19:07:03.373 1477 1477 V SystemServerTiming: OnBootPhase_480_com.android.server.media.MediaResourceMonitorService took to complete: 0ms
01-20 19:07:03.373 1477 1477 D SystemServerTiming: OnBootPhase_480_com.android.server.biometrics.sensors.fingerprint.FingerprintService
01-20 19:07:03.373 1477 1477 V SystemServerTiming: OnBootPhase_480_com.android.server.biometrics.sensors.fingerprint.FingerprintService took to complete: 0ms
01-20 19:07:03.373 1477 1477 D SystemServerTiming: OnBootPhase_480_com.android.server.biometrics.BiometricService
01-20 19:07:03.373 1477 1477 V SystemServerTiming: OnBootPhase_480_com.android.server.biometrics.BiometricService took to complete: 0ms
01-20 19:07:03.373 1477 1477 D SystemServerTiming: OnBootPhase_480_com.android.server.biometrics.AuthService
