01-20 19:09:52.501 0 0 W healthd : battery l=100 v=4387 t=29.3 h=2 st=5 c=-140624 fc=2752000 cc=23 chg=u
01-20 19:09:52.512 2241 3945 D PowerUI : can't show warning due to - plugged: true status unknown: false
01-20 19:09:53.623 0 0 I AWAKE : effective vote is now 1 voted by POLLING_LOGGER_VOTER,1
01-20 19:09:53.808 0 0 I PMINFO : [CSV] cSYS:100, cMNT:100.0, cCHG:2755, cLRN:2752, iBAT:-141, vBAT:4388, vPRD:4397, vOCV:4361, vUSB:4921, iUSB:239, vWLC:0, iWCL:0, AiCL:500, tSYS:293, tORI:315, tVTS:297, rTOT:372558, rESR:172363, rSLW:200195, CYCLE:23, BATID:101, sBATT:988, sCCSW:1001, sCC:-828
01-20 19:09:53.808 0 0 I PMINFO : [VOT] IUSB:500(USB_PSY_VOTER), IBAT:2200(VENEER_VOTER_IBAT), IDC:900(DEFAULT_VOTER), FLOAT:4400(BATT_PROFILE_VOTER), CHDIS:0(DEFAULT_VOTER), PLDIS:1(PL_FCC_LOW_VOTER)
01-20 19:09:53.808 0 0 I PMINFO : [CHG] NAME:USB2, STAT:FULL(ret)/CHARGING(ori)/TAPER(reg), PATH:0x95 [QNI] en=0(sts=0x10, ctrl=0xE7), pt_en=0(sts=0x10), pt_t=298
01-20 19:09:54.276 0 0 I PMINFO : [USB] REAL:USB, VNOW:4921, TPMI:317, TSMB:-1, IUSB:248(now)<=500(set)<=500(cap), IBAT:-141(now):=2200(pmi)+0(smb)<=2200(cap), PRLL:CHGEN(0)/PINEN(0)/SUSPN(1), [OVR] LATCHED:0, AFTAPSD:0, USBMODE:0x02
01-20 19:09:54.276 0 0 I PMINFO : --------------------------------------------------------------------------------------???-END.
01-20 19:09:54.276 0 0 I AWAKE : effective vote is now 0 voted by POLLING_LOGGER_VOTER,1
01-20 19:09:54.767 0 0 I : [Touch] 1 finger pressed:<0>( 342,1622, 43)
01-20 19:09:55.086 0 0 I : [Touch] finger released:<0>( 304,1290, 59)
01-20 19:09:55.292 0 0 I : [Touch] 1 finger pressed:<0>( 348,1546, 47)
01-20 19:09:55.514 0 0 I : [Touch] finger released:<0>( 337,1338, 61)
01-20 19:09:56.004 0 0 I binder : 691:691 ioctl c018620c 7ff5f93a30 returned -22
01-20 19:09:57.345 0 0 I pet_watchdog [enable: 1, jiffies : 4294956372, delay_time : 1000]
01-20 19:09:58.300 0 0 I : [Touch] 1 finger pressed:<0>( 343,1648, 44)
01-20 19:09:58.583 0 0 I : [bm] monitoring
01-20 19:09:58.821 0 0 I : [Touch] finger released:<0>( 326,1348, 68)
01-20 19:10:00.868 0 0 I : [Touch] 1 finger pressed:<0>( 253,1444, 45)
01-20 19:10:01.003 0 0 I binder : 691:691 ioctl c018620c 7ff5f93a30 returned -22
01-20 19:10:01.056 0 0 I : [Touch] finger released:<0>( 229,1268, 57)
01-20 19:10:01.085 0 0 E __layer_param_check: invalid source image img flag=0 wh=1472x176 rect=0,0,720,2880
01-20 19:10:01.085 0 0 E __validate_layers: layer:4 validation failed ret=-22
01-20 19:10:01.085 0 0 E mdss_fb_atomic_commit_ioctl: atomic commit failed ret:-22
01-20 19:10:01.115 0 0 E __layer_param_check: invalid source image img flag=0 wh=1472x176 rect=0,0,720,2880
01-20 19:10:01.115 0 0 E __validate_layers: layer:4 validation failed ret=-22
01-20 19:10:01.115 0 0 E mdss_fb_atomic_commit_ioctl: atomic commit failed ret:-22
01-20 19:10:01.132 0 0 E __layer_param_check: invalid source image img flag=0 wh=1472x176 rect=0,0,720,2880
01-20 19:10:01.132 0 0 E __validate_layers: layer:4 validation failed ret=-22
01-20 19:10:01.132 0 0 E mdss_fb_atomic_commit_ioctl: atomic commit failed ret:-22
01-20 19:10:01.149 0 0 E __layer_param_check: invalid source image img flag=0 wh=1472x176 rect=0,0,720,2880
01-20 19:10:01.149 0 0 E __validate_layers: layer:4 validation failed ret=-22
01-20 19:10:01.149 0 0 E mdss_fb_atomic_commit_ioctl: atomic commit failed ret:-22
01-20 19:10:01.166 0 0 E __layer_param_check: invalid source image img flag=0 wh=1472x176 rect=0,0,720,2880
01-20 19:10:01.166 0 0 E __validate_layers: layer:4 validation failed ret=-22
01-20 19:10:01.166 0 0 E mdss_fb_atomic_commit_ioctl: atomic commit failed ret:-22
01-20 19:10:01.183 0 0 E __layer_param_check: invalid source image img flag=0 wh=1472x176 rect=0,0,720,2880
01-20 19:10:01.183 0 0 E __validate_layers: layer:4 validation failed ret=-22
01-20 19:10:01.183 0 0 E mdss_fb_atomic_commit_ioctl: atomic commit failed ret:-22
01-20 19:10:01.198 0 0 E __layer_param_check: invalid source image img flag=0 wh=1472x176 rect=0,0,720,2880
01-20 19:10:01.198 0 0 E __validate_layers: layer:4 validation failed ret=-22
01-20 19:10:01.198 0 0 E mdss_fb_atomic_commit_ioctl: atomic commit failed ret:-22
01-20 19:10:01.215 0 0 E __layer_param_check: invalid source image img flag=0 wh=1472x176 rect=0,0,720,2880
01-20 19:10:01.215 0 0 E __validate_layers: layer:4 validation failed ret=-22
01-20 19:10:01.215 0 0 E mdss_fb_atomic_commit_ioctl: atomic commit failed ret:-22
01-20 19:10:01.232 0 0 E __layer_param_check: invalid source image img flag=0 wh=1472x176 rect=0,0,720,2880
01-20 19:10:01.232 0 0 E __validate_layers: layer:4 validation failed ret=-22
01-20 19:10:01.232 0 0 E mdss_fb_atomic_commit_ioctl: atomic commit failed ret:-22
01-20 19:10:01.264 0 0 E __layer_param_check: invalid source image img flag=0 wh=1472x176 rect=0,0,720,2880
01-20 19:10:01.265 0 0 E __validate_layers: layer:4 validation failed ret=-22
01-20 19:10:01.265 0 0 E mdss_fb_atomic_commit_ioctl: atomic commit failed ret:-22
01-20 19:10:01.298 0 0 E __layer_param_check: invalid source image img flag=0 wh=1472x176 rect=0,0,720,2880
01-20 19:10:01.298 0 0 E __validate_layers: layer:4 validation failed ret=-22
01-20 19:10:01.298 0 0 E mdss_fb_atomic_commit_ioctl: atomic commit failed ret:-22
01-20 19:10:01.330 0 0 E __layer_param_check: invalid source image img flag=0 wh=1472x176 rect=0,0,720,2880
01-20 19:10:01.330 0 0 E __validate_layers: layer:4 validation failed ret=-22
01-20 19:10:01.330 0 0 E mdss_fb_atomic_commit_ioctl: atomic commit failed ret:-22
01-20 19:10:01.347 0 0 E __layer_param_check: invalid source image img flag=0 wh=1472x176 rect=0,0,720,2880
01-20 19:10:01.347 0 0 E __validate_layers: layer:4 validation failed ret=-22
01-20 19:10:01.347 0 0 E mdss_fb_atomic_commit_ioctl: atomic commit failed ret:-22
01-20 19:10:01.365 0 0 E __layer_param_check: invalid source image img flag=0 wh=1472x176 rect=0,0,720,2880
01-20 19:10:01.365 0 0 E __validate_layers: layer:4 validation failed ret=-22
01-20 19:10:01.365 0 0 E mdss_fb_atomic_commit_ioctl: atomic commit failed ret:-22
01-20 19:10:01.380 0 0 E __layer_param_check: invalid source image img flag=0 wh=1472x176 rect=0,0,720,2880
01-20 19:10:01.380 0 0 E __validate_layers: layer:4 validation failed ret=-22
01-20 19:10:01.380 0 0 E mdss_fb_atomic_commit_ioctl: atomic commit failed ret:-22
01-20 19:10:01.975 0 0 I PMI : smblib_handle_wdog_bark: IRQ: wdog-bark
01-20 19:10:02.391 0 0 I : [Touch] 1 finger pressed:<0>( 253,1488, 45)
01-20 19:10:02.611 0 0 I : [Touch] finger released:<0>( 225,1286, 62)
01-20 19:10:06.005 0 0 I binder : 691:691 ioctl c018620c 7ff5f93a30 returned -22
01-20 19:10:07.367 0 0 I pet_watchdog [enable: 1, jiffies : 4294957374, delay_time : 1000]
01-20 19:10:08.585 0 0 I : [bm] monitoring
01-20 19:10:11.004 0 0 I binder : 691:691 ioctl c018620c 7ff5f93a30 returned -22
01-20 19:10:13.434 0 0 I : [Touch] 1 finger pressed:<0>( 363,1604, 53)
01-20 19:10:13.697 0 0 I : [Touch] finger released:<0>( 403,1385, 66)
01-20 19:10:14.007 0 0 I : [Touch] 1 finger pressed:<0>( 249,1741, 48)
01-20 19:10:14.238 0 0 I : [Touch] finger released:<0>( 273,1435, 60)
01-20 19:10:14.906 0 0 I : [Touch] 1 finger pressed:<0>( 332,1805, 46)
01-20 19:10:15.056 0 0 I : [Touch] finger released:<0>( 341,1597, 55)
01-20 19:10:15.352 0 0 I : [Touch] 1 finger pressed:<0>( 288,1741, 48)
01-20 19:10:15.491 0 0 I : [Touch] finger released:<0>( 313,1600, 54)
01-20 19:10:16.003 0 0 I binder : 691:691 ioctl c018620c 7ff5f93a30 returned -22
01-20 19:10:16.240 0 0 I : [Touch] 1 finger pressed:<0>( 252,1764, 41)
01-20 19:10:16.659 0 0 I : [Touch] finger released:<0>( 279,1324, 71)
01-20 19:10:17.054 0 0 I : [Touch] 1 finger pressed:<0>( 279,1672, 41)
01-20 19:10:17.328 0 0 I : [Touch] finger released:<0>( 302,1417, 62)
01-20 19:10:17.385 0 0 I pet_watchdog [enable: 1, jiffies : 4294958376, delay_time : 1000]
01-20 19:10:17.625 0 0 I : [Touch] 1 finger pressed:<0>( 326,1573, 46)
01-20 19:10:17.837 0 0 I : [Touch] finger released:<0>( 284,1349, 65)
01-20 19:10:18.583 0 0 I IDTP9223: idtp9223_monitor: [USB]1 [ALV]0 [OD2]0 [QIPMA]0 [VOUT]00
01-20 19:10:18.584 0 0 I : [bm] monitoring
01-20 19:10:18.995 0 0 E : [TM] XO, 31,PA0, 30,PA1, 31,QUIET, 30,VTS,297
01-20 19:10:21.003 0 0 I binder : 691:691 ioctl c018620c 7ff5f93a30 returned -22
01-20 19:10:24.663 0 0 I AWAKE : effective vote is now 1 voted by POLLING_LOGGER_VOTER,1
01-20 19:10:24.853 0 0 I PMINFO : [CSV] cSYS:100, cMNT:100.0, cCHG:2757, cLRN:2752, iBAT:-133, vBAT:4387, vPRD:4397, vOCV:4360, vUSB:4921, iUSB:267, vWLC:0, iWCL:0, AiCL:500, tSYS:292, tORI:313, tVTS:297, rTOT:373046, rESR:172363, rSLW:200683, CYCLE:23, BATID:101, sBATT:988, sCCSW:1001, sCC:-828
01-20 19:10:24.853 0 0 I PMINFO : [VOT] IUSB:500(USB_PSY_VOTER), IBAT:2200(VENEER_VOTER_IBAT), IDC:900(DEFAULT_VOTER), FLOAT:4400(BATT_PROFILE_VOTER), CHDIS:0(DEFAULT_VOTER), PLDIS:1(PL_FCC_LOW_VOTER)
01-20 19:10:24.854 0 0 I PMINFO : [CHG] NAME:USB2, STAT:FULL(ret)/CHARGING(ori)/TAPER(reg), PATH:0x95 [QNI] en=0(sts=0x10, ctrl=0xE7), pt_en=0(sts=0x10), pt_t=298
01-20 19:10:25.266 0 0 I PMINFO : [USB] REAL:USB, VNOW:4941, TPMI:317, TSMB:-1, IUSB:248(now)<=500(set)<=500(cap), IBAT:-133(now):=2200(pmi)+0(smb)<=2200(cap), PRLL:CHGEN(0)/PINEN(0)/SUSPN(1), [OVR] LATCHED:0, AFTAPSD:0, USBMODE:0x02
01-20 19:10:25.266 0 0 I PMINFO : --------------------------------------------------------------------------------------???-END.
01-20 19:10:25.266 0 0 I AWAKE : effective vote is now 0 voted by POLLING_LOGGER_VOTER,1
01-20 19:10:26.003 0 0 I binder : 691:691 ioctl c018620c 7ff5f93a30 returned -22
01-20 19:10:27.409 0 0 I pet_watchdog [enable: 1, jiffies : 4294959378, delay_time : 1000]
01-20 19:10:28.585 0 0 I : [bm] monitoring
01-20 19:10:31.003 0 0 I binder : 691:691 ioctl c018620c 7ff5f93a30 returned -22
01-20 19:10:36.003 0 0 I binder : 691:691 ioctl c018620c 7ff5f93a30 returned -22
01-20 19:10:37.442 0 0 I pet_watchdog [enable: 1, jiffies : 4294960381, delay_time : 1000]
01-20 19:10:38.584 0 0 I : [bm] monitoring
01-20 19:10:41.003 0 0 I binder : 691:691 ioctl c018620c 7ff5f93a30 returned -22
01-20 19:10:41.865 1477 1875 V DisplayPowerController[0]: Brightness [0.0] reason changing to: 'manual [ dim ]', previous reason: 'manual'.
01-20 19:10:41.865 1477 1875 I DisplayPowerController[0]: BrightnessEvent: disp=0, physDisp=local:0, brt=0.0, initBrt=0.0017629543, rcmdBrt=NaN, preBrt=NaN, lux=0.0, preLux=0.0, hbmMax=1.0, hbmMode=off, rbcStrength=50, powerFactor=1.0, thrmMax=1.0, wasShortTermModelActive=false, flags=, reason=manual [ dim ], autoBrightness=false
01-20 19:10:41.972 1477 1875 I DisplayPowerController[0]: BrightnessEvent: disp=0, physDisp=local:0, brt=0.0, initBrt=0.0, rcmdBrt=NaN, preBrt=NaN, lux=0.0, preLux=0.0, hbmMax=1.0, hbmMode=off, rbcStrength=50, powerFactor=1.0, thrmMax=1.0, wasShortTermModelActive=false, flags=, reason=manual [ dim ], autoBrightness=false
01-20 19:10:46.004 0 0 I binder : 691:691 ioctl c018620c 7ff5f93a30 returned -22
01-20 19:10:46.096 0 0 I : [Touch] 1 finger pressed:<0>( 139, 176, 55)
01-20 19:10:46.105 1477 1875 V DisplayPowerController[0]: Brightness [0.0017629543] reason changing to: 'manual', previous reason: 'manual [ dim ]'.
01-20 19:10:46.106 1477 1875 I DisplayPowerController[0]: BrightnessEvent: disp=0, physDisp=local:0, brt=0.0017629543, initBrt=0.0, rcmdBrt=NaN, preBrt=NaN, lux=0.0, preLux=0.0, hbmMax=1.0, hbmMode=off, rbcStrength=50, powerFactor=1.0, thrmMax=1.0, wasShortTermModelActive=false, flags=, reason=manual, autoBrightness=false
01-20 19:10:46.152 0 0 I : [Touch] finger released:<0>( 145, 167, 56)
01-20 19:10:46.178 0 0 I tfa98xx_hw_params(): tfa98xx_hw_params: tfa98xx_profile 0
01-20 19:10:46.205 1477 1875 I DisplayPowerController[0]: BrightnessEvent: disp=0, physDisp=local:0, brt=0.0017629543, initBrt=0.0017629543, rcmdBrt=NaN, preBrt=NaN, lux=0.0, preLux=0.0, hbmMax=1.0, hbmMode=off, rbcStrength=50, powerFactor=1.0, thrmMax=1.0, wasShortTermModelActive=false, flags=, reason=manual, autoBrightness=false
01-20 19:10:46.209 0 0 I _tfa98xx_mute(): _tfa98xx_mute: ram_exception=-1, mute=0 stream=1
01-20 19:10:46.209 0 0 I _tfa98xx_mute(): mute:0 [pstream 0, cstream 1, samstream 0]
01-20 19:10:46.209 0 0 I _tfa98xx_mute(): unmute is suspended when only cstream is on
01-20 19:10:46.215 0 0 I tfa98xx_hw_params(): tfa98xx_hw_params: tfa98xx_profile 0
01-20 19:10:46.217 0 0 E : msm_pcm_compress_ctl_get substream runtime not found
01-20 19:10:46.217 0 0 E : msm_pcm_compress_ctl_put substream runtime not found
01-20 19:10:46.219 0 0 I __afe_port_start: [NXP] afe_apr_send_pkt[AFE_PORT_CMD_DEVICE_START] enter
01-20 19:10:46.219 0 0 I __afe_port_start: [NXP] afe_apr_send_pkt[AFE_PORT_CMD_DEVICE_START] exit
01-20 19:10:46.224 0 0 I afe_callback: AFE_EVENT_TFADSP_STATE_INIT data = 0x0
01-20 19:10:46.225 0 0 I _tfa98xx_mute(): _tfa98xx_mute: ram_exception=-1, mute=0 stream=0
01-20 19:10:46.225 0 0 I _tfa98xx_mute(): mute:0 [pstream 1, cstream 1, samstream 0]
01-20 19:10:46.225 0 0 I _tfa98xx_mute(): _tfa98xx_mute: start tfa amp
01-20 19:10:46.225 0 0 I tfa98xx_dsp_init_work(): tfa98xx_dsp_init_work: enter with profile 0
01-20 19:10:46.225 0 0 I tfa98xx_dsp_init(): tfa98xx_dsp_init: ...
01-20 19:10:46.225 0 0 I tfa_start: tfa98xx_log_start_cnt=12 next_profile 0
01-20 19:10:46.226 0 0 I tfa_run_speaker_boost: cold boot, ext_dsp = 1, profile = 0
01-20 19:10:46.226 0 0 I tfa_run_speaker_boost: cold start, speaker startup
01-20 19:10:46.226 0 0 E q6core_get_service_version: Failed to get service size for service id 7 with error -95
01-20 19:10:46.228 0 0 E q6asm_callback: payload size of 8 is less than expected.
01-20 19:10:46.228 0 0 E q6asm_callback: payload size of 8 is less than expected.
01-20 19:10:46.228 0 0 E q6core_get_service_version: Failed to get service size for service id 8 with error -95
01-20 19:10:46.234 0 0 E q6core_get_service_version: Failed to get service size for service id 7 with error -95
01-20 19:10:46.234 0 0 E q6asm_callback: payload size of 8 is less than expected.
01-20 19:10:46.241 0 0 E q6asm_callback: payload size of 8 is less than expected.
01-20 19:10:46.260 0 0 I tfa_cont_write_vstepMax2_One: is_cold 1
01-20 19:10:46.260 0 0 I P-ID : cmdid[2]=0x02 to 0x00
01-20 19:10:46.260 0 0 I tfa_cont_write_vstepMax2_One: is_cold 1
01-20 19:10:46.260 0 0 I tfa_cont_write_vstepMax2_One: is_cold 1
01-20 19:10:46.260 0 0 I P-ID : cmdid[2]=0x08 to 0x07
01-20 19:10:46.264 0 0 I afe_callback: AFE_PORT_CMD_SET_PARAM_V3 , data->token = 38, payload = 65775, 0
01-20 19:10:46.264 0 0 I afe_callback: AFE_PORT_CMD_SET_PARAM_V3 , data->token = 38, payload = 65775, 0
01-20 19:10:46.264 0 0 I afe_callback: AFE_PORT_CMD_SET_PARAM_V3 , data->token = 38, payload = 65775, 0
01-20 19:10:46.264 0 0 I afe_callback: AFE_PORT_CMD_SET_PARAM_V3 , data->token = 38, payload = 65775, 0
01-20 19:10:46.264 0 0 I afe_callback: AFE_PORT_CMD_SET_PARAM_V3 , data->token = 38, payload = 65775, 0
01-20 19:10:46.269 0 0 I afe_callback: AFE_PORT_CMD_SET_PARAM_V3 , data->token = 38, payload = 65775, 0
01-20 19:10:46.269 0 0 I afe_tfa_dsp_send_msg: [0]:0xff-[1]:0xff-[2]:0x0-[3]:0x74, [4]:0x0-[5]:0x0, packet_id:65535, packet_size:116
01-20 19:10:46.270 0 0 I afe_callback: TFADSP is configured
01-20 19:10:46.270 0 0 I afe_callback: AFE_PORT_CMD_SET_PARAM_V3 , data->token = 38, payload = 65775, 0
01-20 19:10:46.271 0 0 I tfa_set_calibration_values: calibration data: 5963
01-20 19:10:46.271 0 0 I tfa_start: [cold] device:TFA profile:music
01-20 19:10:46.301 1477 1704 D OomAdjuster: Not killing cached processes
01-20 19:10:46.815 1477 2631 D CoreBackPreview: Window{7673f2b u0 com.android.settings/com.android.settings.Settings$ApnEditorActivity}: Setting back callback null
01-20 19:10:47.465 0 0 I pet_watchdog [enable: 1, jiffies : 4294961384, delay_time : 1000]
01-20 19:10:48.381 0 0 I : [Touch] 1 finger pressed:<0>( 650,2876, 41)
01-20 19:10:48.390 0 0 F tspdrv : ! ImmVibeSPI_ForceOut_AmpDisable.
01-20 19:10:48.424 0 0 I : [Touch] finger released:<0>( 650,2876, 42)
01-20 19:10:48.438 1477 1702 I ActivityTaskManager: START u0 {act=android.intent.action.MAIN cat=[android.intent.category.HOME] flg=0x10000100 cmp=com.android.launcher3/.uioverrides.QuickstepLauncher (has extras)} from uid 0
01-20 19:10:48.450 1477 2580 W ActivityManager: Unable to start service Intent { act=com.android.launcher3.WINDOW_OVERLAY dat=app://com.android.launcher3:10143/... pkg=com.google.android.googlequicksearchbox } U=0: not found
01-20 19:10:48.583 0 0 I : [bm] monitoring
01-20 19:10:48.663 0 0 I IDTP9223: idtp9223_monitor: [USB]1 [ALV]0 [OD2]0 [QIPMA]0 [VOUT]00
01-20 19:10:49.069 0 0 E : [TM] XO, 31,PA0, 30,PA1, 30,QUIET, 30,VTS,297
01-20 19:10:49.401 0 0 F tspdrv : ! ImmVibeSPI_ForceOut_AmpDisable.
01-20 19:10:51.003 0 0 I binder : 691:691 ioctl c018620c 7ff5f93a30 returned -22
01-20 19:10:51.529 0 0 I _tfa98xx_mute(): _tfa98xx_mute: ram_exception=-1, mute=1 stream=0
01-20 19:10:51.529 0 0 I _tfa98xx_mute(): mute:1 [pstream 0, cstream 1, samstream 0]
01-20 19:10:51.529 0 0 I _tfa98xx_stop(): _tfa98xx_stop: stop tfa amp
01-20 19:10:51.543 0 0 E q6asm_callback: payload size of 8 is less than expected.
01-20 19:10:51.555 0 0 I afe_close: [NXP] afe_apr_send_pkt[AFE_PORT_CMD_DEVICE_STOP] enter
01-20 19:10:51.558 0 0 I afe_callback: AFE_EVENT_TFADSP_STATE_CLOSE data = 0x0
01-20 19:10:51.561 0 0 I afe_close: [NXP] afe_apr_send_pkt[AFE_PORT_CMD_DEVICE_STOP] exit
01-20 19:10:51.574 0 0 I _tfa98xx_mute(): _tfa98xx_mute: ram_exception=-1, mute=1 stream=1
01-20 19:10:51.574 0 0 I _tfa98xx_mute(): mute:1 [pstream 0, cstream 0, samstream 0]
01-20 19:10:51.574 0 0 I _tfa98xx_stop(): _tfa98xx_stop: stop tfa amp
01-20 19:10:52.505 2241 3983 D PowerUI : can't show warning due to - plugged: true status unknown: false
01-20 19:10:52.499 0 0 W healthd : battery l=100 v=4387 t=29.2 h=2 st=5 c=-128906 fc=2752000 cc=23 chg=u
01-20 19:10:53.127 0 0 I : [Touch] 1 finger pressed:<0>(1324, 324, 39)
01-20 19:10:53.202 0 0 I : [Touch] finger released:<0>(1301, 329, 47)
01-20 19:10:53.214 1477 2631 D CompatibilityChangeReporter: Compat change id reported: 161252188; UID 10168; state: DISABLED
01-20 19:10:53.215 1477 2631 I ActivityTaskManager: START u0 {act=android.intent.action.MAIN cat=[android.intent.category.LAUNCHER] flg=0x10200000 cmp=me.zhanghai.android.files/.filelist.FileListActivity bnds=[1136,131][1413,589]} from uid 10143
01-20 19:10:53.217 1477 2631 D CompatibilityChangeReporter: Compat change id reported: 265464455; UID 10168; state: DISABLED
01-20 19:10:53.217 1477 2631 D CompatibilityChangeReporter: Compat change id reported: 265452344; UID 10168; state: DISABLED
01-20 19:10:53.217 1477 2631 D CompatibilityChangeReporter: Compat change id reported: 266124927; UID 10168; state: DISABLED
01-20 19:10:53.217 1477 2631 D CompatibilityChangeReporter: Compat change id reported: 265451093; UID 10168; state: DISABLED
01-20 19:10:53.217 1477 2631 D CompatibilityChangeReporter: Compat change id reported: 265456536; UID 10168; state: DISABLED
01-20 19:10:53.218 1477 2631 D CompatibilityChangeReporter: Compat change id reported: 255940284; UID 10168; state: DISABLED
01-20 19:10:53.218 1477 2631 D CompatibilityChangeReporter: Compat change id reported: 236283604; UID 10168; state: DISABLED
01-20 19:10:53.218 1477 2631 D CompatibilityChangeReporter: Compat change id reported: 263959004; UID 10168; state: DISABLED
01-20 19:10:53.219 1477 2631 D CompatibilityChangeReporter: Compat change id reported: 264304459; UID 10168; state: DISABLED
01-20 19:10:53.219 1477 2631 D CompatibilityChangeReporter: Compat change id reported: 264301586; UID 10168; state: DISABLED
01-20 19:10:53.219 1477 2631 D CompatibilityChangeReporter: Compat change id reported: 254631730; UID 10168; state: DISABLED
01-20 19:10:53.219 1477 2631 D CompatibilityChangeReporter: Compat change id reported: 273509367; UID 10168; state: DISABLED
01-20 19:10:53.219 1477 2631 D CompatibilityChangeReporter: Compat change id reported: 263259275; UID 10168; state: DISABLED
01-20 19:10:53.225 0 0 I tfa98xx_hw_params(): tfa98xx_hw_params: tfa98xx_profile 0
01-20 19:10:53.246 1477 2631 D CompatibilityChangeReporter: Compat change id reported: 194480991; UID 10168; state: ENABLED
01-20 19:10:53.247 1477 2631 D CompatibilityChangeReporter: Compat change id reported: 174042980; UID 10168; state: DISABLED
01-20 19:10:53.251 1477 2631 D CompatibilityChangeReporter: Compat change id reported: 184838306; UID 10168; state: DISABLED
01-20 19:10:53.251 1477 2631 D CompatibilityChangeReporter: Compat change id reported: 185004937; UID 10168; state: DISABLED
01-20 19:10:53.251 1477 2631 D CompatibilityChangeReporter: Compat change id reported: 181136395; UID 10168; state: DISABLED
01-20 19:10:53.252 1477 2631 D CompatibilityChangeReporter: Compat change id reported: 174042936; UID 10168; state: DISABLED
01-20 19:10:53.253 1477 2631 D CompatibilityChangeReporter: Compat change id reported: 197654537; UID 10168; state: ENABLED
01-20 19:10:53.246 0 0 I _tfa98xx_mute(): _tfa98xx_mute: ram_exception=-1, mute=0 stream=1
01-20 19:10:53.246 0 0 I _tfa98xx_mute(): mute:0 [pstream 0, cstream 1, samstream 0]
01-20 19:10:53.246 0 0 I _tfa98xx_mute(): unmute is suspended when only cstream is on
01-20 19:10:53.252 0 0 I tfa98xx_hw_params(): tfa98xx_hw_params: tfa98xx_profile 0
01-20 19:10:53.256 1477 2631 D CompatibilityChangeReporter: Compat change id reported: 205907456; UID 10168; state: ENABLED
01-20 19:10:53.255 0 0 E : msm_pcm_compress_ctl_get substream runtime not found
01-20 19:10:53.255 0 0 E : msm_pcm_compress_ctl_put substream runtime not found
01-20 19:10:53.256 0 0 I __afe_port_start: [NXP] afe_apr_send_pkt[AFE_PORT_CMD_DEVICE_START] enter
01-20 19:10:53.257 0 0 I __afe_port_start: [NXP] afe_apr_send_pkt[AFE_PORT_CMD_DEVICE_START] exit
01-20 19:10:53.262 0 0 I afe_callback: AFE_EVENT_TFADSP_STATE_INIT data = 0x0
01-20 19:10:53.263 0 0 I _tfa98xx_mute(): _tfa98xx_mute: ram_exception=-1, mute=0 stream=0
01-20 19:10:53.263 0 0 I _tfa98xx_mute(): mute:0 [pstream 1, cstream 1, samstream 0]
01-20 19:10:53.263 0 0 I _tfa98xx_mute(): _tfa98xx_mute: start tfa amp
01-20 19:10:53.268 1477 2631 D CompatibilityChangeReporter: Compat change id reported: 194833441; UID 10168; state: ENABLED
01-20 19:10:53.264 0 0 I tfa98xx_dsp_init_work(): tfa98xx_dsp_init_work: enter with profile 0
01-20 19:10:53.264 0 0 I tfa98xx_dsp_init(): tfa98xx_dsp_init: ...
01-20 19:10:53.264 0 0 I tfa_start: tfa98xx_log_start_cnt=13 next_profile 0
01-20 19:10:53.279 1477 1704 D CompatibilityChangeReporter: Compat change id reported: 135634846; UID 10168; state: DISABLED
01-20 19:10:53.280 1477 1704 D CompatibilityChangeReporter: Compat change id reported: 177438394; UID 10168; state: DISABLED
01-20 19:10:53.266 0 0 E q6core_get_service_version: Failed to get service size for service id 7 with error -95
01-20 19:10:53.280 1477 1704 D CompatibilityChangeReporter: Compat change id reported: 135772972; UID 10168; state: DISABLED
01-20 19:10:53.280 1477 1704 D CompatibilityChangeReporter: Compat change id reported: 135754954; UID 10168; state: ENABLED
01-20 19:10:53.266 0 0 I tfa_run_speaker_boost: cold boot, ext_dsp = 1, profile = 0
01-20 19:10:53.266 0 0 I tfa_run_speaker_boost: cold start, speaker startup
01-20 19:10:53.281 1477 1756 D CompatibilityChangeReporter: Compat change id reported: 143937733; UID 10168; state: ENABLED
01-20 19:10:53.283 1477 1704 D OomAdjuster: Not killing cached processes
01-20 19:10:53.267 0 0 E q6asm_callback: payload size of 8 is less than expected.
01-20 19:10:53.283 1477 2580 D CompatibilityChangeReporter: Compat change id reported: 168419799; UID 10168; state: DISABLED
01-20 19:10:53.283 1477 2580 D CompatibilityChangeReporter: Compat change id reported: 273564678; UID 10168; state: DISABLED
01-20 19:10:53.267 0 0 E q6asm_callback: payload size of 8 is less than expected.
01-20 19:10:53.267 0 0 E q6core_get_service_version: Failed to get service size for service id 8 with error -95
01-20 19:10:53.273 0 0 E q6core_get_service_version: Failed to get service size for service id 7 with error -95
01-20 19:10:53.273 0 0 E q6asm_callback: payload size of 8 is less than expected.
01-20 19:10:53.283 0 0 E q6asm_callback: payload size of 8 is less than expected.
01-20 19:10:53.286 1477 2580 D CoreBackPreview: Window{31e6aec u0 Splash Screen me.zhanghai.android.files}: Setting back callback OnBackInvokedCallbackInfo{mCallback=android.window.IOnBackInvokedCallback$Stub$Proxy@74710bb, mPriority=0}
01-20 19:10:53.293 1477 1756 I ActivityManager: Start proc 4150:me.zhanghai.android.files/u0a168 for next-top-activity {me.zhanghai.android.files/me.zhanghai.android.files.filelist.FileListActivity}
01-20 19:10:53.298 0 0 I tfa_cont_write_vstepMax2_One: is_cold 1
01-20 19:10:53.298 0 0 I P-ID : cmdid[2]=0x02 to 0x00
01-20 19:10:53.298 0 0 I tfa_cont_write_vstepMax2_One: is_cold 1
01-20 19:10:53.298 0 0 I tfa_cont_write_vstepMax2_One: is_cold 1
01-20 19:10:53.298 0 0 I P-ID : cmdid[2]=0x08 to 0x07
01-20 19:10:53.301 0 0 I afe_callback: AFE_PORT_CMD_SET_PARAM_V3 , data->token = 38, payload = 65775, 0
01-20 19:10:53.301 0 0 I afe_callback: AFE_PORT_CMD_SET_PARAM_V3 , data->token = 38, payload = 65775, 0
01-20 19:10:53.301 0 0 I afe_callback: AFE_PORT_CMD_SET_PARAM_V3 , data->token = 38, payload = 65775, 0
01-20 19:10:53.301 0 0 I afe_callback: AFE_PORT_CMD_SET_PARAM_V3 , data->token = 38, payload = 65775, 0
01-20 19:10:53.301 0 0 I afe_callback: AFE_PORT_CMD_SET_PARAM_V3 , data->token = 38, payload = 65775, 0
01-20 19:10:53.302 0 0 I afe_callback: AFE_PORT_CMD_SET_PARAM_V3 , data->token = 38, payload = 65775, 0
01-20 19:10:53.302 0 0 I afe_tfa_dsp_send_msg: [0]:0xff-[1]:0xff-[2]:0x0-[3]:0x74, [4]:0x0-[5]:0x0, packet_id:65535, packet_size:116
01-20 19:10:53.302 0 0 I afe_callback: TFADSP is configured
01-20 19:10:53.302 0 0 I afe_callback: AFE_PORT_CMD_SET_PARAM_V3 , data->token = 38, payload = 65775, 0
01-20 19:10:53.303 0 0 I tfa_set_calibration_values: calibration data: 5963
01-20 19:10:53.303 0 0 I tfa_start: [cold] device:TFA profile:music
01-20 19:10:53.327 0 0 I binder : 4150:4150 ioctl 40046210 7fc4f5dd40 returned -22
01-20 19:10:53.529 1477 2580 D CompatibilityChangeReporter: Compat change id reported: 161145287; UID 10168; state: DISABLED
01-20 19:10:53.603 0 0 W : IRQ5 no longer affine to CPU7
01-20 19:10:53.644 1477 2316 D CompatibilityChangeReporter: Compat change id reported: 149924527; UID 10168; state: ENABLED
01-20 19:10:53.644 1477 2316 D CompatibilityChangeReporter: Compat change id reported: 132649864; UID 10168; state: DISABLED
01-20 19:10:53.644 1477 2580 D CompatibilityChangeReporter: Compat change id reported: 132649864; UID 10168; state: DISABLED
01-20 19:10:53.668 1477 2728 D CoreBackPreview: Window{665eac6 u0 me.zhanghai.android.files/me.zhanghai.android.files.filelist.FileListActivity}: Setting back callback OnBackInvokedCallbackInfo{mCallback=android.window.IOnBackInvokedCallback$Stub$Proxy@307db4, mPriority=0}
01-20 19:10:53.736 0 0 I binder : 4150:4173 ioctl 40046210 76fb6d3164 returned -22
01-20 19:10:54.281 1477 2492 D CompatibilityChangeReporter: Compat change id reported: 214016041; UID 10168; state: ENABLED
01-20 19:10:54.533 1477 2492 D CoreBackPreview: Window{31e6aec u0 Splash Screen me.zhanghai.android.files EXITING}: Setting back callback null
01-20 19:10:55.623 0 0 I AWAKE : effective vote is now 1 voted by POLLING_LOGGER_VOTER,1
01-20 19:10:55.808 0 0 I PMINFO : [CSV] cSYS:100, cMNT:100.0, cCHG:2758, cLRN:2752, iBAT:-120, vBAT:4384, vPRD:4399, vOCV:4362, vUSB:4921, iUSB:248, vWLC:0, iWCL:0, AiCL:500, tSYS:292, tORI:313, tVTS:297, rTOT:373046, rESR:172363, rSLW:200683, CYCLE:23, BATID:101, sBATT:988, sCCSW:1002, sCC:-827
01-20 19:10:55.808 0 0 I PMINFO : [VOT] IUSB:500(USB_PSY_VOTER), IBAT:2200(VENEER_VOTER_IBAT), IDC:900(DEFAULT_VOTER), FLOAT:4400(BATT_PROFILE_VOTER), CHDIS:0(DEFAULT_VOTER), PLDIS:1(PL_FCC_LOW_VOTER)
01-20 19:10:55.808 0 0 I PMINFO : [CHG] NAME:USB2, STAT:FULL(ret)/CHARGING(ori)/TAPER(reg), PATH:0x95 [QNI] en=0(sts=0x10, ctrl=0xE7), pt_en=0(sts=0x10), pt_t=298
01-20 19:10:56.003 0 0 I binder : 691:691 ioctl c018620c 7ff5f93a30 returned -22
01-20 19:10:56.230 0 0 I PMINFO : [USB] REAL:USB, VNOW:4902, TPMI:317, TSMB:-1, IUSB:294(now)<=500(set)<=500(cap), IBAT:-127(now):=2200(pmi)+0(smb)<=2200(cap), PRLL:CHGEN(0)/PINEN(0)/SUSPN(1), [OVR] LATCHED:0, AFTAPSD:0, USBMODE:0x02
01-20 19:10:56.230 0 0 I PMINFO : --------------------------------------------------------------------------------------???-END.
01-20 19:10:56.230 0 0 I AWAKE : effective vote is now 0 voted by POLLING_LOGGER_VOTER,1
01-20 19:10:56.441 0 0 I _tfa98xx_mute(): _tfa98xx_mute: ram_exception=-1, mute=1 stream=0
01-20 19:10:56.441 0 0 I _tfa98xx_mute(): mute:1 [pstream 0, cstream 1, samstream 0]
01-20 19:10:56.441 0 0 I _tfa98xx_stop(): _tfa98xx_stop: stop tfa amp
01-20 19:10:56.454 0 0 E q6asm_callback: payload size of 8 is less than expected.
01-20 19:10:56.468 0 0 I afe_close: [NXP] afe_apr_send_pkt[AFE_PORT_CMD_DEVICE_STOP] enter
01-20 19:10:56.471 0 0 I afe_callback: AFE_EVENT_TFADSP_STATE_CLOSE data = 0x0
01-20 19:10:56.473 0 0 I afe_close: [NXP] afe_apr_send_pkt[AFE_PORT_CMD_DEVICE_STOP] exit
01-20 19:10:56.481 0 0 I _tfa98xx_mute(): _tfa98xx_mute: ram_exception=-1, mute=1 stream=1
01-20 19:10:56.481 0 0 I _tfa98xx_mute(): mute:1 [pstream 0, cstream 0, samstream 0]
01-20 19:10:56.481 0 0 I _tfa98xx_stop(): _tfa98xx_stop: stop tfa amp
01-20 19:10:57.486 0 0 I pet_watchdog [enable: 1, jiffies : 4294962386, delay_time : 1000]
01-20 19:10:57.996 0 0 I : [Touch] 1 finger pressed:<0>( 134, 215, 47)
01-20 19:10:58.085 0 0 I : [Touch] finger released:<0>( 129, 224, 55)
01-20 19:10:58.125 0 0 I tfa98xx_hw_params(): tfa98xx_hw_params: tfa98xx_profile 0
01-20 19:10:58.169 0 0 I _tfa98xx_mute(): _tfa98xx_mute: ram_exception=-1, mute=0 stream=1
01-20 19:10:58.169 0 0 I _tfa98xx_mute(): mute:0 [pstream 0, cstream 1, samstream 0]
01-20 19:10:58.169 0 0 I _tfa98xx_mute(): unmute is suspended when only cstream is on
01-20 19:10:58.175 0 0 I tfa98xx_hw_params(): tfa98xx_hw_params: tfa98xx_profile 0
01-20 19:10:58.178 0 0 E : msm_pcm_compress_ctl_get substream runtime not found
01-20 19:10:58.178 0 0 E : msm_pcm_compress_ctl_put substream runtime not found
01-20 19:10:58.180 0 0 I __afe_port_start: [NXP] afe_apr_send_pkt[AFE_PORT_CMD_DEVICE_START] enter
01-20 19:10:58.181 0 0 I __afe_port_start: [NXP] afe_apr_send_pkt[AFE_PORT_CMD_DEVICE_START] exit
01-20 19:10:58.185 0 0 I afe_callback: AFE_EVENT_TFADSP_STATE_INIT data = 0x0
01-20 19:10:58.187 0 0 I _tfa98xx_mute(): _tfa98xx_mute: ram_exception=-1, mute=0 stream=0
01-20 19:10:58.187 0 0 I _tfa98xx_mute(): mute:0 [pstream 1, cstream 1, samstream 0]
01-20 19:10:58.187 0 0 I _tfa98xx_mute(): _tfa98xx_mute: start tfa amp
01-20 19:10:58.187 0 0 I tfa98xx_dsp_init_work(): tfa98xx_dsp_init_work: enter with profile 0
01-20 19:10:58.187 0 0 I tfa98xx_dsp_init(): tfa98xx_dsp_init: ...
01-20 19:10:58.187 0 0 I tfa_start: tfa98xx_log_start_cnt=14 next_profile 0
01-20 19:10:58.188 0 0 I tfa_run_speaker_boost: cold boot, ext_dsp = 1, profile = 0
01-20 19:10:58.188 0 0 I tfa_run_speaker_boost: cold start, speaker startup
01-20 19:10:58.188 0 0 E q6core_get_service_version: Failed to get service size for service id 7 with error -95
01-20 19:10:58.190 0 0 E q6asm_callback: payload size of 8 is less than expected.
01-20 19:10:58.190 0 0 E q6asm_callback: payload size of 8 is less than expected.
01-20 19:10:58.190 0 0 E q6core_get_service_version: Failed to get service size for service id 8 with error -95
01-20 19:10:58.197 0 0 E q6core_get_service_version: Failed to get service size for service id 7 with error -95
01-20 19:10:58.197 0 0 E q6asm_callback: payload size of 8 is less than expected.
01-20 19:10:58.206 0 0 E q6asm_callback: payload size of 8 is less than expected.
01-20 19:10:58.223 0 0 I tfa_cont_write_vstepMax2_One: is_cold 1
01-20 19:10:58.223 0 0 I P-ID : cmdid[2]=0x02 to 0x00
01-20 19:10:58.223 0 0 I tfa_cont_write_vstepMax2_One: is_cold 1
01-20 19:10:58.223 0 0 I tfa_cont_write_vstepMax2_One: is_cold 1
01-20 19:10:58.223 0 0 I P-ID : cmdid[2]=0x08 to 0x07
01-20 19:10:58.227 0 0 I afe_callback: AFE_PORT_CMD_SET_PARAM_V3 , data->token = 38, payload = 65775, 0
01-20 19:10:58.228 0 0 I afe_callback: AFE_PORT_CMD_SET_PARAM_V3 , data->token = 38, payload = 65775, 0
01-20 19:10:58.228 0 0 I afe_callback: AFE_PORT_CMD_SET_PARAM_V3 , data->token = 38, payload = 65775, 0
01-20 19:10:58.228 0 0 I afe_callback: AFE_PORT_CMD_SET_PARAM_V3 , data->token = 38, payload = 65775, 0
01-20 19:10:58.228 0 0 I afe_callback: AFE_PORT_CMD_SET_PARAM_V3 , data->token = 38, payload = 65775, 0
01-20 19:10:58.228 0 0 I afe_callback: AFE_PORT_CMD_SET_PARAM_V3 , data->token = 38, payload = 65775, 0
01-20 19:10:58.228 0 0 I afe_tfa_dsp_send_msg: [0]:0xff-[1]:0xff-[2]:0x0-[3]:0x74, [4]:0x0-[5]:0x0, packet_id:65535, packet_size:116
01-20 19:10:58.229 0 0 I afe_callback: TFADSP is configured
01-20 19:10:58.229 0 0 I afe_callback: AFE_PORT_CMD_SET_PARAM_V3 , data->token = 38, payload = 65775, 0
01-20 19:10:58.230 0 0 I tfa_set_calibration_values: calibration data: 5963
01-20 19:10:58.230 0 0 I tfa_start: [cold] device:TFA profile:music
01-20 19:10:58.583 0 0 I : [bm] monitoring
01-20 19:10:58.982 0 0 I : [Touch] 1 finger pressed:<0>( 545, 522, 54)
01-20 19:10:59.070 0 0 I : [Touch] finger released:<0>( 545, 521, 57)
01-20 19:11:00.231 0 0 I : [Touch] 1 finger pressed:<0>( 915,1692, 50)
01-20 19:11:00.328 0 0 I : [Touch] finger released:<0>( 911,1426, 53)
01-20 19:11:01.003 0 0 I binder : 691:691 ioctl c018620c 7ff5f93a30 returned -22
01-20 19:11:01.078 0 0 E __layer_param_check: invalid source image img flag=0 wh=1472x176 rect=0,0,720,2880
01-20 19:11:01.078 0 0 E __validate_layers: layer:4 validation failed ret=-22
01-20 19:11:01.078 0 0 E mdss_fb_atomic_commit_ioctl: atomic commit failed ret:-22
01-20 19:11:01.108 0 0 E __layer_param_check: invalid source image img flag=0 wh=1472x176 rect=0,0,720,2880
01-20 19:11:01.108 0 0 E __validate_layers: layer:4 validation failed ret=-22
01-20 19:11:01.108 0 0 E mdss_fb_atomic_commit_ioctl: atomic commit failed ret:-22
01-20 19:11:01.125 0 0 E __layer_param_check: invalid source image img flag=0 wh=1472x176 rect=0,0,720,2880
01-20 19:11:01.125 0 0 E __validate_layers: layer:4 validation failed ret=-22
01-20 19:11:01.125 0 0 E mdss_fb_atomic_commit_ioctl: atomic commit failed ret:-22
01-20 19:11:01.141 0 0 E __layer_param_check: invalid source image img flag=0 wh=1472x176 rect=0,0,720,2880
01-20 19:11:01.141 0 0 E __validate_layers: layer:4 validation failed ret=-22
01-20 19:11:01.141 0 0 E mdss_fb_atomic_commit_ioctl: atomic commit failed ret:-22
01-20 19:11:01.157 0 0 E __layer_param_check: invalid source image img flag=0 wh=1472x176 rect=0,0,720,2880
01-20 19:11:01.157 0 0 E __validate_layers: layer:4 validation failed ret=-22
01-20 19:11:01.158 0 0 E mdss_fb_atomic_commit_ioctl: atomic commit failed ret:-22
01-20 19:11:01.174 0 0 E __layer_param_check: invalid source image img flag=0 wh=1472x176 rect=0,0,720,2880
01-20 19:11:01.174 0 0 E __validate_layers: layer:4 validation failed ret=-22
01-20 19:11:01.174 0 0 E mdss_fb_atomic_commit_ioctl: atomic commit failed ret:-22
01-20 19:11:01.208 0 0 E __layer_param_check: invalid source image img flag=0 wh=1472x176 rect=0,0,720,2880
01-20 19:11:01.208 0 0 E __validate_layers: layer:4 validation failed ret=-22
01-20 19:11:01.208 0 0 E mdss_fb_atomic_commit_ioctl: atomic commit failed ret:-22
01-20 19:11:01.225 0 0 I : [Touch] 1 finger pressed:<0>( 893,1779, 48)
01-20 19:11:01.239 0 0 E __layer_param_check: invalid source image img flag=0 wh=1472x176 rect=0,0,720,2880
01-20 19:11:01.239 0 0 E __validate_layers: layer:4 validation failed ret=-22
01-20 19:11:01.239 0 0 E mdss_fb_atomic_commit_ioctl: atomic commit failed ret:-22
01-20 19:11:01.256 0 0 E __layer_param_check: invalid source image img flag=0 wh=1472x176 rect=0,0,720,2880
01-20 19:11:01.256 0 0 E __validate_layers: layer:4 validation failed ret=-22
01-20 19:11:01.256 0 0 E mdss_fb_atomic_commit_ioctl: atomic commit failed ret:-22
01-20 19:11:01.273 0 0 E __layer_param_check: invalid source image img flag=0 wh=1472x176 rect=0,0,720,2880
01-20 19:11:01.273 0 0 E __validate_layers: layer:4 validation failed ret=-22
01-20 19:11:01.273 0 0 E mdss_fb_atomic_commit_ioctl: atomic commit failed ret:-22
01-20 19:11:01.290 0 0 E __layer_param_check: invalid source image img flag=0 wh=1472x176 rect=0,0,720,2880
01-20 19:11:01.290 0 0 E __validate_layers: layer:4 validation failed ret=-22
01-20 19:11:01.290 0 0 E mdss_fb_atomic_commit_ioctl: atomic commit failed ret:-22
01-20 19:11:01.306 0 0 E __layer_param_check: invalid source image img flag=0 wh=1472x176 rect=0,0,720,2880
01-20 19:11:01.306 0 0 E __validate_layers: layer:4 validation failed ret=-22
01-20 19:11:01.306 0 0 E mdss_fb_atomic_commit_ioctl: atomic commit failed ret:-22
01-20 19:11:01.322 0 0 E __layer_param_check: invalid source image img flag=0 wh=1472x176 rect=0,0,720,2880
01-20 19:11:01.322 0 0 E __validate_layers: layer:4 validation failed ret=-22
01-20 19:11:01.322 0 0 E mdss_fb_atomic_commit_ioctl: atomic commit failed ret:-22
01-20 19:11:01.339 0 0 E __layer_param_check: invalid source image img flag=0 wh=1472x176 rect=0,0,720,2880
01-20 19:11:01.339 0 0 I : [Touch] finger released:<0>( 886,1581, 49)
01-20 19:11:01.339 0 0 E __validate_layers: layer:4 validation failed ret=-22
01-20 19:11:01.339 0 0 E mdss_fb_atomic_commit_ioctl: atomic commit failed ret:-22
01-20 19:11:01.355 0 0 E __layer_param_check: invalid source image img flag=0 wh=1472x176 rect=0,0,720,2880
01-20 19:11:01.356 0 0 E __validate_layers: layer:4 validation failed ret=-22
01-20 19:11:01.356 0 0 E mdss_fb_atomic_commit_ioctl: atomic commit failed ret:-22
01-20 19:11:01.372 0 0 E __layer_param_check: invalid source image img flag=0 wh=1472x176 rect=0,0,720,2880
01-20 19:11:01.372 0 0 E __validate_layers: layer:4 validation failed ret=-22
01-20 19:11:01.372 0 0 E mdss_fb_atomic_commit_ioctl: atomic commit failed ret:-22
01-20 19:11:01.423 0 0 E __layer_param_check: invalid source image img flag=0 wh=1472x176 rect=0,0,720,2880
01-20 19:11:01.423 0 0 E __validate_layers: layer:4 validation failed ret=-22
01-20 19:11:01.429 0 0 E mdss_fb_atomic_commit_ioctl: atomic commit failed ret:-22
01-20 19:11:01.455 0 0 E __layer_param_check: invalid source image img flag=0 wh=1472x176 rect=0,0,720,2880
01-20 19:11:01.455 0 0 E __validate_layers: layer:4 validation failed ret=-22
01-20 19:11:01.456 0 0 E mdss_fb_atomic_commit_ioctl: atomic commit failed ret:-22
01-20 19:11:01.473 0 0 E __layer_param_check: invalid source image img flag=0 wh=1472x176 rect=0,0,720,2880
01-20 19:11:01.473 0 0 E __validate_layers: layer:4 validation failed ret=-22
01-20 19:11:01.473 0 0 E mdss_fb_atomic_commit_ioctl: atomic commit failed ret:-22
01-20 19:11:01.489 0 0 E __layer_param_check: invalid source image img flag=0 wh=1472x176 rect=0,0,720,2880
01-20 19:11:01.489 0 0 E __validate_layers: layer:4 validation failed ret=-22
01-20 19:11:01.489 0 0 E mdss_fb_atomic_commit_ioctl: atomic commit failed ret:-22
01-20 19:11:01.506 0 0 E __layer_param_check: invalid source image img flag=0 wh=1472x176 rect=0,0,720,2880
01-20 19:11:01.506 0 0 E __validate_layers: layer:4 validation failed ret=-22
01-20 19:11:01.506 0 0 E mdss_fb_atomic_commit_ioctl: atomic commit failed ret:-22
01-20 19:11:01.539 0 0 E __layer_param_check: invalid source image img flag=0 wh=1472x176 rect=0,0,720,2880
01-20 19:11:01.539 0 0 E __validate_layers: layer:4 validation failed ret=-22
01-20 19:11:01.544 0 0 E mdss_fb_atomic_commit_ioctl: atomic commit failed ret:-22
01-20 19:11:01.573 0 0 E __layer_param_check: invalid source image img flag=0 wh=1472x176 rect=0,0,720,2880
01-20 19:11:01.573 0 0 E __validate_layers: layer:4 validation failed ret=-22
01-20 19:11:01.573 0 0 E mdss_fb_atomic_commit_ioctl: atomic commit failed ret:-22
01-20 19:11:01.590 0 0 E __layer_param_check: invalid source image img flag=0 wh=1472x176 rect=0,0,720,2880
01-20 19:11:01.590 0 0 E __validate_layers: layer:4 validation failed ret=-22
01-20 19:11:01.590 0 0 E mdss_fb_atomic_commit_ioctl: atomic commit failed ret:-22
01-20 19:11:01.622 0 0 E __layer_param_check: invalid source image img flag=0 wh=1472x176 rect=0,0,720,2880
01-20 19:11:01.622 0 0 E __validate_layers: layer:4 validation failed ret=-22
01-20 19:11:01.622 0 0 E mdss_fb_atomic_commit_ioctl: atomic commit failed ret:-22
01-20 19:11:02.240 0 0 I _tfa98xx_mute(): _tfa98xx_mute: ram_exception=-1, mute=1 stream=0
01-20 19:11:02.240 0 0 I _tfa98xx_mute(): mute:1 [pstream 0, cstream 1, samstream 0]
01-20 19:11:02.240 0 0 I _tfa98xx_stop(): _tfa98xx_stop: stop tfa amp
01-20 19:11:02.258 0 0 E q6asm_callback: payload size of 8 is less than expected.
01-20 19:11:02.268 0 0 I afe_close: [NXP] afe_apr_send_pkt[AFE_PORT_CMD_DEVICE_STOP] enter
01-20 19:11:02.271 0 0 I afe_callback: AFE_EVENT_TFADSP_STATE_CLOSE data = 0x0
01-20 19:11:02.273 0 0 I afe_close: [NXP] afe_apr_send_pkt[AFE_PORT_CMD_DEVICE_STOP] exit
01-20 19:11:02.282 0 0 I _tfa98xx_mute(): _tfa98xx_mute: ram_exception=-1, mute=1 stream=1
01-20 19:11:02.282 0 0 I _tfa98xx_mute(): mute:1 [pstream 0, cstream 0, samstream 0]
01-20 19:11:02.282 0 0 I _tfa98xx_stop(): _tfa98xx_stop: stop tfa amp
01-20 19:11:04.754 0 0 I : [Touch] 1 finger pressed:<0>( 898,1492, 57)
01-20 19:11:05.023 0 0 I : [Touch] finger released:<0>( 844,2043, 61)
01-20 19:11:05.640 0 0 I : [Touch] 1 finger pressed:<0>( 874,1619, 57)
01-20 19:11:05.953 0 0 I : [Touch] finger released:<0>( 903,1835, 63)
01-20 19:11:06.003 0 0 I binder : 691:691 ioctl c018620c 7ff5f93a30 returned -22
01-20 19:11:06.504 0 0 I : [Touch] 1 finger pressed:<0>( 807,1371, 43)
01-20 19:11:06.757 0 0 I : [Touch] finger released:<0>( 842,1707, 55)
01-20 19:11:07.039 0 0 I PMI : smblib_handle_wdog_bark: IRQ: wdog-bark
01-20 19:11:07.139 0 0 I : [Touch] 1 finger pressed:<0>( 595,1500, 40)
01-20 19:11:07.215 0 0 I : [Touch] finger released:<0>( 605,1500, 48)
01-20 19:11:07.244 0 0 I tfa98xx_hw_params(): tfa98xx_hw_params: tfa98xx_profile 0
01-20 19:11:07.281 0 0 I _tfa98xx_mute(): _tfa98xx_mute: ram_exception=-1, mute=0 stream=1
01-20 19:11:07.281 0 0 I _tfa98xx_mute(): mute:0 [pstream 0, cstream 1, samstream 0]
01-20 19:11:07.281 0 0 I _tfa98xx_mute(): unmute is suspended when only cstream is on
01-20 19:11:07.287 0 0 I tfa98xx_hw_params(): tfa98xx_hw_params: tfa98xx_profile 0
01-20 19:11:07.290 0 0 E : msm_pcm_compress_ctl_get substream runtime not found
01-20 19:11:07.290 0 0 E : msm_pcm_compress_ctl_put substream runtime not found
01-20 19:11:07.292 0 0 I __afe_port_start: [NXP] afe_apr_send_pkt[AFE_PORT_CMD_DEVICE_START] enter
01-20 19:11:07.292 0 0 I __afe_port_start: [NXP] afe_apr_send_pkt[AFE_PORT_CMD_DEVICE_START] exit
01-20 19:11:07.297 0 0 I afe_callback: AFE_EVENT_TFADSP_STATE_INIT data = 0x0
01-20 19:11:07.298 0 0 I _tfa98xx_mute(): _tfa98xx_mute: ram_exception=-1, mute=0 stream=0
01-20 19:11:07.298 0 0 I _tfa98xx_mute(): mute:0 [pstream 1, cstream 1, samstream 0]
01-20 19:11:07.298 0 0 I _tfa98xx_mute(): _tfa98xx_mute: start tfa amp
01-20 19:11:07.299 0 0 I tfa98xx_dsp_init_work(): tfa98xx_dsp_init_work: enter with profile 0
01-20 19:11:07.299 0 0 I tfa98xx_dsp_init(): tfa98xx_dsp_init: ...
01-20 19:11:07.299 0 0 I tfa_start: tfa98xx_log_start_cnt=15 next_profile 0
01-20 19:11:07.302 0 0 E q6core_get_service_version: Failed to get service size for service id 7 with error -95
01-20 19:11:07.302 0 0 I tfa_run_speaker_boost: cold boot, ext_dsp = 1, profile = 0
01-20 19:11:07.302 0 0 I tfa_run_speaker_boost: cold start, speaker startup
01-20 19:11:07.303 0 0 E q6asm_callback: payload size of 8 is less than expected.
01-20 19:11:07.303 0 0 E q6asm_callback: payload size of 8 is less than expected.
01-20 19:11:07.303 0 0 E q6core_get_service_version: Failed to get service size for service id 8 with error -95
01-20 19:11:07.310 0 0 E q6core_get_service_version: Failed to get service size for service id 7 with error -95
01-20 19:11:07.310 0 0 E q6asm_callback: payload size of 8 is less than expected.
01-20 19:11:07.328 0 0 E q6asm_callback: payload size of 8 is less than expected.
01-20 19:11:07.339 0 0 I tfa_cont_write_vstepMax2_One: is_cold 1
01-20 19:11:07.339 0 0 I P-ID : cmdid[2]=0x02 to 0x00
01-20 19:11:07.339 0 0 I tfa_cont_write_vstepMax2_One: is_cold 1
01-20 19:11:07.339 0 0 I tfa_cont_write_vstepMax2_One: is_cold 1
01-20 19:11:07.339 0 0 I P-ID : cmdid[2]=0x08 to 0x07
01-20 19:11:07.345 0 0 I afe_callback: AFE_PORT_CMD_SET_PARAM_V3 , data->token = 38, payload = 65775, 0
01-20 19:11:07.345 0 0 I afe_callback: AFE_PORT_CMD_SET_PARAM_V3 , data->token = 38, payload = 65775, 0
01-20 19:11:07.345 0 0 I afe_callback: AFE_PORT_CMD_SET_PARAM_V3 , data->token = 38, payload = 65775, 0
01-20 19:11:07.345 0 0 I afe_callback: AFE_PORT_CMD_SET_PARAM_V3 , data->token = 38, payload = 65775, 0
01-20 19:11:07.345 0 0 I afe_callback: AFE_PORT_CMD_SET_PARAM_V3 , data->token = 38, payload = 65775, 0
01-20 19:11:07.346 0 0 I afe_callback: AFE_PORT_CMD_SET_PARAM_V3 , data->token = 38, payload = 65775, 0
01-20 19:11:07.346 0 0 I afe_tfa_dsp_send_msg: [0]:0xff-[1]:0xff-[2]:0x0-[3]:0x74, [4]:0x0-[5]:0x0, packet_id:65535, packet_size:116
01-20 19:11:07.346 0 0 I afe_callback: TFADSP is configured
01-20 19:11:07.346 0 0 I afe_callback: AFE_PORT_CMD_SET_PARAM_V3 , data->token = 38, payload = 65775, 0
01-20 19:11:07.347 0 0 I tfa_set_calibration_values: calibration data: 5963
01-20 19:11:07.347 0 0 I tfa_start: [cold] device:TFA profile:music
01-20 19:11:07.504 0 0 I pet_watchdog [enable: 1, jiffies : 4294963388, delay_time : 1000]
01-20 19:11:08.584 0 0 I : [bm] monitoring
01-20 19:11:10.483 0 0 I _tfa98xx_mute(): _tfa98xx_mute: ram_exception=-1, mute=1 stream=0
01-20 19:11:10.483 0 0 I _tfa98xx_mute(): mute:1 [pstream 0, cstream 1, samstream 0]
01-20 19:11:10.483 0 0 I _tfa98xx_stop(): _tfa98xx_stop: stop tfa amp
01-20 19:11:10.500 0 0 E q6asm_callback: payload size of 8 is less than expected.
01-20 19:11:10.513 0 0 I afe_close: [NXP] afe_apr_send_pkt[AFE_PORT_CMD_DEVICE_STOP] enter
01-20 19:11:10.516 0 0 I afe_callback: AFE_EVENT_TFADSP_STATE_CLOSE data = 0x0
01-20 19:11:10.518 0 0 I afe_close: [NXP] afe_apr_send_pkt[AFE_PORT_CMD_DEVICE_STOP] exit
01-20 19:11:10.528 0 0 I _tfa98xx_mute(): _tfa98xx_mute: ram_exception=-1, mute=1 stream=1
01-20 19:11:10.528 0 0 I _tfa98xx_mute(): mute:1 [pstream 0, cstream 0, samstream 0]
01-20 19:11:10.528 0 0 I _tfa98xx_stop(): _tfa98xx_stop: stop tfa amp
01-20 19:11:11.005 0 0 I binder : 691:691 ioctl c018620c 7ff5f93a30 returned -22
01-20 19:11:12.892 0 0 I : [Touch] 1 finger pressed:<0>( 983,2041, 41)
01-20 19:11:13.436 0 0 I : [Touch] finger released:<0>(1177,1318, 68)
01-20 19:11:16.004 0 0 I binder : 691:691 ioctl c018620c 7ff5f93a30 returned -22
01-20 19:11:17.534 0 0 I pet_watchdog [enable: 1, jiffies : 4294964391, delay_time : 1000]
01-20 19:11:18.585 0 0 I IDTP9223: idtp9223_monitor: [USB]1 [ALV]0 [OD2]0 [QIPMA]0 [VOUT]00
01-20 19:11:18.585 0 0 I : [bm] monitoring
01-20 19:11:19.172 0 0 E : [TM] XO, 31,PA0, 30,PA1, 30,QUIET, 30,VTS,297
01-20 19:11:21.004 0 0 I binder : 691:691 ioctl c018620c 7ff5f93a30 returned -22
01-20 19:11:26.005 0 0 I binder : 691:691 ioctl c018620c 7ff5f93a30 returned -22
01-20 19:11:26.584 0 0 I AWAKE : effective vote is now 1 voted by POLLING_LOGGER_VOTER,1
01-20 19:11:26.767 0 0 I PMINFO : [CSV] cSYS:100, cMNT:100.0, cCHG:2759, cLRN:2752, iBAT:-130, vBAT:4387, vPRD:4402, vOCV:4362, vUSB:4941, iUSB:216, vWLC:0, iWCL:0, AiCL:500, tSYS:289, tORI:310, tVTS:297, rTOT:376709, rESR:172363, rSLW:204346, CYCLE:23, BATID:101, sBATT:988, sCCSW:1002, sCC:-827
01-20 19:11:26.767 0 0 I PMINFO : [VOT] IUSB:500(USB_PSY_VOTER), IBAT:2200(VENEER_VOTER_IBAT), IDC:900(DEFAULT_VOTER), FLOAT:4400(BATT_PROFILE_VOTER), CHDIS:0(DEFAULT_VOTER), PLDIS:1(PL_FCC_LOW_VOTER)
01-20 19:11:26.767 0 0 I PMINFO : [CHG] NAME:USB2, STAT:FULL(ret)/CHARGING(ori)/TAPER(reg), PATH:0x95 [QNI] en=0(sts=0x10, ctrl=0xE7), pt_en=0(sts=0x10), pt_t=298
01-20 19:11:27.231 0 0 I PMINFO : [USB] REAL:USB, VNOW:4941, TPMI:317, TSMB:-1, IUSB:234(now)<=500(set)<=500(cap), IBAT:-126(now):=2200(pmi)+0(smb)<=2200(cap), PRLL:CHGEN(0)/PINEN(0)/SUSPN(1), [OVR] LATCHED:0, AFTAPSD:0, USBMODE:0x02
01-20 19:11:27.231 0 0 I PMINFO : --------------------------------------------------------------------------------------???-END.
01-20 19:11:27.231 0 0 I AWAKE : effective vote is now 0 voted by POLLING_LOGGER_VOTER,1
01-20 19:11:27.547 0 0 I pet_watchdog [enable: 1, jiffies : 4294965392, delay_time : 1000]
01-20 19:11:28.584 0 0 I : [bm] monitoring
01-20 19:11:31.003 0 0 I binder : 691:691 ioctl c018620c 7ff5f93a30 returned -22
01-20 19:11:36.006 0 0 I binder : 691:691 ioctl c018620c 7ff5f93a30 returned -22
01-20 19:11:37.449 1477 1875 V DisplayPowerController[0]: Brightness [0.0] reason changing to: 'manual [ dim ]', previous reason: 'manual'.
01-20 19:11:37.449 1477 1875 I DisplayPowerController[0]: BrightnessEvent: disp=0, physDisp=local:0, brt=0.0, initBrt=0.0017629543, rcmdBrt=NaN, preBrt=NaN, lux=0.0, preLux=0.0, hbmMax=1.0, hbmMode=off, rbcStrength=50, powerFactor=1.0, thrmMax=1.0, wasShortTermModelActive=false, flags=, reason=manual [ dim ], autoBrightness=false
01-20 19:11:37.542 1477 1875 I DisplayPowerController[0]: BrightnessEvent: disp=0, physDisp=local:0, brt=0.0, initBrt=0.0, rcmdBrt=NaN, preBrt=NaN, lux=0.0, preLux=0.0, hbmMax=1.0, hbmMode=off, rbcStrength=50, powerFactor=1.0, thrmMax=1.0, wasShortTermModelActive=false, flags=, reason=manual [ dim ], autoBrightness=false
01-20 19:11:37.560 1477 1875 I DisplayPowerController[0]: BrightnessEvent: disp=0, physDisp=local:0, brt=0.0, initBrt=0.0, rcmdBrt=NaN, preBrt=NaN, lux=0.0, preLux=0.0, hbmMax=1.0, hbmMode=off, rbcStrength=50, powerFactor=1.0, thrmMax=1.0, wasShortTermModelActive=false, flags=, reason=manual [ dim ], autoBrightness=false
01-20 19:11:37.567 0 0 I pet_watchdog [enable: 1, jiffies : 4294966394, delay_time : 1000]
01-20 19:11:38.584 0 0 I : [bm] monitoring
