01-20 19:07:05.716 1477 2467 W ContextImpl: Calling a method in the system process without a qualified user: android.app.ContextImpl.sendBroadcastMultiplePermissions:1272 com.android.server.TelephonyRegistry.broadcastServiceStateChanged:3121 com.android.server.TelephonyRegistry.notifyServiceStateForPhoneId:1616 com.android.internal.telephony.ITelephonyRegistry$Stub.onTransact:492 android.os.Binder.execTransactInternal:1280
01-20 19:07:05.716 1477 2467 W ContextImpl: Calling a method in the system process without a qualified user: android.app.ContextImpl.sendBroadcastMultiplePermissions:1272 com.android.server.TelephonyRegistry.broadcastServiceStateChanged:3126 com.android.server.TelephonyRegistry.notifyServiceStateForPhoneId:1616 com.android.internal.telephony.ITelephonyRegistry$Stub.onTransact:492 android.os.Binder.execTransactInternal:1280
01-20 19:07:05.716 1477 1755 W BroadcastQueue: Permission Denial: receiving Intent { act=android.intent.action.SERVICE_STATE flg=0x1000010 (has extras) } to com.android.cellbroadcastreceiver.module/com.android.cellbroadcastreceiver.CellBroadcastReceiver requires android.permission.READ_PHONE_STATE due to sender android (uid 1001)
01-20 19:07:05.719 1477 1755 W BroadcastQueue: Appop Denial: receiving Intent { act=android.intent.action.SERVICE_STATE flg=0x1000010 (has extras) } to ProcessRecord{d39a49b 2241:com.android.systemui/u0a135} (pid=2241, uid=10135) excludes appop android:read_phone_state due to sender android (uid 1001)
01-20 19:07:05.749 1477 2467 I Telecom : PhoneAccountRegistrar: Modify account: [ComponentInfo{com.android.phone/com.android.services.telephony.TelephonyConnectionService}, E, UserHandle{0}]: TSI.rPA@ACA
01-20 19:07:05.750 1477 2467 I Telecom : CallsManager: handlePhoneAccountChanged: phoneAccount=[[X] PhoneAccount: ComponentInfo{com.android.phone/com.android.services.telephony.TelephonyConnectionService}, E, UserHandle{0} Capabilities: CallProvider MultiUser PlaceEmerg SimSub Audio Routes: BESW Schemes: tel voicemail Extras: Bundle[{android.telecom.extra.SUPPORTS_VIDEO_CALLING_FALLBACK=true}] GroupId: ***]: TSI.rPA@ACA
01-20 19:07:05.752 1477 2467 I Telecom : PhoneAccountRegistrar: getSimCallManager: SimCallManager for subId 2 queried, returning: null: TSI.rPA@ACA
01-20 19:07:05.752 1477 2467 I Telecom : PhoneAccountRegistrar: Notifying telephony of voice service override change for 1 SIMs, hasService = false: TSI.rPA@ACA
01-20 19:07:05.758 1477 2316 I ActivityTaskManager: Config changes=3 {1.0 302mcc220mnc [en_CA] ldltr sw427dp w427dp h777dp 540dpi nrml long hdr port night finger -keyb/v/h -nav/h winConfig={ mBounds=Rect(0, 0 - 1440, 2880) mAppBounds=Rect(0, 0 - 1440, 2718) mMaxBounds=Rect(0, 0 - 1440, 2880) mDisplayRotation=ROTATION_0 mWindowingMode=fullscreen mDisplayWindowingMode=fullscreen mActivityType=undefined mAlwaysOnTop=undefined mRotation=ROTATION_0} s.39 fontWeightAdjustment=0}
01-20 19:07:05.762 1477 2316 I WindowManager: Override config changes=3 {1.0 302mcc220mnc [en_CA] ldltr sw427dp w427dp h777dp 540dpi nrml long hdr port night finger -keyb/v/h -nav/h winConfig={ mBounds=Rect(0, 0 - 1440, 2880) mAppBounds=Rect(0, 0 - 1440, 2718) mMaxBounds=Rect(0, 0 - 1440, 2880) mDisplayRotation=ROTATION_0 mWindowingMode=fullscreen mDisplayWindowingMode=fullscreen mActivityType=undefined mAlwaysOnTop=undefined mRotation=ROTATION_0} s.39 fontWeightAdjustment=0} for displayId=0
01-20 19:07:05.779 1477 2316 W ContextImpl: Calling a method in the system process without a qualified user: android.app.ContextImpl.sendBroadcastMultiplePermissions:1222 com.android.server.TelephonyRegistry.broadcastServiceStateChanged:3111 com.android.server.TelephonyRegistry.notifyServiceStateForPhoneId:1616 com.android.internal.telephony.ITelephonyRegistry$Stub.onTransact:492 android.os.Binder.execTransactInternal:1280
01-20 19:07:05.780 1477 2316 W ContextImpl: Calling a method in the system process without a qualified user: android.app.ContextImpl.sendBroadcastMultiplePermissions:1272 android.content.Context.sendBroadcastMultiplePermissions:2272 com.android.server.TelephonyRegistry.broadcastServiceStateChanged:3114 com.android.server.TelephonyRegistry.notifyServiceStateForPhoneId:1616 com.android.internal.telephony.ITelephonyRegistry$Stub.onTransact:492
01-20 19:07:05.780 1477 2316 W ContextImpl: Calling a method in the system process without a qualified user: android.app.ContextImpl.sendBroadcastMultiplePermissions:1272 com.android.server.TelephonyRegistry.broadcastServiceStateChanged:3121 com.android.server.TelephonyRegistry.notifyServiceStateForPhoneId:1616 com.android.internal.telephony.ITelephonyRegistry$Stub.onTransact:492 android.os.Binder.execTransactInternal:1280
01-20 19:07:05.780 1477 2316 W ContextImpl: Calling a method in the system process without a qualified user: android.app.ContextImpl.sendBroadcastMultiplePermissions:1272 com.android.server.TelephonyRegistry.broadcastServiceStateChanged:3126 com.android.server.TelephonyRegistry.notifyServiceStateForPhoneId:1616 com.android.internal.telephony.ITelephonyRegistry$Stub.onTransact:492 android.os.Binder.execTransactInternal:1280
01-20 19:07:05.781 1477 1755 W BroadcastQueue: Permission Denial: receiving Intent { act=android.intent.action.SERVICE_STATE flg=0x1000010 (has extras) } to com.android.cellbroadcastreceiver.module/com.android.cellbroadcastreceiver.CellBroadcastReceiver requires android.permission.READ_PHONE_STATE due to sender android (uid 1001)
01-20 19:07:05.781 1477 1755 W BroadcastQueue: Appop Denial: receiving Intent { act=android.intent.action.SERVICE_STATE flg=0x1000010 (has extras) } to ProcessRecord{d39a49b 2241:com.android.systemui/u0a135} (pid=2241, uid=10135) excludes appop android:read_phone_state due to sender android (uid 1001)
01-20 19:07:05.798 2241 2241 V WindowManagerShell: Display changed: 0
01-20 19:07:05.870 2241 2241 V WindowManagerShell: Display changed: 0
01-20 19:07:05.883 1477 2316 D Fingerprint21: Daemon was null, reconnecting, current operation: null
01-20 19:07:05.886 1477 2316 D Fingerprint21: Fingerprint HAL ready, HAL ID: 517264918256
01-20 19:07:05.889 1477 1477 D BiometricScheduler/Fingerprint21: [Added] {[0] com.android.server.biometrics.sensors.fingerprint.hidl.FingerprintUpdateActiveUserClient, proto=1, owner=android, cookie=0, requestId=-1, userId=0}, new queue size: 1
01-20 19:07:05.889 1477 1477 D BiometricScheduler/Fingerprint21: [Polled] {[0] com.android.server.biometrics.sensors.fingerprint.hidl.FingerprintUpdateActiveUserClient, proto=1, owner=android, cookie=0, requestId=-1, userId=0}, State: 0
01-20 19:07:05.889 1477 1477 D BiometricScheduler/Fingerprint21: [Started] {[0] com.android.server.biometrics.sensors.fingerprint.hidl.FingerprintUpdateActiveUserClient, proto=1, owner=android, cookie=0, requestId=-1, userId=0}
01-20 19:07:05.889 1477 1477 D FingerprintUpdateActiveUserClient: Setting active user: 0
01-20 19:07:05.894 1477 1477 D BiometricSchedulerOperation: [Finished / destroy]: {[0] com.android.server.biometrics.sensors.fingerprint.hidl.FingerprintUpdateActiveUserClient, proto=1, owner=android, cookie=0, requestId=-1, userId=0}
01-20 19:07:05.894 1477 1477 V BiometricSchedulerOperation: started: {[0] com.android.server.biometrics.sensors.fingerprint.hidl.FingerprintUpdateActiveUserClient, proto=1, owner=android, cookie=0, requestId=-1, userId=0}, State: 5
01-20 19:07:05.895 1477 1477 D BiometricScheduler/Fingerprint21: [Added] {[1] com.android.server.biometrics.sensors.fingerprint.hidl.FingerprintUpdateActiveUserClient, proto=1, owner=android, cookie=0, requestId=-1, userId=0}, new queue size: 1
01-20 19:07:05.895 1477 1477 V BiometricScheduler/Fingerprint21: Not idle, current operation: {[0] com.android.server.biometrics.sensors.fingerprint.hidl.FingerprintUpdateActiveUserClient, proto=1, owner=android, cookie=0, requestId=-1, userId=0}, State: 5
01-20 19:07:05.895 1477 1477 D BiometricScheduler/Fingerprint21: [Added] {[2] com.android.server.biometrics.sensors.fingerprint.hidl.FingerprintInternalCleanupClient, proto=7, owner=android, cookie=0, requestId=-1, userId=0}, new queue size: 2
01-20 19:07:05.895 1477 1477 V BiometricScheduler/Fingerprint21: Not idle, current operation: {[0] com.android.server.biometrics.sensors.fingerprint.hidl.FingerprintUpdateActiveUserClient, proto=1, owner=android, cookie=0, requestId=-1, userId=0}, State: 5
01-20 19:07:05.895 1477 1477 D BiometricScheduler/Fingerprint21: [Finishing] {[0] com.android.server.biometrics.sensors.fingerprint.hidl.FingerprintUpdateActiveUserClient, proto=1, owner=android, cookie=0, requestId=-1, userId=0}, success: true
01-20 19:07:05.895 1477 1477 D BiometricScheduler/Fingerprint21: [Polled] {[1] com.android.server.biometrics.sensors.fingerprint.hidl.FingerprintUpdateActiveUserClient, proto=1, owner=android, cookie=0, requestId=-1, userId=0}, State: 0
01-20 19:07:05.895 1477 1477 D BiometricScheduler/Fingerprint21: [Started] {[1] com.android.server.biometrics.sensors.fingerprint.hidl.FingerprintUpdateActiveUserClient, proto=1, owner=android, cookie=0, requestId=-1, userId=0}
01-20 19:07:05.895 1477 1477 D FingerprintUpdateActiveUserClient: Already user: com.android.server.biometrics.sensors.fingerprint.hidl.Fingerprint21$$ExternalSyntheticLambda1@63b698c, returning
01-20 19:07:05.895 1477 1477 D BiometricSchedulerOperation: [Finished / destroy]: {[1] com.android.server.biometrics.sensors.fingerprint.hidl.FingerprintUpdateActiveUserClient, proto=1, owner=android, cookie=0, requestId=-1, userId=0}
01-20 19:07:05.895 1477 1477 V BiometricSchedulerOperation: started: {[1] com.android.server.biometrics.sensors.fingerprint.hidl.FingerprintUpdateActiveUserClient, proto=1, owner=android, cookie=0, requestId=-1, userId=0}, State: 5
01-20 19:07:05.895 1477 1477 D BiometricScheduler/Fingerprint21: [Finishing] {[1] com.android.server.biometrics.sensors.fingerprint.hidl.FingerprintUpdateActiveUserClient, proto=1, owner=android, cookie=0, requestId=-1, userId=0}, success: true
01-20 19:07:05.895 1477 1477 D BiometricScheduler/Fingerprint21: [Polled] {[2] com.android.server.biometrics.sensors.fingerprint.hidl.FingerprintInternalCleanupClient, proto=7, owner=android, cookie=0, requestId=-1, userId=0}, State: 0
01-20 19:07:05.895 1477 1477 D BiometricScheduler/Fingerprint21: [Started] {[2] com.android.server.biometrics.sensors.fingerprint.hidl.FingerprintInternalCleanupClient, proto=7, owner=android, cookie=0, requestId=-1, userId=0}
01-20 19:07:05.895 1477 1477 D Biometrics/InternalCleanupClient: Starting enumerate: {[3] com.android.server.biometrics.sensors.fingerprint.hidl.FingerprintInternalEnumerateClient, proto=6, owner=android, cookie=0, requestId=-1, userId=0}
01-20 19:07:05.897 1477 1477 V BiometricSchedulerOperation: started: {[2] com.android.server.biometrics.sensors.fingerprint.hidl.FingerprintInternalCleanupClient, proto=7, owner=android, cookie=0, requestId=-1, userId=0}, State: 2
01-20 19:07:05.897 1477 1477 D Biometrics/InternalCleanupClient: onEnumerated, remaining: 0
01-20 19:07:05.898 1477 1477 V Biometrics/InternalEnumerateClient: handleEnumeratedTemplate: 0
01-20 19:07:05.898 1477 1477 V Biometrics/InternalEnumerateClient: Matched: false
01-20 19:07:05.898 1477 1477 D Biometrics/InternalCleanupClient: Enumerate onClientFinished: {[3] com.android.server.biometrics.sensors.fingerprint.hidl.FingerprintInternalEnumerateClient, proto=6, owner=android, cookie=0, requestId=-1, userId=0}, success: true
01-20 19:07:05.898 1477 1477 D BiometricSchedulerOperation: [Finished / destroy]: {[2] com.android.server.biometrics.sensors.fingerprint.hidl.FingerprintInternalCleanupClient, proto=7, owner=android, cookie=0, requestId=-1, userId=0}
01-20 19:07:05.898 1477 1477 D BiometricScheduler/Fingerprint21: [Finishing] {[2] com.android.server.biometrics.sensors.fingerprint.hidl.FingerprintInternalCleanupClient, proto=7, owner=android, cookie=0, requestId=-1, userId=0}, success: true
01-20 19:07:05.898 1477 1477 D BiometricScheduler/Fingerprint21: No operations, returning to idle
01-20 19:07:05.944 1477 1520 D SystemServerTiming: getUserSwitchability-0
01-20 19:07:05.944 1477 1520 D SystemServerTiming: TM.isInCall
01-20 19:07:05.945 1477 1520 V SystemServerTiming: TM.isInCall took to complete: 0ms
01-20 19:07:05.945 1477 1520 D SystemServerTiming: hasUserRestriction-DISALLOW_USER_SWITCH
01-20 19:07:05.945 1477 1520 V SystemServerTiming: hasUserRestriction-DISALLOW_USER_SWITCH took to complete: 0ms
01-20 19:07:05.945 1477 1520 D SystemServerTiming: getInt-ALLOW_USER_SWITCHING_WHEN_SYSTEM_USER_LOCKED
01-20 19:07:05.945 1477 1520 V SystemServerTiming: getInt-ALLOW_USER_SWITCHING_WHEN_SYSTEM_USER_LOCKED took to complete: 0ms
01-20 19:07:05.945 1477 1520 D SystemServerTiming: isUserUnlocked-USER_SYSTEM
01-20 19:07:05.945 1477 1520 V SystemServerTiming: isUserUnlocked-USER_SYSTEM took to complete: 0ms
01-20 19:07:05.945 1477 1520 V SystemServerTiming: getUserSwitchability-0 took to complete: 0ms
01-20 19:07:05.945 1477 1701 I ActivityTaskManager: Config changes=80000000 {1.0 302mcc220mnc [en_CA] ldltr sw427dp w427dp h777dp 540dpi nrml long hdr port night finger -keyb/v/h -nav/h winConfig={ mBounds=Rect(0, 0 - 1440, 2880) mAppBounds=Rect(0, 0 - 1440, 2718) mMaxBounds=Rect(0, 0 - 1440, 2880) mDisplayRotation=ROTATION_0 mWindowingMode=fullscreen mDisplayWindowingMode=fullscreen mActivityType=undefined mAlwaysOnTop=undefined mRotation=ROTATION_0} as.2 s.53 fontWeightAdjustment=0}
01-20 19:07:05.949 1477 1701 I WindowManager: Override config changes=80000000 {1.0 302mcc220mnc [en_CA] ldltr sw427dp w427dp h777dp 540dpi nrml long hdr port night finger -keyb/v/h -nav/h winConfig={ mBounds=Rect(0, 0 - 1440, 2880) mAppBounds=Rect(0, 0 - 1440, 2718) mMaxBounds=Rect(0, 0 - 1440, 2880) mDisplayRotation=ROTATION_0 mWindowingMode=fullscreen mDisplayWindowingMode=fullscreen mActivityType=undefined mAlwaysOnTop=undefined mRotation=ROTATION_0} as.2 s.53 fontWeightAdjustment=0} for displayId=0
01-20 19:07:05.970 1477 1477 I Telecom : DefaultDialerCache: Refreshing default dialer for user 0: now com.android.dialer: DDC.oR@ACQ
01-20 19:07:05.972 1477 1701 D CompatibilityChangeReporter: Compat change id reported: 135634846; UID 10155; state: DISABLED
01-20 19:07:05.972 1477 1701 D CompatibilityChangeReporter: Compat change id reported: 177438394; UID 10155; state: DISABLED
01-20 19:07:05.972 1477 1701 D CompatibilityChangeReporter: Compat change id reported: 135772972; UID 10155; state: DISABLED
01-20 19:07:05.972 1477 1701 D CompatibilityChangeReporter: Compat change id reported: 135754954; UID 10155; state: ENABLED
01-20 19:07:05.972 1477 1756 D CompatibilityChangeReporter: Compat change id reported: 143937733; UID 10155; state: ENABLED
01-20 19:07:05.973 1477 1753 D AccessibilityManagerService: Ignoring non-encryption-aware service ComponentInfo{com.teslacoilsw.launcher/com.teslacoilsw.launcher.NovaAccessibilityService}
01-20 19:07:05.974 1477 1753 W WindowMagnificationMgr: requestConnection duplicated request: connect=false, mConnectionState=DISCONNECTED
01-20 19:07:05.975 1477 1753 W VoiceInteractionManager: no available voice recognition services found for user 0
01-20 19:07:05.982 1477 1756 I ActivityManager: Start proc 2876:com.android.permissioncontroller/u0a155 for service {com.android.permissioncontroller/com.android.permissioncontroller.permission.service.PermissionControllerServiceImpl}
01-20 19:07:06.012 1477 2316 D CompatibilityChangeReporter: Compat change id reported: 168419799; UID 10155; state: DISABLED
01-20 19:07:06.012 1477 2316 D CompatibilityChangeReporter: Compat change id reported: 273564678; UID 10155; state: DISABLED
01-20 19:07:06.020 1477 2316 I Telecom : PhoneAccountRegistrar: New phone account registered: [[ ] PhoneAccount: ComponentInfo{com.android.phone/com.android.services.telephony.TelephonyConnectionService}, 2, UserHandle{0} Capabilities: CallProvider MultiUser PlaceEmerg SimSub Audio Routes: BESW Schemes: tel voicemail Extras: Bundle[{android.telecom.extra.SUPPORTS_VIDEO_CALLING_FALLBACK=true}] GroupId: ***]: TSI.rPA@ACU
01-20 19:07:06.023 1477 2316 I Telecom : CallsManager: Sending phone-account ComponentInfo{com.android.phone/com.android.services.telephony.TelephonyConnectionService}, 2, UserHandle{0} registered intent as user: TSI.rPA@ACU
01-20 19:07:06.023 1477 2316 I Telecom : CallsManager: Sending phone-account registered intent to default dialer: TSI.rPA@ACU
01-20 19:07:06.026 1477 2316 I Telecom : PhoneAccountRegistrar: getSimCallManager: SimCallManager for subId 2 queried, returning: null: TSI.rPA@ACU
01-20 19:07:06.026 1477 2316 I Telecom : PhoneAccountRegistrar: Notifying telephony of voice service override change for 1 SIMs, hasService = false: TSI.rPA@ACU
01-20 19:07:06.030 1477 2316 I Telecom : CallsManager: Sending phone-account ComponentInfo{com.android.phone/com.android.services.telephony.TelephonyConnectionService}, E, UserHandle{0} unregistered intent as user: TSI.uPA@ACc
01-20 19:07:06.030 1477 2316 I Telecom : CallsManager: Sending phone-account unregistered intent to default dialer: TSI.uPA@ACc
01-20 19:07:06.050 1477 2316 I Telecom : PhoneAccountRegistrar: Modify account: [ComponentInfo{com.android.phone/com.android.services.telephony.TelephonyConnectionService}, 2, UserHandle{0}]: TSI.rPA@ACg
01-20 19:07:06.051 1477 2316 I Telecom : CallsManager: handlePhoneAccountChanged: phoneAccount=[[X] PhoneAccount: ComponentInfo{com.android.phone/com.android.services.telephony.TelephonyConnectionService}, 2, UserHandle{0} Capabilities: CallProvider MultiUser PlaceEmerg SimSub Audio Routes: BESW Schemes: tel voicemail Extras: Bundle[{android.telecom.extra.SUPPORTS_VIDEO_CALLING_FALLBACK=true}] GroupId: ***]: TSI.rPA@ACg
01-20 19:07:06.053 1477 2316 I Telecom : PhoneAccountRegistrar: getSimCallManager: SimCallManager for subId 2 queried, returning: null: TSI.rPA@ACg
01-20 19:07:06.053 1477 2316 I Telecom : PhoneAccountRegistrar: Notifying telephony of voice service override change for 1 SIMs, hasService = false: TSI.rPA@ACg
01-20 19:07:06.135 1477 2165 D CompatibilityChangeReporter: Compat change id reported: 183164979; UID 1000; state: ENABLED
01-20 19:07:06.135 1477 1753 I StatsPullAtomService: subId 2 added into historical sub list
01-20 19:07:06.136 1477 1755 D OomAdjuster: Not killing cached processes
01-20 19:07:06.146 1477 2612 D CompatibilityChangeReporter: Compat change id reported: 161145287; UID 10155; state: DISABLED
01-20 19:07:06.155 2241 2241 V WindowManagerShell: Display changed: 0
01-20 19:07:06.173 1477 2728 I Telecom : PhoneAccountRegistrar: Modify account: [ComponentInfo{com.android.phone/com.android.services.telephony.TelephonyConnectionService}, 2, UserHandle{0}]: TSI.rPA@ADE
01-20 19:07:06.175 1477 2728 I Telecom : CallsManager: handlePhoneAccountChanged: phoneAccount=[[X] PhoneAccount: ComponentInfo{com.android.phone/com.android.services.telephony.TelephonyConnectionService}, 2, UserHandle{0} Capabilities: CallProvider MultiUser PlaceEmerg SimSub Audio Routes: BESW Schemes: tel voicemail Extras: Bundle[{android.telecom.extra.SUPPORTS_VIDEO_CALLING_FALLBACK=true}] GroupId: ***]: TSI.rPA@ADE
01-20 19:07:06.177 1477 2728 I Telecom : PhoneAccountRegistrar: getSimCallManager: SimCallManager for subId 2 queried, returning: null: TSI.rPA@ADE
01-20 19:07:06.177 1477 2728 I Telecom : PhoneAccountRegistrar: Notifying telephony of voice service override change for 1 SIMs, hasService = false: TSI.rPA@ADE
01-20 19:07:06.190 1477 2612 I Telecom : PhoneAccountRegistrar: Modify account: [ComponentInfo{com.android.phone/com.android.services.telephony.TelephonyConnectionService}, 2, UserHandle{0}]: TSI.rPA@ADM
01-20 19:07:06.191 1477 2612 I Telecom : CallsManager: handlePhoneAccountChanged: phoneAccount=[[X] PhoneAccount: ComponentInfo{com.android.phone/com.android.services.telephony.TelephonyConnectionService}, 2, UserHandle{0} Capabilities: CallProvider MultiUser PlaceEmerg SimSub Audio Routes: BESW Schemes: tel voicemail Extras: Bundle[{android.telecom.extra.SUPPORTS_VIDEO_CALLING_FALLBACK=true}] GroupId: ***]: TSI.rPA@ADM
01-20 19:07:06.193 1477 2612 I Telecom : PhoneAccountRegistrar: getSimCallManager: SimCallManager for subId 2 queried, returning: null: TSI.rPA@ADM
01-20 19:07:06.193 1477 2612 I Telecom : PhoneAccountRegistrar: Notifying telephony of voice service override change for 1 SIMs, hasService = false: TSI.rPA@ADM
01-20 19:07:06.222 1477 2467 I Telecom : PhoneAccountRegistrar: Modify account: [ComponentInfo{com.android.phone/com.android.services.telephony.TelephonyConnectionService}, 2, UserHandle{0}]: TSI.rPA@ADY
01-20 19:07:06.224 1477 2467 I Telecom : CallsManager: handlePhoneAccountChanged: phoneAccount=[[X] PhoneAccount: ComponentInfo{com.android.phone/com.android.services.telephony.TelephonyConnectionService}, 2, UserHandle{0} Capabilities: CallProvider MultiUser PlaceEmerg SimSub Audio Routes: BESW Schemes: tel voicemail Extras: Bundle[{android.telecom.extra.SUPPORTS_VIDEO_CALLING_FALLBACK=true}] GroupId: ***]: TSI.rPA@ADY
01-20 19:07:06.226 1477 2467 I Telecom : PhoneAccountRegistrar: getSimCallManager: SimCallManager for subId 2 queried, returning: null: TSI.rPA@ADY
01-20 19:07:06.226 1477 2467 I Telecom : PhoneAccountRegistrar: Notifying telephony of voice service override change for 1 SIMs, hasService = false: TSI.rPA@ADY
01-20 19:07:06.235 1477 1477 I Telecom : PhoneAccountRegistrar: getSimCallManager: SimCallManager for subId 2 queried, returning: null: TSI.gSCMFU@ADg
01-20 19:07:06.239 1477 1477 D CompatibilityChangeReporter: Compat change id reported: 135634846; UID 10081; state: DISABLED
01-20 19:07:06.239 1477 1477 D CompatibilityChangeReporter: Compat change id reported: 177438394; UID 10081; state: DISABLED
01-20 19:07:06.239 1477 1477 D CompatibilityChangeReporter: Compat change id reported: 135772972; UID 10081; state: DISABLED
01-20 19:07:06.239 1477 1477 D CompatibilityChangeReporter: Compat change id reported: 135754954; UID 10081; state: ENABLED
01-20 19:07:06.239 1477 1756 D CompatibilityChangeReporter: Compat change id reported: 143937733; UID 10081; state: ENABLED
01-20 19:07:06.245 1477 2728 I Telecom : PhoneAccountRegistrar: Modify account: [ComponentInfo{com.android.phone/com.android.services.telephony.TelephonyConnectionService}, 2, UserHandle{0}]: TSI.rPA@ADo
01-20 19:07:06.248 1477 2728 I Telecom : CallsManager: handlePhoneAccountChanged: phoneAccount=[[X] PhoneAccount: ComponentInfo{com.android.phone/com.android.services.telephony.TelephonyConnectionService}, 2, UserHandle{0} Capabilities: CallProvider MultiUser PlaceEmerg SimSub Audio Routes: BESW Schemes: tel voicemail Extras: Bundle[{android.telecom.extra.SUPPORTS_VIDEO_CALLING_FALLBACK=true}] GroupId: ***]: TSI.rPA@ADo
01-20 19:07:06.250 1477 1756 I ActivityManager: Start proc 2907:android.process.acore/u0a81 for content provider {com.android.providers.blockednumber/com.android.providers.blockednumber.BlockedNumberProvider}
01-20 19:07:06.252 1477 2728 I Telecom : PhoneAccountRegistrar: getSimCallManager: SimCallManager for subId 2 queried, returning: null: TSI.rPA@ADo
01-20 19:07:06.252 1477 2728 I Telecom : PhoneAccountRegistrar: Notifying telephony of voice service override change for 1 SIMs, hasService = false: TSI.rPA@ADo
01-20 19:07:06.277 1477 1520 D CompatibilityChangeReporter: Compat change id reported: 168419799; UID 10081; state: DISABLED
01-20 19:07:06.277 1477 1520 D CompatibilityChangeReporter: Compat change id reported: 273564678; UID 10081; state: DISABLED
01-20 19:07:06.279 1477 2167 D CompatibilityChangeReporter: Compat change id reported: 218533173; UID 10081; state: ENABLED
01-20 19:07:06.297 1477 2316 I Telecom : PhoneAccountRegistrar: setUserSelectedOutgoingPhoneAccount: ComponentInfo{com.android.phone/com.android.services.telephony.TelephonyConnectionService}, 2, UserHandle{0}: TSI.sUSOPA@ADs
01-20 19:07:06.297 1477 2316 I Telecom : PhoneAccountRegistrar: setUserSelectedOutgoingPhoneAccount: no change in default phoneAccountHandle. current is same as new.: TSI.sUSOPA@ADs
01-20 19:07:06.301 1477 2728 D CompatibilityChangeReporter: Compat change id reported: 161252188; UID 1000; state: DISABLED
01-20 19:07:06.310 2241 2241 V WindowManagerShell: Display changed: 0
01-20 19:07:06.335 2241 2241 V ActivityThread: getPackageInfo() caused update to cached ApplicationInfo for package android
01-20 19:07:06.349 1477 2612 D CompatibilityChangeReporter: Compat change id reported: 161145287; UID 10081; state: DISABLED
01-20 19:07:06.358 1477 1477 W Looper : Slow dispatch took 123ms main h=android.app.ActivityThread$H c=android.app.LoadedApk$ReceiverDispatcher$Args$$ExternalSyntheticLambda0@63153f2 m=0
01-20 19:07:06.459 1477 1520 D SystemServerTiming: getUserSwitchability-0
01-20 19:07:06.459 1477 1520 D SystemServerTiming: TM.isInCall
01-20 19:07:06.460 1477 1520 V SystemServerTiming: TM.isInCall took to complete: 0ms
01-20 19:07:06.460 1477 1520 D SystemServerTiming: hasUserRestriction-DISALLOW_USER_SWITCH
01-20 19:07:06.460 1477 1520 V SystemServerTiming: hasUserRestriction-DISALLOW_USER_SWITCH took to complete: 0ms
01-20 19:07:06.460 1477 1520 D SystemServerTiming: getInt-ALLOW_USER_SWITCHING_WHEN_SYSTEM_USER_LOCKED
01-20 19:07:06.460 1477 1520 V SystemServerTiming: getInt-ALLOW_USER_SWITCHING_WHEN_SYSTEM_USER_LOCKED took to complete: 0ms
01-20 19:07:06.460 1477 1520 D SystemServerTiming: isUserUnlocked-USER_SYSTEM
01-20 19:07:06.460 1477 1520 V SystemServerTiming: isUserUnlocked-USER_SYSTEM took to complete: 0ms
01-20 19:07:06.460 1477 1520 V SystemServerTiming: getUserSwitchability-0 took to complete: 1ms
01-20 19:07:06.512 1477 1520 D SystemServerTiming: getUserSwitchability-0
01-20 19:07:06.512 1477 1520 D SystemServerTiming: TM.isInCall
01-20 19:07:06.512 1477 2612 D SystemServerTiming: getUserSwitchability-0
01-20 19:07:06.512 1477 2612 D SystemServerTiming: TM.isInCall
01-20 19:07:06.512 1477 1520 V SystemServerTiming: TM.isInCall took to complete: 1ms
01-20 19:07:06.512 1477 1520 D SystemServerTiming: hasUserRestriction-DISALLOW_USER_SWITCH
01-20 19:07:06.512 1477 2612 V SystemServerTiming: TM.isInCall took to complete: 1ms
01-20 19:07:06.512 1477 2612 D SystemServerTiming: hasUserRestriction-DISALLOW_USER_SWITCH
01-20 19:07:06.512 1477 2612 V SystemServerTiming: hasUserRestriction-DISALLOW_USER_SWITCH took to complete: 0ms
01-20 19:07:06.512 1477 2612 D SystemServerTiming: getInt-ALLOW_USER_SWITCHING_WHEN_SYSTEM_USER_LOCKED
01-20 19:07:06.512 1477 2612 V SystemServerTiming: getInt-ALLOW_USER_SWITCHING_WHEN_SYSTEM_USER_LOCKED took to complete: 0ms
01-20 19:07:06.512 1477 2612 D SystemServerTiming: isUserUnlocked-USER_SYSTEM
01-20 19:07:06.512 1477 2612 V SystemServerTiming: isUserUnlocked-USER_SYSTEM took to complete: 0ms
01-20 19:07:06.512 1477 2612 V SystemServerTiming: getUserSwitchability-0 took to complete: 1ms
01-20 19:07:06.512 1477 1520 V SystemServerTiming: hasUserRestriction-DISALLOW_USER_SWITCH took to complete: 0ms
01-20 19:07:06.512 1477 1520 D SystemServerTiming: getInt-ALLOW_USER_SWITCHING_WHEN_SYSTEM_USER_LOCKED
01-20 19:07:06.512 1477 1520 V SystemServerTiming: getInt-ALLOW_USER_SWITCHING_WHEN_SYSTEM_USER_LOCKED took to complete: 0ms
01-20 19:07:06.512 1477 1520 D SystemServerTiming: isUserUnlocked-USER_SYSTEM
01-20 19:07:06.512 1477 1520 V SystemServerTiming: isUserUnlocked-USER_SYSTEM took to complete: 0ms
01-20 19:07:06.512 1477 1520 V SystemServerTiming: getUserSwitchability-0 took to complete: 1ms
01-20 19:07:06.517 1477 2728 D SystemServerTiming: getUserSwitchability-0
01-20 19:07:06.517 1477 2728 D SystemServerTiming: TM.isInCall
01-20 19:07:06.517 1477 1520 D SystemServerTiming: getUserSwitchability-0
01-20 19:07:06.517 1477 1520 D SystemServerTiming: TM.isInCall
01-20 19:07:06.517 1477 2728 V SystemServerTiming: TM.isInCall took to complete: 0ms
01-20 19:07:06.517 1477 2728 D SystemServerTiming: hasUserRestriction-DISALLOW_USER_SWITCH
01-20 19:07:06.517 1477 1520 V SystemServerTiming: TM.isInCall took to complete: 0ms
01-20 19:07:06.517 1477 2728 V SystemServerTiming: hasUserRestriction-DISALLOW_USER_SWITCH took to complete: 0ms
01-20 19:07:06.517 1477 2728 D SystemServerTiming: getInt-ALLOW_USER_SWITCHING_WHEN_SYSTEM_USER_LOCKED
01-20 19:07:06.517 1477 2728 V SystemServerTiming: getInt-ALLOW_USER_SWITCHING_WHEN_SYSTEM_USER_LOCKED took to complete: 0ms
01-20 19:07:06.517 1477 2728 D SystemServerTiming: isUserUnlocked-USER_SYSTEM
01-20 19:07:06.517 1477 2728 V SystemServerTiming: isUserUnlocked-USER_SYSTEM took to complete: 0ms
01-20 19:07:06.517 1477 2728 V SystemServerTiming: getUserSwitchability-0 took to complete: 0ms
01-20 19:07:06.517 1477 1520 D SystemServerTiming: hasUserRestriction-DISALLOW_USER_SWITCH
01-20 19:07:06.517 1477 1520 V SystemServerTiming: hasUserRestriction-DISALLOW_USER_SWITCH took to complete: 0ms
01-20 19:07:06.517 1477 1520 D SystemServerTiming: getInt-ALLOW_USER_SWITCHING_WHEN_SYSTEM_USER_LOCKED
01-20 19:07:06.517 1477 1520 V SystemServerTiming: getInt-ALLOW_USER_SWITCHING_WHEN_SYSTEM_USER_LOCKED took to complete: 0ms
01-20 19:07:06.517 1477 1520 D SystemServerTiming: isUserUnlocked-USER_SYSTEM
01-20 19:07:06.517 1477 1520 V SystemServerTiming: isUserUnlocked-USER_SYSTEM took to complete: 0ms
01-20 19:07:06.517 1477 1520 V SystemServerTiming: getUserSwitchability-0 took to complete: 0ms
01-20 19:07:09.363 1477 2612 W ContextImpl: Calling a method in the system process without a qualified user: android.app.ContextImpl.sendBroadcastMultiplePermissions:1222 com.android.server.TelephonyRegistry.broadcastServiceStateChanged:3111 com.android.server.TelephonyRegistry.notifyServiceStateForPhoneId:1616 com.android.internal.telephony.ITelephonyRegistry$Stub.onTransact:492 android.os.Binder.execTransactInternal:1280
01-20 19:07:09.363 1477 2612 W ContextImpl: Calling a method in the system process without a qualified user: android.app.ContextImpl.sendBroadcastMultiplePermissions:1272 android.content.Context.sendBroadcastMultiplePermissions:2272 com.android.server.TelephonyRegistry.broadcastServiceStateChanged:3114 com.android.server.TelephonyRegistry.notifyServiceStateForPhoneId:1616 com.android.internal.telephony.ITelephonyRegistry$Stub.onTransact:492
01-20 19:07:09.363 1477 2612 W ContextImpl: Calling a method in the system process without a qualified user: android.app.ContextImpl.sendBroadcastMultiplePermissions:1272 com.android.server.TelephonyRegistry.broadcastServiceStateChanged:3121 com.android.server.TelephonyRegistry.notifyServiceStateForPhoneId:1616 com.android.internal.telephony.ITelephonyRegistry$Stub.onTransact:492 android.os.Binder.execTransactInternal:1280
01-20 19:07:09.364 1477 2612 W ContextImpl: Calling a method in the system process without a qualified user: android.app.ContextImpl.sendBroadcastMultiplePermissions:1272 com.android.server.TelephonyRegistry.broadcastServiceStateChanged:3126 com.android.server.TelephonyRegistry.notifyServiceStateForPhoneId:1616 com.android.internal.telephony.ITelephonyRegistry$Stub.onTransact:492 android.os.Binder.execTransactInternal:1280
01-20 19:07:09.364 1477 1755 W BroadcastQueue: Permission Denial: receiving Intent { act=android.intent.action.SERVICE_STATE flg=0x1000010 (has extras) } to com.android.cellbroadcastreceiver.module/com.android.cellbroadcastreceiver.CellBroadcastReceiver requires android.permission.READ_PHONE_STATE due to sender android (uid 1001)
01-20 19:07:09.368 1477 1755 W BroadcastQueue: Appop Denial: receiving Intent { act=android.intent.action.SERVICE_STATE flg=0x1000010 (has extras) } to ProcessRecord{d39a49b 2241:com.android.systemui/u0a135} (pid=2241, uid=10135) excludes appop android:read_phone_state due to sender android (uid 1001)
01-20 19:07:09.394 1477 2612 I Telecom : PhoneAccountRegistrar: Modify account: [ComponentInfo{com.android.phone/com.android.services.telephony.TelephonyConnectionService}, 2, UserHandle{0}(lbl: TELUS -> )(desc: TELUS -> )]: TSI.rPA@AEU
01-20 19:07:09.396 1477 2612 I Telecom : CallsManager: handlePhoneAccountChanged: phoneAccount=[[X] PhoneAccount: ComponentInfo{com.android.phone/com.android.services.telephony.TelephonyConnectionService}, 2, UserHandle{0} Capabilities: CallProvider MultiUser PlaceEmerg SimSub Audio Routes: BESW Schemes: tel voicemail Extras: Bundle[{android.telecom.extra.SUPPORTS_VIDEO_CALLING_FALLBACK=true}] GroupId: ***]: TSI.rPA@AEU
01-20 19:07:09.398 1477 2612 I Telecom : PhoneAccountRegistrar: getSimCallManager: SimCallManager for subId 2 queried, returning: null: TSI.rPA@AEU
01-20 19:07:09.398 1477 2612 I Telecom : PhoneAccountRegistrar: Notifying telephony of voice service override change for 1 SIMs, hasService = false: TSI.rPA@AEU
01-20 19:07:09.409 1477 2612 I Telecom : PhoneAccountRegistrar: Modify account: [ComponentInfo{com.android.phone/com.android.services.telephony.TelephonyConnectionService}, 2, UserHandle{0}]: TSI.rPA@AEc
01-20 19:07:09.411 1477 2612 I Telecom : CallsManager: handlePhoneAccountChanged: phoneAccount=[[X] PhoneAccount: ComponentInfo{com.android.phone/com.android.services.telephony.TelephonyConnectionService}, 2, UserHandle{0} Capabilities: CallProvider MultiUser PlaceEmerg SimSub Audio Routes: BESW Schemes: tel voicemail Extras: Bundle[{android.telecom.extra.SUPPORTS_VIDEO_CALLING_FALLBACK=true}] GroupId: ***]: TSI.rPA@AEc
01-20 19:07:09.412 1477 2612 I Telecom : PhoneAccountRegistrar: getSimCallManager: SimCallManager for subId 2 queried, returning: null: TSI.rPA@AEc
01-20 19:07:09.413 1477 2612 I Telecom : PhoneAccountRegistrar: Notifying telephony of voice service override change for 1 SIMs, hasService = false: TSI.rPA@AEc
01-20 19:07:09.425 1477 2612 I Telecom : PhoneAccountRegistrar: Modify account: [ComponentInfo{com.android.phone/com.android.services.telephony.TelephonyConnectionService}, 2, UserHandle{0}]: TSI.rPA@AEk
01-20 19:07:09.426 1477 2612 I Telecom : CallsManager: handlePhoneAccountChanged: phoneAccount=[[X] PhoneAccount: ComponentInfo{com.android.phone/com.android.services.telephony.TelephonyConnectionService}, 2, UserHandle{0} Capabilities: CallProvider MultiUser PlaceEmerg SimSub Audio Routes: BESW Schemes: tel voicemail Extras: Bundle[{android.telecom.extra.SUPPORTS_VIDEO_CALLING_FALLBACK=true}] GroupId: ***]: TSI.rPA@AEk
01-20 19:07:09.427 1477 2612 I Telecom : PhoneAccountRegistrar: getSimCallManager: SimCallManager for subId 2 queried, returning: null: TSI.rPA@AEk
01-20 19:07:09.427 1477 2612 I Telecom : PhoneAccountRegistrar: Notifying telephony of voice service override change for 1 SIMs, hasService = false: TSI.rPA@AEk
01-20 19:07:06.006 1477 2140 E LazyAlarmStore: Removed TIME_TICK alarm
01-20 19:07:06.008 1477 1477 D DevicePolicyManager: updateSystemUpdateFreezePeriodsRecord
01-20 19:07:06.008 1477 1477 W SyncManager: Clock is valid now.
01-20 19:07:06.008 1477 1477 D ConditionProviders.SCP: onReceive android.intent.action.TIME_SET
01-20 19:07:06.009 1477 1755 D CompatibilityChangeReporter: Compat change id reported: 135634846; UID 10131; state: DISABLED
01-20 19:07:06.009 1477 1755 D CompatibilityChangeReporter: Compat change id reported: 177438394; UID 10131; state: DISABLED
01-20 19:07:06.009 1477 1755 D CompatibilityChangeReporter: Compat change id reported: 135772972; UID 10131; state: DISABLED
01-20 19:07:06.009 1477 1755 D CompatibilityChangeReporter: Compat change id reported: 135754954; UID 10131; state: ENABLED
01-20 19:07:06.009 1477 1756 D CompatibilityChangeReporter: Compat change id reported: 143937733; UID 10131; state: ENABLED
01-20 19:07:06.013 1477 1477 D ConditionProviders.SCP: evaluateSubscriptionLocked cal=ScheduleCalendar[mDays={1, 2, 3, 4, 5, 6, 7}, mSchedule=ScheduleInfo{days=[1, 2, 3, 4, 5, 6, 7], startHour=22, startMinute=0, endHour=7, endMinute=0, exitAtAlarm=true, nextAlarm=Wed Dec 31 16:00:00 PST 1969 (0)}], now=Sat Jan 20 19:07:06 PST 2024 (1705806426008), nextUserAlarmTime=Wed Dec 31 16:00:00 PST 1969 (0)
01-20 19:07:06.013 1477 1477 D ConditionProviders.SCP: notifyCondition condition://android/schedule?days=1.2.3.4.5.6.7&start=22.0&end=7.0&exitAtAlarm=true STATE_FALSE reason=!meetsSchedule
01-20 19:07:06.013 1477 1477 D ConditionProviders.SCP: Scheduling evaluate for Sat Jan 20 22:00:00 PST 2024 (1705816800000), in +2h52m53s992ms, now=Sat Jan 20 19:07:06 PST 2024 (1705806426008)
01-20 19:07:06.014 1477 2183 W ActivityThread: Failed to find provider info for com.android.calendar (user not unlocked)
01-20 19:07:06.015 1477 2183 W ActivityThread: Failed to find provider info for com.android.calendar (user not unlocked)
01-20 19:07:06.023 1477 1756 I ActivityManager: Start proc 2947:com.android.deskclock/u0a131 for broadcast {com.android.deskclock/com.android.deskclock.AlarmInitReceiver}
01-20 19:07:06.043 1477 2612 D CompatibilityChangeReporter: Compat change id reported: 168419799; UID 10131; state: DISABLED
01-20 19:07:06.043 1477 2612 D CompatibilityChangeReporter: Compat change id reported: 273564678; UID 10131; state: DISABLED
01-20 19:07:06.106 1477 2728 D CompatibilityChangeReporter: Compat change id reported: 161145287; UID 10131; state: DISABLED
01-20 19:07:06.147 1477 2612 D CompatibilityChangeReporter: Compat change id reported: 168419799; UID 10155; state: DISABLED
01-20 19:07:06.147 1477 2612 D CompatibilityChangeReporter: Compat change id reported: 273564678; UID 10155; state: DISABLED
01-20 19:07:06.779 1477 2728 W ContextImpl: Calling a method in the system process without a qualified user: android.app.ContextImpl.sendBroadcastMultiplePermissions:1222 com.android.server.TelephonyRegistry.broadcastServiceStateChanged:3111 com.android.server.TelephonyRegistry.notifyServiceStateForPhoneId:1616 com.android.internal.telephony.ITelephonyRegistry$Stub.onTransact:492 android.os.Binder.execTransactInternal:1280
01-20 19:07:06.779 1477 2728 W ContextImpl: Calling a method in the system process without a qualified user: android.app.ContextImpl.sendBroadcastMultiplePermissions:1272 android.content.Context.sendBroadcastMultiplePermissions:2272 com.android.server.TelephonyRegistry.broadcastServiceStateChanged:3114 com.android.server.TelephonyRegistry.notifyServiceStateForPhoneId:1616 com.android.internal.telephony.ITelephonyRegistry$Stub.onTransact:492
01-20 19:07:06.779 1477 2728 W ContextImpl: Calling a method in the system process without a qualified user: android.app.ContextImpl.sendBroadcastMultiplePermissions:1272 com.android.server.TelephonyRegistry.broadcastServiceStateChanged:3121 com.android.server.TelephonyRegistry.notifyServiceStateForPhoneId:1616 com.android.internal.telephony.ITelephonyRegistry$Stub.onTransact:492 android.os.Binder.execTransactInternal:1280
01-20 19:07:06.780 1477 2728 W ContextImpl: Calling a method in the system process without a qualified user: android.app.ContextImpl.sendBroadcastMultiplePermissions:1272 com.android.server.TelephonyRegistry.broadcastServiceStateChanged:3126 com.android.server.TelephonyRegistry.notifyServiceStateForPhoneId:1616 com.android.internal.telephony.ITelephonyRegistry$Stub.onTransact:492 android.os.Binder.execTransactInternal:1280
01-20 19:07:06.780 1477 1755 W BroadcastQueue: Permission Denial: receiving Intent { act=android.intent.action.SERVICE_STATE flg=0x1000010 (has extras) } to com.android.cellbroadcastreceiver.module/com.android.cellbroadcastreceiver.CellBroadcastReceiver requires android.permission.READ_PHONE_STATE due to sender android (uid 1001)
01-20 19:07:06.782 1477 1755 W BroadcastQueue: Appop Denial: receiving Intent { act=android.intent.action.SERVICE_STATE flg=0x1000010 (has extras) } to ProcessRecord{d39a49b 2241:com.android.systemui/u0a135} (pid=2241, uid=10135) excludes appop android:read_phone_state due to sender android (uid 1001)
01-20 19:07:06.782 1477 1755 D OomAdjuster: Not killing cached processes
01-20 19:07:06.787 1477 2612 D CompatibilityChangeReporter: Compat change id reported: 181658987; UID 10135; state: ENABLED
01-20 19:07:06.788 1477 2612 D CompatibilityChangeReporter: Compat change id reported: 181658987; UID 1000; state: ENABLED
01-20 19:07:06.808 1477 2612 W ContextImpl: Calling a method in the system process without a qualified user: android.app.ContextImpl.sendBroadcastMultiplePermissions:1272 android.content.Context.sendBroadcastMultiplePermissions:2272 com.android.server.TelephonyRegistry.broadcastDataConnectionStateChanged:3281 com.android.server.TelephonyRegistry.notifyDataConnectionForSubscriber:2036 com.android.internal.telephony.ITelephonyRegistry$Stub.onTransact:571
01-20 19:07:06.859 1477 1520 W ContextImpl: Calling a method in the system process without a qualified user: android.app.ContextImpl.sendBroadcastMultiplePermissions:1272 android.content.Context.sendBroadcastMultiplePermissions:2272 com.android.server.TelephonyRegistry.broadcastDataConnectionStateChanged:3281 com.android.server.TelephonyRegistry.notifyDataConnectionForSubscriber:2036 com.android.internal.telephony.ITelephonyRegistry$Stub.onTransact:571
01-20 19:07:06.872 1477 1520 W ContextImpl: Calling a method in the system process without a qualified user: android.app.ContextImpl.sendBroadcastMultiplePermissions:1222 com.android.server.TelephonyRegistry.broadcastServiceStateChanged:3111 com.android.server.TelephonyRegistry.notifyServiceStateForPhoneId:1616 com.android.internal.telephony.ITelephonyRegistry$Stub.onTransact:492 android.os.Binder.execTransactInternal:1280
01-20 19:07:06.873 1477 1520 W ContextImpl: Calling a method in the system process without a qualified user: android.app.ContextImpl.sendBroadcastMultiplePermissions:1272 android.content.Context.sendBroadcastMultiplePermissions:2272 com.android.server.TelephonyRegistry.broadcastServiceStateChanged:3114 com.android.server.TelephonyRegistry.notifyServiceStateForPhoneId:1616 com.android.internal.telephony.ITelephonyRegistry$Stub.onTransact:492
01-20 19:07:06.873 1477 1520 W ContextImpl: Calling a method in the system process without a qualified user: android.app.ContextImpl.sendBroadcastMultiplePermissions:1272 com.android.server.TelephonyRegistry.broadcastServiceStateChanged:3121 com.android.server.TelephonyRegistry.notifyServiceStateForPhoneId:1616 com.android.internal.telephony.ITelephonyRegistry$Stub.onTransact:492 android.os.Binder.execTransactInternal:1280
01-20 19:07:06.873 1477 1520 W ContextImpl: Calling a method in the system process without a qualified user: android.app.ContextImpl.sendBroadcastMultiplePermissions:1272 com.android.server.TelephonyRegistry.broadcastServiceStateChanged:3126 com.android.server.TelephonyRegistry.notifyServiceStateForPhoneId:1616 com.android.internal.telephony.ITelephonyRegistry$Stub.onTransact:492 android.os.Binder.execTransactInternal:1280
01-20 19:07:06.873 1477 1755 W BroadcastQueue: Permission Denial: receiving Intent { act=android.intent.action.SERVICE_STATE flg=0x1000010 (has extras) } to com.android.cellbroadcastreceiver.module/com.android.cellbroadcastreceiver.CellBroadcastReceiver requires android.permission.READ_PHONE_STATE due to sender android (uid 1001)
01-20 19:07:06.874 1477 1755 W BroadcastQueue: Appop Denial: receiving Intent { act=android.intent.action.SERVICE_STATE flg=0x1000010 (has extras) } to ProcessRecord{d39a49b 2241:com.android.systemui/u0a135} (pid=2241, uid=10135) excludes appop android:read_phone_state due to sender android (uid 1001)
01-20 19:07:07.248 1477 2728 W ContextImpl: Calling a method in the system process without a qualified user: android.app.ContextImpl.sendBroadcastMultiplePermissions:1222 com.android.server.TelephonyRegistry.broadcastServiceStateChanged:3111 com.android.server.TelephonyRegistry.notifyServiceStateForPhoneId:1616 com.android.internal.telephony.ITelephonyRegistry$Stub.onTransact:492 android.os.Binder.execTransactInternal:1280
01-20 19:07:07.248 1477 2728 W ContextImpl: Calling a method in the system process without a qualified user: android.app.ContextImpl.sendBroadcastMultiplePermissions:1272 android.content.Context.sendBroadcastMultiplePermissions:2272 com.android.server.TelephonyRegistry.broadcastServiceStateChanged:3114 com.android.server.TelephonyRegistry.notifyServiceStateForPhoneId:1616 com.android.internal.telephony.ITelephonyRegistry$Stub.onTransact:492
01-20 19:07:07.248 1477 2728 W ContextImpl: Calling a method in the system process without a qualified user: android.app.ContextImpl.sendBroadcastMultiplePermissions:1272 com.android.server.TelephonyRegistry.broadcastServiceStateChanged:3121 com.android.server.TelephonyRegistry.notifyServiceStateForPhoneId:1616 com.android.internal.telephony.ITelephonyRegistry$Stub.onTransact:492 android.os.Binder.execTransactInternal:1280
01-20 19:07:07.248 1477 2728 W ContextImpl: Calling a method in the system process without a qualified user: android.app.ContextImpl.sendBroadcastMultiplePermissions:1272 com.android.server.TelephonyRegistry.broadcastServiceStateChanged:3126 com.android.server.TelephonyRegistry.notifyServiceStateForPhoneId:1616 com.android.internal.telephony.ITelephonyRegistry$Stub.onTransact:492 android.os.Binder.execTransactInternal:1280
01-20 19:07:07.249 1477 1755 W BroadcastQueue: Permission Denial: receiving Intent { act=android.intent.action.SERVICE_STATE flg=0x1000010 (has extras) } to com.android.cellbroadcastreceiver.module/com.android.cellbroadcastreceiver.CellBroadcastReceiver requires android.permission.READ_PHONE_STATE due to sender android (uid 1001)
01-20 19:07:07.249 1477 1755 W BroadcastQueue: Appop Denial: receiving Intent { act=android.intent.action.SERVICE_STATE flg=0x1000010 (has extras) } to ProcessRecord{d39a49b 2241:com.android.systemui/u0a135} (pid=2241, uid=10135) excludes appop android:read_phone_state due to sender android (uid 1001)
01-20 19:07:07.250 1477 1755 D CompatibilityChangeReporter: Compat change id reported: 168419799; UID 10159; state: DISABLED
01-20 19:07:07.250 1477 1755 D CompatibilityChangeReporter: Compat change id reported: 273564678; UID 10159; state: DISABLED
01-20 19:07:07.270 1477 2728 W ContextImpl: Calling a method in the system process without a qualified user: android.app.ContextImpl.sendBroadcastMultiplePermissions:1272 android.content.Context.sendBroadcastMultiplePermissions:2272 com.android.server.TelephonyRegistry.broadcastDataConnectionStateChanged:3281 com.android.server.TelephonyRegistry.notifyDataConnectionForSubscriber:2036 com.android.internal.telephony.ITelephonyRegistry$Stub.onTransact:571
01-20 19:07:07.311 1477 1520 W ContextImpl: Calling a method in the system process without a qualified user: android.app.ContextImpl.sendBroadcastMultiplePermissions:1272 android.content.Context.sendBroadcastMultiplePermissions:2272 com.android.server.TelephonyRegistry.broadcastDataConnectionStateChanged:3281 com.android.server.TelephonyRegistry.notifyDataConnectionForSubscriber:2036 com.android.internal.telephony.ITelephonyRegistry$Stub.onTransact:571
01-20 19:07:07.322 1477 2728 W ContextImpl: Calling a method in the system process without a qualified user: android.app.ContextImpl.sendBroadcastMultiplePermissions:1222 com.android.server.TelephonyRegistry.broadcastServiceStateChanged:3111 com.android.server.TelephonyRegistry.notifyServiceStateForPhoneId:1616 com.android.internal.telephony.ITelephonyRegistry$Stub.onTransact:492 android.os.Binder.execTransactInternal:1280
01-20 19:07:07.322 1477 2728 W ContextImpl: Calling a method in the system process without a qualified user: android.app.ContextImpl.sendBroadcastMultiplePermissions:1272 android.content.Context.sendBroadcastMultiplePermissions:2272 com.android.server.TelephonyRegistry.broadcastServiceStateChanged:3114 com.android.server.TelephonyRegistry.notifyServiceStateForPhoneId:1616 com.android.internal.telephony.ITelephonyRegistry$Stub.onTransact:492
01-20 19:07:07.323 1477 2728 W ContextImpl: Calling a method in the system process without a qualified user: android.app.ContextImpl.sendBroadcastMultiplePermissions:1272 com.android.server.TelephonyRegistry.broadcastServiceStateChanged:3121 com.android.server.TelephonyRegistry.notifyServiceStateForPhoneId:1616 com.android.internal.telephony.ITelephonyRegistry$Stub.onTransact:492 android.os.Binder.execTransactInternal:1280
01-20 19:07:07.323 1477 2728 W ContextImpl: Calling a method in the system process without a qualified user: android.app.ContextImpl.sendBroadcastMultiplePermissions:1272 com.android.server.TelephonyRegistry.broadcastServiceStateChanged:3126 com.android.server.TelephonyRegistry.notifyServiceStateForPhoneId:1616 com.android.internal.telephony.ITelephonyRegistry$Stub.onTransact:492 android.os.Binder.execTransactInternal:1280
01-20 19:07:07.324 1477 1755 W BroadcastQueue: Permission Denial: receiving Intent { act=android.intent.action.SERVICE_STATE flg=0x1000010 (has extras) } to com.android.cellbroadcastreceiver.module/com.android.cellbroadcastreceiver.CellBroadcastReceiver requires android.permission.READ_PHONE_STATE due to sender android (uid 1001)
01-20 19:07:07.325 1477 1755 W BroadcastQueue: Appop Denial: receiving Intent { act=android.intent.action.SERVICE_STATE flg=0x1000010 (has extras) } to ProcessRecord{d39a49b 2241:com.android.systemui/u0a135} (pid=2241, uid=10135) excludes appop android:read_phone_state due to sender android (uid 1001)
01-20 19:07:07.580 1477 1704 I WindowManager: ******* TELLING SURFACE FLINGER WE ARE BOOTED!
01-20 19:07:07.582 1477 1704 D ActivityManagerTiming: FinishBooting
01-20 19:07:07.587 1477 1704 I ActivityManager: About to commit checkpoint
01-20 19:07:07.588 1477 1704 I SystemServiceManager: Starting phase 1000
01-20 19:07:07.588 1477 1704 D ActivityManagerTiming: OnBootPhase_1000
01-20 19:07:07.588 1477 1704 D ActivityManagerTiming: OnBootPhase_1000_com.android.server.security.FileIntegrityService
01-20 19:07:07.588 1477 1704 V ActivityManagerTiming: OnBootPhase_1000_com.android.server.security.FileIntegrityService took to complete: 0ms
01-20 19:07:07.588 1477 1704 D ActivityManagerTiming: OnBootPhase_1000_com.android.server.pm.Installer
01-20 19:07:07.588 1477 1704 V ActivityManagerTiming: OnBootPhase_1000_com.android.server.pm.Installer took to complete: 0ms
