01-20 19:07:03.993 1477 1477 D SystemServerTiming: ssm.onStartUser-0_com.android.server.appwidget.AppWidgetService
01-20 19:07:03.993 1477 1477 V SystemServerTiming: ssm.onStartUser-0_com.android.server.appwidget.AppWidgetService took to complete: 0ms
01-20 19:07:03.993 1477 1477 D SystemServerTiming: ssm.onStartUser-0_com.android.server.voiceinteraction.VoiceInteractionManagerService
01-20 19:07:03.993 1477 1477 W VoiceInteractionManager: no available voice recognition services found for user 0
01-20 19:07:03.993 1477 1477 V SystemServerTiming: ssm.onStartUser-0_com.android.server.voiceinteraction.VoiceInteractionManagerService took to complete: 0ms
01-20 19:07:03.993 1477 1477 D SystemServerTiming: ssm.onStartUser-0_com.android.server.apphibernation.AppHibernationService
01-20 19:07:03.993 1477 1477 V SystemServerTiming: ssm.onStartUser-0_com.android.server.apphibernation.AppHibernationService took to complete: 0ms
01-20 19:07:03.993 1477 1477 D SystemServerTiming: ssm.onStartUser-0_com.android.server.GestureLauncherService
01-20 19:07:03.993 1477 1477 V SystemServerTiming: ssm.onStartUser-0_com.android.server.GestureLauncherService took to complete: 0ms
01-20 19:07:03.993 1477 1477 D SystemServerTiming: ssm.onStartUser-0_com.android.server.SensorNotificationService
01-20 19:07:03.993 1477 1477 V SystemServerTiming: ssm.onStartUser-0_com.android.server.SensorNotificationService took to complete: 0ms
01-20 19:07:03.993 1477 1477 D SystemServerTiming: ssm.onStartUser-0_com.android.server.emergency.EmergencyAffordanceService
01-20 19:07:03.993 1477 1477 V SystemServerTiming: ssm.onStartUser-0_com.android.server.emergency.EmergencyAffordanceService took to complete: 0ms
01-20 19:07:03.993 1477 1477 D SystemServerTiming: ssm.onStartUser-0_com.android.server.blob.BlobStoreManagerService
01-20 19:07:03.993 1477 1477 V SystemServerTiming: ssm.onStartUser-0_com.android.server.blob.BlobStoreManagerService took to complete: 0ms
01-20 19:07:03.993 1477 1477 D SystemServerTiming: ssm.onStartUser-0_com.android.server.dreams.DreamManagerService
01-20 19:07:03.993 1477 1477 V SystemServerTiming: ssm.onStartUser-0_com.android.server.dreams.DreamManagerService took to complete: 0ms
01-20 19:07:03.993 1477 1477 D SystemServerTiming: ssm.onStartUser-0_com.android.server.print.PrintManagerService
01-20 19:07:03.993 1477 1477 V SystemServerTiming: ssm.onStartUser-0_com.android.server.print.PrintManagerService took to complete: 0ms
01-20 19:07:03.993 1477 1477 D SystemServerTiming: ssm.onStartUser-0_com.android.server.security.AttestationVerificationManagerService
01-20 19:07:03.993 1477 1477 V SystemServerTiming: ssm.onStartUser-0_com.android.server.security.AttestationVerificationManagerService took to complete: 0ms
01-20 19:07:03.993 1477 1477 D SystemServerTiming: ssm.onStartUser-0_com.android.server.companion.CompanionDeviceManagerService
01-20 19:07:03.993 1477 1477 V SystemServerTiming: ssm.onStartUser-0_com.android.server.companion.CompanionDeviceManagerService took to complete: 0ms
01-20 19:07:03.993 1477 1477 D SystemServerTiming: ssm.onStartUser-0_com.android.server.companion.virtual.VirtualDeviceManagerService
01-20 19:07:03.996 1477 1477 V SystemServerTiming: ssm.onStartUser-0_com.android.server.companion.virtual.VirtualDeviceManagerService took to complete: 3ms
01-20 19:07:03.996 1477 1477 D SystemServerTiming: ssm.onStartUser-0_com.android.server.restrictions.RestrictionsManagerService
01-20 19:07:03.996 1477 1477 V SystemServerTiming: ssm.onStartUser-0_com.android.server.restrictions.RestrictionsManagerService took to complete: 0ms
01-20 19:07:03.996 1477 1477 D SystemServerTiming: ssm.onStartUser-0_com.android.server.media.MediaSessionService
01-20 19:07:03.996 1477 1477 V SystemServerTiming: ssm.onStartUser-0_com.android.server.media.MediaSessionService took to complete: 0ms
01-20 19:07:03.996 1477 1477 D SystemServerTiming: ssm.onStartUser-0_com.android.server.media.MediaResourceMonitorService
01-20 19:07:03.996 1477 1477 V SystemServerTiming: ssm.onStartUser-0_com.android.server.media.MediaResourceMonitorService took to complete: 0ms
01-20 19:07:03.996 1477 1477 D SystemServerTiming: ssm.onStartUser-0_com.android.server.biometrics.sensors.fingerprint.FingerprintService
01-20 19:07:03.996 1477 1477 V SystemServerTiming: ssm.onStartUser-0_com.android.server.biometrics.sensors.fingerprint.FingerprintService took to complete: 0ms
01-20 19:07:03.996 1477 1477 D SystemServerTiming: ssm.onStartUser-0_com.android.server.biometrics.BiometricService
01-20 19:07:03.996 1477 1477 V SystemServerTiming: ssm.onStartUser-0_com.android.server.biometrics.BiometricService took to complete: 0ms
01-20 19:07:03.996 1477 1477 D SystemServerTiming: ssm.onStartUser-0_com.android.server.biometrics.AuthService
01-20 19:07:03.996 1477 1477 V SystemServerTiming: ssm.onStartUser-0_com.android.server.biometrics.AuthService took to complete: 0ms
01-20 19:07:03.996 1477 1477 D SystemServerTiming: ssm.onStartUser-0_com.android.server.pm.ShortcutService$Lifecycle
01-20 19:07:03.996 1477 1477 V SystemServerTiming: ssm.onStartUser-0_com.android.server.pm.ShortcutService$Lifecycle took to complete: 0ms
01-20 19:07:03.996 1477 1477 D SystemServerTiming: ssm.onStartUser-0_com.android.server.pm.LauncherAppsService
01-20 19:07:03.996 1477 1477 V SystemServerTiming: ssm.onStartUser-0_com.android.server.pm.LauncherAppsService took to complete: 0ms
01-20 19:07:03.996 1477 1477 D SystemServerTiming: ssm.onStartUser-0_com.android.server.pm.CrossProfileAppsService
01-20 19:07:03.996 1477 1477 V SystemServerTiming: ssm.onStartUser-0_com.android.server.pm.CrossProfileAppsService took to complete: 0ms
01-20 19:07:03.996 1477 1477 D SystemServerTiming: ssm.onStartUser-0_com.android.server.people.PeopleService
01-20 19:07:03.997 1477 1477 V SystemServerTiming: ssm.onStartUser-0_com.android.server.people.PeopleService took to complete: 0ms
01-20 19:07:03.997 1477 1477 D SystemServerTiming: ssm.onStartUser-0_com.android.server.media.metrics.MediaMetricsManagerService
01-20 19:07:03.997 1477 1477 V SystemServerTiming: ssm.onStartUser-0_com.android.server.media.metrics.MediaMetricsManagerService took to complete: 0ms
01-20 19:07:03.997 1477 1477 D SystemServerTiming: ssm.onStartUser-0_com.android.server.media.projection.MediaProjectionManagerService
01-20 19:07:03.997 1477 1477 V SystemServerTiming: ssm.onStartUser-0_com.android.server.media.projection.MediaProjectionManagerService took to complete: 0ms
01-20 19:07:03.997 1477 1477 D SystemServerTiming: ssm.onStartUser-0_com.android.server.slice.SliceManagerService$Lifecycle
01-20 19:07:03.997 1477 1477 V SystemServerTiming: ssm.onStartUser-0_com.android.server.slice.SliceManagerService$Lifecycle took to complete: 0ms
01-20 19:07:03.997 1477 1477 D SystemServerTiming: ssm.onStartUser-0_com.android.server.stats.StatsCompanion$Lifecycle
01-20 19:07:03.997 1477 1477 V SystemServerTiming: ssm.onStartUser-0_com.android.server.stats.StatsCompanion$Lifecycle took to complete: 0ms
01-20 19:07:03.997 1477 1477 D SystemServerTiming: ssm.onStartUser-0_com.android.server.scheduling.RebootReadinessManagerService$Lifecycle
01-20 19:07:03.997 1477 1477 V SystemServerTiming: ssm.onStartUser-0_com.android.server.scheduling.RebootReadinessManagerService$Lifecycle took to complete: 0ms
01-20 19:07:03.997 1477 1477 D SystemServerTiming: ssm.onStartUser-0_com.android.server.stats.pull.StatsPullAtomService
01-20 19:07:03.997 1477 1477 V SystemServerTiming: ssm.onStartUser-0_com.android.server.stats.pull.StatsPullAtomService took to complete: 0ms
01-20 19:07:03.997 1477 1477 D SystemServerTiming: ssm.onStartUser-0_com.android.server.stats.bootstrap.StatsBootstrapAtomService$Lifecycle
01-20 19:07:03.997 1477 1477 V SystemServerTiming: ssm.onStartUser-0_com.android.server.stats.bootstrap.StatsBootstrapAtomService$Lifecycle took to complete: 0ms
01-20 19:07:03.997 1477 1477 D SystemServerTiming: ssm.onStartUser-0_com.android.server.incident.IncidentCompanionService
01-20 19:07:03.997 1477 1477 V SystemServerTiming: ssm.onStartUser-0_com.android.server.incident.IncidentCompanionService took to complete: 0ms
01-20 19:07:03.997 1477 1477 D SystemServerTiming: ssm.onStartUser-0_com.android.server.sdksandbox.SdkSandboxManagerService$Lifecycle
01-20 19:07:03.997 1477 1477 V SystemServerTiming: ssm.onStartUser-0_com.android.server.sdksandbox.SdkSandboxManagerService$Lifecycle took to complete: 0ms
01-20 19:07:03.997 1477 1477 D SystemServerTiming: ssm.onStartUser-0_com.android.server.adservices.AdServicesManagerService$Lifecycle
01-20 19:07:03.997 1477 1477 V SystemServerTiming: ssm.onStartUser-0_com.android.server.adservices.AdServicesManagerService$Lifecycle took to complete: 0ms
01-20 19:07:03.997 1477 1477 D SystemServerTiming: ssm.onStartUser-0_com.android.server.MmsServiceBroker
01-20 19:07:03.997 1477 1477 V SystemServerTiming: ssm.onStartUser-0_com.android.server.MmsServiceBroker took to complete: 0ms
01-20 19:07:03.997 1477 1477 D SystemServerTiming: ssm.onStartUser-0_com.android.server.autofill.AutofillManagerService
01-20 19:07:03.997 1477 1477 V SystemServerTiming: ssm.onStartUser-0_com.android.server.autofill.AutofillManagerService took to complete: 0ms
01-20 19:07:03.997 1477 1477 D SystemServerTiming: ssm.onStartUser-0_com.android.server.clipboard.ClipboardService
01-20 19:07:03.997 1477 1477 V SystemServerTiming: ssm.onStartUser-0_com.android.server.clipboard.ClipboardService took to complete: 0ms
01-20 19:07:03.997 1477 1477 D SystemServerTiming: ssm.onStartUser-0_com.android.server.appbinding.AppBindingService$Lifecycle
01-20 19:07:03.997 1477 1477 V SystemServerTiming: ssm.onStartUser-0_com.android.server.appbinding.AppBindingService$Lifecycle took to complete: 0ms
01-20 19:07:03.997 1477 1477 D SystemServerTiming: ssm.onStartUser-0_com.android.server.tracing.TracingServiceProxy
01-20 19:07:03.997 1477 1477 V SystemServerTiming: ssm.onStartUser-0_com.android.server.tracing.TracingServiceProxy took to complete: 0ms
01-20 19:07:03.997 1477 1477 D SystemServerTiming: ssm.onStartUser-0_org.lineageos.platform.internal.ProfileManagerService
01-20 19:07:03.997 1477 1477 V SystemServerTiming: ssm.onStartUser-0_org.lineageos.platform.internal.ProfileManagerService took to complete: 0ms
01-20 19:07:03.997 1477 1477 D SystemServerTiming: ssm.onStartUser-0_org.lineageos.platform.internal.LineageHardwareService
01-20 19:07:03.997 1477 1477 V SystemServerTiming: ssm.onStartUser-0_org.lineageos.platform.internal.LineageHardwareService took to complete: 0ms
01-20 19:07:03.997 1477 1477 D SystemServerTiming: ssm.onStartUser-0_org.lineageos.platform.internal.display.LiveDisplayService
01-20 19:07:03.997 1477 1477 V SystemServerTiming: ssm.onStartUser-0_org.lineageos.platform.internal.display.LiveDisplayService took to complete: 0ms
01-20 19:07:03.997 1477 1477 D SystemServerTiming: ssm.onStartUser-0_org.lineageos.platform.internal.TrustInterfaceService
01-20 19:07:03.997 1477 1477 V SystemServerTiming: ssm.onStartUser-0_org.lineageos.platform.internal.TrustInterfaceService took to complete: 0ms
01-20 19:07:03.997 1477 1477 D SystemServerTiming: ssm.onStartUser-0_org.lineageos.platform.internal.LineageSettingsService
01-20 19:07:03.997 1477 1477 V SystemServerTiming: ssm.onStartUser-0_org.lineageos.platform.internal.LineageSettingsService took to complete: 0ms
01-20 19:07:03.997 1477 1477 D SystemServerTiming: ssm.onStartUser-0_org.lineageos.platform.internal.LineageGlobalActionsService
01-20 19:07:03.997 1477 1477 V SystemServerTiming: ssm.onStartUser-0_org.lineageos.platform.internal.LineageGlobalActionsService took to complete: 0ms
01-20 19:07:03.997 1477 1477 D SystemServerTiming: ssm.onStartUser-0_org.lineageos.platform.internal.health.HealthInterfaceService
01-20 19:07:03.997 1477 1477 V SystemServerTiming: ssm.onStartUser-0_org.lineageos.platform.internal.health.HealthInterfaceService took to complete: 0ms
01-20 19:07:03.997 1477 1477 D SystemServerTiming: ssm.onStartUser-0_com.android.server.policy.PermissionPolicyService
01-20 19:07:03.997 1477 1477 V SystemServerTiming: ssm.onStartUser-0_com.android.server.policy.PermissionPolicyService took to complete: 0ms
01-20 19:07:03.997 1477 1477 D SystemServerTiming: ssm.onStartUser-0_com.android.server.pm.StagingManager$Lifecycle
01-20 19:07:03.997 1477 1477 V SystemServerTiming: ssm.onStartUser-0_com.android.server.pm.StagingManager$Lifecycle took to complete: 0ms
01-20 19:07:03.997 1477 1477 D SystemServerTiming: ssm.onStartUser-0_com.android.server.app.GameManagerService$Lifecycle
01-20 19:07:03.999 1477 1477 V GameManagerService: Settings file doesn't exists, skip reading
01-20 19:07:03.999 1477 1477 V SystemServerTiming: ssm.onStartUser-0_com.android.server.app.GameManagerService$Lifecycle took to complete: 2ms
01-20 19:07:03.999 1477 1477 D SystemServerTiming: ssm.onStartUser-0_com.android.safetycenter.SafetyCenterService
01-20 19:07:03.999 1477 1477 V SystemServerTiming: ssm.onStartUser-0_com.android.safetycenter.SafetyCenterService took to complete: 0ms
01-20 19:07:03.999 1477 1477 D SystemServerTiming: ssm.onStartUser-0_com.android.server.appsearch.AppSearchModule$Lifecycle
01-20 19:07:03.999 1477 1477 V SystemServerTiming: ssm.onStartUser-0_com.android.server.appsearch.AppSearchModule$Lifecycle took to complete: 0ms
01-20 19:07:03.999 1477 1477 D SystemServerTiming: ssm.onStartUser-0_com.android.server.media.MediaCommunicationService
01-20 19:07:03.999 1477 1477 V SystemServerTiming: ssm.onStartUser-0_com.android.server.media.MediaCommunicationService took to complete: 0ms
01-20 19:07:03.999 1477 1477 D SystemServerTiming: ssm.onStartUser-0_com.android.server.compat.overrides.AppCompatOverridesService$Lifecycle
01-20 19:07:03.999 1477 1477 V SystemServerTiming: ssm.onStartUser-0_com.android.server.compat.overrides.AppCompatOverridesService$Lifecycle took to complete: 0ms
01-20 19:07:03.999 1477 1477 V SystemServerTiming: ssm.StartUser-0 took to complete: 27ms
01-20 19:07:03.999 1477 1477 D SystemServerTiming: startPersistentApps
01-20 19:07:04.000 1477 1477 D CompatibilityChangeReporter: Compat change id reported: 135634846; UID 1001; state: DISABLED
01-20 19:07:04.000 1477 1477 D CompatibilityChangeReporter: Compat change id reported: 177438394; UID 1001; state: DISABLED
01-20 19:07:04.000 1477 1477 D CompatibilityChangeReporter: Compat change id reported: 135772972; UID 1001; state: DISABLED
01-20 19:07:04.000 1477 1477 D CompatibilityChangeReporter: Compat change id reported: 135754954; UID 1001; state: DISABLED
01-20 19:07:04.001 1477 1477 D CompatibilityChangeReporter: Compat change id reported: 135634846; UID 1068; state: DISABLED
01-20 19:07:04.001 1477 1477 D CompatibilityChangeReporter: Compat change id reported: 135634846; UID 10109; state: DISABLED
01-20 19:07:04.001 1477 1477 D CompatibilityChangeReporter: Compat change id reported: 177438394; UID 10109; state: DISABLED
01-20 19:07:04.001 1477 1477 D CompatibilityChangeReporter: Compat change id reported: 135772972; UID 10109; state: DISABLED
01-20 19:07:04.001 1477 1477 D CompatibilityChangeReporter: Compat change id reported: 135754954; UID 10109; state: DISABLED
01-20 19:07:04.002 1477 1477 D CompatibilityChangeReporter: Compat change id reported: 135754954; UID 1001; state: ENABLED
01-20 19:07:04.002 1477 1477 V SystemServerTiming: startPersistentApps took to complete: 3ms
01-20 19:07:04.002 1477 1477 D SystemServerTiming: startHomeOnAllDisplays
01-20 19:07:04.003 1477 1477 I ActivityTaskManager: START u0 {act=android.intent.action.MAIN cat=[android.intent.category.HOME] flg=0x10000100 cmp=com.android.settings/.FallbackHome (has extras)} from uid 0
01-20 19:07:04.004 1477 1477 D CompatibilityChangeReporter: Compat change id reported: 265464455; UID 1000; state: DISABLED
01-20 19:07:04.004 1477 1477 D CompatibilityChangeReporter: Compat change id reported: 265452344; UID 1000; state: DISABLED
01-20 19:07:04.004 1477 1477 D CompatibilityChangeReporter: Compat change id reported: 266124927; UID 1000; state: DISABLED
01-20 19:07:04.004 1477 1477 D CompatibilityChangeReporter: Compat change id reported: 265451093; UID 1000; state: DISABLED
01-20 19:07:04.005 1477 1477 D CompatibilityChangeReporter: Compat change id reported: 265456536; UID 1000; state: DISABLED
01-20 19:07:04.005 1477 1477 D CompatibilityChangeReporter: Compat change id reported: 255940284; UID 1000; state: DISABLED
01-20 19:07:04.005 1477 1477 D CompatibilityChangeReporter: Compat change id reported: 236283604; UID 1000; state: DISABLED
01-20 19:07:04.005 1477 1477 D CompatibilityChangeReporter: Compat change id reported: 263959004; UID 1000; state: DISABLED
01-20 19:07:04.005 1477 1477 D CompatibilityChangeReporter: Compat change id reported: 264304459; UID 1000; state: DISABLED
01-20 19:07:04.005 1477 1477 D CompatibilityChangeReporter: Compat change id reported: 264301586; UID 1000; state: DISABLED
01-20 19:07:04.005 1477 1477 D CompatibilityChangeReporter: Compat change id reported: 254631730; UID 1000; state: DISABLED
01-20 19:07:04.006 1477 1477 D CompatibilityChangeReporter: Compat change id reported: 273509367; UID 1000; state: DISABLED
01-20 19:07:04.006 1477 1477 D CompatibilityChangeReporter: Compat change id reported: 263259275; UID 1000; state: DISABLED
01-20 19:07:04.029 1477 1753 D CountryDetector: Using custom country detector class: com.android.server.location.ComprehensiveCountryDetector
01-20 19:07:04.029 1477 1753 E CountryDetector: Could not instantiate the custom country detector class
01-20 19:07:04.029 1477 1753 D CountryDetector: Using default country detector
01-20 19:07:04.107 1477 1477 D CompatibilityChangeReporter: Compat change id reported: 174042980; UID 1000; state: DISABLED
01-20 19:07:04.108 1477 1477 D CompatibilityChangeReporter: Compat change id reported: 194480991; UID 1000; state: ENABLED
01-20 19:07:04.113 1477 1477 D CompatibilityChangeReporter: Compat change id reported: 197654537; UID 1000; state: ENABLED
01-20 19:07:04.117 1477 1477 V SystemServerTiming: startHomeOnAllDisplays took to complete: 115ms
01-20 19:07:04.117 1477 1477 D SystemServerTiming: showSystemReadyErrorDialogs
01-20 19:07:04.118 1477 1756 W ActivityManager: Slow operation: 312ms so far, now at startProcess: returned from zygote!
01-20 19:07:04.167 1477 1477 V SystemServerTiming: showSystemReadyErrorDialogs took to complete: 50ms
01-20 19:07:04.167 1477 1477 D SystemServerTiming: sendUserStartBroadcast
01-20 19:07:04.167 1477 1477 V SystemServerTiming: sendUserStartBroadcast took to complete: 0ms
01-20 19:07:04.167 1477 1477 D SystemServerTiming: resumeTopActivities
01-20 19:07:04.168 1477 1477 V SystemServerTiming: resumeTopActivities took to complete: 1ms
01-20 19:07:04.168 1477 1477 D SystemServerTiming: sendUserSwitchBroadcasts
01-20 19:07:04.168 1477 1477 V SystemServerTiming: sendUserSwitchBroadcasts took to complete: 0ms
01-20 19:07:04.168 1477 1477 D SystemServerTiming: setBinderProxies
01-20 19:07:04.168 1477 1477 V SystemServerTiming: setBinderProxies took to complete: 0ms
01-20 19:07:04.168 1477 1477 V SystemServerTiming: ActivityManagerStartApps took to complete: 196ms
01-20 19:07:04.168 1477 1477 D SystemServerTiming: componentAlias
01-20 19:07:04.169 1477 1477 D ComponentAliasResolver: Compat listener set.
01-20 19:07:04.169 1477 1477 D CompatibilityChangeReporter: Compat change id reported: 196254758; UID 1000; state: DISABLED
01-20 19:07:04.169 1477 1477 V SystemServerTiming: componentAlias took to complete: 1ms
01-20 19:07:04.169 1477 1477 V SystemServerTiming: PhaseActivityManagerReady took to complete: 609ms
01-20 19:07:04.169 1477 1477 D SystemServerTiming: StartSystemUI
01-20 19:07:04.170 1477 1477 D CompatibilityChangeReporter: Compat change id reported: 168419799; UID 10135; state: DISABLED
01-20 19:07:04.170 1477 1477 D CompatibilityChangeReporter: Compat change id reported: 273564678; UID 10135; state: DISABLED
01-20 19:07:04.171 1477 1704 D CompatibilityChangeReporter: Compat change id reported: 135754954; UID 1000; state: ENABLED
01-20 19:07:04.172 1477 1756 W ActivityManager: Slow operation: 366ms so far, now at startProcess: done updating battery stats
01-20 19:07:04.172 1477 1756 W ActivityManager: Slow operation: 366ms so far, now at startProcess: building log message
01-20 19:07:04.172 1477 1756 I ActivityManager: Start proc 2352:WebViewLoader-armeabi-v7a/1037 [android.webkit.WebViewLibraryLoader$RelroFileCreator] for
01-20 19:07:04.172 1477 1756 W ActivityManager: Slow operation: 366ms so far, now at startProcess: starting to update pids map
01-20 19:07:04.172 1477 1756 W ActivityManager: Slow operation: 366ms so far, now at startProcess: done updating pids map
01-20 19:07:04.172 1477 1756 W ActivityManager: Slow operation: 364ms so far, now at startProcess: asking zygote to start proc
01-20 19:07:04.179 1477 1756 W ActivityManager: Slow operation: 371ms so far, now at startProcess: returned from zygote!
01-20 19:07:04.181 1477 1477 V SystemServerTiming: StartSystemUI took to complete: 12ms
01-20 19:07:04.181 1477 1477 V SystemServerTiming: startOtherServices took to complete: 1847ms
01-20 19:07:04.181 1477 1477 D SystemServerTiming: startApexServices
01-20 19:07:04.182 1477 1477 V SystemServerTiming: startApexServices took to complete: 0ms
01-20 19:07:04.182 1477 1477 V SystemServerTiming: StartServices took to complete: 3338ms
01-20 19:07:04.185 1477 1756 W ActivityManager: Slow operation: 376ms so far, now at startProcess: done updating battery stats
01-20 19:07:04.186 1477 1521 W PackageManager: Loading a package that does not exist for the calling user. package=null, user=0
01-20 19:07:04.189 1477 1477 W Looper : Slow delivery took 2903ms main h=android.app.PropertyInvalidatedCache$AutoCorker$1 c=null m=0
01-20 19:07:04.189 1477 1756 W ActivityManager: Slow operation: 381ms so far, now at startProcess: building log message
01-20 19:07:04.189 1477 1756 I ActivityManager: Start proc 2381:WebViewLoader-arm64-v8a/1037 [android.webkit.WebViewLibraryLoader$RelroFileCreator] for
01-20 19:07:04.190 1477 1756 W ActivityManager: Slow operation: 381ms so far, now at startProcess: starting to update pids map
01-20 19:07:04.190 1477 1756 W ActivityManager: Slow operation: 382ms so far, now at startProcess: done updating pids map
01-20 19:07:04.190 1477 1756 W ActivityManager: Slow operation: 239ms so far, now at startProcess: asking zygote to start proc
01-20 19:07:04.198 1477 1756 W ActivityManager: Slow operation: 247ms so far, now at startProcess: returned from zygote!
01-20 19:07:04.199 1477 1756 W ActivityManager: Slow operation: 247ms so far, now at startProcess: done updating battery stats
01-20 19:07:04.199 1477 1756 W ActivityManager: Slow operation: 247ms so far, now at startProcess: building log message
01-20 19:07:04.199 1477 1756 I ActivityManager: Start proc 2392:com.android.networkstack.process/1073 for service {com.android.networkstack/com.android.server.NetworkStackService}
01-20 19:07:04.199 1477 1756 W ActivityManager: Slow operation: 247ms so far, now at startProcess: starting to update pids map
01-20 19:07:04.199 1477 1756 W ActivityManager: Slow operation: 248ms so far, now at startProcess: done updating pids map
01-20 19:07:04.200 1477 1756 W ActivityManager: Slow operation: 200ms so far, now at startProcess: asking zygote to start proc
01-20 19:07:04.206 1477 2128 D CompatibilityChangeReporter: Compat change id reported: 218533173; UID 10091; state: DISABLED
01-20 19:07:04.206 1477 1477 D CompatibilityChangeReporter: Compat change id reported: 161145287; UID 1000; state: DISABLED
01-20 19:07:04.206 1477 2128 D CompatibilityChangeReporter: Compat change id reported: 218533173; UID 10151; state: ENABLED
01-20 19:07:04.207 1477 2128 D CompatibilityChangeReporter: Compat change id reported: 218533173; UID 10007; state: ENABLED
01-20 19:07:04.207 1477 1477 D ConditionProviders.SCP: onConnected
01-20 19:07:04.207 1477 2128 D CompatibilityChangeReporter: Compat change id reported: 218533173; UID 10160; state: ENABLED
01-20 19:07:04.208 1477 2128 D CompatibilityChangeReporter: Compat change id reported: 218533173; UID 10047; state: ENABLED
01-20 19:07:04.208 1477 1756 W ActivityManager: Slow operation: 209ms so far, now at startProcess: returned from zygote!
01-20 19:07:04.208 1477 1756 W ActivityManager: Slow operation: 209ms so far, now at startProcess: done updating battery stats
01-20 19:07:04.208 1477 1756 W ActivityManager: Slow operation: 209ms so far, now at startProcess: building log message
01-20 19:07:04.208 1477 1756 I ActivityManager: Start proc 2401:com.qualcomm.qti.telephonyservice/1001 for added application com.qualcomm.qti.telephonyservice
01-20 19:07:04.208 1477 1756 W ActivityManager: Slow operation: 209ms so far, now at startProcess: starting to update pids map
01-20 19:07:04.208 1477 2128 D CompatibilityChangeReporter: Compat change id reported: 218533173; UID 10065; state: ENABLED
01-20 19:07:04.208 1477 1756 W ActivityManager: Slow operation: 209ms so far, now at startProcess: done updating pids map
01-20 19:07:04.208 1477 1756 W ActivityManager: Slow operation: 208ms so far, now at startProcess: asking zygote to start proc
01-20 19:07:04.208 1477 1477 D ConditionProviders: Subscribing to condition://android/event?userId=-10000&calendar=&reply=1 with ComponentInfo{android/com.android.server.notification.EventConditionProvider}
01-20 19:07:04.209 1477 2128 D CompatibilityChangeReporter: Compat change id reported: 218533173; UID 10024; state: ENABLED
01-20 19:07:04.209 1477 1477 D ConditionProviders: Subscribing to condition://android/schedule?days=1.2.3.4.5.6.7&start=22.0&end=7.0&exitAtAlarm=true with ComponentInfo{android/com.android.server.notification.ScheduleConditionProvider}
01-20 19:07:04.209 1477 2128 D CompatibilityChangeReporter: Compat change id reported: 218533173; UID 10077; state: ENABLED
01-20 19:07:04.209 1477 2128 D CompatibilityChangeReporter: Compat change id reported: 218533173; UID 10075; state: ENABLED
01-20 19:07:04.210 1477 2128 D CompatibilityChangeReporter: Compat change id reported: 218533173; UID 10133; state: ENABLED
01-20 19:07:04.211 1477 2128 D CompatibilityChangeReporter: Compat change id reported: 218533173; UID 10035; state: ENABLED
01-20 19:07:04.211 1477 2128 D CompatibilityChangeReporter: Compat change id reported: 218533173; UID 10064; state: ENABLED
01-20 19:07:04.211 1477 2128 D CompatibilityChangeReporter: Compat change id reported: 218533173; UID 10167; state: ENABLED
01-20 19:07:04.212 1477 2128 D CompatibilityChangeReporter: Compat change id reported: 218533173; UID 10021; state: ENABLED
01-20 19:07:04.212 1477 2128 D CompatibilityChangeReporter: Compat change id reported: 218533173; UID 10006; state: ENABLED
01-20 19:07:04.212 1477 1477 D CompatibilityChangeReporter: Compat change id reported: 135634846; UID 10158; state: DISABLED
01-20 19:07:04.212 1477 1477 D CompatibilityChangeReporter: Compat change id reported: 177438394; UID 10158; state: DISABLED
01-20 19:07:04.212 1477 2128 D CompatibilityChangeReporter: Compat change id reported: 218533173; UID 10067; state: ENABLED
01-20 19:07:04.212 1477 1477 D CompatibilityChangeReporter: Compat change id reported: 135772972; UID 10158; state: DISABLED
01-20 19:07:04.213 1477 1477 D CompatibilityChangeReporter: Compat change id reported: 135754954; UID 10158; state: ENABLED
01-20 19:07:04.213 1477 2128 D CompatibilityChangeReporter: Compat change id reported: 218533173; UID 10054; state: ENABLED
01-20 19:07:04.213 1477 2128 D CompatibilityChangeReporter: Compat change id reported: 218533173; UID 10165; state: DISABLED
01-20 19:07:04.214 1477 2128 D CompatibilityChangeReporter: Compat change id reported: 218533173; UID 10014; state: ENABLED
01-20 19:07:04.214 1477 2128 D CompatibilityChangeReporter: Compat change id reported: 218533173; UID 10019; state: ENABLED
01-20 19:07:04.216 1477 2128 D CompatibilityChangeReporter: Compat change id reported: 218533173; UID 10079; state: DISABLED
01-20 19:07:04.216 1477 1756 W ActivityManager: Slow operation: 216ms so far, now at startProcess: returned from zygote!
01-20 19:07:04.216 1477 1756 W ActivityManager: Slow operation: 216ms so far, now at startProcess: done updating battery stats
01-20 19:07:04.216 1477 1756 W ActivityManager: Slow operation: 216ms so far, now at startProcess: building log message
01-20 19:07:04.216 1477 1756 I ActivityManager: Start proc 2405:com.android.se/1068 for added application com.android.se
01-20 19:07:04.217 1477 1756 W ActivityManager: Slow operation: 216ms so far, now at startProcess: starting to update pids map
01-20 19:07:04.217 1477 1756 W ActivityManager: Slow operation: 216ms so far, now at startProcess: done updating pids map
01-20 19:07:04.217 1477 1756 W ActivityManager: Slow operation: 215ms so far, now at startProcess: asking zygote to start proc
01-20 19:07:04.217 1477 1756 D CompatibilityChangeReporter: Compat change id reported: 143937733; UID 10109; state: DISABLED
01-20 19:07:04.217 1477 2128 D CompatibilityChangeReporter: Compat change id reported: 218533173; UID 10083; state: ENABLED
01-20 19:07:04.218 1477 2128 D CompatibilityChangeReporter: Compat change id reported: 218533173; UID 10094; state: ENABLED
01-20 19:07:04.218 1477 2128 D CompatibilityChangeReporter: Compat change id reported: 218533173; UID 10098; state: ENABLED
01-20 19:07:04.219 1477 2128 D CompatibilityChangeReporter: Compat change id reported: 218533173; UID 10020; state: ENABLED
01-20 19:07:04.220 1477 2128 D CompatibilityChangeReporter: Compat change id reported: 218533173; UID 10123; state: DISABLED
01-20 19:07:04.220 1477 2128 D CompatibilityChangeReporter: Compat change id reported: 218533173; UID 10037; state: ENABLED
01-20 19:07:04.220 1477 2128 D CompatibilityChangeReporter: Compat change id reported: 218533173; UID 10009; state: ENABLED
01-20 19:07:04.221 1477 2128 D CompatibilityChangeReporter: Compat change id reported: 218533173; UID 10168; state: ENABLED
01-20 19:07:04.221 1477 2128 D CompatibilityChangeReporter: Compat change id reported: 218533173; UID 10056; state: ENABLED
01-20 19:07:04.222 1477 2128 D CompatibilityChangeReporter: Compat change id reported: 218533173; UID 10074; state: ENABLED
01-20 19:07:04.222 1477 2128 D CompatibilityChangeReporter: Compat change id reported: 218533173; UID 10036; state: ENABLED
01-20 19:07:04.222 1477 2128 D CompatibilityChangeReporter: Compat change id reported: 218533173; UID 10140; state: ENABLED
01-20 19:07:04.223 1477 2128 D CompatibilityChangeReporter: Compat change id reported: 218533173; UID 10154; state: DISABLED
01-20 19:07:04.223 1477 2128 D CompatibilityChangeReporter: Compat change id reported: 218533173; UID 10096; state: ENABLED
01-20 19:07:04.224 1477 2128 D CompatibilityChangeReporter: Compat change id reported: 218533173; UID 10103; state: ENABLED
01-20 19:07:04.224 1477 2128 D CompatibilityChangeReporter: Compat change id reported: 218533173; UID 10003; state: ENABLED
01-20 19:07:04.225 1477 2128 D CompatibilityChangeReporter: Compat change id reported: 218533173; UID 10145; state: ENABLED
01-20 19:07:04.225 1477 2128 D CompatibilityChangeReporter: Compat change id reported: 218533173; UID 10152; state: ENABLED
01-20 19:07:04.227 1477 2316 D CompatibilityChangeReporter: Compat change id reported: 168419799; UID 1000; state: DISABLED
01-20 19:07:04.227 1477 2128 D CompatibilityChangeReporter: Compat change id reported: 218533173; UID 10028; state: ENABLED
01-20 19:07:04.227 1477 2316 D CompatibilityChangeReporter: Compat change id reported: 273564678; UID 1000; state: DISABLED
01-20 19:07:04.228 1477 2128 D CompatibilityChangeReporter: Compat change id reported: 218533173; UID 10048; state: ENABLED
01-20 19:07:04.228 1477 2128 D CompatibilityChangeReporter: Compat change id reported: 218533173; UID 10022; state: ENABLED
01-20 19:07:04.228 1477 1756 W ActivityManager: Slow operation: 227ms so far, now at startProcess: returned from zygote!
01-20 19:07:04.229 1477 2316 D CompatibilityChangeReporter: Compat change id reported: 181136395; UID 1000; state: DISABLED
01-20 19:07:04.229 1477 2128 D CompatibilityChangeReporter: Compat change id reported: 218533173; UID 10121; state: DISABLED
01-20 19:07:04.229 1477 2316 D CompatibilityChangeReporter: Compat change id reported: 174042936; UID 1000; state: DISABLED
01-20 19:07:04.230 1477 2128 D CompatibilityChangeReporter: Compat change id reported: 218533173; UID 10095; state: ENABLED
01-20 19:07:04.230 1477 2316 D CompatibilityChangeReporter: Compat change id reported: 174042980; UID 1000; state: DISABLED
01-20 19:07:04.231 1477 2128 D CompatibilityChangeReporter: Compat change id reported: 218533173; UID 10141; state: ENABLED
01-20 19:07:04.232 1477 2128 D CompatibilityChangeReporter: Compat change id reported: 218533173; UID 10033; state: ENABLED
01-20 19:07:04.232 1477 1756 W ActivityManager: Slow operation: 231ms so far, now at startProcess: done updating battery stats
01-20 19:07:04.232 1477 1756 W ActivityManager: Slow operation: 231ms so far, now at startProcess: building log message
01-20 19:07:04.232 1477 1756 I ActivityManager: Start proc 2412:.qtidataservices/u0a109 for added application .qtidataservices
01-20 19:07:04.232 1477 1756 W ActivityManager: Slow operation: 231ms so far, now at startProcess: starting to update pids map
01-20 19:07:04.232 1477 1756 W ActivityManager: Slow operation: 231ms so far, now at startProcess: done updating pids map
01-20 19:07:04.232 1477 1756 W ActivityManager: Slow operation: 231ms so far, now at startProcess: asking zygote to start proc
01-20 19:07:04.233 1477 2128 D CompatibilityChangeReporter: Compat change id reported: 218533173; UID 10150; state: ENABLED
01-20 19:07:04.236 1477 2128 D CompatibilityChangeReporter: Compat change id reported: 218533173; UID 10138; state: DISABLED
01-20 19:07:04.239 1477 2128 D CompatibilityChangeReporter: Compat change id reported: 218533173; UID 10038; state: ENABLED
01-20 19:07:04.239 1477 2128 D CompatibilityChangeReporter: Compat change id reported: 218533173; UID 10040; state: ENABLED
01-20 19:07:04.240 1477 2128 D CompatibilityChangeReporter: Compat change id reported: 218533173; UID 10104; state: ENABLED
01-20 19:07:04.241 1477 2128 D CompatibilityChangeReporter: Compat change id reported: 218533173; UID 10143; state: ENABLED
01-20 19:07:04.242 1477 2128 D CompatibilityChangeReporter: Compat change id reported: 218533173; UID 10089; state: ENABLED
01-20 19:07:04.242 1477 2128 D CompatibilityChangeReporter: Compat change id reported: 218533173; UID 10072; state: ENABLED
01-20 19:07:04.243 1477 2128 D CompatibilityChangeReporter: Compat change id reported: 218533173; UID 10070; state: ENABLED
01-20 19:07:04.244 1477 2128 D CompatibilityChangeReporter: Compat change id reported: 218533173; UID 10134; state: ENABLED
01-20 19:07:04.244 1477 2128 D CompatibilityChangeReporter: Compat change id reported: 218533173; UID 10005; state: ENABLED
01-20 19:07:04.245 1477 2128 D CompatibilityChangeReporter: Compat change id reported: 218533173; UID 10076; state: DISABLED
01-20 19:07:04.246 1477 2128 D CompatibilityChangeReporter: Compat change id reported: 218533173; UID 10118; state: ENABLED
01-20 19:07:04.247 1477 2128 D CompatibilityChangeReporter: Compat change id reported: 218533173; UID 10063; state: ENABLED
01-20 19:07:04.247 1477 2316 W PackageManager: Loading a package that does not exist for the calling user. package=null, user=0
01-20 19:07:04.248 1477 2128 D CompatibilityChangeReporter: Compat change id reported: 218533173; UID 10111; state: DISABLED
01-20 19:07:04.249 1477 2128 D CompatibilityChangeReporter: Compat change id reported: 218533173; UID 10164; state: ENABLED
01-20 19:07:04.249 1477 2128 D CompatibilityChangeReporter: Compat change id reported: 218533173; UID 10057; state: ENABLED
01-20 19:07:04.250 1477 2128 D CompatibilityChangeReporter: Compat change id reported: 218533173; UID 10018; state: ENABLED
01-20 19:07:04.251 1477 2128 D CompatibilityChangeReporter: Compat change id reported: 218533173; UID 10084; state: ENABLED
01-20 19:07:04.252 1477 2128 D CompatibilityChangeReporter: Compat change id reported: 218533173; UID 10066; state: ENABLED
01-20 19:07:04.254 1477 1521 D CompatibilityChangeReporter: Compat change id reported: 168419799; UID 1073; state: DISABLED
01-20 19:07:04.254 1477 2128 D CompatibilityChangeReporter: Compat change id reported: 218533173; UID 10102; state: ENABLED
01-20 19:07:04.254 1477 1521 D CompatibilityChangeReporter: Compat change id reported: 273564678; UID 1073; state: DISABLED
01-20 19:07:04.255 1477 2128 D CompatibilityChangeReporter: Compat change id reported: 218533173; UID 10136; state: DISABLED
01-20 19:07:04.255 1477 2128 D CompatibilityChangeReporter: Compat change id reported: 218533173; UID 10042; state: ENABLED
01-20 19:07:04.256 1477 2128 D CompatibilityChangeReporter: Compat change id reported: 218533173; UID 10025; state: ENABLED
01-20 19:07:04.257 1477 2128 D CompatibilityChangeReporter: Compat change id reported: 218533173; UID 10099; state: ENABLED
01-20 19:07:04.257 1477 2128 D CompatibilityChangeReporter: Compat change id reported: 218533173; UID 10011; state: ENABLED
01-20 19:07:04.258 1477 2128 D CompatibilityChangeReporter: Compat change id reported: 218533173; UID 10026; state: ENABLED
01-20 19:07:04.258 1477 2147 D CompatibilityChangeReporter: Compat change id reported: 157233955; UID 10135; state: ENABLED
01-20 19:07:04.258 1477 2128 D CompatibilityChangeReporter: Compat change id reported: 218533173; UID 10127; state: ENABLED
01-20 19:07:04.260 1477 1521 D CompatibilityChangeReporter: Compat change id reported: 168419799; UID 1073; state: DISABLED
01-20 19:07:04.260 1477 1521 D CompatibilityChangeReporter: Compat change id reported: 273564678; UID 1073; state: DISABLED
01-20 19:07:04.261 1477 1477 I PackageWatchdog: Syncing health check requests for packages: {}
01-20 19:07:04.261 1477 1477 I ExplicitHealthCheckController: Service not ready to get health check supported packages. Binding...
01-20 19:07:04.262 1477 2147 D CompatibilityChangeReporter: Compat change id reported: 168419799; UID 1001; state: DISABLED
01-20 19:07:04.262 1477 2147 D CompatibilityChangeReporter: Compat change id reported: 273564678; UID 1001; state: DISABLED
01-20 19:07:04.263 1477 1756 W ActivityManager: Slow operation: 262ms so far, now at startProcess: returned from zygote!
01-20 19:07:04.265 1477 2128 D CompatibilityChangeReporter: Compat change id reported: 218533173; UID 10016; state: ENABLED
01-20 19:07:04.265 1477 1477 I ExplicitHealthCheckController: Explicit health check service is bound
01-20 19:07:04.265 1477 2128 D CompatibilityChangeReporter: Compat change id reported: 218533173; UID 10092; state: ENABLED
01-20 19:07:04.266 1477 1756 W ActivityManager: Slow operation: 264ms so far, now at startProcess: done updating battery stats
01-20 19:07:04.266 1477 1756 I Watchdog: Interesting Java process com.android.phone started. Pid 2434
01-20 19:07:04.266 1477 1756 W ActivityManager: Slow operation: 265ms so far, now at startProcess: building log message
01-20 19:07:04.266 1477 1756 I ActivityManager: Start proc 2434:com.android.phone/1001 for added application com.android.phone
01-20 19:07:04.266 1477 1756 W ActivityManager: Slow operation: 265ms so far, now at startProcess: starting to update pids map
01-20 19:07:04.266 1477 2128 D CompatibilityChangeReporter: Compat change id reported: 218533173; UID 10052; state: ENABLED
01-20 19:07:04.266 1477 1756 W ActivityManager: Slow operation: 265ms so far, now at startProcess: done updating pids map
01-20 19:07:04.266 1477 1756 W ActivityManager: Slow operation: 95ms so far, now at startProcess: asking zygote to start proc
01-20 19:07:04.267 1477 2128 D CompatibilityChangeReporter: Compat change id reported: 218533173; UID 10069; state: ENABLED
01-20 19:07:04.268 1477 2128 D CompatibilityChangeReporter: Compat change id reported: 218533173; UID 10062; state: ENABLED
01-20 19:07:04.269 1477 2128 D CompatibilityChangeReporter: Compat change id reported: 218533173; UID 10129; state: DISABLED
01-20 19:07:04.270 1477 2128 D CompatibilityChangeReporter: Compat change id reported: 218533173; UID 10010; state: ENABLED
01-20 19:07:04.271 1477 2128 D CompatibilityChangeReporter: Compat change id reported: 218533173; UID 10162; state: DISABLED
01-20 19:07:04.272 1477 2128 D CompatibilityChangeReporter: Compat change id reported: 218533173; UID 10073; state: ENABLED
01-20 19:07:04.275 1477 2128 D CompatibilityChangeReporter: Compat change id reported: 218533173; UID 10090; state: ENABLED
01-20 19:07:04.276 1477 2128 D CompatibilityChangeReporter: Compat change id reported: 218533173; UID 10002; state: ENABLED
01-20 19:07:04.276 1477 1756 W ActivityManager: Slow operation: 105ms so far, now at startProcess: returned from zygote!
01-20 19:07:04.277 1477 1756 W ActivityManager: Slow operation: 105ms so far, now at startProcess: done updating battery stats
01-20 19:07:04.277 1477 1756 W ActivityManager: Slow operation: 105ms so far, now at startProcess: building log message
01-20 19:07:04.277 1477 1756 I ActivityManager: Start proc 2476:com.android.settings/1000 for top-activity {com.android.settings/com.android.settings.FallbackHome}
01-20 19:07:04.277 1477 1756 W ActivityManager: Slow operation: 106ms so far, now at startProcess: starting to update pids map
01-20 19:07:04.277 1477 2128 D CompatibilityChangeReporter: Compat change id reported: 218533173; UID 10106; state: ENABLED
01-20 19:07:04.277 1477 1756 W ActivityManager: Slow operation: 106ms so far, now at startProcess: done updating pids map
01-20 19:07:04.277 1477 1756 W ActivityManager: Slow operation: 66ms so far, now at startProcess: asking zygote to start proc
01-20 19:07:04.277 1477 1756 D CompatibilityChangeReporter: Compat change id reported: 143937733; UID 10158; state: ENABLED
01-20 19:07:04.277 1477 2128 D CompatibilityChangeReporter: Compat change id reported: 218533173; UID 10110; state: ENABLED
01-20 19:07:04.277 1477 2128 D CompatibilityChangeReporter: Compat change id reported: 218533173; UID 10107; state: ENABLED
01-20 19:07:04.278 1477 2128 D CompatibilityChangeReporter: Compat change id reported: 218533173; UID 10115; state: DISABLED
01-20 19:07:04.278 1477 2128 D CompatibilityChangeReporter: Compat change id reported: 218533173; UID 10130; state: DISABLED
01-20 19:07:04.278 1477 2128 D CompatibilityChangeReporter: Compat change id reported: 218533173; UID 10030; state: ENABLED
01-20 19:07:04.278 1477 2128 D CompatibilityChangeReporter: Compat change id reported: 218533173; UID 10158; state: DISABLED
01-20 19:07:04.278 1477 2128 D CompatibilityChangeReporter: Compat change id reported: 218533173; UID 10148; state: ENABLED
01-20 19:07:04.279 1477 2128 D CompatibilityChangeReporter: Compat change id reported: 218533173; UID 10081; state: ENABLED
01-20 19:07:04.279 1477 2128 D CompatibilityChangeReporter: Compat change id reported: 218533173; UID 10100; state: ENABLED
01-20 19:07:04.279 1477 2128 D CompatibilityChangeReporter: Compat change id reported: 218533173; UID 10080; state: ENABLED
01-20 19:07:04.284 1477 2467 D CompatibilityChangeReporter: Compat change id reported: 168419799; UID 10109; state: DISABLED
01-20 19:07:04.285 1477 2467 D CompatibilityChangeReporter: Compat change id reported: 273564678; UID 10109; state: DISABLED
01-20 19:07:04.285 1477 2128 D CompatibilityChangeReporter: Compat change id reported: 218533173; UID 10101; state: ENABLED
01-20 19:07:04.286 1477 2128 D CompatibilityChangeReporter: Compat change id reported: 218533173; UID 10124; state: ENABLED
01-20 19:07:04.286 1477 2128 D CompatibilityChangeReporter: Compat change id reported: 218533173; UID 10015; state: ENABLED
01-20 19:07:04.286 1477 2128 D CompatibilityChangeReporter: Compat change id reported: 218533173; UID 10012; state: ENABLED
01-20 19:07:04.286 1477 2128 D CompatibilityChangeReporter: Compat change id reported: 218533173; UID 10034; state: ENABLED
01-20 19:07:04.289 1477 2467 D CompatibilityChangeReporter: Compat change id reported: 168419799; UID 1068; state: DISABLED
01-20 19:07:04.289 1477 2467 D CompatibilityChangeReporter: Compat change id reported: 273564678; UID 1068; state: DISABLED
01-20 19:07:04.292 1477 1756 W ActivityManager: Slow operation: 81ms so far, now at startProcess: returned from zygote!
01-20 19:07:04.294 1477 2128 D CompatibilityChangeReporter: Compat change id reported: 218533173; UID 10087; state: ENABLED
01-20 19:07:04.294 1477 1756 W ActivityManager: Slow operation: 82ms so far, now at startProcess: done updating battery stats
01-20 19:07:04.294 1477 1756 W ActivityManager: Slow operation: 82ms so far, now at startProcess: building log message
01-20 19:07:04.294 1477 1756 I ActivityManager: Start proc 2490:android.ext.services/u0a158 for service {android.ext.services/android.ext.services.autofill.InlineSuggestionRenderServiceImpl}
01-20 19:07:04.294 1477 1756 W ActivityManager: Slow operation: 83ms so far, now at startProcess: starting to update pids map
01-20 19:07:04.294 1477 1756 W ActivityManager: Slow operation: 83ms so far, now at startProcess: done updating pids map
01-20 19:07:04.295 1477 2128 D CompatibilityChangeReporter: Compat change id reported: 218533173; UID 10050; state: ENABLED
01-20 19:07:04.296 1477 2128 D CompatibilityChangeReporter: Compat change id reported: 218533173; UID 10055; state: ENABLED
01-20 19:07:04.296 1477 2128 D CompatibilityChangeReporter: Compat change id reported: 218533173; UID 10082; state: ENABLED
01-20 19:07:04.297 1477 2128 D CompatibilityChangeReporter: Compat change id reported: 218533173; UID 10153; state: ENABLED
01-20 19:07:04.298 1477 2128 D CompatibilityChangeReporter: Compat change id reported: 218533173; UID 10027; state: ENABLED
01-20 19:07:04.298 1477 1477 D CompatibilityChangeReporter: Compat change id reported: 161145287; UID 1000; state: DISABLED
01-20 19:07:04.299 1477 2128 D CompatibilityChangeReporter: Compat change id reported: 218533173; UID 10128; state: DISABLED
01-20 19:07:04.299 1477 2128 D CompatibilityChangeReporter: Compat change id reported: 171306433; UID 10122; state: ENABLED
01-20 19:07:04.300 1477 2128 D CompatibilityChangeReporter: Compat change id reported: 226439802; UID 10122; state: DISABLED
01-20 19:07:04.300 1477 2128 D CompatibilityChangeReporter: Compat change id reported: 218533173; UID 10039; state: ENABLED
01-20 19:07:04.301 1477 2467 D CompatibilityChangeReporter: Compat change id reported: 168419799; UID 1001; state: DISABLED
01-20 19:07:04.301 1477 2128 D CompatibilityChangeReporter: Compat change id reported: 218533173; UID 10078; state: ENABLED
01-20 19:07:04.301 1477 2467 D CompatibilityChangeReporter: Compat change id reported: 273564678; UID 1001; state: DISABLED
01-20 19:07:04.302 1477 2128 D CompatibilityChangeReporter: Compat change id reported: 218533173; UID 10031; state: ENABLED
01-20 19:07:04.303 1477 2128 D CompatibilityChangeReporter: Compat change id reported: 218533173; UID 10117; state: DISABLED
01-20 19:07:04.303 1477 2128 D CompatibilityChangeReporter: Compat change id reported: 218533173; UID 10046; state: ENABLED
01-20 19:07:04.305 1477 2128 D CompatibilityChangeReporter: Compat change id reported: 218533173; UID 10146; state: ENABLED
01-20 19:07:04.305 1477 2128 D CompatibilityChangeReporter: Compat change id reported: 218533173; UID 10043; state: ENABLED
01-20 19:07:04.306 1477 2128 D CompatibilityChangeReporter: Compat change id reported: 218533173; UID 10068; state: ENABLED
01-20 19:07:04.306 1477 2128 D CompatibilityChangeReporter: Compat change id reported: 218533173; UID 10085; state: ENABLED
01-20 19:07:04.306 1477 1521 I ActivityManager: Process WebViewLoader-armeabi-v7a (pid 2352) has died: psvc PER
01-20 19:07:04.307 1477 2128 D CompatibilityChangeReporter: Compat change id reported: 218533173; UID 10139; state: ENABLED
01-20 19:07:04.309 1477 2128 D CompatibilityChangeReporter: Compat change id reported: 218533173; UID 10119; state: ENABLED
01-20 19:07:04.310 1477 2128 D CompatibilityChangeReporter: Compat change id reported: 218533173; UID 10159; state: ENABLED
01-20 19:07:04.311 1477 2128 D CompatibilityChangeReporter: Compat change id reported: 218533173; UID 10088; state: ENABLED
01-20 19:07:04.312 1477 2128 D CompatibilityChangeReporter: Compat change id reported: 218533173; UID 10058; state: ENABLED
01-20 19:07:04.313 1477 2128 D CompatibilityChangeReporter: Compat change id reported: 218533173; UID 10112; state: ENABLED
01-20 19:07:04.313 1477 2128 D CompatibilityChangeReporter: Compat change id reported: 218533173; UID 10029; state: ENABLED
01-20 19:07:04.314 1477 2128 D CompatibilityChangeReporter: Compat change id reported: 218533173; UID 10051; state: ENABLED
01-20 19:07:04.314 1477 1477 D CompatibilityChangeReporter: Compat change id reported: 168419799; UID 1000; state: DISABLED
01-20 19:07:04.314 1477 1477 D CompatibilityChangeReporter: Compat change id reported: 273564678; UID 1000; state: DISABLED
01-20 19:07:04.318 1477 2128 D CompatibilityChangeReporter: Compat change id reported: 218533173; UID 10041; state: ENABLED
01-20 19:07:04.319 1477 2128 D CompatibilityChangeReporter: Compat change id reported: 218533173; UID 10142; state: ENABLED
01-20 19:07:04.321 1477 2128 D CompatibilityChangeReporter: Compat change id reported: 218533173; UID 10097; state: ENABLED
01-20 19:07:04.325 1477 2128 D CompatibilityChangeReporter: Compat change id reported: 218533173; UID 10109; state: DISABLED
01-20 19:07:04.326 1477 2128 D CompatibilityChangeReporter: Compat change id reported: 218533173; UID 10001; state: ENABLED
01-20 19:07:04.327 1477 2128 D CompatibilityChangeReporter: Compat change id reported: 218533173; UID 10125; state: ENABLED
01-20 19:07:04.327 1477 2128 D CompatibilityChangeReporter: Compat change id reported: 218533173; UID 10144; state: ENABLED
01-20 19:07:04.328 1477 2128 D CompatibilityChangeReporter: Compat change id reported: 218533173; UID 10105; state: DISABLED
