01-20 19:07:19.794 1477 1477 D CompatibilityChangeReporter: Compat change id reported: 161145287; UID 1000; state: DISABLED
01-20 19:07:19.796 1477 1477 D CompatibilityChangeReporter: Compat change id reported: 171306433; UID 1000; state: ENABLED
01-20 19:07:19.796 1477 1477 D CompatibilityChangeReporter: Compat change id reported: 218533173; UID 1000; state: ENABLED
01-20 19:07:19.815 1477 1756 I ActivityManager: Start proc 3873:org.lineageos.profiles/u0a145 for service {org.lineageos.profiles/org.lineageos.profiles.ProfilesTrustAgent}
01-20 19:07:19.861 0 0 I binder : 3873:3873 ioctl 40046210 7fc4f5dd40 returned -22
01-20 19:07:19.867 1477 2147 D CompatibilityChangeReporter: Compat change id reported: 168419799; UID 10145; state: DISABLED
01-20 19:07:19.867 1477 2147 D CompatibilityChangeReporter: Compat change id reported: 273564678; UID 10145; state: DISABLED
01-20 19:07:19.893 767 767 I keystore2: keystore2::authorization: on_lock_screen_event(LockScreenEvent(0), user_id=0, password.is_some()=true, unlocking_sids=None)
01-20 19:07:19.921 1477 2147 D CompatibilityChangeReporter: Compat change id reported: 161145287; UID 10145; state: DISABLED
01-20 19:07:19.922 1477 3517 I LockSettingsService: Unlocking user 0 with secret only, length 32
01-20 19:07:19.923 1477 3517 D LockSettingsService: unlockUser finished
01-20 19:07:19.923 1477 3517 D SystemServerTiming: finishUserUnlocking-0
01-20 19:07:19.923 1477 3517 W ActivityManager: UserLifecycleEvent 5 received without an active userJourneySession.
01-20 19:07:19.923 1477 3517 V SystemServerTiming: finishUserUnlocking-0 took to complete: 0ms
01-20 19:07:19.923 1477 3517 D LockSettingsService: unlockUser finished
01-20 19:07:19.923 1477 3517 I LockSettingsService: Disabling escrow token on user 0
01-20 19:07:20.034 1477 2728 D ActivityTaskManager: Top Process State changed to PROCESS_STATE_TOP
01-20 19:07:20.044 1477 2728 V SplashScreenExceptionList: SplashScreen checking exception for package com.android.systemui (target sdk:33) -> false
01-20 19:07:20.430 1477 1477 D BiometricService: Sensor ID(0), oemStrength: 15, updatedStrength: 15, modality 2, state: 0, cookie: 0, sensorId 0, hasEnrollments: false cannot participate in Keystore operations
01-20 19:07:20.437 767 767 I keystore2: keystore2::authorization: on_lock_screen_event(LockScreenEvent(0), user_id=0, password.is_some()=false, unlocking_sids=Some([]))
01-20 19:07:20.440 0 0 I tfa98xx_hw_params(): tfa98xx_hw_params: tfa98xx_profile 0
01-20 19:07:20.451 0 0 E i2c-msm-v2 c17a000.i2c: NACK: slave not responding, ensure its powered: msgs(n:1 cur:0 tx) bc(rx:0 tx:4) mode:FIFO slv_addr:0x28 MSTR_STS:0x0d1300c8 OPER:0x00000090
01-20 19:07:20.451 0 0 E pn547_dev_write: i2c_master_send returned -107
01-20 19:07:20.472 0 0 I _tfa98xx_mute(): _tfa98xx_mute: ram_exception=-1, mute=0 stream=1
01-20 19:07:20.472 0 0 I _tfa98xx_mute(): mute:0 [pstream 0, cstream 1, samstream 0]
01-20 19:07:20.472 0 0 I _tfa98xx_mute(): unmute is suspended when only cstream is on
01-20 19:07:20.478 0 0 I tfa98xx_hw_params(): tfa98xx_hw_params: tfa98xx_profile 0
01-20 19:07:20.481 0 0 E : msm_pcm_compress_ctl_get substream runtime not found
01-20 19:07:20.481 0 0 E : msm_pcm_compress_ctl_put substream runtime not found
01-20 19:07:20.483 0 0 I __afe_port_start: [NXP] afe_apr_send_pkt[AFE_PORT_CMD_DEVICE_START] enter
01-20 19:07:20.484 0 0 I __afe_port_start: [NXP] afe_apr_send_pkt[AFE_PORT_CMD_DEVICE_START] exit
01-20 19:07:20.488 0 0 I afe_callback: AFE_EVENT_TFADSP_STATE_INIT data = 0x0
01-20 19:07:20.490 0 0 I _tfa98xx_mute(): _tfa98xx_mute: ram_exception=-1, mute=0 stream=0
01-20 19:07:20.490 0 0 I _tfa98xx_mute(): mute:0 [pstream 1, cstream 1, samstream 0]
01-20 19:07:20.490 0 0 I _tfa98xx_mute(): _tfa98xx_mute: start tfa amp
01-20 19:07:20.491 0 0 I tfa98xx_dsp_init_work(): tfa98xx_dsp_init_work: enter with profile 0
01-20 19:07:20.491 0 0 I tfa98xx_dsp_init(): tfa98xx_dsp_init: ...
01-20 19:07:20.491 0 0 I tfa_start: tfa98xx_log_start_cnt=2 next_profile 0
01-20 19:07:20.492 0 0 E q6core_get_service_version: Failed to get service size for service id 7 with error -95
01-20 19:07:20.492 0 0 I tfa_run_speaker_boost: cold boot, ext_dsp = 1, profile = 0
01-20 19:07:20.492 0 0 I tfa_run_speaker_boost: cold start, speaker startup
01-20 19:07:20.493 0 0 E q6asm_callback: payload size of 8 is less than expected.
01-20 19:07:20.494 0 0 E q6asm_callback: payload size of 8 is less than expected.
01-20 19:07:20.494 0 0 E q6core_get_service_version: Failed to get service size for service id 8 with error -95
01-20 19:07:20.501 0 0 E q6core_get_service_version: Failed to get service size for service id 7 with error -95
01-20 19:07:20.502 0 0 E q6asm_callback: payload size of 8 is less than expected.
01-20 19:07:20.506 0 0 F tspdrv : ! ImmVibeSPI_ForceOut_AmpDisable.
01-20 19:07:20.507 0 0 E q6asm_callback: payload size of 8 is less than expected.
01-20 19:07:20.528 0 0 I tfa_cont_write_vstepMax2_One: is_cold 1
01-20 19:07:20.528 0 0 I P-ID : cmdid[2]=0x02 to 0x00
01-20 19:07:20.528 0 0 I tfa_cont_write_vstepMax2_One: is_cold 1
01-20 19:07:20.528 0 0 I tfa_cont_write_vstepMax2_One: is_cold 1
01-20 19:07:20.528 0 0 I P-ID : cmdid[2]=0x08 to 0x07
01-20 19:07:20.532 0 0 I afe_callback: AFE_PORT_CMD_SET_PARAM_V3 , data->token = 38, payload = 65775, 0
01-20 19:07:20.533 0 0 I afe_callback: AFE_PORT_CMD_SET_PARAM_V3 , data->token = 38, payload = 65775, 0
01-20 19:07:20.533 0 0 I afe_callback: AFE_PORT_CMD_SET_PARAM_V3 , data->token = 38, payload = 65775, 0
01-20 19:07:20.533 0 0 I afe_callback: AFE_PORT_CMD_SET_PARAM_V3 , data->token = 38, payload = 65775, 0
01-20 19:07:20.533 0 0 I afe_callback: AFE_PORT_CMD_SET_PARAM_V3 , data->token = 38, payload = 65775, 0
01-20 19:07:20.534 0 0 I afe_callback: AFE_PORT_CMD_SET_PARAM_V3 , data->token = 38, payload = 65775, 0
01-20 19:07:20.534 0 0 I afe_tfa_dsp_send_msg: [0]:0xff-[1]:0xff-[2]:0x0-[3]:0x74, [4]:0x0-[5]:0x0, packet_id:65535, packet_size:116
01-20 19:07:20.534 0 0 I afe_callback: TFADSP is configured
01-20 19:07:20.534 0 0 I afe_callback: AFE_PORT_CMD_SET_PARAM_V3 , data->token = 38, payload = 65775, 0
01-20 19:07:20.535 0 0 I tfa_set_calibration_values: calibration data: 5963
01-20 19:07:20.535 0 0 I tfa_start: [cold] device:TFA profile:music
01-20 19:07:20.592 1477 2147 D SystemServerTiming: getUserSwitchability-0
01-20 19:07:20.592 1477 2147 D SystemServerTiming: TM.isInCall
01-20 19:07:20.593 1477 2147 V SystemServerTiming: TM.isInCall took to complete: 0ms
01-20 19:07:20.593 1477 2147 D SystemServerTiming: hasUserRestriction-DISALLOW_USER_SWITCH
01-20 19:07:20.593 1477 2147 V SystemServerTiming: hasUserRestriction-DISALLOW_USER_SWITCH took to complete: 0ms
01-20 19:07:20.593 1477 2147 D SystemServerTiming: getInt-ALLOW_USER_SWITCHING_WHEN_SYSTEM_USER_LOCKED
01-20 19:07:20.593 1477 2147 V SystemServerTiming: getInt-ALLOW_USER_SWITCHING_WHEN_SYSTEM_USER_LOCKED took to complete: 0ms
01-20 19:07:20.593 1477 2147 D SystemServerTiming: isUserUnlocked-USER_SYSTEM
01-20 19:07:20.593 1477 2147 V SystemServerTiming: isUserUnlocked-USER_SYSTEM took to complete: 0ms
01-20 19:07:20.593 1477 2147 V SystemServerTiming: getUserSwitchability-0 took to complete: 1ms
01-20 19:07:20.693 1477 1701 I UsbPortManager: USB HAL HIDL version: 10
01-20 19:07:21.004 0 0 I binder : 691:691 ioctl c018620c 7ff5f93a30 returned -22
01-20 19:07:21.754 0 0 I : [Touch] 1 finger pressed:<0>(1186,1687, 50)
01-20 19:07:21.827 0 0 I : [Touch] finger released:<0>(1189,1682, 53)
01-20 19:07:21.866 1477 1701 D AdbDebuggingManager: Logging key QAAAAMuVJKQdGHAzmWLItU5ZER6m1l1U0nmB7fezKLte5kZiex8uOhDEItVoypoaejN4BvFjCngd8SaJwhqpVY5KNe4shZ6fNFZDUjB4l2IjuxyIYoY/RlNPd1YWtMg0rCdGxEWh/LoPWkxT6faV8e8Ney7Dd8kJsLeJhWm/7V66zKlBFn7T88asKfwGIPiJMF8vLJMDQ68X0VM0aKZyCcjpBz9E6rlFKzEUvu2hUN5SBTAYPYX8a9/3Wczzzk+yD6GOE0oM6i8Xf2G7STpTeAn7mrQOhzA8fBUN3FTDmqYMLkfB9NY+dI13YcxZy6ymV82R6F0sgdTJtM5Y5tzx/6BMQArzky+R6yVpsJ/u2lk+lyK9MLvwiliP/DiDhkw5/CsnGQPxRKP7/Irzn9mBk/A+4kMvdNjc69nW1ZCHpI92YUuaS334eON5zGorWvdzefr/biOhOr7fLII6Wx9MByrLV2ADf+PQK1LrnAOQktiGHyqp8bEkIh3lNdnrWGub86Fv3yIzCisqdvjwANjQrbc6AszHJRJBH7Bvs7E++wood1lWaPSXBp1hoG9UR+SatK05ZXEdv2demGGRXVjBcls5q+Yv0Sdt9m4IrzULYd+8XJJd2G6RmQmKrUkV1tJFIh/TqQCasb6+NzJ0P5nH9FKgnt4pBnnKa682WO3H9HjkSqkxFdiMdgEAAQA= colin@colinYogaPro, state = 2, alwaysAllow = false, lastConnectionTime = 0, authWindow = 604800000
01-20 19:07:21.898 1477 2492 I ActivityTaskManager: START u0 {act=android.intent.action.MAIN cat=[android.intent.category.HOME] flg=0x10000100 cmp=com.android.launcher3/.uioverrides.QuickstepLauncher (has extras)} from uid 0
01-20 19:07:21.899 1477 2492 D CompatibilityChangeReporter: Compat change id reported: 265464455; UID 10143; state: DISABLED
01-20 19:07:21.900 1477 2492 D CompatibilityChangeReporter: Compat change id reported: 265452344; UID 10143; state: DISABLED
01-20 19:07:21.900 1477 2492 D CompatibilityChangeReporter: Compat change id reported: 266124927; UID 10143; state: DISABLED
01-20 19:07:21.901 1477 2492 D CompatibilityChangeReporter: Compat change id reported: 265451093; UID 10143; state: DISABLED
01-20 19:07:21.902 1477 2492 D CompatibilityChangeReporter: Compat change id reported: 265456536; UID 10143; state: DISABLED
01-20 19:07:21.903 1477 2492 D CompatibilityChangeReporter: Compat change id reported: 255940284; UID 10143; state: DISABLED
01-20 19:07:21.904 1477 2492 D CompatibilityChangeReporter: Compat change id reported: 236283604; UID 10143; state: DISABLED
01-20 19:07:21.904 1477 2492 D CompatibilityChangeReporter: Compat change id reported: 263959004; UID 10143; state: DISABLED
01-20 19:07:21.904 1477 2492 D CompatibilityChangeReporter: Compat change id reported: 264304459; UID 10143; state: DISABLED
01-20 19:07:21.904 1477 2492 D CompatibilityChangeReporter: Compat change id reported: 264301586; UID 10143; state: DISABLED
01-20 19:07:21.904 1477 2492 D CompatibilityChangeReporter: Compat change id reported: 254631730; UID 10143; state: DISABLED
01-20 19:07:21.905 1477 2492 D CompatibilityChangeReporter: Compat change id reported: 273509367; UID 10143; state: DISABLED
01-20 19:07:21.905 1477 2492 D CompatibilityChangeReporter: Compat change id reported: 263259275; UID 10143; state: DISABLED
01-20 19:07:21.910 1477 2492 D CompatibilityChangeReporter: Compat change id reported: 184838306; UID 10143; state: DISABLED
01-20 19:07:21.911 1477 2492 D CompatibilityChangeReporter: Compat change id reported: 185004937; UID 10143; state: DISABLED
01-20 19:07:21.911 1477 2492 D CompatibilityChangeReporter: Compat change id reported: 181136395; UID 10143; state: DISABLED
01-20 19:07:21.911 1477 2492 D CompatibilityChangeReporter: Compat change id reported: 174042936; UID 10143; state: DISABLED
01-20 19:07:21.911 1477 2492 D CompatibilityChangeReporter: Compat change id reported: 174042980; UID 10143; state: DISABLED
01-20 19:07:21.912 1477 2492 D CompatibilityChangeReporter: Compat change id reported: 194480991; UID 10143; state: ENABLED
01-20 19:07:21.915 1477 2492 D CompatibilityChangeReporter: Compat change id reported: 197654537; UID 10143; state: ENABLED
01-20 19:07:21.919 1477 2492 D CompatibilityChangeReporter: Compat change id reported: 168419799; UID 10143; state: DISABLED
01-20 19:07:21.919 1477 2492 D CompatibilityChangeReporter: Compat change id reported: 273564678; UID 10143; state: DISABLED
01-20 19:07:22.025 0 0 I PMI : override_handle_chg_state_change: chg_state_change to 0x3
01-20 19:07:22.025 0 0 I PMI : smblib_handle_chg_state_change: IRQ: chg-state-change
01-20 19:07:22.025 0 0 E VENEER : psy_external_changed: externally changed : B:VOLTAGE_NOW B:TEMP
01-20 19:07:22.025 0 0 E VENEER : update_veneer_supplier: POWER_SUPPLY_PROP_REAL_TYPE = 4
01-20 19:07:22.025 0 0 E UNINODE : charger_incompatible_store: Storing 0
01-20 19:07:22.025 0 0 E VENEER : update_veneer_uninodes: mw_now = 2500
01-20 19:07:22.025 0 0 E UNINODE : charger_highspeed_store: Storing 0
01-20 19:07:22.025 0 0 E UNINODE : charger_name_store: Storing USB2
01-20 19:07:22.030 0 0 W healthd : battery l=100 v=4387 t=29.7 h=2 st=5 c=-204589 fc=2752000 cc=23 chg=u
01-20 19:07:22.048 1477 2580 D WallpaperManagerService: WPMS.saveSettingsLocked-0
01-20 19:07:22.050 2241 3909 D PowerUI : can't show warning due to - plugged: true status unknown: false
01-20 19:07:22.053 1477 2580 V WallpaperManagerService: WPMS.saveSettingsLocked-0 took to complete: 4ms
01-20 19:07:22.156 1477 2580 W ActivityManager: Unable to start service Intent { act=com.android.launcher3.WINDOW_OVERLAY dat=app://com.android.launcher3:10143/... pkg=com.google.android.googlequicksearchbox } U=0: not found
01-20 19:07:22.161 1477 2492 W ActivityManager: Unable to start service Intent { act=com.android.launcher3.WINDOW_OVERLAY dat=app://com.android.launcher3:10143/... pkg=com.google.android.googlequicksearchbox } U=0: not found
01-20 19:07:22.173 1477 2580 D CoreBackPreview: Window{f008998 u0 com.android.launcher3/com.android.launcher3.uioverrides.QuickstepLauncher}: Setting back callback OnBackInvokedCallbackInfo{mCallback=android.window.IOnBackInvokedCallback$Stub$Proxy@9f5d6, mPriority=0}
01-20 19:07:22.381 1477 2580 D CoreBackPreview: Window{5e994d0 u0 com.android.systemui/com.android.systemui.usb.UsbDebuggingActivity}: Setting back callback null
01-20 19:07:22.397 1477 2580 D CompatibilityChangeReporter: Compat change id reported: 214016041; UID 10143; state: ENABLED
01-20 19:07:22.401 1477 2580 D CompatibilityChangeReporter: Compat change id reported: 168419799; UID 10128; state: DISABLED
01-20 19:07:22.401 1477 2580 D CompatibilityChangeReporter: Compat change id reported: 273564678; UID 10128; state: DISABLED
01-20 19:07:22.493 0 0 E pn547_dev_read: no more interrupt after 2000ms (0)!
01-20 19:07:22.498 1477 2580 D CompatibilityChangeReporter: Compat change id reported: 161145287; UID 10128; state: DISABLED
01-20 19:07:22.535 1477 2492 W ActivityTaskManager: Current config: {1.0 302mcc220mnc [en_CA] ldltr sw427dp w427dp h777dp 540dpi nrml long hdr port night finger -keyb/v/h -nav/h winConfig={ mBounds=Rect(0, 0 - 1440, 2880) mAppBounds=Rect(0, 0 - 1440, 2718) mMaxBounds=Rect(0, 0 - 1440, 2880) mDisplayRotation=ROTATION_0 mWindowingMode=fullscreen mDisplayWindowingMode=fullscreen mActivityType=undefined mAlwaysOnTop=undefined mRotation=ROTATION_0} as.2 s.53 fontWeightAdjustment=0} unchanged for IME proc com.android.inputmethod.latin
01-20 19:07:22.535 1477 2492 W ActivityTaskManager: Current config: {1.0 302mcc220mnc [en_CA] ldltr sw427dp w427dp h777dp 540dpi nrml long hdr port night finger -keyb/v/h -nav/h winConfig={ mBounds=Rect(0, 0 - 1440, 2880) mAppBounds=Rect(0, 0 - 1440, 2718) mMaxBounds=Rect(0, 0 - 1440, 2880) mDisplayRotation=ROTATION_0 mWindowingMode=fullscreen mDisplayWindowingMode=fullscreen mActivityType=undefined mAlwaysOnTop=undefined mRotation=ROTATION_0} as.2 s.53 fontWeightAdjustment=0} unchanged for IME proc com.android.inputmethod.latin
01-20 19:07:22.537 1477 2492 D CoreBackPreview: Window{e8a9d3f u0 InputMethod}: Setting back callback OnBackInvokedCallbackInfo{mCallback=android.window.IOnBackInvokedCallback$Stub$Proxy@a8ac6f8, mPriority=0}
01-20 19:07:22.704 0 0 W : IRQ5 no longer affine to CPU6
01-20 19:07:22.900 0 0 I PMI : override_handle_chg_state_change: chg_state_change to 0x4
01-20 19:07:22.900 0 0 I PMI : smblib_handle_chg_state_change: IRQ: chg-state-change
01-20 19:07:22.900 0 0 E VENEER : psy_external_changed: externally changed : B:VOLTAGE_NOW
01-20 19:07:22.900 0 0 E VENEER : update_veneer_supplier: POWER_SUPPLY_PROP_REAL_TYPE = 4
01-20 19:07:22.900 0 0 E UNINODE : charger_incompatible_store: Storing 0
01-20 19:07:22.900 0 0 E VENEER : update_veneer_uninodes: mw_now = 2500
01-20 19:07:22.900 0 0 E UNINODE : charger_highspeed_store: Storing 0
01-20 19:07:22.900 0 0 E UNINODE : charger_name_store: Storing USB2
01-20 19:07:22.902 0 0 I PL_AWAKE: effective vote is now 1 voted by TAPER_END_VOTER,1
01-20 19:07:22.903 0 0 I PL_AWAKE: effective vote is now 0 voted by TAPER_END_VOTER,1
01-20 19:07:22.908 0 0 W healthd : battery l=100 v=4382 t=29.7 h=2 st=5 c=-248535 fc=2752000 cc=23 chg=u
01-20 19:07:22.917 2241 3927 D PowerUI : can't show warning due to - plugged: true status unknown: false
01-20 19:07:25.000 0 0 I _tfa98xx_mute(): _tfa98xx_mute: ram_exception=-1, mute=1 stream=0
01-20 19:07:25.000 0 0 I _tfa98xx_mute(): mute:1 [pstream 0, cstream 1, samstream 0]
01-20 19:07:25.000 0 0 I _tfa98xx_stop(): _tfa98xx_stop: stop tfa amp
01-20 19:07:25.016 0 0 E q6asm_callback: payload size of 8 is less than expected.
01-20 19:07:25.024 0 0 I afe_close: [NXP] afe_apr_send_pkt[AFE_PORT_CMD_DEVICE_STOP] enter
01-20 19:07:25.027 0 0 I afe_callback: AFE_EVENT_TFADSP_STATE_CLOSE data = 0x0
01-20 19:07:25.029 0 0 I afe_close: [NXP] afe_apr_send_pkt[AFE_PORT_CMD_DEVICE_STOP] exit
01-20 19:07:25.040 0 0 I _tfa98xx_mute(): _tfa98xx_mute: ram_exception=-1, mute=1 stream=1
01-20 19:07:25.040 0 0 I _tfa98xx_mute(): mute:1 [pstream 0, cstream 0, samstream 0]
01-20 19:07:25.040 0 0 I _tfa98xx_stop(): _tfa98xx_stop: stop tfa amp
01-20 19:07:26.003 0 0 I binder : 691:691 ioctl c018620c 7ff5f93a30 returned -22
01-20 19:07:26.310 1477 1755 I ActivityManager: Waited long enough for: ServiceRecord{52d826f u0 com.aurora.store/.data.service.NotificationService}
01-20 19:07:27.039 0 0 I pet_watchdog [enable: 1, jiffies : 4294941341, delay_time : 1000]
01-20 19:07:27.700 1477 2128 D OomAdjuster: Not killing cached processes
01-20 19:07:27.936 0 0 I : [Touch] 1 finger pressed:<0>( 463,2599, 41)
01-20 19:07:27.992 0 0 E __layer_param_check: invalid source image img flag=0 wh=1472x176 rect=0,0,720,2880
01-20 19:07:27.992 0 0 E __validate_layers: layer:6 validation failed ret=-22
01-20 19:07:27.992 0 0 E mdss_fb_atomic_commit_ioctl: atomic commit failed ret:-22
01-20 19:07:28.005 0 0 I : [Touch] finger released:<0>( 464,2607, 44)
01-20 19:07:28.017 1477 2728 D CompatibilityChangeReporter: Compat change id reported: 161252188; UID 10123; state: DISABLED
01-20 19:07:28.017 1477 2728 I ActivityTaskManager: START u0 {act=android.intent.action.MAIN cat=[android.intent.category.LAUNCHER] flg=0x10200000 pkg=com.android.messaging cmp=com.android.messaging/.ui.conversationlist.ConversationListActivity bnds=[305,2502][582,2715]} from uid 10143
01-20 19:07:28.018 1477 2728 D CompatibilityChangeReporter: Compat change id reported: 265464455; UID 10123; state: DISABLED
01-20 19:07:28.019 1477 2728 D CompatibilityChangeReporter: Compat change id reported: 265452344; UID 10123; state: DISABLED
01-20 19:07:28.019 1477 2728 D CompatibilityChangeReporter: Compat change id reported: 266124927; UID 10123; state: DISABLED
01-20 19:07:28.019 1477 2728 D CompatibilityChangeReporter: Compat change id reported: 265451093; UID 10123; state: DISABLED
01-20 19:07:28.019 1477 2728 D CompatibilityChangeReporter: Compat change id reported: 265456536; UID 10123; state: DISABLED
01-20 19:07:28.019 1477 2728 D CompatibilityChangeReporter: Compat change id reported: 255940284; UID 10123; state: DISABLED
01-20 19:07:28.019 1477 2728 D CompatibilityChangeReporter: Compat change id reported: 236283604; UID 10123; state: DISABLED
01-20 19:07:28.019 1477 2728 D CompatibilityChangeReporter: Compat change id reported: 263959004; UID 10123; state: DISABLED
01-20 19:07:28.019 1477 2728 D CompatibilityChangeReporter: Compat change id reported: 264304459; UID 10123; state: DISABLED
01-20 19:07:28.019 1477 2728 D CompatibilityChangeReporter: Compat change id reported: 264301586; UID 10123; state: DISABLED
01-20 19:07:28.020 1477 2728 D CompatibilityChangeReporter: Compat change id reported: 254631730; UID 10123; state: DISABLED
01-20 19:07:28.020 1477 2728 D CompatibilityChangeReporter: Compat change id reported: 273509367; UID 10123; state: DISABLED
01-20 19:07:28.020 1477 2728 D CompatibilityChangeReporter: Compat change id reported: 263259275; UID 10123; state: DISABLED
01-20 19:07:28.025 1477 2728 D CompatibilityChangeReporter: Compat change id reported: 194480991; UID 10123; state: ENABLED
01-20 19:07:28.027 1477 2728 D CompatibilityChangeReporter: Compat change id reported: 174042980; UID 10123; state: DISABLED
01-20 19:07:28.019 0 0 I tfa98xx_hw_params(): tfa98xx_hw_params: tfa98xx_profile 0
01-20 19:07:28.022 0 0 E __layer_param_check: invalid source image img flag=0 wh=1472x176 rect=0,0,720,2880
01-20 19:07:28.022 0 0 E __validate_layers: layer:6 validation failed ret=-22
01-20 19:07:28.022 0 0 E mdss_fb_atomic_commit_ioctl: atomic commit failed ret:-22
01-20 19:07:28.030 1477 2728 D CompatibilityChangeReporter: Compat change id reported: 184838306; UID 10123; state: DISABLED
01-20 19:07:28.031 1477 2728 D CompatibilityChangeReporter: Compat change id reported: 185004937; UID 10123; state: DISABLED
01-20 19:07:28.031 1477 2728 D CompatibilityChangeReporter: Compat change id reported: 181136395; UID 10123; state: DISABLED
01-20 19:07:28.031 1477 2728 D CompatibilityChangeReporter: Compat change id reported: 174042936; UID 10123; state: DISABLED
01-20 19:07:28.032 1477 2728 D CompatibilityChangeReporter: Compat change id reported: 197654537; UID 10123; state: DISABLED
01-20 19:07:28.033 1477 2728 V SplashScreenExceptionList: SplashScreen checking exception for package com.android.messaging (target sdk:29) -> false
01-20 19:07:28.034 1477 2728 D CompatibilityChangeReporter: Compat change id reported: 205907456; UID 10123; state: DISABLED
01-20 19:07:28.039 0 0 E __layer_param_check: invalid source image img flag=0 wh=1472x176 rect=0,0,720,2880
01-20 19:07:28.039 0 0 E __validate_layers: layer:6 validation failed ret=-22
01-20 19:07:28.039 0 0 E mdss_fb_atomic_commit_ioctl: atomic commit failed ret:-22
01-20 19:07:28.050 1477 2728 D CompatibilityChangeReporter: Compat change id reported: 194833441; UID 10123; state: DISABLED
01-20 19:07:28.052 1477 2728 D CompatibilityChangeReporter: Compat change id reported: 168419799; UID 10123; state: DISABLED
01-20 19:07:28.052 1477 2728 D CompatibilityChangeReporter: Compat change id reported: 273564678; UID 10123; state: DISABLED
01-20 19:07:28.056 1477 2147 D CoreBackPreview: Window{29db1c3 u0 Splash Screen com.android.messaging}: Setting back callback OnBackInvokedCallbackInfo{mCallback=android.window.IOnBackInvokedCallback$Stub$Proxy@6df4d79, mPriority=0}
01-20 19:07:28.059 0 0 I _tfa98xx_mute(): _tfa98xx_mute: ram_exception=-1, mute=0 stream=1
01-20 19:07:28.059 0 0 I _tfa98xx_mute(): mute:0 [pstream 0, cstream 1, samstream 0]
01-20 19:07:28.059 0 0 I _tfa98xx_mute(): unmute is suspended when only cstream is on
01-20 19:07:28.063 0 0 I tfa98xx_hw_params(): tfa98xx_hw_params: tfa98xx_profile 0
01-20 19:07:28.066 0 0 E : msm_pcm_compress_ctl_get substream runtime not found
01-20 19:07:28.066 0 0 E : msm_pcm_compress_ctl_put substream runtime not found
01-20 19:07:28.068 0 0 I __afe_port_start: [NXP] afe_apr_send_pkt[AFE_PORT_CMD_DEVICE_START] enter
01-20 19:07:28.069 0 0 I __afe_port_start: [NXP] afe_apr_send_pkt[AFE_PORT_CMD_DEVICE_START] exit
01-20 19:07:28.071 0 0 E __layer_param_check: invalid source image img flag=0 wh=1472x176 rect=0,0,720,2880
01-20 19:07:28.071 0 0 E __validate_layers: layer:6 validation failed ret=-22
01-20 19:07:28.072 0 0 E mdss_fb_atomic_commit_ioctl: atomic commit failed ret:-22
01-20 19:07:28.073 0 0 I afe_callback: AFE_EVENT_TFADSP_STATE_INIT data = 0x0
01-20 19:07:28.074 0 0 I _tfa98xx_mute(): _tfa98xx_mute: ram_exception=-1, mute=0 stream=0
01-20 19:07:28.074 0 0 I _tfa98xx_mute(): mute:0 [pstream 1, cstream 1, samstream 0]
01-20 19:07:28.074 0 0 I _tfa98xx_mute(): _tfa98xx_mute: start tfa amp
01-20 19:07:28.075 0 0 I tfa98xx_dsp_init_work(): tfa98xx_dsp_init_work: enter with profile 0
01-20 19:07:28.075 0 0 I tfa98xx_dsp_init(): tfa98xx_dsp_init: ...
01-20 19:07:28.075 0 0 I tfa_start: tfa98xx_log_start_cnt=3 next_profile 0
01-20 19:07:28.076 0 0 E q6core_get_service_version: Failed to get service size for service id 7 with error -95
01-20 19:07:28.077 0 0 E q6asm_callback: payload size of 8 is less than expected.
01-20 19:07:28.078 0 0 E q6asm_callback: payload size of 8 is less than expected.
01-20 19:07:28.078 0 0 E q6core_get_service_version: Failed to get service size for service id 8 with error -95
01-20 19:07:28.079 0 0 I tfa_run_speaker_boost: cold boot, ext_dsp = 1, profile = 0
01-20 19:07:28.079 0 0 I tfa_run_speaker_boost: cold start, speaker startup
01-20 19:07:28.084 0 0 E q6core_get_service_version: Failed to get service size for service id 7 with error -95
01-20 19:07:28.084 0 0 E q6asm_callback: payload size of 8 is less than expected.
01-20 19:07:28.085 0 0 E __layer_param_check: invalid source image img flag=0 wh=1472x176 rect=0,0,720,2880
01-20 19:07:28.085 0 0 E __validate_layers: layer:6 validation failed ret=-22
01-20 19:07:28.085 0 0 E mdss_fb_atomic_commit_ioctl: atomic commit failed ret:-22
01-20 19:07:28.093 0 0 E q6asm_callback: payload size of 8 is less than expected.
01-20 19:07:28.102 0 0 E __layer_param_check: invalid source image img flag=0 wh=1472x176 rect=0,0,720,2880
01-20 19:07:28.102 0 0 E __validate_layers: layer:6 validation failed ret=-22
01-20 19:07:28.102 0 0 E mdss_fb_atomic_commit_ioctl: atomic commit failed ret:-22
01-20 19:07:28.118 0 0 E __layer_param_check: invalid source image img flag=0 wh=1472x176 rect=0,0,720,2880
01-20 19:07:28.118 0 0 E __validate_layers: layer:6 validation failed ret=-22
01-20 19:07:28.118 0 0 E mdss_fb_atomic_commit_ioctl: atomic commit failed ret:-22
01-20 19:07:28.125 0 0 I tfa_cont_write_vstepMax2_One: is_cold 1
01-20 19:07:28.125 0 0 I P-ID : cmdid[2]=0x02 to 0x00
01-20 19:07:28.125 0 0 I tfa_cont_write_vstepMax2_One: is_cold 1
01-20 19:07:28.125 0 0 I tfa_cont_write_vstepMax2_One: is_cold 1
01-20 19:07:28.125 0 0 I P-ID : cmdid[2]=0x08 to 0x07
01-20 19:07:28.128 0 0 I afe_callback: AFE_PORT_CMD_SET_PARAM_V3 , data->token = 38, payload = 65775, 0
01-20 19:07:28.128 0 0 I afe_callback: AFE_PORT_CMD_SET_PARAM_V3 , data->token = 38, payload = 65775, 0
01-20 19:07:28.128 0 0 I afe_callback: AFE_PORT_CMD_SET_PARAM_V3 , data->token = 38, payload = 65775, 0
01-20 19:07:28.129 0 0 I afe_callback: AFE_PORT_CMD_SET_PARAM_V3 , data->token = 38, payload = 65775, 0
01-20 19:07:28.129 0 0 I afe_callback: AFE_PORT_CMD_SET_PARAM_V3 , data->token = 38, payload = 65775, 0
01-20 19:07:28.129 0 0 I afe_callback: AFE_PORT_CMD_SET_PARAM_V3 , data->token = 38, payload = 65775, 0
01-20 19:07:28.129 0 0 I afe_tfa_dsp_send_msg: [0]:0xff-[1]:0xff-[2]:0x0-[3]:0x74, [4]:0x0-[5]:0x0, packet_id:65535, packet_size:116
01-20 19:07:28.129 0 0 I afe_callback: TFADSP is configured
01-20 19:07:28.130 0 0 I afe_callback: AFE_PORT_CMD_SET_PARAM_V3 , data->token = 38, payload = 65775, 0
01-20 19:07:28.130 0 0 I tfa_set_calibration_values: calibration data: 5963
01-20 19:07:28.130 0 0 I tfa_start: [cold] device:TFA profile:music
01-20 19:07:28.134 0 0 E __layer_param_check: invalid source image img flag=0 wh=1472x176 rect=0,0,720,2880
01-20 19:07:28.134 0 0 E __validate_layers: layer:6 validation failed ret=-22
01-20 19:07:28.134 0 0 E mdss_fb_atomic_commit_ioctl: atomic commit failed ret:-22
01-20 19:07:28.225 1477 2492 D CoreBackPreview: Window{2b2447a u0 com.android.messaging/com.android.messaging.ui.conversationlist.ConversationListActivity}: Setting back callback OnBackInvokedCallbackInfo{mCallback=android.window.IOnBackInvokedCallback$Stub$Proxy@55f9088, mPriority=0}
01-20 19:07:28.242 0 0 I PMI : override_handle_chg_state_change: chg_state_change to 0x3
01-20 19:07:28.242 0 0 I PMI : smblib_handle_chg_state_change: IRQ: chg-state-change
01-20 19:07:28.243 0 0 E VENEER : psy_external_changed: externally changed : B:VOLTAGE_NOW B:TEMP
01-20 19:07:28.243 0 0 E VENEER : update_veneer_supplier: POWER_SUPPLY_PROP_REAL_TYPE = 4
01-20 19:07:28.243 0 0 E UNINODE : charger_incompatible_store: Storing 0
01-20 19:07:28.243 0 0 E VENEER : update_veneer_uninodes: mw_now = 2500
01-20 19:07:28.243 0 0 E UNINODE : charger_highspeed_store: Storing 0
01-20 19:07:28.243 0 0 E UNINODE : charger_name_store: Storing USB2
01-20 19:07:28.247 0 0 W healthd : battery l=100 v=4387 t=29.9 h=2 st=5 c=-198730 fc=2752000 cc=23 chg=u
01-20 19:07:28.251 2241 3937 D PowerUI : can't show warning due to - plugged: true status unknown: false
01-20 19:07:28.356 0 0 I binder : 3499:3928 ioctl 40046210 775f4dd164 returned -22
01-20 19:07:28.433 1477 2316 D CompatibilityChangeReporter: Compat change id reported: 214016041; UID 10123; state: DISABLED
01-20 19:07:28.583 0 0 I : [bm] monitoring
01-20 19:07:28.784 1477 2147 D CoreBackPreview: Window{29db1c3 u0 Splash Screen com.android.messaging EXITING}: Setting back callback null
01-20 19:07:29.006 0 0 I PMI : override_handle_chg_state_change: chg_state_change to 0x4
01-20 19:07:29.006 0 0 I PMI : smblib_handle_chg_state_change: IRQ: chg-state-change
01-20 19:07:29.006 0 0 E VENEER : psy_external_changed: externally changed : B:VOLTAGE_NOW
01-20 19:07:29.006 0 0 E VENEER : update_veneer_supplier: POWER_SUPPLY_PROP_REAL_TYPE = 4
01-20 19:07:29.006 0 0 E UNINODE : charger_incompatible_store: Storing 0
01-20 19:07:29.006 0 0 E VENEER : update_veneer_uninodes: mw_now = 2500
01-20 19:07:29.006 0 0 E UNINODE : charger_highspeed_store: Storing 0
01-20 19:07:29.006 0 0 E UNINODE : charger_name_store: Storing USB2
01-20 19:07:29.009 0 0 I PL_AWAKE: effective vote is now 1 voted by TAPER_END_VOTER,1
01-20 19:07:29.015 0 0 W healthd : battery l=100 v=4361 t=29.9 h=2 st=5 c=-64453 fc=2752000 cc=23 chg=u
01-20 19:07:29.021 0 0 I PL_AWAKE: effective vote is now 0 voted by TAPER_END_VOTER,1
01-20 19:07:29.024 2241 3945 D PowerUI : can't show warning due to - plugged: true status unknown: false
01-20 19:07:30.946 767 778 I keystore2: keystore2::watchdog: Watchdog thread idle -> terminating. Have a great day.
01-20 19:07:31.003 0 0 I binder : 691:691 ioctl c018620c 7ff5f93a30 returned -22
01-20 19:07:31.156 0 0 I : [Touch] 1 finger pressed:<0>(1265,2603, 41)
01-20 19:07:31.210 0 0 I : [Touch] finger released:<0>(1266,2606, 42)
01-20 19:07:31.248 0 0 I _tfa98xx_mute(): _tfa98xx_mute: ram_exception=-1, mute=1 stream=0
01-20 19:07:31.248 0 0 I _tfa98xx_mute(): mute:1 [pstream 0, cstream 1, samstream 0]
01-20 19:07:31.248 0 0 I _tfa98xx_stop(): _tfa98xx_stop: stop tfa amp
01-20 19:07:31.262 0 0 E q6asm_callback: payload size of 8 is less than expected.
01-20 19:07:31.268 1477 3517 I ActivityTaskManager: START u0 {flg=0x4000000 cmp=com.android.messaging/.ui.conversation.ConversationActivity} from uid 10123
01-20 19:07:31.268 0 0 I afe_close: [NXP] afe_apr_send_pkt[AFE_PORT_CMD_DEVICE_STOP] enter
01-20 19:07:31.270 0 0 I afe_callback: AFE_EVENT_TFADSP_STATE_CLOSE data = 0x0
01-20 19:07:31.273 0 0 I afe_close: [NXP] afe_apr_send_pkt[AFE_PORT_CMD_DEVICE_STOP] exit
01-20 19:07:31.281 0 0 I _tfa98xx_mute(): _tfa98xx_mute: ram_exception=-1, mute=1 stream=1
01-20 19:07:31.281 0 0 I _tfa98xx_mute(): mute:1 [pstream 0, cstream 0, samstream 0]
01-20 19:07:31.281 0 0 I _tfa98xx_stop(): _tfa98xx_stop: stop tfa amp
01-20 19:07:31.291 1477 3517 W ActivityTaskManager: Tried to set launchTime (0) < mLastActivityLaunchTime (41476)
01-20 19:07:31.305 0 0 I tfa98xx_hw_params(): tfa98xx_hw_params: tfa98xx_profile 0
01-20 19:07:31.323 0 0 I _tfa98xx_mute(): _tfa98xx_mute: ram_exception=-1, mute=0 stream=1
01-20 19:07:31.323 0 0 I _tfa98xx_mute(): mute:0 [pstream 0, cstream 1, samstream 0]
01-20 19:07:31.323 0 0 I _tfa98xx_mute(): unmute is suspended when only cstream is on
01-20 19:07:31.330 0 0 I tfa98xx_hw_params(): tfa98xx_hw_params: tfa98xx_profile 0
01-20 19:07:31.333 0 0 E : msm_pcm_compress_ctl_get substream runtime not found
01-20 19:07:31.334 0 0 E : msm_pcm_compress_ctl_put substream runtime not found
01-20 19:07:31.335 0 0 I __afe_port_start: [NXP] afe_apr_send_pkt[AFE_PORT_CMD_DEVICE_START] enter
01-20 19:07:31.336 0 0 I __afe_port_start: [NXP] afe_apr_send_pkt[AFE_PORT_CMD_DEVICE_START] exit
01-20 19:07:31.340 0 0 I afe_callback: AFE_EVENT_TFADSP_STATE_INIT data = 0x0
01-20 19:07:31.341 0 0 I _tfa98xx_mute(): _tfa98xx_mute: ram_exception=-1, mute=0 stream=0
01-20 19:07:31.341 0 0 I _tfa98xx_mute(): mute:0 [pstream 1, cstream 1, samstream 0]
01-20 19:07:31.341 0 0 I _tfa98xx_mute(): _tfa98xx_mute: start tfa amp
01-20 19:07:31.342 0 0 I tfa98xx_dsp_init_work(): tfa98xx_dsp_init_work: enter with profile 0
01-20 19:07:31.342 0 0 I tfa98xx_dsp_init(): tfa98xx_dsp_init: ...
01-20 19:07:31.342 0 0 I tfa_start: tfa98xx_log_start_cnt=4 next_profile 0
01-20 19:07:31.343 0 0 I tfa_run_speaker_boost: cold boot, ext_dsp = 1, profile = 0
01-20 19:07:31.343 0 0 I tfa_run_speaker_boost: cold start, speaker startup
01-20 19:07:31.344 0 0 E q6core_get_service_version: Failed to get service size for service id 7 with error -95
01-20 19:07:31.345 0 0 E q6asm_callback: payload size of 8 is less than expected.
01-20 19:07:31.345 0 0 E q6asm_callback: payload size of 8 is less than expected.
01-20 19:07:31.346 0 0 E q6core_get_service_version: Failed to get service size for service id 8 with error -95
01-20 19:07:31.352 0 0 E q6core_get_service_version: Failed to get service size for service id 7 with error -95
01-20 19:07:31.353 0 0 E q6asm_callback: payload size of 8 is less than expected.
01-20 19:07:31.363 0 0 E q6asm_callback: payload size of 8 is less than expected.
01-20 19:07:31.378 0 0 I tfa_cont_write_vstepMax2_One: is_cold 1
01-20 19:07:31.378 0 0 I P-ID : cmdid[2]=0x02 to 0x00
01-20 19:07:31.378 0 0 I tfa_cont_write_vstepMax2_One: is_cold 1
01-20 19:07:31.378 0 0 I tfa_cont_write_vstepMax2_One: is_cold 1
01-20 19:07:31.378 0 0 I P-ID : cmdid[2]=0x08 to 0x07
01-20 19:07:31.382 0 0 I afe_callback: AFE_PORT_CMD_SET_PARAM_V3 , data->token = 38, payload = 65775, 0
01-20 19:07:31.382 0 0 I afe_callback: AFE_PORT_CMD_SET_PARAM_V3 , data->token = 38, payload = 65775, 0
01-20 19:07:31.383 0 0 I afe_callback: AFE_PORT_CMD_SET_PARAM_V3 , data->token = 38, payload = 65775, 0
01-20 19:07:31.383 0 0 I afe_callback: AFE_PORT_CMD_SET_PARAM_V3 , data->token = 38, payload = 65775, 0
01-20 19:07:31.383 0 0 I afe_callback: AFE_PORT_CMD_SET_PARAM_V3 , data->token = 38, payload = 65775, 0
01-20 19:07:31.383 0 0 I afe_callback: AFE_PORT_CMD_SET_PARAM_V3 , data->token = 38, payload = 65775, 0
01-20 19:07:31.384 0 0 I afe_tfa_dsp_send_msg: [0]:0xff-[1]:0xff-[2]:0x0-[3]:0x74, [4]:0x0-[5]:0x0, packet_id:65535, packet_size:116
01-20 19:07:31.384 0 0 I afe_callback: TFADSP is configured
01-20 19:07:31.384 0 0 I afe_callback: AFE_PORT_CMD_SET_PARAM_V3 , data->token = 38, payload = 65775, 0
01-20 19:07:31.385 0 0 I tfa_set_calibration_values: calibration data: 5963
01-20 19:07:31.385 0 0 I tfa_start: [cold] device:TFA profile:music
01-20 19:07:31.447 1477 3517 D CoreBackPreview: Window{a8ee3c0 u0 com.android.messaging/com.android.messaging.ui.conversation.ConversationActivity}: Setting back callback OnBackInvokedCallbackInfo{mCallback=android.window.IOnBackInvokedCallback$Stub$Proxy@cf9003e, mPriority=0}
01-20 19:07:32.730 0 0 I : [Touch] 1 finger pressed:<0>( 418, 228, 37)
01-20 19:07:32.822 1477 2316 D OomAdjuster: Not killing cached processes
01-20 19:07:32.817 0 0 I : [Touch] finger released:<0>( 402, 216, 46)
01-20 19:07:33.104 0 0 W : IRQ5 no longer affine to CPU5
01-20 19:07:33.118 1477 2580 D CoreBackPreview: Window{a8ee3c0 u0 com.android.messaging/com.android.messaging.ui.conversation.ConversationActivity}: Setting back callback OnBackInvokedCallbackInfo{mCallback=android.window.IOnBackInvokedCallback$Stub$Proxy@b481afe, mPriority=0}
01-20 19:07:33.160 0 0 I binder : 3463:3922 ioctl 40046210 775e227164 returned -22
01-20 19:07:34.139 0 0 I : [Touch] 1 finger pressed:<0>( 81,2598, 41)
01-20 19:07:34.176 0 0 F tspdrv : ! ImmVibeSPI_ForceOut_AmpDisable.
01-20 19:07:34.235 0 0 I : [Touch] finger released:<0>( 82,2615, 42)
01-20 19:07:34.826 0 0 I : [Touch] 1 finger pressed:<0>( 375,1967, 47)
01-20 19:07:34.830 0 0 F tspdrv : ! ImmVibeSPI_ForceOut_AmpDisable.
01-20 19:07:34.833 0 0 F tspdrv : ! ImmVibeSPI_ForceOut_AmpDisable.
01-20 19:07:34.912 0 0 I : [Touch] finger released:<0>( 375,1967, 48)
01-20 19:07:34.990 1477 2580 D CoreBackPreview: Window{9a4ee57 u0 PopupWindow:19d8709}: Setting back callback OnBackInvokedCallbackInfo{mCallback=android.window.IOnBackInvokedCallback$Stub$Proxy@f02e2d, mPriority=0}
01-20 19:07:35.044 0 0 I : [Touch] 1 finger pressed:<0>( 334,1949, 38)
01-20 19:07:35.047 0 0 F tspdrv : ! ImmVibeSPI_ForceOut_AmpDisable.
01-20 19:07:35.048 0 0 F tspdrv : ! ImmVibeSPI_ForceOut_AmpDisable.
01-20 19:07:35.133 0 0 I : [Touch] finger released:<0>( 360,1959, 42)
01-20 19:07:35.143 0 0 W : IRQ5 no longer affine to CPU7
01-20 19:07:35.262 0 0 I : [Touch] 1 finger pressed:<0>( 371,1948, 44)
01-20 19:07:35.265 0 0 F tspdrv : ! ImmVibeSPI_ForceOut_AmpDisable.
01-20 19:07:35.267 0 0 F tspdrv : ! ImmVibeSPI_ForceOut_AmpDisable.
01-20 19:07:35.327 0 0 I : [Touch] finger released:<0>( 376,1951, 45)
01-20 19:07:35.459 0 0 I : [Touch] 1 finger pressed:<0>( 376,1951, 42)
01-20 19:07:35.462 0 0 F tspdrv : ! ImmVibeSPI_ForceOut_AmpDisable.
01-20 19:07:35.464 0 0 F tspdrv : ! ImmVibeSPI_ForceOut_AmpDisable.
01-20 19:07:35.531 0 0 I : [Touch] finger released:<0>( 376,1951, 44)
01-20 19:07:35.648 0 0 I : [Touch] 1 finger pressed:<0>( 376,1951, 43)
01-20 19:07:35.652 0 0 F tspdrv : ! ImmVibeSPI_ForceOut_AmpDisable.
01-20 19:07:35.654 0 0 F tspdrv : ! ImmVibeSPI_ForceOut_AmpDisable.
01-20 19:07:35.703 0 0 I : [Touch] finger released:<0>( 376,1951, 45)
01-20 19:07:35.971 0 0 I _tfa98xx_mute(): _tfa98xx_mute: ram_exception=-1, mute=1 stream=0
01-20 19:07:35.971 0 0 I _tfa98xx_mute(): mute:1 [pstream 0, cstream 1, samstream 0]
01-20 19:07:35.971 0 0 I _tfa98xx_stop(): _tfa98xx_stop: stop tfa amp
01-20 19:07:35.986 0 0 E q6asm_callback: payload size of 8 is less than expected.
01-20 19:07:35.994 0 0 I afe_close: [NXP] afe_apr_send_pkt[AFE_PORT_CMD_DEVICE_STOP] enter
01-20 19:07:35.997 0 0 I afe_callback: AFE_EVENT_TFADSP_STATE_CLOSE data = 0x0
01-20 19:07:36.000 0 0 I afe_close: [NXP] afe_apr_send_pkt[AFE_PORT_CMD_DEVICE_STOP] exit
01-20 19:07:36.003 0 0 I binder : 691:691 ioctl c018620c 7ff5f93a30 returned -22
01-20 19:07:36.007 0 0 I _tfa98xx_mute(): _tfa98xx_mute: ram_exception=-1, mute=1 stream=1
01-20 19:07:36.007 0 0 I _tfa98xx_mute(): mute:1 [pstream 0, cstream 0, samstream 0]
01-20 19:07:36.007 0 0 I _tfa98xx_stop(): _tfa98xx_stop: stop tfa amp
01-20 19:07:36.664 0 0 F tspdrv : ! ImmVibeSPI_ForceOut_AmpDisable.
01-20 19:07:37.065 0 0 I pet_watchdog [enable: 1, jiffies : 4294942344, delay_time : 1000]
01-20 19:07:37.933 0 0 I : [Touch] 1 finger pressed:<0>( 398, 417, 54)
01-20 19:07:38.013 0 0 I : [Touch] finger released:<0>( 402, 415, 57)
01-20 19:07:38.093 1477 2631 D CoreBackPreview: Window{9a4ee57 u0 PopupWindow:19d8709}: Setting back callback null
01-20 19:07:38.098 0 0 I tfa98xx_hw_params(): tfa98xx_hw_params: tfa98xx_profile 0
01-20 19:07:38.119 0 0 I _tfa98xx_mute(): _tfa98xx_mute: ram_exception=-1, mute=0 stream=1
01-20 19:07:38.119 0 0 I _tfa98xx_mute(): mute:0 [pstream 0, cstream 1, samstream 0]
01-20 19:07:38.119 0 0 I _tfa98xx_mute(): unmute is suspended when only cstream is on
01-20 19:07:38.127 0 0 I tfa98xx_hw_params(): tfa98xx_hw_params: tfa98xx_profile 0
01-20 19:07:38.131 0 0 E : msm_pcm_compress_ctl_get substream runtime not found
01-20 19:07:38.132 0 0 E : msm_pcm_compress_ctl_put substream runtime not found
01-20 19:07:38.134 0 0 I __afe_port_start: [NXP] afe_apr_send_pkt[AFE_PORT_CMD_DEVICE_START] enter
01-20 19:07:38.135 0 0 I __afe_port_start: [NXP] afe_apr_send_pkt[AFE_PORT_CMD_DEVICE_START] exit
01-20 19:07:38.139 0 0 I afe_callback: AFE_EVENT_TFADSP_STATE_INIT data = 0x0
01-20 19:07:38.140 0 0 I _tfa98xx_mute(): _tfa98xx_mute: ram_exception=-1, mute=0 stream=0
01-20 19:07:38.140 0 0 I _tfa98xx_mute(): mute:0 [pstream 1, cstream 1, samstream 0]
01-20 19:07:38.140 0 0 I _tfa98xx_mute(): _tfa98xx_mute: start tfa amp
01-20 19:07:38.140 0 0 I tfa98xx_dsp_init_work(): tfa98xx_dsp_init_work: enter with profile 0
01-20 19:07:38.140 0 0 I tfa98xx_dsp_init(): tfa98xx_dsp_init: ...
01-20 19:07:38.140 0 0 I tfa_start: tfa98xx_log_start_cnt=5 next_profile 0
01-20 19:07:38.142 0 0 I tfa_run_speaker_boost: cold boot, ext_dsp = 1, profile = 0
01-20 19:07:38.142 0 0 I tfa_run_speaker_boost: cold start, speaker startup
01-20 19:07:38.142 0 0 E q6core_get_service_version: Failed to get service size for service id 7 with error -95
01-20 19:07:38.144 0 0 E q6asm_callback: payload size of 8 is less than expected.
01-20 19:07:38.144 0 0 E q6asm_callback: payload size of 8 is less than expected.
01-20 19:07:38.144 0 0 E q6core_get_service_version: Failed to get service size for service id 8 with error -95
01-20 19:07:38.151 0 0 E q6core_get_service_version: Failed to get service size for service id 7 with error -95
01-20 19:07:38.151 0 0 E q6asm_callback: payload size of 8 is less than expected.
01-20 19:07:38.152 1477 2580 D OomAdjuster: Not killing cached processes
01-20 19:07:38.158 0 0 E q6asm_callback: payload size of 8 is less than expected.
01-20 19:07:38.189 0 0 I tfa_cont_write_vstepMax2_One: is_cold 1
01-20 19:07:38.189 0 0 I P-ID : cmdid[2]=0x02 to 0x00
01-20 19:07:38.189 0 0 I tfa_cont_write_vstepMax2_One: is_cold 1
01-20 19:07:38.189 0 0 I tfa_cont_write_vstepMax2_One: is_cold 1
01-20 19:07:38.189 0 0 I P-ID : cmdid[2]=0x08 to 0x07
01-20 19:07:38.192 0 0 I afe_callback: AFE_PORT_CMD_SET_PARAM_V3 , data->token = 38, payload = 65775, 0
01-20 19:07:38.193 0 0 I afe_callback: AFE_PORT_CMD_SET_PARAM_V3 , data->token = 38, payload = 65775, 0
01-20 19:07:38.193 0 0 I afe_callback: AFE_PORT_CMD_SET_PARAM_V3 , data->token = 38, payload = 65775, 0
01-20 19:07:38.193 0 0 I afe_callback: AFE_PORT_CMD_SET_PARAM_V3 , data->token = 38, payload = 65775, 0
01-20 19:07:38.193 0 0 I afe_callback: AFE_PORT_CMD_SET_PARAM_V3 , data->token = 38, payload = 65775, 0
01-20 19:07:38.193 0 0 I afe_callback: AFE_PORT_CMD_SET_PARAM_V3 , data->token = 38, payload = 65775, 0
01-20 19:07:38.193 0 0 I afe_tfa_dsp_send_msg: [0]:0xff-[1]:0xff-[2]:0x0-[3]:0x74, [4]:0x0-[5]:0x0, packet_id:65535, packet_size:116
01-20 19:07:38.194 0 0 I afe_callback: TFADSP is configured
01-20 19:07:38.194 0 0 I afe_callback: AFE_PORT_CMD_SET_PARAM_V3 , data->token = 38, payload = 65775, 0
01-20 19:07:38.195 0 0 I tfa_set_calibration_values: calibration data: 5963
01-20 19:07:38.195 0 0 I tfa_start: [cold] device:TFA profile:music
01-20 19:07:38.583 0 0 I : [bm] monitoring
01-20 19:07:39.615 0 0 I : [Touch] 1 finger pressed:<0>( 66,2588, 42)
01-20 19:07:39.644 0 0 F tspdrv : ! ImmVibeSPI_ForceOut_AmpDisable.
01-20 19:07:39.691 0 0 I : [Touch] finger released:<0>( 70,2592, 43)
01-20 19:07:40.400 0 0 I : [Touch] 1 finger pressed:<0>( 788,1916, 46)
01-20 19:07:40.405 0 0 F tspdrv : ! ImmVibeSPI_ForceOut_AmpDisable.
01-20 19:07:40.406 0 0 F tspdrv : ! ImmVibeSPI_ForceOut_AmpDisable.
01-20 19:07:40.450 0 0 I : [Touch] finger released:<0>( 788,1916, 47)
01-20 19:07:40.496 1477 3517 D CoreBackPreview: Window{29c4a17 u0 PopupWindow:19d8709}: Setting back callback OnBackInvokedCallbackInfo{mCallback=android.window.IOnBackInvokedCallback$Stub$Proxy@b164fed, mPriority=0}
01-20 19:07:41.003 0 0 I binder : 691:691 ioctl c018620c 7ff5f93a30 returned -22
01-20 19:07:41.218 0 0 I : [Touch] 1 finger pressed:<0>( 515,1977, 45)
01-20 19:07:41.222 0 0 F tspdrv : ! ImmVibeSPI_ForceOut_AmpDisable.
01-20 19:07:41.225 0 0 F tspdrv : ! ImmVibeSPI_ForceOut_AmpDisable.
01-20 19:07:41.279 0 0 I : [Touch] finger released:<0>( 517,1976, 46)
01-20 19:07:41.313 0 0 I _tfa98xx_mute(): _tfa98xx_mute: ram_exception=-1, mute=1 stream=0
01-20 19:07:41.313 0 0 I _tfa98xx_mute(): mute:1 [pstream 0, cstream 1, samstream 0]
01-20 19:07:41.313 0 0 I _tfa98xx_stop(): _tfa98xx_stop: stop tfa amp
01-20 19:07:41.328 0 0 E q6asm_callback: payload size of 8 is less than expected.
01-20 19:07:41.334 0 0 I afe_close: [NXP] afe_apr_send_pkt[AFE_PORT_CMD_DEVICE_STOP] enter
01-20 19:07:41.337 0 0 I afe_callback: AFE_EVENT_TFADSP_STATE_CLOSE data = 0x0
01-20 19:07:41.339 0 0 I afe_close: [NXP] afe_apr_send_pkt[AFE_PORT_CMD_DEVICE_STOP] exit
01-20 19:07:41.341 0 0 I _tfa98xx_mute(): _tfa98xx_mute: ram_exception=-1, mute=1 stream=1
01-20 19:07:41.341 0 0 I _tfa98xx_mute(): mute:1 [pstream 0, cstream 0, samstream 0]
01-20 19:07:41.341 0 0 I _tfa98xx_stop(): _tfa98xx_stop: stop tfa amp
01-20 19:07:41.774 0 0 I : [Touch] 1 finger pressed:<0>(1415,1947, 39)
01-20 19:07:41.778 0 0 F tspdrv : ! ImmVibeSPI_ForceOut_AmpDisable.
01-20 19:07:41.781 0 0 F tspdrv : ! ImmVibeSPI_ForceOut_AmpDisable.
01-20 19:07:41.805 0 0 I : [Touch] finger released:<0>(1415,1947, 39)
01-20 19:07:42.416 0 0 I : [Touch] 1 finger pressed:<0>( 683,2627, 43)
01-20 19:07:42.419 0 0 F tspdrv : ! ImmVibeSPI_ForceOut_AmpDisable.
01-20 19:07:42.421 0 0 F tspdrv : ! ImmVibeSPI_ForceOut_AmpDisable.
01-20 19:07:42.483 0 0 I : [Touch] finger released:<0>( 690,2627, 46)
01-20 19:07:43.020 0 0 I : [Touch] 1 finger pressed:<0>( 87,2669, 40)
01-20 19:07:43.027 0 0 F tspdrv : ! ImmVibeSPI_ForceOut_AmpDisable.
01-20 19:07:43.029 0 0 F tspdrv : ! ImmVibeSPI_ForceOut_AmpDisable.
01-20 19:07:43.081 0 0 I : [Touch] finger released:<0>( 89,2669, 40)
01-20 19:07:43.670 0 0 I : [Touch] 1 finger pressed:<0>( 649,1984, 48)
01-20 19:07:43.674 0 0 F tspdrv : ! ImmVibeSPI_ForceOut_AmpDisable.
01-20 19:07:43.677 0 0 F tspdrv : ! ImmVibeSPI_ForceOut_AmpDisable.
01-20 19:07:43.738 0 0 I : [Touch] finger released:<0>( 649,1984, 48)
01-20 19:07:43.850 0 0 I : [Touch] 1 finger pressed:<0>( 679,1936, 38)
01-20 19:07:43.856 0 0 F tspdrv : ! ImmVibeSPI_ForceOut_AmpDisable.
01-20 19:07:43.859 0 0 F tspdrv : ! ImmVibeSPI_ForceOut_AmpDisable.
01-20 19:07:43.920 0 0 I : [Touch] finger released:<0>( 679,1938, 43)
01-20 19:07:44.421 0 0 I : [Touch] 1 finger pressed:<0>(1375,1941, 44)
01-20 19:07:44.426 0 0 F tspdrv : ! ImmVibeSPI_ForceOut_AmpDisable.
01-20 19:07:44.431 0 0 F tspdrv : ! ImmVibeSPI_ForceOut_AmpDisable.
01-20 19:07:44.474 0 0 I : [Touch] finger released:<0>(1374,1941, 44)
01-20 19:07:44.698 0 0 I : [Touch] 1 finger pressed:<0>(1230,1994, 48)
01-20 19:07:44.703 0 0 F tspdrv : ! ImmVibeSPI_ForceOut_AmpDisable.
01-20 19:07:44.706 0 0 F tspdrv : ! ImmVibeSPI_ForceOut_AmpDisable.
01-20 19:07:44.757 0 0 I : [Touch] finger released:<0>(1230,1994, 50)
01-20 19:07:45.436 0 0 I : [Touch] 1 finger pressed:<0>( 832,1969, 47)
01-20 19:07:45.441 0 0 F tspdrv : ! ImmVibeSPI_ForceOut_AmpDisable.
01-20 19:07:45.446 0 0 F tspdrv : ! ImmVibeSPI_ForceOut_AmpDisable.
01-20 19:07:45.497 0 0 I : [Touch] finger released:<0>( 831,1965, 47)
01-20 19:07:46.003 0 0 I binder : 691:691 ioctl c018620c 7ff5f93a30 returned -22
01-20 19:07:46.457 0 0 F tspdrv : ! ImmVibeSPI_ForceOut_AmpDisable.
01-20 19:07:46.800 0 0 I : [Touch] 1 finger pressed:<0>(1313,2601, 43)
01-20 19:07:46.807 0 0 F tspdrv : ! ImmVibeSPI_ForceOut_AmpDisable.
01-20 19:07:46.867 0 0 I : [Touch] finger released:<0>(1303,2597, 47)
01-20 19:07:46.875 1477 3517 D CoreBackPreview: Window{29c4a17 u0 PopupWindow:19d8709}: Setting back callback null
01-20 19:07:47.084 0 0 I pet_watchdog [enable: 1, jiffies : 4294943346, delay_time : 1000]
01-20 19:07:47.817 0 0 F tspdrv : ! ImmVibeSPI_ForceOut_AmpDisable.
01-20 19:07:48.586 0 0 I : [bm] monitoring
01-20 19:07:48.602 0 0 E : [TM] XO, 33,PA0, 32,PA1, 32,QUIET, 31,VTS,309
01-20 19:07:48.663 0 0 I IDTP9223: idtp9223_monitor: [USB]1 [ALV]0 [OD2]0 [QIPMA]0 [VOUT]00
01-20 19:07:49.283 0 0 I : [Touch] 1 finger pressed:<0>(1385,2407, 43)
01-20 19:07:49.291 0 0 F tspdrv : ! ImmVibeSPI_ForceOut_AmpDisable.
01-20 19:07:49.341 0 0 I : [Touch] finger released:<0>(1385,2407, 44)
01-20 19:07:49.624 0 0 I AWAKE : effective vote is now 1 voted by POLLING_LOGGER_VOTER,1
01-20 19:07:49.811 0 0 I PMINFO : [CSV] cSYS:100, cMNT:100.0, cCHG:2750, cLRN:2752, iBAT:-179, vBAT:4387, vPRD:4386, vOCV:4357, vUSB:4921, iUSB:257, vWLC:0, iWCL:0, AiCL:500, tSYS:297, tORI:320, tVTS:309, rTOT:372802, rESR:173828, rSLW:198974, CYCLE:23, BATID:101, sBATT:988, sCCSW:999, sCC:-830
01-20 19:07:49.811 0 0 I PMINFO : [VOT] IUSB:500(USB_PSY_VOTER), IBAT:2200(VENEER_VOTER_IBAT), IDC:900(DEFAULT_VOTER), FLOAT:4400(BATT_PROFILE_VOTER), CHDIS:0(DEFAULT_VOTER), PLDIS:1(PL_FCC_LOW_VOTER)
01-20 19:07:49.812 0 0 I PMINFO : [CHG] NAME:USB2, STAT:FULL(ret)/CHARGING(ori)/TAPER(reg), PATH:0x95 [QNI] en=0(sts=0x10, ctrl=0xE7), pt_en=0(sts=0x10), pt_t=298
01-20 19:07:49.955 0 0 I PMINFO : [USB] REAL:USB, VNOW:4902, TPMI:338, TSMB:-1, IUSB:257(now)<=500(set)<=500(cap), IBAT:-179(now):=2200(pmi)+0(smb)<=2200(cap), PRLL:CHGEN(0)/PINEN(0)/SUSPN(1), [OVR] LATCHED:0, AFTAPSD:0, USBMODE:0x02
01-20 19:07:49.955 0 0 I PMINFO : --------------------------------------------------------------------------------------???-END.
01-20 19:07:49.955 0 0 I AWAKE : effective vote is now 0 voted by POLLING_LOGGER_VOTER,1
01-20 19:07:50.304 0 0 F tspdrv : ! ImmVibeSPI_ForceOut_AmpDisable.
01-20 19:07:51.003 0 0 I binder : 691:691 ioctl c018620c 7ff5f93a30 returned -22
01-20 19:07:51.823 0 0 I PMI : smblib_handle_wdog_bark: IRQ: wdog-bark
01-20 19:07:52.498 0 0 W healthd : battery l=100 v=4387 t=29.7 h=2 st=5 c=-175292 fc=2752000 cc=23 chg=u
01-20 19:07:52.513 2241 3983 D PowerUI : can't show warning due to - plugged: true status unknown: false
01-20 19:07:52.578 0 0 I : [Touch] 1 finger pressed:<0>(1391, 202, 37)
01-20 19:07:52.650 0 0 I : [Touch] finger released:<0>(1377, 201, 42)
01-20 19:07:52.675 1477 2631 D OomAdjuster: Not killing cached processes
01-20 19:07:52.681 0 0 I tfa98xx_hw_params(): tfa98xx_hw_params: tfa98xx_profile 0
01-20 19:07:52.718 0 0 I _tfa98xx_mute(): _tfa98xx_mute: ram_exception=-1, mute=0 stream=1
01-20 19:07:52.718 0 0 I _tfa98xx_mute(): mute:0 [pstream 0, cstream 1, samstream 0]
01-20 19:07:52.718 0 0 I _tfa98xx_mute(): unmute is suspended when only cstream is on
01-20 19:07:52.722 0 0 I tfa98xx_hw_params(): tfa98xx_hw_params: tfa98xx_profile 0
01-20 19:07:52.725 0 0 E : msm_pcm_compress_ctl_get substream runtime not found
01-20 19:07:52.726 0 0 E : msm_pcm_compress_ctl_put substream runtime not found
