01-20 19:07:03.563 1477 2163 D SystemServerInitThreadPool: Finished executing Update app-ops uidState in case package com.igorinov.altimeter changed
01-20 19:07:03.563 1477 2149 D SystemServerInitThreadPool: Finished executing Update app-ops uidState in case package me.zhanghai.android.files changed
01-20 19:07:03.563 1477 2111 D SystemServerInitThreadPool: Finished executing Update app-ops uidState in case package com.vulog.android.carsharing.vancouver changed
01-20 19:07:03.563 1477 2111 V SystemServerTimingAsync: InitThreadPoolExec:Update app-ops uidState in case package com.vulog.android.carsharing.vancouver changed took to complete: 1ms
01-20 19:07:03.563 1477 2163 V SystemServerTimingAsync: InitThreadPoolExec:Update app-ops uidState in case package com.igorinov.altimeter changed took to complete: 1ms
01-20 19:07:03.563 1477 2111 D SystemServerTimingAsync: InitThreadPoolExec:Update app-ops uidState in case package com.android.cellbroadcastreceiver.module changed
01-20 19:07:03.563 1477 2163 D SystemServerTimingAsync: InitThreadPoolExec:Update app-ops uidState in case package android.ext.services changed
01-20 19:07:03.563 1477 2111 D SystemServerInitThreadPool: Started executing Update app-ops uidState in case package com.android.cellbroadcastreceiver.module changed
01-20 19:07:03.563 1477 2149 V SystemServerTimingAsync: InitThreadPoolExec:Update app-ops uidState in case package me.zhanghai.android.files changed took to complete: 1ms
01-20 19:07:03.563 1477 2163 D SystemServerInitThreadPool: Started executing Update app-ops uidState in case package android.ext.services changed
01-20 19:07:03.563 1477 2149 D SystemServerTimingAsync: InitThreadPoolExec:Update app-ops uidState in case package com.android.providers.media.module changed
01-20 19:07:03.563 1477 2149 D SystemServerInitThreadPool: Started executing Update app-ops uidState in case package com.android.providers.media.module changed
01-20 19:07:03.563 1477 2163 D SystemServerInitThreadPool: Finished executing Update app-ops uidState in case package android.ext.services changed
01-20 19:07:03.563 1477 2149 D SystemServerInitThreadPool: Finished executing Update app-ops uidState in case package com.android.providers.media.module changed
01-20 19:07:03.563 1477 2163 V SystemServerTimingAsync: InitThreadPoolExec:Update app-ops uidState in case package android.ext.services changed took to complete: 0ms
01-20 19:07:03.563 1477 2132 D SystemServerInitThreadPool: Finished executing Update app-ops uidState in case package org.fdroid.fdroid changed
01-20 19:07:03.563 1477 1708 D SystemServerInitThreadPool: Finished executing Update app-ops uidState in case package com.aurora.store changed
01-20 19:07:03.563 1477 2123 D SystemServerInitThreadPool: Finished executing Update app-ops uidState in case package net.osmand.plus changed
01-20 19:07:03.563 1477 2132 V SystemServerTimingAsync: InitThreadPoolExec:Update app-ops uidState in case package org.fdroid.fdroid changed took to complete: 1ms
01-20 19:07:03.563 1477 2149 V SystemServerTimingAsync: InitThreadPoolExec:Update app-ops uidState in case package com.android.providers.media.module changed took to complete: 0ms
01-20 19:07:03.563 1477 2132 D SystemServerTimingAsync: InitThreadPoolExec:Update app-ops uidState in case package com.android.launcher3 changed
01-20 19:07:03.563 1477 2123 V SystemServerTimingAsync: InitThreadPoolExec:Update app-ops uidState in case package net.osmand.plus changed took to complete: 1ms
01-20 19:07:03.563 1477 2132 D SystemServerInitThreadPool: Started executing Update app-ops uidState in case package com.android.launcher3 changed
01-20 19:07:03.563 1477 2123 D SystemServerTimingAsync: InitThreadPoolExec:Update app-ops uidState in case package com.android.deskclock changed
01-20 19:07:03.563 1477 2132 D SystemServerInitThreadPool: Finished executing Update app-ops uidState in case package com.android.launcher3 changed
01-20 19:07:03.563 1477 2123 D SystemServerInitThreadPool: Started executing Update app-ops uidState in case package com.android.deskclock changed
01-20 19:07:03.563 1477 2159 D SystemServerInitThreadPool: Finished executing Update app-ops uidState in case package com.teslacoilsw.launcher changed
01-20 19:07:03.563 1477 2123 D SystemServerInitThreadPool: Finished executing Update app-ops uidState in case package com.android.deskclock changed
01-20 19:07:03.563 1477 1708 V SystemServerTimingAsync: InitThreadPoolExec:Update app-ops uidState in case package com.aurora.store changed took to complete: 1ms
01-20 19:07:03.563 1477 2123 V SystemServerTimingAsync: InitThreadPoolExec:Update app-ops uidState in case package com.android.deskclock changed took to complete: 0ms
01-20 19:07:03.563 1477 2123 D SystemServerTimingAsync: InitThreadPoolExec:Update app-ops uidState in case package com.android.gallery3d changed
01-20 19:07:03.563 1477 2159 V SystemServerTimingAsync: InitThreadPoolExec:Update app-ops uidState in case package com.teslacoilsw.launcher changed took to complete: 1ms
01-20 19:07:03.563 1477 2123 D SystemServerInitThreadPool: Started executing Update app-ops uidState in case package com.android.gallery3d changed
01-20 19:07:03.563 1477 1708 D SystemServerTimingAsync: InitThreadPoolExec:Update app-ops uidState in case package com.android.inputmethod.latin changed
01-20 19:07:03.563 1477 2111 D SystemServerInitThreadPool: Finished executing Update app-ops uidState in case package com.android.cellbroadcastreceiver.module changed
01-20 19:07:03.563 1477 2133 D SystemServerInitThreadPool: Finished executing Update app-ops uidState in case package dogfooderz.com.apnshortcut changed
01-20 19:07:03.563 1477 2133 V SystemServerTimingAsync: InitThreadPoolExec:Update app-ops uidState in case package dogfooderz.com.apnshortcut changed took to complete: 1ms
01-20 19:07:03.563 1477 2159 D SystemServerTimingAsync: InitThreadPoolExec:Update app-ops uidState in case package org.lineageos.jelly changed
01-20 19:07:03.563 1477 2133 D SystemServerTimingAsync: InitThreadPoolExec:Update app-ops uidState in case package com.android.messaging changed
01-20 19:07:03.563 1477 2159 D SystemServerInitThreadPool: Started executing Update app-ops uidState in case package org.lineageos.jelly changed
01-20 19:07:03.563 1477 2133 D SystemServerInitThreadPool: Started executing Update app-ops uidState in case package com.android.messaging changed
01-20 19:07:03.563 1477 1708 D SystemServerInitThreadPool: Started executing Update app-ops uidState in case package com.android.inputmethod.latin changed
01-20 19:07:03.563 1477 2132 V SystemServerTimingAsync: InitThreadPoolExec:Update app-ops uidState in case package com.android.launcher3 changed took to complete: 0ms
01-20 19:07:03.563 1477 2163 D SystemServerTimingAsync: InitThreadPoolExec:Update app-ops uidState in case package org.lineageos.updater changed
01-20 19:07:03.563 1477 2132 D SystemServerTimingAsync: InitThreadPoolExec:Update app-ops uidState in case package org.lineageos.etar changed
01-20 19:07:03.563 1477 2133 D SystemServerInitThreadPool: Finished executing Update app-ops uidState in case package com.android.messaging changed
01-20 19:07:03.564 1477 2132 D SystemServerInitThreadPool: Started executing Update app-ops uidState in case package org.lineageos.etar changed
01-20 19:07:03.564 1477 2133 V SystemServerTimingAsync: InitThreadPoolExec:Update app-ops uidState in case package com.android.messaging changed took to complete: 0ms
01-20 19:07:03.564 1477 2133 D SystemServerTimingAsync: InitThreadPoolExec:Update app-ops uidState in case package com.android.calculator2 changed
01-20 19:07:03.564 1477 2132 D SystemServerInitThreadPool: Finished executing Update app-ops uidState in case package org.lineageos.etar changed
01-20 19:07:03.564 1477 1708 D SystemServerInitThreadPool: Finished executing Update app-ops uidState in case package com.android.inputmethod.latin changed
01-20 19:07:03.564 1477 2132 V SystemServerTimingAsync: InitThreadPoolExec:Update app-ops uidState in case package org.lineageos.etar changed took to complete: 0ms
01-20 19:07:03.564 1477 2133 D SystemServerInitThreadPool: Started executing Update app-ops uidState in case package com.android.calculator2 changed
01-20 19:07:03.564 1477 2132 D SystemServerTimingAsync: InitThreadPoolExec:Update app-ops uidState in case package org.lineageos.aperture changed
01-20 19:07:03.564 1477 2133 D SystemServerInitThreadPool: Finished executing Update app-ops uidState in case package com.android.calculator2 changed
01-20 19:07:03.564 1477 2132 D SystemServerInitThreadPool: Started executing Update app-ops uidState in case package org.lineageos.aperture changed
01-20 19:07:03.564 1477 2149 D SystemServerTimingAsync: InitThreadPoolExec:Update app-ops uidState in case package com.android.systemui changed
01-20 19:07:03.564 1477 2132 D SystemServerInitThreadPool: Finished executing Update app-ops uidState in case package org.lineageos.aperture changed
01-20 19:07:03.564 1477 2163 D SystemServerInitThreadPool: Started executing Update app-ops uidState in case package org.lineageos.updater changed
01-20 19:07:03.564 1477 2149 D SystemServerInitThreadPool: Started executing Update app-ops uidState in case package com.android.systemui changed
01-20 19:07:03.564 1477 2132 V SystemServerTimingAsync: InitThreadPoolExec:Update app-ops uidState in case package org.lineageos.aperture changed took to complete: 0ms
01-20 19:07:03.564 1477 2163 D SystemServerInitThreadPool: Finished executing Update app-ops uidState in case package org.lineageos.updater changed
01-20 19:07:03.564 1477 2132 D SystemServerTimingAsync: InitThreadPoolExec:Update app-ops uidState in case package com.android.dialer changed
01-20 19:07:03.564 1477 2163 V SystemServerTimingAsync: InitThreadPoolExec:Update app-ops uidState in case package org.lineageos.updater changed took to complete: 0ms
01-20 19:07:03.564 1477 2111 V SystemServerTimingAsync: InitThreadPoolExec:Update app-ops uidState in case package com.android.cellbroadcastreceiver.module changed took to complete: 0ms
01-20 19:07:03.564 1477 2123 D SystemServerInitThreadPool: Finished executing Update app-ops uidState in case package com.android.gallery3d changed
01-20 19:07:03.564 1477 2149 D SystemServerInitThreadPool: Finished executing Update app-ops uidState in case package com.android.systemui changed
01-20 19:07:03.564 1477 1708 V SystemServerTimingAsync: InitThreadPoolExec:Update app-ops uidState in case package com.android.inputmethod.latin changed took to complete: 0ms
01-20 19:07:03.564 1477 2149 V SystemServerTimingAsync: InitThreadPoolExec:Update app-ops uidState in case package com.android.systemui changed took to complete: 1ms
01-20 19:07:03.564 1477 2149 D SystemServerTimingAsync: InitThreadPoolExec:Update app-ops uidState in case package com.qualcomm.qti.cne changed
01-20 19:07:03.564 1477 2149 D SystemServerInitThreadPool: Started executing Update app-ops uidState in case package com.qualcomm.qti.cne changed
01-20 19:07:03.564 1477 2149 D SystemServerInitThreadPool: Finished executing Update app-ops uidState in case package com.qualcomm.qti.cne changed
01-20 19:07:03.564 1477 2149 V SystemServerTimingAsync: InitThreadPoolExec:Update app-ops uidState in case package com.qualcomm.qti.cne changed took to complete: 0ms
01-20 19:07:03.564 1477 2149 D SystemServerTimingAsync: InitThreadPoolExec:Update app-ops uidState in case package com.android.captiveportallogin changed
01-20 19:07:03.564 1477 2149 D SystemServerInitThreadPool: Started executing Update app-ops uidState in case package com.android.captiveportallogin changed
01-20 19:07:03.564 1477 2149 D SystemServerInitThreadPool: Finished executing Update app-ops uidState in case package com.android.captiveportallogin changed
01-20 19:07:03.564 1477 2149 V SystemServerTimingAsync: InitThreadPoolExec:Update app-ops uidState in case package com.android.captiveportallogin changed took to complete: 0ms
01-20 19:07:03.564 1477 2163 D SystemServerTimingAsync: InitThreadPoolExec:Update app-ops uidState in case package org.lineageos.eleven changed
01-20 19:07:03.564 1477 2149 D SystemServerTimingAsync: InitThreadPoolExec:Update app-ops uidState in case package com.android.companiondevicemanager changed
01-20 19:07:03.564 1477 2163 D SystemServerInitThreadPool: Started executing Update app-ops uidState in case package org.lineageos.eleven changed
01-20 19:07:03.564 1477 2159 D SystemServerInitThreadPool: Finished executing Update app-ops uidState in case package org.lineageos.jelly changed
01-20 19:07:03.564 1477 2159 V SystemServerTimingAsync: InitThreadPoolExec:Update app-ops uidState in case package org.lineageos.jelly changed took to complete: 1ms
01-20 19:07:03.564 1477 2163 D SystemServerInitThreadPool: Finished executing Update app-ops uidState in case package org.lineageos.eleven changed
01-20 19:07:03.564 1477 2159 D SystemServerTimingAsync: InitThreadPoolExec:Update app-ops uidState in case package com.android.cellbroadcastreceiver changed
01-20 19:07:03.564 1477 2111 D SystemServerTimingAsync: InitThreadPoolExec:Update app-ops uidState in case package com.android.imsserviceentitlement changed
01-20 19:07:03.564 1477 2159 D SystemServerInitThreadPool: Started executing Update app-ops uidState in case package com.android.cellbroadcastreceiver changed
01-20 19:07:03.564 1477 2149 D SystemServerInitThreadPool: Started executing Update app-ops uidState in case package com.android.companiondevicemanager changed
01-20 19:07:03.564 1477 2132 D SystemServerInitThreadPool: Started executing Update app-ops uidState in case package com.android.dialer changed
01-20 19:07:03.564 1477 2111 D SystemServerInitThreadPool: Started executing Update app-ops uidState in case package com.android.imsserviceentitlement changed
01-20 19:07:03.564 1477 2159 D SystemServerInitThreadPool: Finished executing Update app-ops uidState in case package com.android.cellbroadcastreceiver changed
01-20 19:07:03.564 1477 2132 D SystemServerInitThreadPool: Finished executing Update app-ops uidState in case package com.android.dialer changed
01-20 19:07:03.564 1477 2159 V SystemServerTimingAsync: InitThreadPoolExec:Update app-ops uidState in case package com.android.cellbroadcastreceiver changed took to complete: 0ms
01-20 19:07:03.564 1477 2132 V SystemServerTimingAsync: InitThreadPoolExec:Update app-ops uidState in case package com.android.dialer changed took to complete: 1ms
01-20 19:07:03.564 1477 2159 D SystemServerTimingAsync: InitThreadPoolExec:Update app-ops uidState in case package com.android.externalstorage changed
01-20 19:07:03.564 1477 2111 D SystemServerInitThreadPool: Finished executing Update app-ops uidState in case package com.android.imsserviceentitlement changed
01-20 19:07:03.564 1477 2132 D SystemServerTimingAsync: InitThreadPoolExec:Update app-ops uidState in case package com.android.providers.blockednumber changed
01-20 19:07:03.564 1477 2163 V SystemServerTimingAsync: InitThreadPoolExec:Update app-ops uidState in case package org.lineageos.eleven changed took to complete: 0ms
01-20 19:07:03.564 1477 2133 V SystemServerTimingAsync: InitThreadPoolExec:Update app-ops uidState in case package com.android.calculator2 changed took to complete: 0ms
01-20 19:07:03.564 1477 2163 D SystemServerTimingAsync: InitThreadPoolExec:Update app-ops uidState in case package com.android.providers.userdictionary changed
01-20 19:07:03.564 1477 2163 D SystemServerInitThreadPool: Started executing Update app-ops uidState in case package com.android.providers.userdictionary changed
01-20 19:07:03.564 1477 2133 D SystemServerTimingAsync: InitThreadPoolExec:Update app-ops uidState in case package com.android.providers.contacts changed
01-20 19:07:03.564 1477 2163 D SystemServerInitThreadPool: Finished executing Update app-ops uidState in case package com.android.providers.userdictionary changed
01-20 19:07:03.564 1477 2163 V SystemServerTimingAsync: InitThreadPoolExec:Update app-ops uidState in case package com.android.providers.userdictionary changed took to complete: 0ms
01-20 19:07:03.564 1477 2133 D SystemServerInitThreadPool: Started executing Update app-ops uidState in case package com.android.providers.contacts changed
01-20 19:07:03.564 1477 2132 D SystemServerInitThreadPool: Started executing Update app-ops uidState in case package com.android.providers.blockednumber changed
01-20 19:07:03.564 1477 2163 D SystemServerTimingAsync: InitThreadPoolExec:Update app-ops uidState in case package com.android.packageinstaller changed
01-20 19:07:03.564 1477 2132 D SystemServerInitThreadPool: Finished executing Update app-ops uidState in case package com.android.providers.blockednumber changed
01-20 19:07:03.564 1477 2163 D SystemServerInitThreadPool: Started executing Update app-ops uidState in case package com.android.packageinstaller changed
01-20 19:07:03.564 1477 2111 V SystemServerTimingAsync: InitThreadPoolExec:Update app-ops uidState in case package com.android.imsserviceentitlement changed took to complete: 0ms
01-20 19:07:03.564 1477 2133 D SystemServerInitThreadPool: Finished executing Update app-ops uidState in case package com.android.providers.contacts changed
01-20 19:07:03.564 1477 2133 V SystemServerTimingAsync: InitThreadPoolExec:Update app-ops uidState in case package com.android.providers.contacts changed took to complete: 0ms
01-20 19:07:03.564 1477 2159 D SystemServerInitThreadPool: Started executing Update app-ops uidState in case package com.android.externalstorage changed
01-20 19:07:03.564 1477 2123 V SystemServerTimingAsync: InitThreadPoolExec:Update app-ops uidState in case package com.android.gallery3d changed took to complete: 0ms
01-20 19:07:03.564 1477 2149 D SystemServerInitThreadPool: Finished executing Update app-ops uidState in case package com.android.companiondevicemanager changed
01-20 19:07:03.564 1477 2149 V SystemServerTimingAsync: InitThreadPoolExec:Update app-ops uidState in case package com.android.companiondevicemanager changed took to complete: 0ms
01-20 19:07:03.564 1477 2163 D SystemServerInitThreadPool: Finished executing Update app-ops uidState in case package com.android.packageinstaller changed
01-20 19:07:03.564 1477 1708 D SystemServerTimingAsync: InitThreadPoolExec:Update app-ops uidState in case package com.android.printspooler changed
01-20 19:07:03.564 1477 2149 D SystemServerTimingAsync: InitThreadPoolExec:Update app-ops uidState in case package com.android.networkstack changed
01-20 19:07:03.564 1477 2123 D SystemServerTimingAsync: InitThreadPoolExec:Update app-ops uidState in case package com.android.shell changed
01-20 19:07:03.564 1477 2133 D SystemServerTimingAsync: InitThreadPoolExec:Update app-ops uidState in case package com.android.mtp changed
01-20 19:07:03.564 1477 2123 D SystemServerInitThreadPool: Started executing Update app-ops uidState in case package com.android.shell changed
01-20 19:07:03.564 1477 2132 V SystemServerTimingAsync: InitThreadPoolExec:Update app-ops uidState in case package com.android.providers.blockednumber changed took to complete: 0ms
01-20 19:07:03.564 1477 2133 D SystemServerInitThreadPool: Started executing Update app-ops uidState in case package com.android.mtp changed
01-20 19:07:03.564 1477 2123 D SystemServerInitThreadPool: Finished executing Update app-ops uidState in case package com.android.shell changed
01-20 19:07:03.564 1477 2132 D SystemServerTimingAsync: InitThreadPoolExec:Update app-ops uidState in case package com.android.cellbroadcastservice changed
01-20 19:07:03.564 1477 2111 D SystemServerTimingAsync: InitThreadPoolExec:Update app-ops uidState in case package com.android.providers.calendar changed
01-20 19:07:03.564 1477 2123 V SystemServerTimingAsync: InitThreadPoolExec:Update app-ops uidState in case package com.android.shell changed took to complete: 0ms
01-20 19:07:03.564 1477 1708 D SystemServerInitThreadPool: Started executing Update app-ops uidState in case package com.android.printspooler changed
01-20 19:07:03.564 1477 2123 D SystemServerTimingAsync: InitThreadPoolExec:Update app-ops uidState in case package com.android.networkstack.tethering changed
01-20 19:07:03.564 1477 2133 D SystemServerInitThreadPool: Finished executing Update app-ops uidState in case package com.android.mtp changed
01-20 19:07:03.564 1477 1708 D SystemServerInitThreadPool: Finished executing Update app-ops uidState in case package com.android.printspooler changed
01-20 19:07:03.564 1477 2133 V SystemServerTimingAsync: InitThreadPoolExec:Update app-ops uidState in case package com.android.mtp changed took to complete: 0ms
01-20 19:07:03.564 1477 2132 D SystemServerInitThreadPool: Started executing Update app-ops uidState in case package com.android.cellbroadcastservice changed
01-20 19:07:03.564 1477 2123 D SystemServerInitThreadPool: Started executing Update app-ops uidState in case package com.android.networkstack.tethering changed
01-20 19:07:03.565 1477 2132 D SystemServerInitThreadPool: Finished executing Update app-ops uidState in case package com.android.cellbroadcastservice changed
01-20 19:07:03.565 1477 2123 D SystemServerInitThreadPool: Finished executing Update app-ops uidState in case package com.android.networkstack.tethering changed
01-20 19:07:03.565 1477 1708 V SystemServerTimingAsync: InitThreadPoolExec:Update app-ops uidState in case package com.android.printspooler changed took to complete: 0ms
01-20 19:07:03.565 1477 2149 D SystemServerInitThreadPool: Started executing Update app-ops uidState in case package com.android.networkstack changed
01-20 19:07:03.565 1477 1708 D SystemServerTimingAsync: InitThreadPoolExec:Update app-ops uidState in case package com.android.bluetooth changed
01-20 19:07:03.565 1477 2149 D SystemServerInitThreadPool: Finished executing Update app-ops uidState in case package com.android.networkstack changed
01-20 19:07:03.565 1477 2111 D SystemServerInitThreadPool: Started executing Update app-ops uidState in case package com.android.providers.calendar changed
01-20 19:07:03.565 1477 2133 D SystemServerTimingAsync: InitThreadPoolExec:Update app-ops uidState in case package com.android.nfc changed
01-20 19:07:03.565 1477 2132 V SystemServerTimingAsync: InitThreadPoolExec:Update app-ops uidState in case package com.android.cellbroadcastservice changed took to complete: 0ms
01-20 19:07:03.565 1477 2133 D SystemServerInitThreadPool: Started executing Update app-ops uidState in case package com.android.nfc changed
01-20 19:07:03.565 1477 2123 V SystemServerTimingAsync: InitThreadPoolExec:Update app-ops uidState in case package com.android.networkstack.tethering changed took to complete: 0ms
01-20 19:07:03.565 1477 2163 V SystemServerTimingAsync: InitThreadPoolExec:Update app-ops uidState in case package com.android.packageinstaller changed took to complete: 0ms
01-20 19:07:03.565 1477 2159 D SystemServerInitThreadPool: Finished executing Update app-ops uidState in case package com.android.externalstorage changed
01-20 19:07:03.565 1477 2149 V SystemServerTimingAsync: InitThreadPoolExec:Update app-ops uidState in case package com.android.networkstack changed took to complete: 0ms
01-20 19:07:03.565 1477 2159 V SystemServerTimingAsync: InitThreadPoolExec:Update app-ops uidState in case package com.android.externalstorage changed took to complete: 0ms
01-20 19:07:03.565 1477 2149 D SystemServerTimingAsync: InitThreadPoolExec:Update app-ops uidState in case package com.android.service.ims changed
01-20 19:07:03.565 1477 2133 D SystemServerInitThreadPool: Finished executing Update app-ops uidState in case package com.android.nfc changed
01-20 19:07:03.565 1477 2123 D SystemServerTimingAsync: InitThreadPoolExec:Update app-ops uidState in case package com.android.ons changed
01-20 19:07:03.565 1477 1708 D SystemServerInitThreadPool: Started executing Update app-ops uidState in case package com.android.bluetooth changed
01-20 19:07:03.565 1477 2123 D SystemServerInitThreadPool: Started executing Update app-ops uidState in case package com.android.ons changed
01-20 19:07:03.565 1477 2111 D SystemServerInitThreadPool: Finished executing Update app-ops uidState in case package com.android.providers.calendar changed
01-20 19:07:03.565 1477 1708 D SystemServerInitThreadPool: Finished executing Update app-ops uidState in case package com.android.bluetooth changed
01-20 19:07:03.565 1477 2111 V SystemServerTimingAsync: InitThreadPoolExec:Update app-ops uidState in case package com.android.providers.calendar changed took to complete: 1ms
01-20 19:07:03.565 1477 1708 V SystemServerTimingAsync: InitThreadPoolExec:Update app-ops uidState in case package com.android.bluetooth changed took to complete: 1ms
01-20 19:07:03.565 1477 2132 D SystemServerTimingAsync: InitThreadPoolExec:Update app-ops uidState in case package com.android.mms.service changed
01-20 19:07:03.565 1477 1708 D SystemServerTimingAsync: InitThreadPoolExec:Update app-ops uidState in case package org.lineageos.pocketmode changed
01-20 19:07:03.565 1477 1708 D SystemServerInitThreadPool: Started executing Update app-ops uidState in case package org.lineageos.pocketmode changed
01-20 19:07:03.565 1477 1708 D SystemServerInitThreadPool: Finished executing Update app-ops uidState in case package org.lineageos.pocketmode changed
01-20 19:07:03.565 1477 2133 V SystemServerTimingAsync: InitThreadPoolExec:Update app-ops uidState in case package com.android.nfc changed took to complete: 0ms
01-20 19:07:03.565 1477 1708 V SystemServerTimingAsync: InitThreadPoolExec:Update app-ops uidState in case package org.lineageos.pocketmode changed took to complete: 0ms
01-20 19:07:03.565 1477 2111 D SystemServerTimingAsync: InitThreadPoolExec:Update app-ops uidState in case package com.android.dynsystem changed
01-20 19:07:03.565 1477 1708 D SystemServerTimingAsync: InitThreadPoolExec:Update app-ops uidState in case package android changed
01-20 19:07:03.565 1477 2149 D SystemServerInitThreadPool: Started executing Update app-ops uidState in case package com.android.service.ims changed
01-20 19:07:03.565 1477 2132 D SystemServerInitThreadPool: Started executing Update app-ops uidState in case package com.android.mms.service changed
01-20 19:07:03.565 1477 2149 D SystemServerInitThreadPool: Finished executing Update app-ops uidState in case package com.android.service.ims changed
01-20 19:07:03.565 1477 2132 D SystemServerInitThreadPool: Finished executing Update app-ops uidState in case package com.android.mms.service changed
01-20 19:07:03.565 1477 2132 V SystemServerTimingAsync: InitThreadPoolExec:Update app-ops uidState in case package com.android.mms.service changed took to complete: 0ms
01-20 19:07:03.565 1477 2123 D SystemServerInitThreadPool: Finished executing Update app-ops uidState in case package com.android.ons changed
01-20 19:07:03.565 1477 2132 D SystemServerTimingAsync: InitThreadPoolExec:Update app-ops uidState in case package org.lineageos.setupwizard changed
01-20 19:07:03.565 1477 2163 D SystemServerTimingAsync: InitThreadPoolExec:Update app-ops uidState in case package com.qti.dpmserviceapp changed
01-20 19:07:03.565 1477 2132 D SystemServerInitThreadPool: Started executing Update app-ops uidState in case package org.lineageos.setupwizard changed
01-20 19:07:03.565 1477 2163 D SystemServerInitThreadPool: Started executing Update app-ops uidState in case package com.qti.dpmserviceapp changed
01-20 19:07:03.565 1477 2132 D SystemServerInitThreadPool: Finished executing Update app-ops uidState in case package org.lineageos.setupwizard changed
01-20 19:07:03.565 1477 2111 D SystemServerInitThreadPool: Started executing Update app-ops uidState in case package com.android.dynsystem changed
01-20 19:07:03.565 1477 2163 D SystemServerInitThreadPool: Finished executing Update app-ops uidState in case package com.qti.dpmserviceapp changed
01-20 19:07:03.565 1477 2163 V SystemServerTimingAsync: InitThreadPoolExec:Update app-ops uidState in case package com.qti.dpmserviceapp changed took to complete: 0ms
01-20 19:07:03.565 1477 2111 D SystemServerInitThreadPool: Finished executing Update app-ops uidState in case package com.android.dynsystem changed
01-20 19:07:03.565 1477 2111 V SystemServerTimingAsync: InitThreadPoolExec:Update app-ops uidState in case package com.android.dynsystem changed took to complete: 0ms
01-20 19:07:03.565 1477 2123 V SystemServerTimingAsync: InitThreadPoolExec:Update app-ops uidState in case package com.android.ons changed took to complete: 1ms
01-20 19:07:03.565 1477 1708 D SystemServerInitThreadPool: Started executing Update app-ops uidState in case package android changed
01-20 19:07:03.565 1477 2123 D SystemServerTimingAsync: InitThreadPoolExec:Update app-ops uidState in case package com.android.settings changed
01-20 19:07:03.565 1477 2123 D SystemServerInitThreadPool: Started executing Update app-ops uidState in case package com.android.settings changed
01-20 19:07:03.565 1477 2123 D SystemServerInitThreadPool: Finished executing Update app-ops uidState in case package com.android.settings changed
01-20 19:07:03.565 1477 2123 V SystemServerTimingAsync: InitThreadPoolExec:Update app-ops uidState in case package com.android.settings changed took to complete: 0ms
01-20 19:07:03.565 1477 2149 V SystemServerTimingAsync: InitThreadPoolExec:Update app-ops uidState in case package com.android.service.ims changed took to complete: 1ms
01-20 19:07:03.565 1477 1708 D SystemServerInitThreadPool: Finished executing Update app-ops uidState in case package android changed
01-20 19:07:03.565 1477 2149 D SystemServerTimingAsync: InitThreadPoolExec:Update app-ops uidState in case package com.android.location.fused changed
01-20 19:07:03.565 1477 2149 D SystemServerInitThreadPool: Started executing Update app-ops uidState in case package com.android.location.fused changed
01-20 19:07:03.565 1477 2132 V SystemServerTimingAsync: InitThreadPoolExec:Update app-ops uidState in case package org.lineageos.setupwizard changed took to complete: 0ms
01-20 19:07:03.565 1477 2163 D SystemServerTimingAsync: InitThreadPoolExec:Update app-ops uidState in case package com.android.inputdevices changed
01-20 19:07:03.565 1477 2149 D SystemServerInitThreadPool: Finished executing Update app-ops uidState in case package com.android.location.fused changed
01-20 19:07:03.565 1477 2163 D SystemServerInitThreadPool: Started executing Update app-ops uidState in case package com.android.inputdevices changed
01-20 19:07:03.565 1477 2111 D SystemServerTimingAsync: InitThreadPoolExec:Update app-ops uidState in case package com.android.server.telecom changed
01-20 19:07:03.565 1477 2133 D SystemServerTimingAsync: InitThreadPoolExec:Update app-ops uidState in case package org.lineageos.settings.device.dac changed
01-20 19:07:03.565 1477 2111 D SystemServerInitThreadPool: Started executing Update app-ops uidState in case package com.android.server.telecom changed
01-20 19:07:03.565 1477 2133 D SystemServerInitThreadPool: Started executing Update app-ops uidState in case package org.lineageos.settings.device.dac changed
01-20 19:07:03.565 1477 2123 D SystemServerTimingAsync: InitThreadPoolExec:Update app-ops uidState in case package com.android.wallpaperbackup changed
01-20 19:07:03.565 1477 2111 D SystemServerInitThreadPool: Finished executing Update app-ops uidState in case package com.android.server.telecom changed
01-20 19:07:03.565 1477 2123 D SystemServerInitThreadPool: Started executing Update app-ops uidState in case package com.android.wallpaperbackup changed
01-20 19:07:03.565 1477 2149 V SystemServerTimingAsync: InitThreadPoolExec:Update app-ops uidState in case package com.android.location.fused changed took to complete: 0ms
01-20 19:07:03.565 1477 1708 V SystemServerTimingAsync: InitThreadPoolExec:Update app-ops uidState in case package android changed took to complete: 0ms
01-20 19:07:03.565 1477 2133 D SystemServerInitThreadPool: Finished executing Update app-ops uidState in case package org.lineageos.settings.device.dac changed
01-20 19:07:03.565 1477 2163 D SystemServerInitThreadPool: Finished executing Update app-ops uidState in case package com.android.inputdevices changed
01-20 19:07:03.565 1477 2163 V SystemServerTimingAsync: InitThreadPoolExec:Update app-ops uidState in case package com.android.inputdevices changed took to complete: 0ms
01-20 19:07:03.565 1477 2123 D SystemServerInitThreadPool: Finished executing Update app-ops uidState in case package com.android.wallpaperbackup changed
01-20 19:07:03.565 1477 2123 V SystemServerTimingAsync: InitThreadPoolExec:Update app-ops uidState in case package com.android.wallpaperbackup changed took to complete: 0ms
01-20 19:07:03.565 1477 2133 V SystemServerTimingAsync: InitThreadPoolExec:Update app-ops uidState in case package org.lineageos.settings.device.dac changed took to complete: 0ms
01-20 19:07:03.565 1477 2159 D SystemServerTimingAsync: InitThreadPoolExec:Update app-ops uidState in case package com.android.phone changed
01-20 19:07:03.565 1477 2111 V SystemServerTimingAsync: InitThreadPoolExec:Update app-ops uidState in case package com.android.server.telecom changed took to complete: 0ms
01-20 19:07:03.565 1477 2159 D SystemServerInitThreadPool: Started executing Update app-ops uidState in case package com.android.phone changed
01-20 19:07:03.565 1477 2159 D SystemServerInitThreadPool: Finished executing Update app-ops uidState in case package com.android.phone changed
01-20 19:07:03.565 1477 2159 V SystemServerTimingAsync: InitThreadPoolExec:Update app-ops uidState in case package com.android.phone changed took to complete: 0ms
01-20 19:07:03.581 1477 1839 E AppStandbyController: Tried to restrict app com.android.documentsui for an unsupported reason
01-20 19:07:03.582 1477 1477 V SystemServerTiming: controllersReady took to complete: 22ms
01-20 19:07:03.582 1477 1477 D SystemServerTiming: killProcesses
01-20 19:07:03.582 1477 1477 V SystemServerTiming: killProcesses took to complete: 0ms
01-20 19:07:03.582 1477 1477 I ActivityManager: System now ready
01-20 19:07:03.582 1477 1477 D SystemServerTiming: updateTopComponentForFactoryTest
01-20 19:07:03.582 1477 1477 V SystemServerTiming: updateTopComponentForFactoryTest took to complete: 0ms
01-20 19:07:03.583 1477 1477 D SystemServerTiming: registerActivityLaunchObserver
01-20 19:07:03.583 1477 1477 V SystemServerTiming: registerActivityLaunchObserver took to complete: 0ms
01-20 19:07:03.583 1477 1477 D SystemServerTiming: watchDeviceProvisioning
01-20 19:07:03.587 1477 1477 V SystemServerTiming: watchDeviceProvisioning took to complete: 4ms
01-20 19:07:03.587 1477 1477 D SystemServerTiming: retrieveSettings
01-20 19:07:03.588 1477 1477 I ActivityTaskManager: Config changes=10000100 {1.0 ?mcc?mnc [en_CA] ldltr sw427dp w427dp h853dp 540dpi nrml long port night finger -keyb/v/h -nav/h winConfig={ mBounds=Rect(0, 0 - 1440, 2880) mAppBounds=Rect(0, 0 - 1440, 2880) mMaxBounds=Rect(0, 0 - 1440, 2880) mDisplayRotation=ROTATION_0 mWindowingMode=fullscreen mDisplayWindowingMode=fullscreen mActivityType=undefined mAlwaysOnTop=undefined mRotation=ROTATION_0} s.10 fontWeightAdjustment=0}
01-20 19:07:03.589 1477 1477 I WindowManager: Override config changes=10000100 {1.0 ?mcc?mnc [en_CA] ldltr sw427dp w427dp h853dp 540dpi nrml long port night finger -keyb/v/h -nav/h winConfig={ mBounds=Rect(0, 0 - 1440, 2880) mAppBounds=Rect(0, 0 - 1440, 2880) mMaxBounds=Rect(0, 0 - 1440, 2880) mDisplayRotation=ROTATION_0 mWindowingMode=fullscreen mDisplayWindowingMode=fullscreen mActivityType=undefined mAlwaysOnTop=undefined mRotation=ROTATION_0} s.10 fontWeightAdjustment=0} for displayId=0
01-20 19:07:03.590 1477 1477 V SystemServerTiming: retrieveSettings took to complete: 4ms
01-20 19:07:03.591 1477 1477 D SystemServerTiming: Ugm.onSystemReady
01-20 19:07:03.592 1477 1477 V SystemServerTiming: Ugm.onSystemReady took to complete: 2ms
01-20 19:07:03.592 1477 1477 D SystemServerTiming: updateForceBackgroundCheck
01-20 19:07:03.592 1477 1477 V SystemServerTiming: updateForceBackgroundCheck took to complete: 0ms
01-20 19:07:03.592 1477 1477 I SystemServer: Making services ready
01-20 19:07:03.592 1477 1477 D SystemServerTiming: StartActivityManagerReadyPhase
01-20 19:07:03.592 1477 1477 I SystemServiceManager: Starting phase 550
01-20 19:07:03.592 1477 1477 D SystemServerTiming: OnBootPhase_550
01-20 19:07:03.592 1477 1477 D SystemServerTiming: OnBootPhase_550_com.android.server.security.FileIntegrityService
01-20 19:07:03.592 1477 1477 V SystemServerTiming: OnBootPhase_550_com.android.server.security.FileIntegrityService took to complete: 0ms
01-20 19:07:03.592 1477 1477 D SystemServerTiming: OnBootPhase_550_com.android.server.pm.Installer
01-20 19:07:03.592 1477 1477 V SystemServerTiming: OnBootPhase_550_com.android.server.pm.Installer took to complete: 0ms
01-20 19:07:03.592 1477 1477 D SystemServerTiming: OnBootPhase_550_com.android.server.os.DeviceIdentifiersPolicyService
01-20 19:07:03.592 1477 1477 V SystemServerTiming: OnBootPhase_550_com.android.server.os.DeviceIdentifiersPolicyService took to complete: 0ms
01-20 19:07:03.592 1477 1477 D SystemServerTiming: OnBootPhase_550_com.android.server.uri.UriGrantsManagerService$Lifecycle
01-20 19:07:03.592 1477 1477 V SystemServerTiming: OnBootPhase_550_com.android.server.uri.UriGrantsManagerService$Lifecycle took to complete: 0ms
01-20 19:07:03.592 1477 1477 D SystemServerTiming: OnBootPhase_550_com.android.server.powerstats.PowerStatsService
01-20 19:07:03.592 1477 1477 V SystemServerTiming: OnBootPhase_550_com.android.server.powerstats.PowerStatsService took to complete: 0ms
01-20 19:07:03.592 1477 1477 D SystemServerTiming: OnBootPhase_550_com.android.server.wm.ActivityTaskManagerService$Lifecycle
01-20 19:07:03.592 1477 1477 V SystemServerTiming: OnBootPhase_550_com.android.server.wm.ActivityTaskManagerService$Lifecycle took to complete: 0ms
01-20 19:07:03.592 1477 1477 D SystemServerTiming: OnBootPhase_550_com.android.server.am.ActivityManagerService$Lifecycle
01-20 19:07:03.593 1477 1477 V SystemServerTiming: OnBootPhase_550_com.android.server.am.ActivityManagerService$Lifecycle took to complete: 1ms
01-20 19:07:03.593 1477 1477 D SystemServerTiming: OnBootPhase_550_com.android.server.pm.DataLoaderManagerService
01-20 19:07:03.593 1477 1477 V SystemServerTiming: OnBootPhase_550_com.android.server.pm.DataLoaderManagerService took to complete: 0ms
01-20 19:07:03.593 1477 1477 D SystemServerTiming: OnBootPhase_550_com.android.server.power.PowerManagerService
01-20 19:07:03.593 1477 1477 V SystemServerTiming: OnBootPhase_550_com.android.server.power.PowerManagerService took to complete: 0ms
01-20 19:07:03.593 1477 1477 D SystemServerTiming: OnBootPhase_550_com.android.server.power.ThermalManagerService
01-20 19:07:03.593 1477 1477 E ThermalHalWrapper: Thermal HAL 2.0 service not connected.
01-20 19:07:03.594 1477 1477 E ThermalHalWrapper: Thermal HAL 1.1 service not connected.
01-20 19:07:03.595 1477 1477 E ThermalHalWrapper: Thermal HAL 1.0 service not connected.
01-20 19:07:03.595 1477 1477 W ThermalManagerService: No Thermal HAL service on this device
01-20 19:07:03.595 1477 1477 V SystemServerTiming: OnBootPhase_550_com.android.server.power.ThermalManagerService took to complete: 1ms
01-20 19:07:03.595 1477 1477 D SystemServerTiming: OnBootPhase_550_com.android.server.power.hint.HintManagerService
01-20 19:07:03.595 1477 1477 V SystemServerTiming: OnBootPhase_550_com.android.server.power.hint.HintManagerService took to complete: 0ms
01-20 19:07:03.595 1477 1477 D SystemServerTiming: OnBootPhase_550_com.android.server.recoverysystem.RecoverySystemService$Lifecycle
01-20 19:07:03.595 1477 1477 V SystemServerTiming: OnBootPhase_550_com.android.server.recoverysystem.RecoverySystemService$Lifecycle took to complete: 0ms
01-20 19:07:03.595 1477 1477 D SystemServerTiming: OnBootPhase_550_com.android.server.lights.LightsService
01-20 19:07:03.595 1477 1477 V SystemServerTiming: OnBootPhase_550_com.android.server.lights.LightsService took to complete: 0ms
01-20 19:07:03.595 1477 1477 D SystemServerTiming: OnBootPhase_550_com.android.server.display.DisplayManagerService
01-20 19:07:03.595 1477 1477 V SystemServerTiming: OnBootPhase_550_com.android.server.display.DisplayManagerService took to complete: 0ms
01-20 19:07:03.595 1477 1477 D SystemServerTiming: OnBootPhase_550_com.android.server.pm.verify.domain.DomainVerificationService
01-20 19:07:03.595 1477 1477 V SystemServerTiming: OnBootPhase_550_com.android.server.pm.verify.domain.DomainVerificationService took to complete: 0ms
01-20 19:07:03.595 1477 1477 D SystemServerTiming: OnBootPhase_550_com.android.server.pm.PackageInstallerService$Lifecycle
01-20 19:07:03.595 1477 1477 V SystemServerTiming: OnBootPhase_550_com.android.server.pm.PackageInstallerService$Lifecycle took to complete: 0ms
01-20 19:07:03.595 1477 1477 D SystemServerTiming: OnBootPhase_550_com.android.server.pm.UserManagerService$LifeCycle
01-20 19:07:03.595 1477 1477 V SystemServerTiming: OnBootPhase_550_com.android.server.pm.UserManagerService$LifeCycle took to complete: 0ms
01-20 19:07:03.595 1477 1477 D SystemServerTiming: OnBootPhase_550_com.android.server.om.OverlayManagerService
01-20 19:07:03.595 1477 1477 V SystemServerTiming: OnBootPhase_550_com.android.server.om.OverlayManagerService took to complete: 0ms
01-20 19:07:03.595 1477 1477 D SystemServerTiming: OnBootPhase_550_com.android.server.resources.ResourcesManagerService
01-20 19:07:03.595 1477 1477 V SystemServerTiming: OnBootPhase_550_com.android.server.resources.ResourcesManagerService took to complete: 0ms
01-20 19:07:03.595 1477 1477 D SystemServerTiming: OnBootPhase_550_com.android.server.sensorprivacy.SensorPrivacyService
01-20 19:07:03.595 1477 1477 V SystemServerTiming: OnBootPhase_550_com.android.server.sensorprivacy.SensorPrivacyService took to complete: 0ms
01-20 19:07:03.596 1477 1477 D SystemServerTiming: OnBootPhase_550_com.android.server.sensors.SensorService
01-20 19:07:03.596 1477 1477 V SystemServerTiming: OnBootPhase_550_com.android.server.sensors.SensorService took to complete: 0ms
01-20 19:07:03.596 1477 1477 D SystemServerTiming: OnBootPhase_550_com.android.server.SystemConfigService
01-20 19:07:03.596 1477 1477 V SystemServerTiming: OnBootPhase_550_com.android.server.SystemConfigService took to complete: 0ms
01-20 19:07:03.596 1477 1477 D SystemServerTiming: OnBootPhase_550_com.android.server.BatteryService
01-20 19:07:03.596 1477 1477 V SystemServerTiming: OnBootPhase_550_com.android.server.BatteryService took to complete: 1ms
01-20 19:07:03.596 1477 1477 D SystemServerTiming: OnBootPhase_550_com.android.server.usage.UsageStatsService
01-20 19:07:03.596 1477 1477 V SystemServerTiming: OnBootPhase_550_com.android.server.usage.UsageStatsService took to complete: 0ms
01-20 19:07:03.596 1477 1477 D SystemServerTiming: OnBootPhase_550_com.android.server.webkit.WebViewUpdateService
01-20 19:07:03.596 1477 1477 V SystemServerTiming: OnBootPhase_550_com.android.server.webkit.WebViewUpdateService took to complete: 0ms
01-20 19:07:03.596 1477 1477 D SystemServerTiming: OnBootPhase_550_com.android.server.CachedDeviceStateService
01-20 19:07:03.596 1477 1477 V SystemServerTiming: OnBootPhase_550_com.android.server.CachedDeviceStateService took to complete: 0ms
01-20 19:07:03.596 1477 1477 D SystemServerTiming: OnBootPhase_550_com.android.server.BinderCallsStatsService$LifeCycle
01-20 19:07:03.596 1477 1477 V SystemServerTiming: OnBootPhase_550_com.android.server.BinderCallsStatsService$LifeCycle took to complete: 0ms
01-20 19:07:03.596 1477 1477 D SystemServerTiming: OnBootPhase_550_com.android.server.LooperStatsService$Lifecycle
01-20 19:07:03.596 1477 1477 V SystemServerTiming: OnBootPhase_550_com.android.server.LooperStatsService$Lifecycle took to complete: 0ms
01-20 19:07:03.596 1477 1477 D SystemServerTiming: OnBootPhase_550_com.android.server.rollback.RollbackManagerService
01-20 19:07:03.596 1477 1477 V SystemServerTiming: OnBootPhase_550_com.android.server.rollback.RollbackManagerService took to complete: 0ms
01-20 19:07:03.596 1477 1477 D SystemServerTiming: OnBootPhase_550_com.android.server.os.NativeTombstoneManagerService
01-20 19:07:03.596 1477 1477 V SystemServerTiming: OnBootPhase_550_com.android.server.os.NativeTombstoneManagerService took to complete: 0ms
01-20 19:07:03.596 1477 1477 D SystemServerTiming: OnBootPhase_550_com.android.server.os.BugreportManagerService
01-20 19:07:03.596 1477 1477 V SystemServerTiming: OnBootPhase_550_com.android.server.os.BugreportManagerService took to complete: 0ms
01-20 19:07:03.596 1477 1477 D SystemServerTiming: OnBootPhase_550_com.android.server.gpu.GpuService
01-20 19:07:03.596 1477 1477 V SystemServerTiming: OnBootPhase_550_com.android.server.gpu.GpuService took to complete: 0ms
01-20 19:07:03.596 1477 1477 D SystemServerTiming: OnBootPhase_550_com.android.server.security.KeyChainSystemService
01-20 19:07:03.596 1477 1477 V SystemServerTiming: OnBootPhase_550_com.android.server.security.KeyChainSystemService took to complete: 0ms
01-20 19:07:03.596 1477 1477 D SystemServerTiming: OnBootPhase_550_com.android.server.BinaryTransparencyService
01-20 19:07:03.596 1477 1477 V SystemServerTiming: OnBootPhase_550_com.android.server.BinaryTransparencyService took to complete: 0ms
01-20 19:07:03.596 1477 1477 D SystemServerTiming: OnBootPhase_550_com.android.server.telecom.TelecomLoaderService
01-20 19:07:03.598 1477 1477 W ActivityManager: Too early to start/bind service in system_server: Phase=550 ComponentInfo{com.android.server.telecom/com.android.server.telecom.components.TelecomService}
01-20 19:07:03.598 1477 2131 E NativeTombstoneManager: Tombstone's UID (1000) not an app, ignoring
01-20 19:07:03.598 1477 1477 D CompatibilityChangeReporter: Compat change id reported: 168419799; UID 1000; state: DISABLED
01-20 19:07:03.598 1477 1477 D CompatibilityChangeReporter: Compat change id reported: 273564678; UID 1000; state: DISABLED
01-20 19:07:03.598 1477 1477 W ActivityManager: Too early to start/bind service in system_server: Phase=550 ComponentInfo{com.android.server.telecom/com.android.server.telecom.components.TelecomService}
01-20 19:07:03.599 1477 1477 V SystemServerTiming: OnBootPhase_550_com.android.server.telecom.TelecomLoaderService took to complete: 2ms
01-20 19:07:03.599 1477 1477 D SystemServerTiming: OnBootPhase_550_com.android.server.accounts.AccountManagerService$Lifecycle
01-20 19:07:03.599 1477 1477 V SystemServerTiming: OnBootPhase_550_com.android.server.accounts.AccountManagerService$Lifecycle took to complete: 0ms
01-20 19:07:03.599 1477 1477 D SystemServerTiming: OnBootPhase_550_com.android.server.content.ContentService$Lifecycle
01-20 19:07:03.600 1477 1477 I SyncManager: No initial accounts
01-20 19:07:03.601 1477 2131 E NativeTombstoneManager: Tombstone's UID (1000) not an app, ignoring
01-20 19:07:03.602 1477 1477 V SystemServerTiming: OnBootPhase_550_com.android.server.content.ContentService$Lifecycle took to complete: 4ms
01-20 19:07:03.602 1477 1477 D SystemServerTiming: OnBootPhase_550_com.android.server.DropBoxManagerService
01-20 19:07:03.602 1477 1477 V SystemServerTiming: OnBootPhase_550_com.android.server.DropBoxManagerService took to complete: 0ms
01-20 19:07:03.602 1477 1477 D SystemServerTiming: OnBootPhase_550_com.android.role.RoleService
01-20 19:07:03.602 1477 1477 V SystemServerTiming: OnBootPhase_550_com.android.role.RoleService took to complete: 0ms
01-20 19:07:03.602 1477 1477 D SystemServerTiming: OnBootPhase_550_com.android.server.vibrator.VibratorManagerService$Lifecycle
01-20 19:07:03.602 1477 1477 V SystemServerTiming: OnBootPhase_550_com.android.server.vibrator.VibratorManagerService$Lifecycle took to complete: 0ms
01-20 19:07:03.602 1477 1477 D SystemServerTiming: OnBootPhase_550_com.android.server.tare.InternalResourceService
01-20 19:07:03.602 1477 1477 V SystemServerTiming: OnBootPhase_550_com.android.server.tare.InternalResourceService took to complete: 0ms
01-20 19:07:03.602 1477 1477 D SystemServerTiming: OnBootPhase_550_com.android.server.alarm.AlarmManagerService
01-20 19:07:03.602 1477 1477 V SystemServerTiming: OnBootPhase_550_com.android.server.alarm.AlarmManagerService took to complete: 0ms
01-20 19:07:03.602 1477 1477 D SystemServerTiming: OnBootPhase_550_com.android.server.devicestate.DeviceStateManagerService
01-20 19:07:03.602 1477 1477 V SystemServerTiming: OnBootPhase_550_com.android.server.devicestate.DeviceStateManagerService took to complete: 0ms
01-20 19:07:03.602 1477 1477 D SystemServerTiming: OnBootPhase_550_com.android.server.camera.CameraServiceProxy
01-20 19:07:03.602 1477 1477 V SystemServerTiming: OnBootPhase_550_com.android.server.camera.CameraServiceProxy took to complete: 0ms
01-20 19:07:03.602 1477 1477 D SystemServerTiming: OnBootPhase_550_com.android.server.vr.VrManagerService
01-20 19:07:03.602 1477 1477 V SystemServerTiming: OnBootPhase_550_com.android.server.vr.VrManagerService took to complete: 0ms
01-20 19:07:03.602 1477 1477 D SystemServerTiming: OnBootPhase_550_com.android.server.bluetooth.BluetoothService
01-20 19:07:03.602 1477 1477 V SystemServerTiming: OnBootPhase_550_com.android.server.bluetooth.BluetoothService took to complete: 0ms
01-20 19:07:03.602 1477 1477 D SystemServerTiming: OnBootPhase_550_com.android.server.connectivity.IpConnectivityMetrics
01-20 19:07:03.602 1477 1477 V SystemServerTiming: OnBootPhase_550_com.android.server.connectivity.IpConnectivityMetrics took to complete: 0ms
01-20 19:07:03.602 1477 1477 D SystemServerTiming: OnBootPhase_550_com.android.server.net.watchlist.NetworkWatchlistService$Lifecycle
01-20 19:07:03.603 1477 1477 V SystemServerTiming: OnBootPhase_550_com.android.server.net.watchlist.NetworkWatchlistService$Lifecycle took to complete: 1ms
01-20 19:07:03.603 1477 1477 D SystemServerTiming: OnBootPhase_550_com.android.server.PinnerService
01-20 19:07:03.603 1477 1477 V SystemServerTiming: OnBootPhase_550_com.android.server.PinnerService took to complete: 0ms
