01-20 19:08:17.494 0 0 I afe_callback: AFE_PORT_CMD_SET_PARAM_V3 , data->token = 38, payload = 65775, 0
01-20 19:08:17.494 0 0 I afe_callback: AFE_PORT_CMD_SET_PARAM_V3 , data->token = 38, payload = 65775, 0
01-20 19:08:17.494 0 0 I afe_callback: AFE_PORT_CMD_SET_PARAM_V3 , data->token = 38, payload = 65775, 0
01-20 19:08:17.495 0 0 I afe_callback: AFE_PORT_CMD_SET_PARAM_V3 , data->token = 38, payload = 65775, 0
01-20 19:08:17.498 0 0 I afe_callback: AFE_PORT_CMD_SET_PARAM_V3 , data->token = 38, payload = 65775, 0
01-20 19:08:17.498 0 0 I afe_tfa_dsp_send_msg: [0]:0xff-[1]:0xff-[2]:0x0-[3]:0x74, [4]:0x0-[5]:0x0, packet_id:65535, packet_size:116
01-20 19:08:17.498 0 0 I afe_callback: TFADSP is configured
01-20 19:08:17.498 0 0 I afe_callback: AFE_PORT_CMD_SET_PARAM_V3 , data->token = 38, payload = 65775, 0
01-20 19:08:17.500 0 0 I tfa_set_calibration_values: calibration data: 5963
01-20 19:08:17.500 0 0 I tfa_start: [cold] device:TFA profile:music
01-20 19:08:17.544 1477 2580 D CoreBackPreview: Window{a8ee3c0 u0 com.android.messaging/com.android.messaging.ui.conversation.ConversationActivity}: Setting back callback OnBackInvokedCallbackInfo{mCallback=android.window.IOnBackInvokedCallback$Stub$Proxy@6b68988, mPriority=0}
01-20 19:08:17.547 1477 2580 D CoreBackPreview: Window{2b2447a u0 com.android.messaging/com.android.messaging.ui.conversationlist.ConversationListActivity}: Setting back callback OnBackInvokedCallbackInfo{mCallback=android.window.IOnBackInvokedCallback$Stub$Proxy@b864f46, mPriority=0}
01-20 19:08:17.575 1477 2147 D CoreBackPreview: Window{2b2447a u0 com.android.messaging/com.android.messaging.ui.conversationlist.ConversationListActivity}: Setting back callback OnBackInvokedCallbackInfo{mCallback=android.window.IOnBackInvokedCallback$Stub$Proxy@27e97cc, mPriority=0}
01-20 19:08:17.587 0 0 I PMI : override_handle_chg_state_change: chg_state_change to 0x3
01-20 19:08:17.587 0 0 I PMI : smblib_handle_chg_state_change: IRQ: chg-state-change
01-20 19:08:17.588 0 0 E VENEER : psy_external_changed: externally changed : B:VOLTAGE_NOW B:TEMP
01-20 19:08:17.588 0 0 E VENEER : update_veneer_supplier: POWER_SUPPLY_PROP_REAL_TYPE = 4
01-20 19:08:17.588 0 0 E UNINODE : charger_incompatible_store: Storing 0
01-20 19:08:17.588 0 0 E VENEER : update_veneer_uninodes: mw_now = 2500
01-20 19:08:17.588 0 0 E UNINODE : charger_highspeed_store: Storing 0
01-20 19:08:17.588 0 0 E UNINODE : charger_name_store: Storing USB2
01-20 19:08:17.593 0 0 W healthd : battery l=100 v=4387 t=29.7 h=2 st=5 c=-163085 fc=2752000 cc=23 chg=u
01-20 19:08:17.614 2241 2776 D PowerUI : can't show warning due to - plugged: true status unknown: false
01-20 19:08:17.764 0 0 W : IRQ5 no longer affine to CPU4
01-20 19:08:18.071 1477 2580 D CoreBackPreview: Window{a8ee3c0 u0 com.android.messaging/com.android.messaging.ui.conversation.ConversationActivity}: Setting back callback null
01-20 19:08:18.432 0 0 I PMI : override_handle_chg_state_change: chg_state_change to 0x4
01-20 19:08:18.432 0 0 I PMI : smblib_handle_chg_state_change: IRQ: chg-state-change
01-20 19:08:18.432 0 0 E VENEER : psy_external_changed: externally changed : B:VOLTAGE_NOW
01-20 19:08:18.432 0 0 E VENEER : update_veneer_supplier: POWER_SUPPLY_PROP_REAL_TYPE = 4
01-20 19:08:18.432 0 0 E UNINODE : charger_incompatible_store: Storing 0
01-20 19:08:18.432 0 0 E VENEER : update_veneer_uninodes: mw_now = 2500
01-20 19:08:18.432 0 0 E UNINODE : charger_highspeed_store: Storing 0
01-20 19:08:18.432 0 0 E UNINODE : charger_name_store: Storing USB2
01-20 19:08:18.435 0 0 I PL_AWAKE: effective vote is now 1 voted by TAPER_END_VOTER,1
01-20 19:08:18.439 0 0 W healthd : battery l=100 v=4387 t=29.7 h=2 st=5 c=-174316 fc=2752000 cc=23 chg=u
01-20 19:08:18.446 2241 3841 D PowerUI : can't show warning due to - plugged: true status unknown: false
01-20 19:08:18.445 0 0 I PL_AWAKE: effective vote is now 0 voted by TAPER_END_VOTER,1
01-20 19:08:18.583 0 0 I IDTP9223: idtp9223_monitor: [USB]1 [ALV]0 [OD2]0 [QIPMA]0 [VOUT]00
01-20 19:08:18.583 0 0 I : [bm] monitoring
01-20 19:08:18.669 0 0 E : [TM] XO, 32,PA0, 31,PA1, 32,QUIET, 30,VTS,300
01-20 19:08:19.213 0 0 I : [Touch] 1 finger pressed:<0>( 769,2832, 41)
01-20 19:08:19.226 0 0 F tspdrv : ! ImmVibeSPI_ForceOut_AmpDisable.
01-20 19:08:19.289 0 0 I : [Touch] finger released:<0>( 769,2837, 46)
01-20 19:08:19.300 1477 1702 I ActivityTaskManager: START u0 {act=android.intent.action.MAIN cat=[android.intent.category.HOME] flg=0x10000100 cmp=com.android.launcher3/.uioverrides.QuickstepLauncher (has extras)} from uid 0
01-20 19:08:19.314 1477 2147 W ActivityManager: Unable to start service Intent { act=com.android.launcher3.WINDOW_OVERLAY dat=app://com.android.launcher3:10143/... pkg=com.google.android.googlequicksearchbox } U=0: not found
01-20 19:08:19.997 1477 1704 D OomAdjuster: Not killing cached processes
01-20 19:08:20.238 0 0 F tspdrv : ! ImmVibeSPI_ForceOut_AmpDisable.
01-20 19:08:20.628 0 0 I : [Touch] 1 finger pressed:<0>( 790,1499, 44)
01-20 19:08:20.663 0 0 I AWAKE : effective vote is now 1 voted by POLLING_LOGGER_VOTER,1
01-20 19:08:20.823 0 0 I : [Touch] finger released:<0>( 112,1395, 59)
01-20 19:08:20.839 0 0 E __layer_param_check: invalid source image img flag=0 wh=1472x176 rect=0,0,720,2880
01-20 19:08:20.839 0 0 E __validate_layers: layer:6 validation failed ret=-22
01-20 19:08:20.839 0 0 E mdss_fb_atomic_commit_ioctl: atomic commit failed ret:-22
01-20 19:08:20.848 0 0 I PMINFO : [CSV] cSYS:100, cMNT:100.0, cCHG:2752, cLRN:2752, iBAT:-177, vBAT:4385, vPRD:4391, vOCV:4357, vUSB:4824, iUSB:372, vWLC:0, iWCL:0, AiCL:500, tSYS:297, tORI:320, tVTS:300, rTOT:373291, rESR:173828, rSLW:199463, CYCLE:23, BATID:101, sBATT:988, sCCSW:1000, sCC:-830
01-20 19:08:20.848 0 0 I PMINFO : [VOT] IUSB:500(USB_PSY_VOTER), IBAT:2200(VENEER_VOTER_IBAT), IDC:900(DEFAULT_VOTER), FLOAT:4400(BATT_PROFILE_VOTER), CHDIS:0(DEFAULT_VOTER), PLDIS:1(PL_FCC_LOW_VOTER)
01-20 19:08:20.848 0 0 I PMINFO : [CHG] NAME:USB2, STAT:FULL(ret)/CHARGING(ori)/TAPER(reg), PATH:0x95 [QNI] en=0(sts=0x10, ctrl=0xE7), pt_en=0(sts=0x10), pt_t=298
01-20 19:08:20.869 0 0 E __layer_param_check: invalid source image img flag=0 wh=1472x176 rect=0,0,720,2880
01-20 19:08:20.869 0 0 E __validate_layers: layer:6 validation failed ret=-22
01-20 19:08:20.869 0 0 E mdss_fb_atomic_commit_ioctl: atomic commit failed ret:-22
01-20 19:08:20.886 0 0 E __layer_param_check: invalid source image img flag=0 wh=1472x176 rect=0,0,720,2880
01-20 19:08:20.886 0 0 E __validate_layers: layer:6 validation failed ret=-22
01-20 19:08:20.886 0 0 E mdss_fb_atomic_commit_ioctl: atomic commit failed ret:-22
01-20 19:08:20.919 0 0 E __layer_param_check: invalid source image img flag=0 wh=1472x176 rect=0,0,720,2880
01-20 19:08:20.919 0 0 E __validate_layers: layer:6 validation failed ret=-22
01-20 19:08:20.919 0 0 E mdss_fb_atomic_commit_ioctl: atomic commit failed ret:-22
01-20 19:08:20.937 0 0 E __layer_param_check: invalid source image img flag=0 wh=1472x176 rect=0,0,720,2880
01-20 19:08:20.937 0 0 E __validate_layers: layer:6 validation failed ret=-22
01-20 19:08:20.937 0 0 E mdss_fb_atomic_commit_ioctl: atomic commit failed ret:-22
01-20 19:08:20.969 0 0 E __layer_param_check: invalid source image img flag=0 wh=1472x176 rect=0,0,720,2880
01-20 19:08:20.969 0 0 E __validate_layers: layer:6 validation failed ret=-22
01-20 19:08:20.969 0 0 E mdss_fb_atomic_commit_ioctl: atomic commit failed ret:-22
01-20 19:08:20.995 0 0 I PMINFO : [USB] REAL:USB, VNOW:4882, TPMI:334, TSMB:-1, IUSB:409(now)<=500(set)<=500(cap), IBAT:-177(now):=2200(pmi)+0(smb)<=2200(cap), PRLL:CHGEN(0)/PINEN(0)/SUSPN(1), [OVR] LATCHED:0, AFTAPSD:0, USBMODE:0x02
01-20 19:08:20.995 0 0 I PMINFO : --------------------------------------------------------------------------------------???-END.
01-20 19:08:20.995 0 0 I AWAKE : effective vote is now 0 voted by POLLING_LOGGER_VOTER,1
01-20 19:08:21.002 0 0 E __layer_param_check: invalid source image img flag=0 wh=1472x176 rect=0,0,720,2880
01-20 19:08:21.002 0 0 E __validate_layers: layer:6 validation failed ret=-22
01-20 19:08:21.002 0 0 E mdss_fb_atomic_commit_ioctl: atomic commit failed ret:-22
01-20 19:08:21.003 0 0 I binder : 691:691 ioctl c018620c 7ff5f93a30 returned -22
01-20 19:08:21.035 0 0 E __layer_param_check: invalid source image img flag=0 wh=1472x176 rect=0,0,720,2880
01-20 19:08:21.035 0 0 E __validate_layers: layer:6 validation failed ret=-22
01-20 19:08:21.035 0 0 E mdss_fb_atomic_commit_ioctl: atomic commit failed ret:-22
01-20 19:08:21.069 0 0 E __layer_param_check: invalid source image img flag=0 wh=1472x176 rect=0,0,720,2880
01-20 19:08:21.069 0 0 E __validate_layers: layer:6 validation failed ret=-22
01-20 19:08:21.069 0 0 E mdss_fb_atomic_commit_ioctl: atomic commit failed ret:-22
01-20 19:08:21.095 0 0 I : [Touch] 1 finger pressed:<0>( 405,1520, 37)
01-20 19:08:21.101 0 0 E __layer_param_check: invalid source image img flag=0 wh=1472x176 rect=0,0,720,2880
01-20 19:08:21.101 0 0 E __validate_layers: layer:6 validation failed ret=-22
01-20 19:08:21.101 0 0 E mdss_fb_atomic_commit_ioctl: atomic commit failed ret:-22
01-20 19:08:21.118 0 0 E __layer_param_check: invalid source image img flag=0 wh=1472x176 rect=0,0,720,2880
01-20 19:08:21.118 0 0 E __validate_layers: layer:6 validation failed ret=-22
01-20 19:08:21.118 0 0 E mdss_fb_atomic_commit_ioctl: atomic commit failed ret:-22
01-20 19:08:21.134 0 0 E __layer_param_check: invalid source image img flag=0 wh=1472x176 rect=0,0,720,2880
01-20 19:08:21.134 0 0 E __validate_layers: layer:6 validation failed ret=-22
01-20 19:08:21.134 0 0 E mdss_fb_atomic_commit_ioctl: atomic commit failed ret:-22
01-20 19:08:21.151 0 0 E __layer_param_check: invalid source image img flag=0 wh=1472x176 rect=0,0,720,2880
01-20 19:08:21.151 0 0 E __validate_layers: layer:6 validation failed ret=-22
01-20 19:08:21.151 0 0 E mdss_fb_atomic_commit_ioctl: atomic commit failed ret:-22
01-20 19:08:21.183 0 0 E __layer_param_check: invalid source image img flag=0 wh=1472x176 rect=0,0,720,2880
01-20 19:08:21.183 0 0 E __validate_layers: layer:6 validation failed ret=-22
01-20 19:08:21.183 0 0 E mdss_fb_atomic_commit_ioctl: atomic commit failed ret:-22
01-20 19:08:21.200 0 0 E __layer_param_check: invalid source image img flag=0 wh=1472x176 rect=0,0,720,2880
01-20 19:08:21.200 0 0 E __validate_layers: layer:6 validation failed ret=-22
01-20 19:08:21.200 0 0 E mdss_fb_atomic_commit_ioctl: atomic commit failed ret:-22
01-20 19:08:21.217 0 0 E __layer_param_check: invalid source image img flag=0 wh=1472x176 rect=0,0,720,2880
01-20 19:08:21.217 0 0 E __validate_layers: layer:6 validation failed ret=-22
01-20 19:08:21.217 0 0 E mdss_fb_atomic_commit_ioctl: atomic commit failed ret:-22
01-20 19:08:21.234 0 0 E __layer_param_check: invalid source image img flag=0 wh=1472x176 rect=0,0,720,2880
01-20 19:08:21.234 0 0 E __validate_layers: layer:6 validation failed ret=-22
01-20 19:08:21.234 0 0 E mdss_fb_atomic_commit_ioctl: atomic commit failed ret:-22
01-20 19:08:21.251 0 0 E __layer_param_check: invalid source image img flag=0 wh=1472x176 rect=0,0,720,2880
01-20 19:08:21.251 0 0 E __validate_layers: layer:6 validation failed ret=-22
01-20 19:08:21.251 0 0 E mdss_fb_atomic_commit_ioctl: atomic commit failed ret:-22
01-20 19:08:21.266 0 0 E __layer_param_check: invalid source image img flag=0 wh=1472x176 rect=0,0,720,2880
01-20 19:08:21.266 0 0 E __validate_layers: layer:6 validation failed ret=-22
01-20 19:08:21.267 0 0 E mdss_fb_atomic_commit_ioctl: atomic commit failed ret:-22
01-20 19:08:21.267 0 0 I : [Touch] finger released:<0>(1060,1611, 56)
01-20 19:08:21.283 0 0 E __layer_param_check: invalid source image img flag=0 wh=1472x176 rect=0,0,720,2880
01-20 19:08:21.283 0 0 E __validate_layers: layer:6 validation failed ret=-22
01-20 19:08:21.283 0 0 E mdss_fb_atomic_commit_ioctl: atomic commit failed ret:-22
01-20 19:08:21.300 0 0 E __layer_param_check: invalid source image img flag=0 wh=1472x176 rect=0,0,720,2880
01-20 19:08:21.300 0 0 E __validate_layers: layer:6 validation failed ret=-22
01-20 19:08:21.300 0 0 E mdss_fb_atomic_commit_ioctl: atomic commit failed ret:-22
01-20 19:08:21.316 0 0 E __layer_param_check: invalid source image img flag=0 wh=1472x176 rect=0,0,720,2880
01-20 19:08:21.316 0 0 E __validate_layers: layer:6 validation failed ret=-22
01-20 19:08:21.316 0 0 E mdss_fb_atomic_commit_ioctl: atomic commit failed ret:-22
01-20 19:08:21.333 0 0 E __layer_param_check: invalid source image img flag=0 wh=1472x176 rect=0,0,720,2880
01-20 19:08:21.333 0 0 E __validate_layers: layer:6 validation failed ret=-22
01-20 19:08:21.333 0 0 E mdss_fb_atomic_commit_ioctl: atomic commit failed ret:-22
01-20 19:08:21.350 0 0 E __layer_param_check: invalid source image img flag=0 wh=1472x176 rect=0,0,720,2880
01-20 19:08:21.350 0 0 E __validate_layers: layer:6 validation failed ret=-22
01-20 19:08:21.350 0 0 E mdss_fb_atomic_commit_ioctl: atomic commit failed ret:-22
01-20 19:08:21.367 0 0 E __layer_param_check: invalid source image img flag=0 wh=1472x176 rect=0,0,720,2880
01-20 19:08:21.367 0 0 E __validate_layers: layer:6 validation failed ret=-22
01-20 19:08:21.367 0 0 E mdss_fb_atomic_commit_ioctl: atomic commit failed ret:-22
01-20 19:08:21.383 0 0 E __layer_param_check: invalid source image img flag=0 wh=1472x176 rect=0,0,720,2880
01-20 19:08:21.383 0 0 E __validate_layers: layer:6 validation failed ret=-22
01-20 19:08:21.383 0 0 E mdss_fb_atomic_commit_ioctl: atomic commit failed ret:-22
01-20 19:08:21.400 0 0 E __layer_param_check: invalid source image img flag=0 wh=1472x176 rect=0,0,720,2880
01-20 19:08:21.400 0 0 E __validate_layers: layer:6 validation failed ret=-22
01-20 19:08:21.400 0 0 E mdss_fb_atomic_commit_ioctl: atomic commit failed ret:-22
01-20 19:08:21.433 0 0 E __layer_param_check: invalid source image img flag=0 wh=1472x176 rect=0,0,720,2880
01-20 19:08:21.433 0 0 E __validate_layers: layer:6 validation failed ret=-22
01-20 19:08:21.433 0 0 E mdss_fb_atomic_commit_ioctl: atomic commit failed ret:-22
01-20 19:08:21.467 0 0 E __layer_param_check: invalid source image img flag=0 wh=1472x176 rect=0,0,720,2880
01-20 19:08:21.467 0 0 E __validate_layers: layer:6 validation failed ret=-22
01-20 19:08:21.467 0 0 E mdss_fb_atomic_commit_ioctl: atomic commit failed ret:-22
01-20 19:08:21.500 0 0 E __layer_param_check: invalid source image img flag=0 wh=1472x176 rect=0,0,720,2880
01-20 19:08:21.500 0 0 E __validate_layers: layer:6 validation failed ret=-22
01-20 19:08:21.500 0 0 E mdss_fb_atomic_commit_ioctl: atomic commit failed ret:-22
01-20 19:08:21.517 0 0 E __layer_param_check: invalid source image img flag=0 wh=1472x176 rect=0,0,720,2880
01-20 19:08:21.517 0 0 E __validate_layers: layer:6 validation failed ret=-22
01-20 19:08:21.517 0 0 E mdss_fb_atomic_commit_ioctl: atomic commit failed ret:-22
01-20 19:08:21.550 0 0 E __layer_param_check: invalid source image img flag=0 wh=1472x176 rect=0,0,720,2880
01-20 19:08:21.550 0 0 E __validate_layers: layer:6 validation failed ret=-22
01-20 19:08:21.550 0 0 E mdss_fb_atomic_commit_ioctl: atomic commit failed ret:-22
01-20 19:08:21.584 0 0 E __layer_param_check: invalid source image img flag=0 wh=1472x176 rect=0,0,720,2880
01-20 19:08:21.584 0 0 E __validate_layers: layer:6 validation failed ret=-22
01-20 19:08:21.584 0 0 E mdss_fb_atomic_commit_ioctl: atomic commit failed ret:-22
01-20 19:08:21.615 0 0 E __layer_param_check: invalid source image img flag=0 wh=1472x176 rect=0,0,720,2880
01-20 19:08:21.616 0 0 E __validate_layers: layer:6 validation failed ret=-22
01-20 19:08:21.616 0 0 E mdss_fb_atomic_commit_ioctl: atomic commit failed ret:-22
01-20 19:08:21.633 0 0 E __layer_param_check: invalid source image img flag=0 wh=1472x176 rect=0,0,720,2880
01-20 19:08:21.633 0 0 E __validate_layers: layer:6 validation failed ret=-22
01-20 19:08:21.633 0 0 E mdss_fb_atomic_commit_ioctl: atomic commit failed ret:-22
01-20 19:08:21.666 0 0 E __layer_param_check: invalid source image img flag=0 wh=1472x176 rect=0,0,720,2880
01-20 19:08:21.666 0 0 E __validate_layers: layer:6 validation failed ret=-22
01-20 19:08:21.666 0 0 E mdss_fb_atomic_commit_ioctl: atomic commit failed ret:-22
01-20 19:08:21.699 0 0 E __layer_param_check: invalid source image img flag=0 wh=1472x176 rect=0,0,720,2880
01-20 19:08:21.699 0 0 E __validate_layers: layer:6 validation failed ret=-22
01-20 19:08:21.699 0 0 E mdss_fb_atomic_commit_ioctl: atomic commit failed ret:-22
01-20 19:08:21.717 0 0 E __layer_param_check: invalid source image img flag=0 wh=1472x176 rect=0,0,720,2880
01-20 19:08:21.717 0 0 E __validate_layers: layer:6 validation failed ret=-22
01-20 19:08:21.717 0 0 E mdss_fb_atomic_commit_ioctl: atomic commit failed ret:-22
01-20 19:08:21.749 0 0 E __layer_param_check: invalid source image img flag=0 wh=1472x176 rect=0,0,720,2880
01-20 19:08:21.749 0 0 E __validate_layers: layer:6 validation failed ret=-22
01-20 19:08:21.750 0 0 E mdss_fb_atomic_commit_ioctl: atomic commit failed ret:-22
01-20 19:08:22.361 0 0 I _tfa98xx_mute(): _tfa98xx_mute: ram_exception=-1, mute=1 stream=0
01-20 19:08:22.361 0 0 I _tfa98xx_mute(): mute:1 [pstream 0, cstream 1, samstream 0]
01-20 19:08:22.361 0 0 I _tfa98xx_stop(): _tfa98xx_stop: stop tfa amp
01-20 19:08:22.375 0 0 E q6asm_callback: payload size of 8 is less than expected.
01-20 19:08:22.388 0 0 I afe_close: [NXP] afe_apr_send_pkt[AFE_PORT_CMD_DEVICE_STOP] enter
01-20 19:08:22.391 0 0 I afe_callback: AFE_EVENT_TFADSP_STATE_CLOSE data = 0x0
01-20 19:08:22.394 0 0 I afe_close: [NXP] afe_apr_send_pkt[AFE_PORT_CMD_DEVICE_STOP] exit
01-20 19:08:22.406 0 0 I _tfa98xx_mute(): _tfa98xx_mute: ram_exception=-1, mute=1 stream=1
01-20 19:08:22.406 0 0 I _tfa98xx_mute(): mute:1 [pstream 0, cstream 0, samstream 0]
01-20 19:08:22.406 0 0 I _tfa98xx_stop(): _tfa98xx_stop: stop tfa amp
01-20 19:08:23.414 0 0 I : [Touch] 1 finger pressed:<0>( 568, 8, 37)
01-20 19:08:23.606 1477 2492 D SystemServerTiming: getUserSwitchability-0
01-20 19:08:23.606 1477 2492 D SystemServerTiming: TM.isInCall
01-20 19:08:23.606 1477 2631 D SystemServerTiming: getUserSwitchability-0
01-20 19:08:23.606 1477 2631 D SystemServerTiming: TM.isInCall
01-20 19:08:23.607 1477 2631 V SystemServerTiming: TM.isInCall took to complete: 1ms
01-20 19:08:23.607 1477 2631 D SystemServerTiming: hasUserRestriction-DISALLOW_USER_SWITCH
01-20 19:08:23.607 1477 2492 V SystemServerTiming: TM.isInCall took to complete: 1ms
01-20 19:08:23.607 1477 2492 D SystemServerTiming: hasUserRestriction-DISALLOW_USER_SWITCH
01-20 19:08:23.607 1477 2631 V SystemServerTiming: hasUserRestriction-DISALLOW_USER_SWITCH took to complete: 0ms
01-20 19:08:23.607 1477 2631 D SystemServerTiming: getInt-ALLOW_USER_SWITCHING_WHEN_SYSTEM_USER_LOCKED
01-20 19:08:23.607 1477 2492 V SystemServerTiming: hasUserRestriction-DISALLOW_USER_SWITCH took to complete: 0ms
01-20 19:08:23.607 1477 2492 D SystemServerTiming: getInt-ALLOW_USER_SWITCHING_WHEN_SYSTEM_USER_LOCKED
01-20 19:08:23.607 1477 2631 V SystemServerTiming: getInt-ALLOW_USER_SWITCHING_WHEN_SYSTEM_USER_LOCKED took to complete: 0ms
01-20 19:08:23.607 1477 2492 V SystemServerTiming: getInt-ALLOW_USER_SWITCHING_WHEN_SYSTEM_USER_LOCKED took to complete: 0ms
01-20 19:08:23.607 1477 2492 D SystemServerTiming: isUserUnlocked-USER_SYSTEM
01-20 19:08:23.607 1477 2631 D SystemServerTiming: isUserUnlocked-USER_SYSTEM
01-20 19:08:23.607 1477 2492 V SystemServerTiming: isUserUnlocked-USER_SYSTEM took to complete: 0ms
01-20 19:08:23.607 1477 2492 V SystemServerTiming: getUserSwitchability-0 took to complete: 1ms
01-20 19:08:23.607 1477 2631 V SystemServerTiming: isUserUnlocked-USER_SYSTEM took to complete: 0ms
01-20 19:08:23.607 1477 2631 V SystemServerTiming: getUserSwitchability-0 took to complete: 1ms
01-20 19:08:24.614 0 0 I : [Touch] finger released:<0>( 433,1900, 60)
01-20 19:08:25.355 0 0 I rmt_storage: INFO:rmt_storage_rw_iovec_cb: Write iovec request (req_h 0xc wr_count 2) received for /boot/modem_fs1
01-20 19:08:25.356 0 0 I rmt_storage: INFO:rmt_storage_client_thread: Calling Write [offset=0, size=2097152, req_h 0xc, wr_count 2] for /boot/modem_fs1!
01-20 19:08:25.380 0 0 I : [Touch] 1 finger pressed:<0>( 384, 304, 62)
01-20 19:08:25.427 0 0 I : [Touch] finger released:<0>( 384, 304, 64)
01-20 19:08:25.445 0 0 I rmt_storage: INFO:rmt_storage_client_thread: Done Write (bytes = 2097152, req_h 0xc, wr_count 2) for /boot/modem_fs1!
01-20 19:08:25.464 0 0 I tfa98xx_hw_params(): tfa98xx_hw_params: tfa98xx_profile 0
01-20 19:08:25.482 0 0 I _tfa98xx_mute(): _tfa98xx_mute: ram_exception=-1, mute=0 stream=1
01-20 19:08:25.482 0 0 I _tfa98xx_mute(): mute:0 [pstream 0, cstream 1, samstream 0]
01-20 19:08:25.482 0 0 I _tfa98xx_mute(): unmute is suspended when only cstream is on
01-20 19:08:25.487 0 0 I tfa98xx_hw_params(): tfa98xx_hw_params: tfa98xx_profile 0
01-20 19:08:25.489 0 0 E : msm_pcm_compress_ctl_get substream runtime not found
01-20 19:08:25.489 0 0 E : msm_pcm_compress_ctl_put substream runtime not found
01-20 19:08:25.490 0 0 I __afe_port_start: [NXP] afe_apr_send_pkt[AFE_PORT_CMD_DEVICE_START] enter
01-20 19:08:25.490 0 0 I __afe_port_start: [NXP] afe_apr_send_pkt[AFE_PORT_CMD_DEVICE_START] exit
01-20 19:08:25.495 0 0 I afe_callback: AFE_EVENT_TFADSP_STATE_INIT data = 0x0
01-20 19:08:25.496 0 0 I _tfa98xx_mute(): _tfa98xx_mute: ram_exception=-1, mute=0 stream=0
01-20 19:08:25.496 0 0 I _tfa98xx_mute(): mute:0 [pstream 1, cstream 1, samstream 0]
01-20 19:08:25.496 0 0 I _tfa98xx_mute(): _tfa98xx_mute: start tfa amp
01-20 19:08:25.497 0 0 I tfa98xx_dsp_init_work(): tfa98xx_dsp_init_work: enter with profile 0
01-20 19:08:25.497 0 0 I tfa98xx_dsp_init(): tfa98xx_dsp_init: ...
01-20 19:08:25.497 0 0 I tfa_start: tfa98xx_log_start_cnt=10 next_profile 0
01-20 19:08:25.497 0 0 E q6core_get_service_version: Failed to get service size for service id 7 with error -95
01-20 19:08:25.498 0 0 I tfa_run_speaker_boost: cold boot, ext_dsp = 1, profile = 0
01-20 19:08:25.498 0 0 I tfa_run_speaker_boost: cold start, speaker startup
01-20 19:08:25.498 0 0 E q6asm_callback: payload size of 8 is less than expected.
01-20 19:08:25.498 0 0 E q6asm_callback: payload size of 8 is less than expected.
01-20 19:08:25.498 0 0 E q6core_get_service_version: Failed to get service size for service id 8 with error -95
01-20 19:08:25.504 1477 2316 D CompatibilityChangeReporter: Compat change id reported: 183164979; UID 10135; state: ENABLED
01-20 19:08:25.505 0 0 E q6core_get_service_version: Failed to get service size for service id 7 with error -95
01-20 19:08:25.505 0 0 E q6asm_callback: payload size of 8 is less than expected.
01-20 19:08:25.514 0 0 E q6asm_callback: payload size of 8 is less than expected.
01-20 19:08:25.526 1477 2316 D CoreBackPreview: Window{41c17f2 u0 InternetDialog}: Setting back callback OnBackInvokedCallbackInfo{mCallback=android.window.IOnBackInvokedCallback$Stub$Proxy@78da4ec, mPriority=0}
01-20 19:08:25.535 0 0 I tfa_cont_write_vstepMax2_One: is_cold 1
01-20 19:08:25.535 0 0 I P-ID : cmdid[2]=0x02 to 0x00
01-20 19:08:25.535 0 0 I tfa_cont_write_vstepMax2_One: is_cold 1
01-20 19:08:25.535 0 0 I tfa_cont_write_vstepMax2_One: is_cold 1
01-20 19:08:25.535 0 0 I P-ID : cmdid[2]=0x08 to 0x07
01-20 19:08:25.538 0 0 I afe_callback: AFE_PORT_CMD_SET_PARAM_V3 , data->token = 38, payload = 65775, 0
01-20 19:08:25.539 0 0 I afe_callback: AFE_PORT_CMD_SET_PARAM_V3 , data->token = 38, payload = 65775, 0
01-20 19:08:25.539 0 0 I afe_callback: AFE_PORT_CMD_SET_PARAM_V3 , data->token = 38, payload = 65775, 0
01-20 19:08:25.539 0 0 I afe_callback: AFE_PORT_CMD_SET_PARAM_V3 , data->token = 38, payload = 65775, 0
01-20 19:08:25.539 0 0 I afe_callback: AFE_PORT_CMD_SET_PARAM_V3 , data->token = 38, payload = 65775, 0
01-20 19:08:25.539 0 0 I afe_callback: AFE_PORT_CMD_SET_PARAM_V3 , data->token = 38, payload = 65775, 0
01-20 19:08:25.539 0 0 I afe_tfa_dsp_send_msg: [0]:0xff-[1]:0xff-[2]:0x0-[3]:0x74, [4]:0x0-[5]:0x0, packet_id:65535, packet_size:116
01-20 19:08:25.540 0 0 I afe_callback: TFADSP is configured
01-20 19:08:25.540 0 0 I afe_callback: AFE_PORT_CMD_SET_PARAM_V3 , data->token = 38, payload = 65775, 0
01-20 19:08:25.541 0 0 I tfa_set_calibration_values: calibration data: 5963
01-20 19:08:25.541 0 0 I tfa_start: [cold] device:TFA profile:music
01-20 19:08:25.613 0 0 W : IRQ5 no longer affine to CPU4
01-20 19:08:26.003 0 0 I binder : 691:691 ioctl c018620c 7ff5f93a30 returned -22
01-20 19:08:27.166 0 0 I pet_watchdog [enable: 1, jiffies : 4294947354, delay_time : 1000]
01-20 19:08:27.586 0 0 I : [Touch] 1 finger pressed:<0>( 618,1351, 51)
01-20 19:08:27.995 0 0 F tspdrv : ! ImmVibeSPI_ForceOut_AmpDisable.
01-20 19:08:27.999 1477 2492 I ActivityTaskManager: START u0 {act=android.settings.NETWORK_OPERATOR_SETTINGS flg=0x14000000 cmp=com.android.settings/.Settings$MobileNetworkActivity (has extras)} from uid 10135
01-20 19:08:28.000 1477 2492 D CompatibilityChangeReporter: Compat change id reported: 265464455; UID 1000; state: DISABLED
01-20 19:08:28.000 1477 2492 D CompatibilityChangeReporter: Compat change id reported: 265452344; UID 1000; state: DISABLED
01-20 19:08:28.000 1477 2492 D CompatibilityChangeReporter: Compat change id reported: 266124927; UID 1000; state: DISABLED
01-20 19:08:28.001 1477 2492 D CompatibilityChangeReporter: Compat change id reported: 265451093; UID 1000; state: DISABLED
01-20 19:08:28.001 1477 2492 D CompatibilityChangeReporter: Compat change id reported: 265456536; UID 1000; state: DISABLED
01-20 19:08:28.001 1477 2492 D CompatibilityChangeReporter: Compat change id reported: 255940284; UID 1000; state: DISABLED
01-20 19:08:28.001 1477 2492 D CompatibilityChangeReporter: Compat change id reported: 236283604; UID 1000; state: DISABLED
01-20 19:08:28.001 1477 2492 D CompatibilityChangeReporter: Compat change id reported: 263959004; UID 1000; state: DISABLED
01-20 19:08:28.001 1477 2492 D CompatibilityChangeReporter: Compat change id reported: 264304459; UID 1000; state: DISABLED
01-20 19:08:28.001 1477 2492 D CompatibilityChangeReporter: Compat change id reported: 264301586; UID 1000; state: DISABLED
01-20 19:08:28.001 1477 2492 D CompatibilityChangeReporter: Compat change id reported: 254631730; UID 1000; state: DISABLED
01-20 19:08:28.001 1477 2492 D CompatibilityChangeReporter: Compat change id reported: 273509367; UID 1000; state: DISABLED
01-20 19:08:28.002 1477 2492 D CompatibilityChangeReporter: Compat change id reported: 263259275; UID 1000; state: DISABLED
01-20 19:08:28.016 1477 2492 D CompatibilityChangeReporter: Compat change id reported: 194480991; UID 1000; state: ENABLED
01-20 19:08:28.017 1477 2492 D CompatibilityChangeReporter: Compat change id reported: 174042980; UID 1000; state: DISABLED
01-20 19:08:28.021 1477 2492 D CompatibilityChangeReporter: Compat change id reported: 197654537; UID 1000; state: ENABLED
01-20 19:08:28.025 1477 2492 V SplashScreenExceptionList: SplashScreen checking exception for package com.android.settings (target sdk:33) -> false
01-20 19:08:28.025 1477 2492 D CompatibilityChangeReporter: Compat change id reported: 205907456; UID 1000; state: ENABLED
01-20 19:08:28.035 1477 2492 W ActivityTaskManager: Tried to set launchTime (0) < mLastActivityLaunchTime (13269)
01-20 19:08:28.036 1477 2492 D CompatibilityChangeReporter: Compat change id reported: 168419799; UID 1000; state: DISABLED
01-20 19:08:28.036 1477 2492 D CompatibilityChangeReporter: Compat change id reported: 273564678; UID 1000; state: DISABLED
01-20 19:08:28.037 1477 2492 D CompatibilityChangeReporter: Compat change id reported: 181136395; UID 1000; state: DISABLED
01-20 19:08:28.038 1477 2492 D CompatibilityChangeReporter: Compat change id reported: 174042936; UID 1000; state: DISABLED
01-20 19:08:28.043 1477 1704 D OomAdjuster: Not killing cached processes
01-20 19:08:28.069 1477 2316 D CompatibilityChangeReporter: Compat change id reported: 202110963; UID 1000; state: ENABLED
01-20 19:08:28.071 1477 2316 D CompatibilityChangeReporter: Compat change id reported: 202110963; UID 1000; state: DISABLED
01-20 19:08:28.489 0 0 I PMI : override_handle_chg_state_change: chg_state_change to 0x3
01-20 19:08:28.489 0 0 I PMI : smblib_handle_chg_state_change: IRQ: chg-state-change
01-20 19:08:28.489 0 0 E VENEER : psy_external_changed: externally changed : B:VOLTAGE_NOW
01-20 19:08:28.489 0 0 E VENEER : update_veneer_supplier: POWER_SUPPLY_PROP_REAL_TYPE = 4
01-20 19:08:28.489 0 0 E UNINODE : charger_incompatible_store: Storing 0
01-20 19:08:28.489 0 0 E VENEER : update_veneer_uninodes: mw_now = 2500
01-20 19:08:28.489 0 0 E UNINODE : charger_highspeed_store: Storing 0
01-20 19:08:28.489 0 0 E UNINODE : charger_name_store: Storing USB2
01-20 19:08:28.492 0 0 W healthd : battery l=100 v=4387 t=29.7 h=2 st=5 c=-160156 fc=2752000 cc=23 chg=u
01-20 19:08:28.494 2241 3909 D PowerUI : can't show warning due to - plugged: true status unknown: false
01-20 19:08:28.583 0 0 I : [bm] monitoring
01-20 19:08:28.589 1477 2580 I Telecom : PhoneAccountRegistrar: getSimCallManager: SimCallManager for subId 2 queried, returning: null: TSI.gSCM@AI4
01-20 19:08:28.601 1477 2492 I Telecom : PhoneAccountRegistrar: getSimCallManager: SimCallManager for subId 2 queried, returning: null: TSI.gSCM@AI8
01-20 19:08:28.603 1477 2728 D CoreBackPreview: Window{41c17f2 u0 InternetDialog}: Setting back callback null
01-20 19:08:28.617 1477 1704 V WindowManager: Unknown focus tokens, dropping reportFocusChanged
01-20 19:08:28.656 0 0 I _tfa98xx_mute(): _tfa98xx_mute: ram_exception=-1, mute=1 stream=0
01-20 19:08:28.656 0 0 I _tfa98xx_mute(): mute:1 [pstream 0, cstream 1, samstream 0]
01-20 19:08:28.656 0 0 I _tfa98xx_stop(): _tfa98xx_stop: stop tfa amp
01-20 19:08:28.671 0 0 E q6asm_callback: payload size of 8 is less than expected.
01-20 19:08:28.671 0 0 I : [Touch] finger released:<0>( 606,1362, 79)
01-20 19:08:28.676 0 0 I afe_close: [NXP] afe_apr_send_pkt[AFE_PORT_CMD_DEVICE_STOP] enter
01-20 19:08:28.678 0 0 I afe_callback: AFE_EVENT_TFADSP_STATE_CLOSE data = 0x0
01-20 19:08:28.681 0 0 I afe_close: [NXP] afe_apr_send_pkt[AFE_PORT_CMD_DEVICE_STOP] exit
01-20 19:08:28.682 0 0 I _tfa98xx_mute(): _tfa98xx_mute: ram_exception=-1, mute=1 stream=1
01-20 19:08:28.682 0 0 I _tfa98xx_mute(): mute:1 [pstream 0, cstream 0, samstream 0]
01-20 19:08:28.683 0 0 I _tfa98xx_stop(): _tfa98xx_stop: stop tfa amp
01-20 19:08:28.702 1477 3517 E UserRestrictionsUtils: Unknown restriction queried by uid 1000 (com.android.inputdevices et al): null
01-20 19:08:28.715 1477 3517 E UserRestrictionsUtils: Unknown restriction queried by uid 1000 (com.android.inputdevices et al): null
01-20 19:08:28.753 0 0 W : IRQ5 no longer affine to CPU5
01-20 19:08:28.877 1477 2580 D CompatibilityChangeReporter: Compat change id reported: 157233955; UID 1000; state: ENABLED
01-20 19:08:28.877 1477 2580 D CompatibilityChangeReporter: Compat change id reported: 157233955; UID 1000; state: DISABLED
01-20 19:08:29.008 0 0 F tspdrv : ! ImmVibeSPI_ForceOut_AmpDisable.
01-20 19:08:29.027 1477 2492 D CompatibilityChangeReporter: Compat change id reported: 124107808; UID 1000; state: ENABLED
01-20 19:08:29.028 1477 2492 D CompatibilityChangeReporter: Compat change id reported: 124107808; UID 1000; state: DISABLED
01-20 19:08:29.068 0 0 I PMI : override_handle_chg_state_change: chg_state_change to 0x4
01-20 19:08:29.068 0 0 I PMI : smblib_handle_chg_state_change: IRQ: chg-state-change
01-20 19:08:29.069 0 0 E VENEER : psy_external_changed: externally changed : B:VOLTAGE_NOW
01-20 19:08:29.069 0 0 E VENEER : update_veneer_supplier: POWER_SUPPLY_PROP_REAL_TYPE = 4
01-20 19:08:29.070 0 0 E UNINODE : charger_incompatible_store: Storing 0
01-20 19:08:29.070 0 0 E VENEER : update_veneer_uninodes: mw_now = 2500
01-20 19:08:29.070 0 0 E UNINODE : charger_highspeed_store: Storing 0
01-20 19:08:29.070 0 0 E UNINODE : charger_name_store: Storing USB2
01-20 19:08:29.071 0 0 I PL_AWAKE: effective vote is now 1 voted by TAPER_END_VOTER,1
01-20 19:08:29.075 0 0 W healthd : battery l=100 v=4346 t=29.7 h=2 st=5 c=112792 fc=2752000 cc=23 chg=u
01-20 19:08:29.078 0 0 I PL_AWAKE: effective vote is now 0 voted by TAPER_END_VOTER,1
01-20 19:08:29.084 2241 3927 D PowerUI : can't show warning due to - plugged: true status unknown: false
01-20 19:08:29.280 1477 2492 D CoreBackPreview: Window{5b75ca2 u0 com.android.settings/com.android.settings.Settings$MobileNetworkActivity}: Setting back callback OnBackInvokedCallbackInfo{mCallback=android.window.IOnBackInvokedCallback$Stub$Proxy@3e9d402, mPriority=-1}
01-20 19:08:29.603 1477 2492 D CompatibilityChangeReporter: Compat change id reported: 214016041; UID 1000; state: ENABLED
01-20 19:08:29.604 1477 2492 D CompatibilityChangeReporter: Compat change id reported: 214016041; UID 1000; state: DISABLED
01-20 19:08:31.004 0 0 I binder : 691:691 ioctl c018620c 7ff5f93a30 returned -22
01-20 19:08:31.122 1477 1755 W ActivityManager: Stopping service due to app idle: u0a164 -1m19s818ms com.aurora.store/.data.service.NotificationService
01-20 19:08:31.357 0 0 I : [Touch] 1 finger pressed:<0>( 231,1989, 41)
01-20 19:08:31.517 0 0 I : [Touch] finger released:<0>( 229,1642, 56)
01-20 19:08:32.134 0 0 I : [Touch] 1 finger pressed:<0>( 515,1945, 37)
01-20 19:08:32.282 0 0 I : [Touch] finger released:<0>( 386,1494, 49)
01-20 19:08:33.700 0 0 I : [Touch] 1 finger pressed:<0>( 309,2639, 41)
01-20 19:08:33.785 0 0 I : [Touch] finger released:<0>( 344,2634, 42)
01-20 19:08:33.804 1477 2580 I ActivityTaskManager: START u0 {act=android.settings.APN_SETTINGS cmp=com.android.settings/.Settings$ApnSettingsActivity (has extras)} from uid 1000
01-20 19:08:33.814 0 0 I tfa98xx_hw_params(): tfa98xx_hw_params: tfa98xx_profile 0
01-20 19:08:33.846 0 0 I _tfa98xx_mute(): _tfa98xx_mute: ram_exception=-1, mute=0 stream=1
01-20 19:08:33.846 0 0 I _tfa98xx_mute(): mute:0 [pstream 0, cstream 1, samstream 0]
01-20 19:08:33.846 0 0 I _tfa98xx_mute(): unmute is suspended when only cstream is on
01-20 19:08:33.851 0 0 I tfa98xx_hw_params(): tfa98xx_hw_params: tfa98xx_profile 0
01-20 19:08:33.863 1477 2728 W ActivityTaskManager: Tried to set launchTime (0) < mLastActivityLaunchTime (101452)
01-20 19:08:33.854 0 0 E : msm_pcm_compress_ctl_get substream runtime not found
01-20 19:08:33.854 0 0 E : msm_pcm_compress_ctl_put substream runtime not found
01-20 19:08:33.856 0 0 I __afe_port_start: [NXP] afe_apr_send_pkt[AFE_PORT_CMD_DEVICE_START] enter
01-20 19:08:33.856 0 0 I __afe_port_start: [NXP] afe_apr_send_pkt[AFE_PORT_CMD_DEVICE_START] exit
01-20 19:08:33.861 0 0 I afe_callback: AFE_EVENT_TFADSP_STATE_INIT data = 0x0
01-20 19:08:33.862 0 0 I _tfa98xx_mute(): _tfa98xx_mute: ram_exception=-1, mute=0 stream=0
01-20 19:08:33.862 0 0 I _tfa98xx_mute(): mute:0 [pstream 1, cstream 1, samstream 0]
01-20 19:08:33.862 0 0 I _tfa98xx_mute(): _tfa98xx_mute: start tfa amp
01-20 19:08:33.862 0 0 I tfa98xx_dsp_init_work(): tfa98xx_dsp_init_work: enter with profile 0
01-20 19:08:33.862 0 0 I tfa98xx_dsp_init(): tfa98xx_dsp_init: ...
01-20 19:08:33.862 0 0 I tfa_start: tfa98xx_log_start_cnt=11 next_profile 0
01-20 19:08:33.864 0 0 E q6core_get_service_version: Failed to get service size for service id 7 with error -95
01-20 19:08:33.864 0 0 I tfa_run_speaker_boost: cold boot, ext_dsp = 1, profile = 0
01-20 19:08:33.864 0 0 I tfa_run_speaker_boost: cold start, speaker startup
01-20 19:08:33.871 1477 1704 D OomAdjuster: Not killing cached processes
01-20 19:08:33.865 0 0 E q6asm_callback: payload size of 8 is less than expected.
01-20 19:08:33.865 0 0 E q6asm_callback: payload size of 8 is less than expected.
01-20 19:08:33.865 0 0 E q6core_get_service_version: Failed to get service size for service id 8 with error -95
01-20 19:08:33.872 0 0 E q6core_get_service_version: Failed to get service size for service id 7 with error -95
01-20 19:08:33.872 0 0 E q6asm_callback: payload size of 8 is less than expected.
01-20 19:08:33.878 0 0 E q6asm_callback: payload size of 8 is less than expected.
01-20 19:08:33.897 0 0 I tfa_cont_write_vstepMax2_One: is_cold 1
01-20 19:08:33.897 0 0 I P-ID : cmdid[2]=0x02 to 0x00
01-20 19:08:33.897 0 0 I tfa_cont_write_vstepMax2_One: is_cold 1
01-20 19:08:33.897 0 0 I tfa_cont_write_vstepMax2_One: is_cold 1
01-20 19:08:33.897 0 0 I P-ID : cmdid[2]=0x08 to 0x07
01-20 19:08:33.901 0 0 I afe_callback: AFE_PORT_CMD_SET_PARAM_V3 , data->token = 38, payload = 65775, 0
01-20 19:08:33.901 0 0 I afe_callback: AFE_PORT_CMD_SET_PARAM_V3 , data->token = 38, payload = 65775, 0
01-20 19:08:33.901 0 0 I afe_callback: AFE_PORT_CMD_SET_PARAM_V3 , data->token = 38, payload = 65775, 0
01-20 19:08:33.901 0 0 I afe_callback: AFE_PORT_CMD_SET_PARAM_V3 , data->token = 38, payload = 65775, 0
01-20 19:08:33.901 0 0 I afe_callback: AFE_PORT_CMD_SET_PARAM_V3 , data->token = 38, payload = 65775, 0
01-20 19:08:33.901 0 0 I afe_callback: AFE_PORT_CMD_SET_PARAM_V3 , data->token = 38, payload = 65775, 0
01-20 19:08:33.901 0 0 I afe_tfa_dsp_send_msg: [0]:0xff-[1]:0xff-[2]:0x0-[3]:0x74, [4]:0x0-[5]:0x0, packet_id:65535, packet_size:116
01-20 19:08:33.902 0 0 I afe_callback: TFADSP is configured
01-20 19:08:33.902 0 0 I afe_callback: AFE_PORT_CMD_SET_PARAM_V3 , data->token = 38, payload = 65775, 0
01-20 19:08:33.903 0 0 I tfa_set_calibration_values: calibration data: 5963
01-20 19:08:33.903 0 0 I tfa_start: [cold] device:TFA profile:music
01-20 19:08:33.977 1477 2728 D CoreBackPreview: Window{11452c2 u0 com.android.settings/com.android.settings.Settings$ApnSettingsActivity}: Setting back callback OnBackInvokedCallbackInfo{mCallback=android.window.IOnBackInvokedCallback$Stub$Proxy@1bebc10, mPriority=-1}
01-20 19:08:35.472 0 0 I : [Touch] 1 finger pressed:<0>( 309,1041, 39)
01-20 19:08:35.600 0 0 I : [Touch] finger released:<0>( 312,1051, 52)
01-20 19:08:35.615 1477 2728 W UriGrantsManagerService: For security reasons, the system cannot issue a Uri permission grant to content://telephony/carriers/3482 [user 0]; use startActivityAsCaller() instead
01-20 19:08:35.616 1477 2728 I ActivityTaskManager: START u0 {act=android.intent.action.EDIT dat=content://telephony/... flg=0x1 cmp=com.android.settings/.Settings$ApnEditorActivity (has extras)} from uid 1000
01-20 19:08:35.636 1477 2728 W ActivityTaskManager: Tried to set launchTime (0) < mLastActivityLaunchTime (107281)
01-20 19:08:35.730 1477 2728 D CoreBackPreview: Window{7673f2b u0 com.android.settings/com.android.settings.Settings$ApnEditorActivity}: Setting back callback OnBackInvokedCallbackInfo{mCallback=android.window.IOnBackInvokedCallback$Stub$Proxy@86add21, mPriority=-1}
01-20 19:08:35.913 0 0 W : IRQ50 no longer affine to CPU5
01-20 19:08:35.914 0 0 W : IRQ91 no longer affine to CPU5
01-20 19:08:36.003 0 0 I binder : 691:691 ioctl c018620c 7ff5f93a30 returned -22
01-20 19:08:36.634 0 0 I : [Touch] 1 finger pressed:<0>( 384,1869, 47)
01-20 19:08:36.830 0 0 I : [Touch] finger released:<0>( 378,1532, 53)
01-20 19:08:37.185 0 0 I pet_watchdog [enable: 1, jiffies : 4294948356, delay_time : 1000]
01-20 19:08:37.259 0 0 I : [Touch] 1 finger pressed:<0>( 428,1742, 47)
01-20 19:08:37.362 0 0 I : [Touch] finger released:<0>( 397,1604, 52)
01-20 19:08:38.583 0 0 I : [bm] monitoring
01-20 19:08:38.645 0 0 I : [Touch] 1 finger pressed:<0>( 350,1262, 44)
01-20 19:08:38.735 0 0 I : [Touch] finger released:<0>( 364,1713, 49)
01-20 19:08:38.753 0 0 I _tfa98xx_mute(): _tfa98xx_mute: ram_exception=-1, mute=1 stream=0
01-20 19:08:38.753 0 0 I _tfa98xx_mute(): mute:1 [pstream 0, cstream 1, samstream 0]
01-20 19:08:38.753 0 0 I _tfa98xx_stop(): _tfa98xx_stop: stop tfa amp
01-20 19:08:38.768 0 0 E q6asm_callback: payload size of 8 is less than expected.
01-20 19:08:38.774 0 0 I afe_close: [NXP] afe_apr_send_pkt[AFE_PORT_CMD_DEVICE_STOP] enter
01-20 19:08:38.777 0 0 I afe_callback: AFE_EVENT_TFADSP_STATE_CLOSE data = 0x0
01-20 19:08:38.779 0 0 I afe_close: [NXP] afe_apr_send_pkt[AFE_PORT_CMD_DEVICE_STOP] exit
01-20 19:08:38.784 0 0 I _tfa98xx_mute(): _tfa98xx_mute: ram_exception=-1, mute=1 stream=1
01-20 19:08:38.784 0 0 I _tfa98xx_mute(): mute:1 [pstream 0, cstream 0, samstream 0]
01-20 19:08:38.784 0 0 I _tfa98xx_stop(): _tfa98xx_stop: stop tfa amp
01-20 19:08:41.006 0 0 I binder : 691:691 ioctl c018620c 7ff5f93a30 returned -22
01-20 19:08:45.801 0 0 I : [Touch] 1 finger pressed:<0>( 551,2043, 42)
01-20 19:08:46.003 0 0 I binder : 691:691 ioctl c018620c 7ff5f93a30 returned -22
01-20 19:08:46.168 0 0 I : [Touch] finger released:<0>( 477,1506, 69)
01-20 19:08:46.633 0 0 I : [Touch] 1 finger pressed:<0>( 597,2001, 42)
01-20 19:08:46.878 0 0 I : [Touch] finger released:<0>( 562,1731, 65)
01-20 19:08:47.207 0 0 I pet_watchdog [enable: 1, jiffies : 4294949358, delay_time : 1000]
01-20 19:08:48.584 0 0 I : [bm] monitoring
01-20 19:08:48.663 0 0 I IDTP9223: idtp9223_monitor: [USB]1 [ALV]0 [OD2]0 [QIPMA]0 [VOUT]00
01-20 19:08:48.759 0 0 E : [TM] XO, 32,PA0, 31,PA1, 31,QUIET, 30,VTS,300
01-20 19:08:49.468 0 0 I : [Touch] 1 finger pressed:<0>( 538,1930, 40)
01-20 19:08:49.616 0 0 I : [Touch] finger released:<0>( 507,1584, 55)
01-20 19:08:50.506 0 0 I : [Touch] 1 finger pressed:<0>( 400,1659, 38)
01-20 19:08:50.811 0 0 I : [Touch] finger released:<0>( 424,1993, 58)
01-20 19:08:51.003 0 0 I binder : 691:691 ioctl c018620c 7ff5f93a30 returned -22
01-20 19:08:51.624 0 0 I AWAKE : effective vote is now 1 voted by POLLING_LOGGER_VOTER,1
01-20 19:08:51.807 0 0 I PMINFO : [CSV] cSYS:100, cMNT:100.0, cCHG:2753, cLRN:2752, iBAT:-153, vBAT:4387, vPRD:4392, vOCV:4359, vUSB:4902, iUSB:308, vWLC:0, iWCL:0, AiCL:500, tSYS:296, tORI:318, tVTS:300, rTOT:371337, rESR:172363, rSLW:198974, CYCLE:23, BATID:101, sBATT:988, sCCSW:1000, sCC:-829
01-20 19:08:51.807 0 0 I PMINFO : [VOT] IUSB:500(USB_PSY_VOTER), IBAT:2200(VENEER_VOTER_IBAT), IDC:900(DEFAULT_VOTER), FLOAT:4400(BATT_PROFILE_VOTER), CHDIS:0(DEFAULT_VOTER), PLDIS:1(PL_FCC_LOW_VOTER)
01-20 19:08:51.808 0 0 I PMINFO : [CHG] NAME:USB2, STAT:FULL(ret)/CHARGING(ori)/TAPER(reg), PATH:0x95 [QNI] en=0(sts=0x10, ctrl=0xE7), pt_en=0(sts=0x10), pt_t=298
01-20 19:08:52.266 0 0 I PMINFO : [USB] REAL:USB, VNOW:4921, TPMI:330, TSMB:-1, IUSB:239(now)<=500(set)<=500(cap), IBAT:-153(now):=2200(pmi)+0(smb)<=2200(cap), PRLL:CHGEN(0)/PINEN(0)/SUSPN(1), [OVR] LATCHED:0, AFTAPSD:0, USBMODE:0x02
01-20 19:08:52.266 0 0 I PMINFO : --------------------------------------------------------------------------------------???-END.
01-20 19:08:52.266 0 0 I AWAKE : effective vote is now 0 voted by POLLING_LOGGER_VOTER,1
01-20 19:08:52.500 2241 3872 D PowerUI : can't show warning due to - plugged: true status unknown: false
01-20 19:08:52.495 0 0 W healthd : battery l=100 v=4387 t=29.6 h=2 st=5 c=-153320 fc=2752000 cc=23 chg=u
01-20 19:08:54.306 0 0 I PMI : smblib_update_usb_type: APSD=SDP PD=0
01-20 19:08:54.306 0 0 I PMI : smblib_handle_apsd_done: IRQ: apsd-done rising; SDP detected
01-20 19:08:54.306 0 0 I PMI : smblib_handle_hvdcp_check_timeout: IRQ: smblib_handle_hvdcp_check_timeout falling
01-20 19:08:54.306 0 0 I PMI : smblib_handle_sdp_enumeration_done: IRQ: sdp-enumeration-done rising
01-20 19:08:54.306 0 0 I PMI : smblib_handle_slow_plugin_timeout: IRQ: slow-plugin-timeout falling
01-20 19:08:54.306 0 0 I : [W/A] FDR) pstype=4, running=0, ready=1
01-20 19:08:54.307 0 0 E VENEER : psy_external_changed: externally changed : B:VOLTAGE_NOW B:TEMP
01-20 19:08:54.307 0 0 E VENEER : update_veneer_supplier: POWER_SUPPLY_PROP_REAL_TYPE = 4
01-20 19:08:54.307 0 0 E UNINODE : charger_incompatible_store: Storing 0
01-20 19:08:54.307 0 0 E VENEER : update_veneer_uninodes: mw_now = 2500
01-20 19:08:54.307 0 0 E UNINODE : charger_highspeed_store: Storing 0
01-20 19:08:54.307 0 0 E UNINODE : charger_name_store: Storing USB2
01-20 19:08:54.308 0 0 I usbpd0 : pd->typec_mode=6 typec_mode=6
01-20 19:08:54.321 0 0 W healthd : battery l=100 v=4387 t=29.6 h=2 st=5 c=-151367 fc=2752000 cc=23 chg=u
01-20 19:08:54.328 2241 3937 D PowerUI : can't show warning due to - plugged: true status unknown: false
01-20 19:08:54.609 0 0 W healthd : battery l=100 v=4387 t=29.6 h=2 st=5 c=-151367 fc=2752000 cc=23 chg=u
01-20 19:08:56.005 0 0 I binder : 691:691 ioctl c018620c 7ff5f93a30 returned -22
01-20 19:08:56.911 0 0 I PMI : smblib_handle_wdog_bark: IRQ: wdog-bark
01-20 19:08:57.225 0 0 I pet_watchdog [enable: 1, jiffies : 4294950360, delay_time : 1000]
01-20 19:08:58.584 0 0 I : [bm] monitoring
01-20 19:09:01.004 0 0 I binder : 691:691 ioctl c018620c 7ff5f93a30 returned -22
01-20 19:09:06.003 0 0 I binder : 691:691 ioctl c018620c 7ff5f93a30 returned -22
01-20 19:09:07.247 0 0 I pet_watchdog [enable: 1, jiffies : 4294951362, delay_time : 1000]
01-20 19:09:08.585 0 0 I : [bm] monitoring
01-20 19:09:11.005 0 0 I binder : 691:691 ioctl c018620c 7ff5f93a30 returned -22
01-20 19:09:14.740 1477 1875 V DisplayPowerController[0]: Brightness [0.0] reason changing to: 'manual [ dim ]', previous reason: 'manual'.
01-20 19:09:14.740 1477 1875 I DisplayPowerController[0]: BrightnessEvent: disp=0, physDisp=local:0, brt=0.0, initBrt=0.0017629543, rcmdBrt=NaN, preBrt=NaN, lux=0.0, preLux=0.0, hbmMax=1.0, hbmMode=off, rbcStrength=50, powerFactor=1.0, thrmMax=1.0, wasShortTermModelActive=false, flags=, reason=manual [ dim ], autoBrightness=false
01-20 19:09:14.844 1477 1875 I DisplayPowerController[0]: BrightnessEvent: disp=0, physDisp=local:0, brt=0.0, initBrt=0.0, rcmdBrt=NaN, preBrt=NaN, lux=0.0, preLux=0.0, hbmMax=1.0, hbmMode=off, rbcStrength=50, powerFactor=1.0, thrmMax=1.0, wasShortTermModelActive=false, flags=, reason=manual [ dim ], autoBrightness=false
01-20 19:09:15.234 0 0 I : [Touch] 1 finger pressed:<0>( 491,1150, 58)
01-20 19:09:15.240 1477 1875 V DisplayPowerController[0]: Brightness [0.0017629543] reason changing to: 'manual', previous reason: 'manual [ dim ]'.
01-20 19:09:15.240 1477 1875 I DisplayPowerController[0]: BrightnessEvent: disp=0, physDisp=local:0, brt=0.0017629543, initBrt=0.0, rcmdBrt=NaN, preBrt=NaN, lux=0.0, preLux=0.0, hbmMax=1.0, hbmMode=off, rbcStrength=50, powerFactor=1.0, thrmMax=1.0, wasShortTermModelActive=false, flags=, reason=manual, autoBrightness=false
01-20 19:09:15.341 1477 1875 I DisplayPowerController[0]: BrightnessEvent: disp=0, physDisp=local:0, brt=0.0017629543, initBrt=0.0017629543, rcmdBrt=NaN, preBrt=NaN, lux=0.0, preLux=0.0, hbmMax=1.0, hbmMode=off, rbcStrength=50, powerFactor=1.0, thrmMax=1.0, wasShortTermModelActive=false, flags=, reason=manual, autoBrightness=false
01-20 19:09:15.531 0 0 I : [Touch] finger released:<0>( 483,1567, 64)
01-20 19:09:16.003 0 0 I binder : 691:691 ioctl c018620c 7ff5f93a30 returned -22
01-20 19:09:17.265 0 0 I pet_watchdog [enable: 1, jiffies : 4294952364, delay_time : 1000]
01-20 19:09:18.585 0 0 I IDTP9223: idtp9223_monitor: [USB]1 [ALV]0 [OD2]0 [QIPMA]0 [VOUT]00
01-20 19:09:18.585 0 0 I : [bm] monitoring
01-20 19:09:18.831 0 0 E : [TM] XO, 32,PA0, 30,PA1, 31,QUIET, 30,VTS,300
01-20 19:09:21.004 0 0 I binder : 691:691 ioctl c018620c 7ff5f93a30 returned -22
01-20 19:09:22.584 0 0 I AWAKE : effective vote is now 1 voted by POLLING_LOGGER_VOTER,1
01-20 19:09:22.767 0 0 I PMINFO : [CSV] cSYS:100, cMNT:100.0, cCHG:2754, cLRN:2752, iBAT:-145, vBAT:4387, vPRD:4393, vOCV:4358, vUSB:4921, iUSB:239, vWLC:0, iWCL:0, AiCL:500, tSYS:296, tORI:318, tVTS:300, rTOT:371337, rESR:172363, rSLW:198974, CYCLE:23, BATID:101, sBATT:988, sCCSW:1000, sCC:-829
01-20 19:09:22.767 0 0 I PMINFO : [VOT] IUSB:500(USB_PSY_VOTER), IBAT:2200(VENEER_VOTER_IBAT), IDC:900(DEFAULT_VOTER), FLOAT:4400(BATT_PROFILE_VOTER), CHDIS:0(DEFAULT_VOTER), PLDIS:1(PL_FCC_LOW_VOTER)
01-20 19:09:22.767 0 0 I PMINFO : [CHG] NAME:USB2, STAT:FULL(ret)/CHARGING(ori)/TAPER(reg), PATH:0x95 [QNI] en=0(sts=0x10, ctrl=0xE7), pt_en=0(sts=0x10), pt_t=298
01-20 19:09:23.229 0 0 I PMINFO : [USB] REAL:USB, VNOW:4921, TPMI:321, TSMB:-1, IUSB:234(now)<=500(set)<=500(cap), IBAT:-145(now):=2200(pmi)+0(smb)<=2200(cap), PRLL:CHGEN(0)/PINEN(0)/SUSPN(1), [OVR] LATCHED:0, AFTAPSD:0, USBMODE:0x02
01-20 19:09:23.229 0 0 I PMINFO : --------------------------------------------------------------------------------------???-END.
01-20 19:09:23.229 0 0 I AWAKE : effective vote is now 0 voted by POLLING_LOGGER_VOTER,1
01-20 19:09:26.004 0 0 I binder : 691:691 ioctl c018620c 7ff5f93a30 returned -22
01-20 19:09:27.287 0 0 I pet_watchdog [enable: 1, jiffies : 4294953366, delay_time : 1000]
01-20 19:09:28.584 0 0 I : [bm] monitoring
01-20 19:09:30.038 0 0 I : [Touch] 1 finger pressed:<0>( 667,1377, 73)
01-20 19:09:30.273 0 0 I : [Touch] finger released:<0>( 604,1552, 66)
01-20 19:09:31.003 0 0 I binder : 691:691 ioctl c018620c 7ff5f93a30 returned -22
01-20 19:09:36.003 0 0 I binder : 691:691 ioctl c018620c 7ff5f93a30 returned -22
01-20 19:09:37.307 0 0 I pet_watchdog [enable: 1, jiffies : 4294954368, delay_time : 1000]
01-20 19:09:38.583 0 0 I : [bm] monitoring
01-20 19:09:40.475 0 0 I : [Touch] 1 finger pressed:<0>( 612,1289, 69)
01-20 19:09:40.859 0 0 I : [Touch] finger released:<0>( 559,1670, 64)
01-20 19:09:41.003 0 0 I binder : 691:691 ioctl c018620c 7ff5f93a30 returned -22
01-20 19:09:41.063 0 0 I : [Touch] 1 finger pressed:<0>( 506,1401, 37)
01-20 19:09:41.281 0 0 I : [Touch] finger released:<0>( 492,1658, 57)
01-20 19:09:41.546 0 0 I : [Touch] 1 finger pressed:<0>( 489,1360, 63)
01-20 19:09:41.754 0 0 I : [Touch] finger released:<0>( 450,1628, 62)
01-20 19:09:42.003 0 0 I : [Touch] 1 finger pressed:<0>( 464,1357, 62)
01-20 19:09:42.204 0 0 I : [Touch] finger released:<0>( 444,1612, 63)
01-20 19:09:42.476 0 0 I : [Touch] 1 finger pressed:<0>( 458,1405, 41)
01-20 19:09:42.639 0 0 I : [Touch] finger released:<0>( 442,1688, 57)
01-20 19:09:46.003 0 0 I binder : 691:691 ioctl c018620c 7ff5f93a30 returned -22
01-20 19:09:47.326 0 0 I pet_watchdog [enable: 1, jiffies : 4294955370, delay_time : 1000]
01-20 19:09:48.585 0 0 I : [bm] monitoring
01-20 19:09:48.663 0 0 I IDTP9223: idtp9223_monitor: [USB]1 [ALV]0 [OD2]0 [QIPMA]0 [VOUT]00
01-20 19:09:48.916 0 0 E : [TM] XO, 31,PA0, 30,PA1, 30,QUIET, 30,VTS,297
01-20 19:09:51.004 0 0 I binder : 691:691 ioctl c018620c 7ff5f93a30 returned -22
